[INFO] fetching crate wfe-yaml 1.11.4...
[INFO] testing wfe-yaml-1.11.4 against 1.99.0-beta.8 for beta-1.100-2
[INFO] extracting crate wfe-yaml 1.11.4 into /workspace/builds/worker-4-tc1/source
[INFO] started tweaking crates.io crate wfe-yaml 1.11.4
[INFO] removed 0 missing examples
[INFO] removed 0 missing tests
[INFO] finished tweaking crates.io crate wfe-yaml 1.11.4
[INFO] tweaked toml for crates.io crate wfe-yaml 1.11.4 written to /workspace/builds/worker-4-tc1/source/Cargo.toml
[INFO] validating manifest of crates.io crate wfe-yaml 1.11.4 on toolchain 1.99.0-beta.8
[INFO] running `Command { std: CARGO_HOME="/workspace/cargo-home" RUSTUP_HOME="/workspace/rustup-home" "/workspace/cargo-home/bin/cargo" "+1.99.0-beta.8" "metadata" "--manifest-path" "Cargo.toml" "--no-deps", kill_on_drop: false }`
[INFO] crate crates.io crate wfe-yaml 1.11.4 already has a lockfile, it will not be regenerated
[INFO] running `Command { std: CARGO_HOME="/workspace/cargo-home" RUSTUP_HOME="/workspace/rustup-home" "/workspace/cargo-home/bin/cargo" "+1.99.0-beta.8" "fetch" "--manifest-path" "Cargo.toml", kill_on_drop: false }`
[INFO] [stderr]     Updating crates.io index
[INFO] [stderr]  Downloading crates ...
[INFO] [stderr]   Downloaded wfe-core v1.11.4
[INFO] [stderr]   Downloaded wfe-rustlang v1.11.4
[INFO] [stderr]   Downloaded yaml-merge-keys v0.8.2
[INFO] [stderr]   Downloaded h2 v0.4.17
[INFO] [stderr]   Downloaded kube v3.1.0
[INFO] [stderr]   Downloaded kube-runtime v3.1.0
[INFO] [stderr]   Downloaded kube-client v3.1.0
[INFO] [stderr]   Downloaded rustdoc-types v0.38.0
[INFO] [stderr]   Downloaded wfe-kubernetes v1.11.4
[INFO] [stderr]   Downloaded pest_derive v2.9.0
[INFO] [stderr]   Downloaded pest_meta v2.9.0
[INFO] [stderr]   Downloaded pest_generator v2.9.0
[INFO] [stderr]   Downloaded jsonpath-rust v1.0.8
[INFO] [stderr]   Downloaded pest v2.9.0
[INFO] [stderr]   Downloaded tonic-prost-build v0.14.6
[INFO] [stderr]   Downloaded pulldown-cmark-to-cmark v22.0.1
[INFO] [stderr]   Downloaded k8s-openapi v0.27.1
[INFO] [stderr]   Downloaded wfe-containerd v1.11.4
[INFO] [stderr]   Downloaded wfe-buildkit v1.11.4
[INFO] [stderr]   Downloaded wfe v1.11.4
[INFO] [stderr]   Downloaded gix-traverse v0.55.0
[INFO] [stderr]   Downloaded gix-revwalk v0.29.0
[INFO] [stderr]   Downloaded gix-object v0.58.0
[INFO] [stderr]   Downloaded gix v0.81.0
[INFO] [stderr]   Downloaded gix-features v0.46.2
[INFO] [stderr]   Downloaded gix-hash v0.23.0
[INFO] [stderr]   Downloaded gix-hashtable v0.13.0
[INFO] [stderr]   Downloaded gix-commitgraph v0.35.0
[INFO] [stderr]   Downloaded gix-actor v0.40.0
[INFO] [stderr]   Downloaded gix-command v0.8.1
[INFO] [stderr]   Downloaded gix-attributes v0.31.0
[INFO] [stderr]   Downloaded gix-worktree v0.50.0
[INFO] [stderr]   Downloaded gix-submodule v0.28.0
[INFO] [stderr]   Downloaded gix-refspec v0.39.0
[INFO] [stderr]   Downloaded maybe-async v0.2.11
[INFO] [stderr]   Downloaded kstring v2.0.4
[INFO] [stderr]   Downloaded gix-glob v0.24.0
[INFO] [stderr]   Downloaded gix-filter v0.28.0
[INFO] [stderr]   Downloaded gix-worktree-state v0.28.0
[INFO] [stderr]   Downloaded gix-packetline v0.21.5
[INFO] [stderr]   Downloaded gix-tempfile v21.0.2
[INFO] [stderr]   Downloaded gix-url v0.35.3
[INFO] [stderr]   Downloaded deno_core v0.394.0
[INFO] [stderr]   Downloaded diplomat v0.14.0
[INFO] [stderr]   Downloaded gix-transport v0.55.1
[INFO] [stderr]   Downloaded gix-sec v0.13.3
[INFO] [stderr]   Downloaded diplomat-runtime v0.14.0
[INFO] [stderr]   Downloaded gix-pack v0.68.0
[INFO] [stderr]   Downloaded gix-odb v0.78.0
[INFO] [stderr]   Downloaded gix-index v0.49.0
[INFO] [stderr]   Downloaded gix-config-value v0.17.2
[INFO] [stderr]   Downloaded gix-protocol v0.59.0
[INFO] [stderr]   Downloaded deno_error v0.7.1
[INFO] [stderr]   Downloaded temporal_capi v0.1.2
[INFO] [stderr]   Downloaded icu_calendar_data v2.1.1
[INFO] [stderr]   Downloaded strck v1.0.0
[INFO] [stderr]   Downloaded gix-config v0.54.0
[INFO] [stderr]   Downloaded gix-shallow v0.10.0
[INFO] [stderr]   Downloaded zoneinfo64 v0.2.1
[INFO] [stderr]   Downloaded gix-status v0.28.0
[INFO] [stderr]   Downloaded temporal_rs v0.1.2
[INFO] [stderr]   Downloaded gix-discover v0.49.0
[INFO] [stderr]   Downloaded gix-blame v0.11.0
[INFO] [stderr]   Downloaded which v6.0.3
[INFO] [stderr]   Downloaded gix-ignore v0.19.1
[INFO] [stderr]   Downloaded imara-diff v0.1.8
[INFO] [stderr]   Downloaded gix-credentials v0.37.2
[INFO] [stderr]   Downloaded deno_error_macro v0.7.1
[INFO] [stderr]   Downloaded resb v0.1.2
[INFO] [stderr]   Downloaded gix-revision v0.43.0
[INFO] [stderr]   Downloaded gix-ref v0.61.0
[INFO] [stderr]   Downloaded icu_calendar v2.1.1
[INFO] [stderr]   Downloaded icu_locale v2.1.1
[INFO] [stderr]   Downloaded diplomat_core v0.14.0
[INFO] [stderr]   Downloaded sourcemap v9.3.2
[INFO] [stderr]   Downloaded sys_traits v0.1.28
[INFO] [stderr]   Downloaded gix-dir v0.23.0
[INFO] [stderr]   Downloaded gix-merge v0.14.0
[INFO] [stderr]   Downloaded serde_v8 v0.303.0
[INFO] [stderr]   Downloaded deno_unsync v0.4.4
[INFO] [stderr]   Downloaded deno_path_util v0.6.4
[INFO] [stderr]   Downloaded stringcase v0.4.0
[INFO] [stderr]   Downloaded sys_traits_macros v0.1.0
[INFO] [stderr]   Downloaded gix-pathspec v0.16.1
[INFO] [stderr]   Downloaded gix-negotiate v0.29.0
[INFO] [stderr]   Downloaded icu_locale_data v2.1.2
[INFO] [stderr]   Downloaded gzip-header v1.1.0
[INFO] [stderr]   Downloaded gix-archive v0.30.0
[INFO] [stderr]   Downloaded imara-diff v0.2.0
[INFO] [stderr]   Downloaded syn-match v0.3.1
[INFO] [stderr]   Downloaded deno_core_icudata v0.77.0
[INFO] [stderr]   Downloaded kube-core v3.1.0
[INFO] [stderr]   Downloaded v8 v147.0.0
[INFO] [stderr]   Downloaded wfe-containerd-protos v1.11.4
[INFO] [stderr]   Downloaded wfe-buildkit-protos v1.11.4
[INFO] [stderr]   Downloaded gix-worktree-stream v0.30.0
[INFO] [stderr]   Downloaded gix-path v0.11.3
[INFO] [stderr]   Downloaded tonic-build v0.14.6
[INFO] [stderr]   Downloaded gix-lock v21.0.2
[INFO] [stderr]   Downloaded io-close v0.3.7
[INFO] [stderr]   Downloaded gix-fs v0.19.2
[INFO] [stderr]   Downloaded gix-mailmap v0.32.0
[INFO] [stderr]   Downloaded wasm_dep_analyzer v0.4.0
[INFO] [stderr]   Downloaded deno_ops v0.270.0
[INFO] [stderr]   Downloaded gix-diff v0.61.0
[INFO] [stderr]   Downloaded boxed_error v0.2.3
[INFO] [stderr]   Downloaded gix-prompt v0.14.2
[INFO] [stderr]   Downloaded timezone_provider v0.1.2
[INFO] running `Command { std: "docker" "create" "-v" "/var/lib/crater-agent-workspace/builds/worker-4-tc1/source:/opt/rustwide/workdir:ro,Z" "-v" "/var/lib/crater-agent-workspace/builds/worker-4-tc1/target:/opt/rustwide/target:rw,Z" "-v" "/var/lib/crater-agent-workspace/cargo-home:/opt/rustwide/cargo-home:ro,Z" "-v" "/var/lib/crater-agent-workspace/rustup-home:/opt/rustwide/rustup-home:ro,Z" "-m" "1610612736" "--network" "none" "ghcr.io/rust-lang/crates-build-env/linux@sha256:3111399a4047eeb3a02b7a90e478d715f38a8c6669b5c4b49d30a17385265909" "sleep" "infinity", kill_on_drop: false }`
[INFO] [stdout] ca52356293eab86121dd49292495c5e3eebb16123e37c4036ac3146df428e57e
[INFO] running `Command { std: "docker" "start" "ca52356293eab86121dd49292495c5e3eebb16123e37c4036ac3146df428e57e", kill_on_drop: false }`
[INFO] running `Command { std: "docker" "inspect" "ca52356293eab86121dd49292495c5e3eebb16123e37c4036ac3146df428e57e", kill_on_drop: false }`
[INFO] running `Command { std: "docker" "exec" "-e" "SOURCE_DIR=/opt/rustwide/workdir" "-e" "CARGO_HOME=/opt/rustwide/cargo-home" "-e" "RUSTUP_HOME=/opt/rustwide/rustup-home" "-e" "CARGO_TARGET_DIR=/opt/rustwide/target" "-w" "/opt/rustwide/workdir" "--user" "0:0" "ca52356293eab86121dd49292495c5e3eebb16123e37c4036ac3146df428e57e" "/opt/rustwide/cargo-home/bin/cargo" "+1.99.0-beta.8" "metadata" "--no-deps" "--format-version=1", kill_on_drop: false }`
[INFO] running `Command { std: "docker" "inspect" "ca52356293eab86121dd49292495c5e3eebb16123e37c4036ac3146df428e57e", kill_on_drop: false }`
[INFO] running `Command { std: "docker" "exec" "-e" "SOURCE_DIR=/opt/rustwide/workdir" "-e" "CARGO_HOME=/opt/rustwide/cargo-home" "-e" "RUSTUP_HOME=/opt/rustwide/rustup-home" "-e" "CARGO_TARGET_DIR=/opt/rustwide/target" "-e" "CARGO_INCREMENTAL=0" "-e" "RUST_BACKTRACE=full" "-e" "RUSTFLAGS=--cap-lints=warn" "-e" "RUSTDOCFLAGS=--cap-lints=warn" "-w" "/opt/rustwide/workdir" "--user" "0:0" "ca52356293eab86121dd49292495c5e3eebb16123e37c4036ac3146df428e57e" "/opt/rustwide/cargo-home/bin/cargo" "+1.99.0-beta.8" "build" "--frozen" "--message-format=json", kill_on_drop: false }`
[INFO] [stderr]    Compiling serde_core v1.0.229
[INFO] [stderr]    Compiling serde v1.0.229
[INFO] [stderr]    Compiling getrandom v0.4.3
[INFO] [stderr]    Compiling gix-trace v0.1.21
[INFO] [stderr]    Compiling crossbeam-utils v0.8.22
[INFO] [stderr]    Compiling regex-automata v0.4.18
[INFO] [stderr]    Compiling tinyvec v1.12.0
[INFO] [stderr]    Compiling zlib-rs v0.6.7
[INFO] [stderr]    Compiling syn v3.0.3
[INFO] [stderr]    Compiling rustix v1.1.4
[INFO] [stderr]    Compiling jiff-core v0.1.0
[INFO] [stderr]    Compiling hashbrown v0.16.1
[INFO] [stderr]    Compiling winnow v0.7.15
[INFO] [stderr]    Compiling mio v1.2.2
[INFO] [stderr]    Compiling sha1 v0.10.7
[INFO] [stderr]    Compiling memmap2 v0.9.11
[INFO] [stderr]    Compiling indexmap v2.14.0
[INFO] [stderr]    Compiling cc v1.4.3
[INFO] [stderr]    Compiling sha1-checked v0.10.0
[INFO] [stderr]    Compiling hashbrown v0.14.5
[INFO] [stderr]    Compiling unicode-normalization v0.1.25
[INFO] [stderr]    Compiling zerofrom v0.1.8
[INFO] [stderr]    Compiling tracing v0.1.44
[INFO] [stderr]    Compiling yoke v0.8.3
[INFO] [stderr]    Compiling crossbeam-channel v0.5.16
[INFO] [stderr]    Compiling aws-lc-rs v1.18.0
[INFO] [stderr]    Compiling num-traits v0.2.19
[INFO] [stderr]    Compiling gix-utils v0.3.5
[INFO] [stderr]    Compiling jiff v0.2.35
[INFO] [stderr]    Compiling unicode-bom v2.0.3
[INFO] [stderr]    Compiling anyhow v1.0.104
[INFO] [stderr]    Compiling either v1.17.0
[INFO] [stderr]    Compiling sync_wrapper v1.0.2
[INFO] [stderr]    Compiling rustls v0.23.43
[INFO] [stderr]    Compiling log v0.4.33
[INFO] [stderr]    Compiling shell-words v1.1.1
[INFO] [stderr]    Compiling icu_properties_data v2.1.2
[INFO] [stderr]    Compiling axum-core v0.5.6
[INFO] [stderr]    Compiling pin-project-internal v1.1.13
[INFO] [stderr]    Compiling filetime v0.2.29
[INFO] [stderr]    Compiling itertools v0.14.0
[INFO] [stderr]    Compiling matchit v0.8.4
[INFO] [stderr]    Compiling cmake v0.1.58
[INFO] [stderr]    Compiling serde_json v1.0.151
[INFO] [stderr]    Compiling encoding_rs v0.8.35
[INFO] [stderr]    Compiling base64 v0.23.1
[INFO] [stderr]    Compiling aho-corasick v1.1.5
[INFO] [stderr]    Compiling num-integer v0.1.47
[INFO] [stderr]    Compiling ureq-proto v0.6.1
[INFO] [stderr]    Compiling getrandom v0.3.4
[INFO] [stderr]    Compiling utf8-zero v0.8.1
[INFO] [stderr]    Compiling bollard-buildkit-proto v0.7.0
[INFO] [stderr]    Compiling rand_core v0.9.5
[INFO] [stderr]    Compiling num-bigint v0.4.8
[INFO] [stderr]    Compiling aws-lc-sys v0.44.0
[INFO] [stderr]    Compiling ppv-lite86 v0.2.21
[INFO] [stderr]    Compiling structmeta-derive v0.3.0
[INFO] [stderr]    Compiling time-core v0.1.9
[INFO] [stderr]    Compiling num-conv v0.2.2
[INFO] [stderr]    Compiling powerfmt v0.2.0
[INFO] [stderr]    Compiling cpufeatures v0.3.0
[INFO] [stderr]    Compiling chacha20 v0.10.1
[INFO] [stderr]    Compiling rand_chacha v0.9.0
[INFO] [stderr]    Compiling prost-derive v0.14.4
[INFO] [stderr]    Compiling pin-project v1.1.13
[INFO] [stderr]    Compiling bstr v1.13.1
[INFO] [stderr]    Compiling bitflags v2.13.1
[INFO] [stderr]    Compiling deranged v0.5.8
[INFO] [stderr]    Compiling structmeta v0.3.0
[INFO] [stderr]    Compiling num-iter v0.1.46
[INFO] [stderr]    Compiling num-complex v0.4.6
[INFO] [stderr]    Compiling async-stream-impl v0.3.6
[INFO] [stderr]    Compiling gix-validate v0.11.3
[INFO] [stderr]    Compiling gix-error v0.2.5
[INFO] [stderr]    Compiling num-rational v0.4.2
[INFO] [stderr]    Compiling rustls-native-certs v0.8.4
[INFO] [stderr]    Compiling async-stream v0.3.6
[INFO] [stderr]    Compiling serde_with_macros v3.22.0
[INFO] [stderr]    Compiling rand v0.10.2
[INFO] [stderr]    Compiling rand v0.9.5
[INFO] [stderr]    Compiling gix-chunk v0.7.3
[INFO] [stderr]    Compiling gix-quote v0.7.2
[INFO] [stderr]    Compiling gix-bitmap v0.3.3
[INFO] [stderr]    Compiling time v0.3.55
[INFO] [stderr]    Compiling num v0.4.3
[INFO] [stderr]    Compiling regex v1.13.1
[INFO] [stderr]    Compiling imara-diff v0.1.8
[INFO] [stderr]    Compiling clru v0.6.3
[INFO] [stderr]    Compiling home v0.5.12
[INFO] [stderr]    Compiling ref-cast v1.0.27
[INFO] [stderr]    Compiling ferroid v2.0.0
[INFO] [stderr]    Compiling serde_with v3.22.0
[INFO] [stderr]    Compiling miniz_oxide v0.8.9
[INFO] [stderr]    Compiling arc-swap v1.9.2
[INFO] [stderr]    Compiling prost v0.14.4
[INFO] [stderr]    Compiling serde_derive_internals v0.30.0
[INFO] [stderr]    Compiling hashlink v0.10.0
[INFO] [stderr]    Compiling maybe-async v0.2.11
[INFO] [stderr]    Compiling io-close v0.3.7
[INFO] [stderr]    Compiling etcetera v0.11.0
[INFO] [stderr]    Compiling arraydeque v0.5.1
[INFO] [stderr]    Compiling tempfile v3.27.0
[INFO] [stderr]    Compiling xattr v1.6.1
[INFO] [stderr]    Compiling flate2 v1.1.9
[INFO] [stderr]    Compiling serde_derive v1.0.229
[INFO] [stderr]    Compiling thiserror-impl v2.0.20
[INFO] [stderr]    Compiling tokio-macros v2.7.2
[INFO] [stderr]    Compiling futures-macro v0.3.34
[INFO] [stderr]    Compiling zerovec-derive v0.11.5
[INFO] [stderr]    Compiling displaydoc v0.2.7
[INFO] [stderr]    Compiling async-trait v0.1.92
[INFO] [stderr]    Compiling prost-types v0.14.4
[INFO] [stderr]    Compiling serde_repr v0.1.21
[INFO] [stderr]    Compiling ref-cast-impl v1.0.27
[INFO] [stderr]    Compiling schemars_derive v1.2.2
[INFO] [stderr]    Compiling futures-util v0.3.34
[INFO] [stderr]    Compiling tar v0.4.46
[INFO] [stderr]    Compiling yaml-rust2 v0.10.4
[INFO] [stderr]    Compiling zerovec v0.11.8
[INFO] [stderr]    Compiling uuid v1.24.1
[INFO] [stderr]    Compiling zerotrie v0.2.5
[INFO] [stderr]    Compiling dyn-clone v1.0.20
[INFO] [stderr]    Compiling thiserror v2.0.20
[INFO] [stderr]    Compiling gix-path v0.11.3
[INFO] [stderr]    Compiling parse-display-derive v0.9.1
[INFO] [stderr]    Compiling tinystr v0.8.4
[INFO] [stderr]    Compiling potential_utf v0.1.6
[INFO] [stderr]    Compiling gix-command v0.8.1
[INFO] [stderr]    Compiling gix-config-value v0.17.2
[INFO] [stderr]    Compiling icu_collections v2.1.1
[INFO] [stderr]    Compiling icu_locale_core v2.3.0
[INFO] [stderr]    Compiling parse-display v0.9.1
[INFO] [stderr]    Compiling icu_provider v2.3.0
[INFO] [stderr]    Compiling smallvec v1.15.2
[INFO] [stderr]    Compiling faster-hex v0.10.0
[INFO] [stderr]    Compiling gix-date v0.15.6
[INFO] [stderr]    Compiling nonempty v0.12.0
[INFO] [stderr]    Compiling kstring v2.0.4
[INFO] [stderr]    Compiling gix-sec v0.13.3
[INFO] [stderr]    Compiling gix-url v0.35.3
[INFO] [stderr]    Compiling serde_urlencoded v0.7.1
[INFO] [stderr]    Compiling docker_credential v1.4.0
[INFO] [stderr]    Compiling serde_yaml v0.9.34+deprecated
[INFO] [stderr]    Compiling chrono v0.4.45
[INFO] [stderr]    Compiling schemars v1.2.2
[INFO] [stderr]    Compiling parking_lot_core v0.9.12
[INFO] [stderr]    Compiling icu_normalizer v2.1.1
[INFO] [stderr]    Compiling icu_properties v2.1.2
[INFO] [stderr]    Compiling gix-packetline v0.21.5
[INFO] [stderr]    Compiling parking_lot v0.12.5
[INFO] [stderr]    Compiling gix-actor v0.40.0
[INFO] [stderr]    Compiling dashmap v6.2.1
[INFO] [stderr]    Compiling prodash v31.0.0
[INFO] [stderr]    Compiling tokio v1.53.1
[INFO] [stderr]    Compiling futures-executor v0.3.34
[INFO] [stderr]    Compiling gix-prompt v0.14.2
[INFO] [stderr]    Compiling futures v0.3.34
[INFO] [stderr]    Compiling gix-credentials v0.37.2
[INFO] [stderr]    Compiling gix-features v0.46.2
[INFO] [stderr]    Compiling gix-hash v0.23.0
[INFO] [stderr]    Compiling gix-fs v0.19.2
[INFO] [stderr]    Compiling gix-glob v0.24.0
[INFO] [stderr]    Compiling gix-transport v0.55.1
[INFO] [stderr]    Compiling gix-tempfile v21.0.2
[INFO] [stderr]    Compiling gix-attributes v0.31.0
[INFO] [stderr]    Compiling idna_adapter v1.2.1
[INFO] [stderr]    Compiling gix-ignore v0.19.1
[INFO] [stderr]    Compiling gix-hashtable v0.13.0
[INFO] [stderr]    Compiling gix-commitgraph v0.35.0
[INFO] [stderr]    Compiling gix-lock v21.0.2
[INFO] [stderr]    Compiling gix-object v0.58.0
[INFO] [stderr]    Compiling idna v1.1.0
[INFO] [stderr]    Compiling yaml-merge-keys v0.8.2
[INFO] [stderr]    Compiling gix-shallow v0.10.0
[INFO] [stderr]    Compiling gix-pathspec v0.16.1
[INFO] [stderr]    Compiling url v2.5.8
[INFO] [stderr]    Compiling gix-revwalk v0.29.0
[INFO] [stderr]    Compiling gix-ref v0.61.0
[INFO] [stderr]    Compiling gix-filter v0.28.0
[INFO] [stderr]    Compiling gix-pack v0.68.0
[INFO] [stderr]    Compiling gix-traverse v0.55.0
[INFO] [stderr]    Compiling gix-revision v0.43.0
[INFO] [stderr]    Compiling gix-negotiate v0.29.0
[INFO] [stderr]    Compiling gix-index v0.49.0
[INFO] [stderr]    Compiling gix-refspec v0.39.0
[INFO] [stderr]    Compiling gix-config v0.54.0
[INFO] [stderr]    Compiling gix-discover v0.49.0
[INFO] [stderr]    Compiling gix-protocol v0.59.0
[INFO] [stderr]    Compiling gix-worktree v0.50.0
[INFO] [stderr]    Compiling gix-diff v0.61.0
[INFO] [stderr]    Compiling gix-worktree-state v0.28.0
[INFO] [stderr]    Compiling gix-odb v0.78.0
[INFO] [stderr]    Compiling gix-submodule v0.28.0
[INFO] [stderr]    Compiling tokio-util v0.7.19
[INFO] [stderr]    Compiling tokio-stream v0.1.19
[INFO] [stderr]    Compiling gix-merge v0.14.0
[INFO] [stderr]    Compiling astral-tokio-tar v0.6.4
[INFO] [stderr]    Compiling h2 v0.4.17
[INFO] [stderr]    Compiling tower v0.5.3
[INFO] [stderr]    Compiling gix v0.81.0
[INFO] [stderr]    Compiling axum v0.8.9
[INFO] [stderr]    Compiling hyper v1.11.0
[INFO] [stderr]    Compiling rustls-webpki v0.103.14
[INFO] [stderr]    Compiling hyper-util v0.1.20
[INFO] [stderr]    Compiling hyper-timeout v0.5.2
[INFO] [stderr]    Compiling hyperlocal v0.9.1
[INFO] [stderr]    Compiling tonic v0.14.6
[INFO] [stderr]    Compiling tonic-prost v0.14.6
[INFO] [stderr]    Compiling ureq v3.4.0
[INFO] [stderr]    Compiling tokio-rustls v0.26.4
[INFO] [stderr]    Compiling hyper-rustls v0.27.9
[INFO] [stderr]    Compiling bollard-stubs v1.52.1-rc.29.1.3
[INFO] [stderr]    Compiling bollard v0.20.2
[INFO] [stderr]    Compiling testcontainers v0.27.3
[INFO] [stderr]    Compiling wfe-core v1.11.4
[INFO] [stderr]    Compiling wfe-yaml v1.11.4 (/opt/rustwide/workdir)
[INFO] [stdout] warning: missing documentation for an associated function
[INFO] [stdout]   --> src/executors/shell.rs:39:5
[INFO] [stdout]    |
[INFO] [stdout] 39 |     pub fn new(config: ShellConfig) -> Self {
[INFO] [stdout]    |     ^^^^^^^^^^^^^^^^^^^^^^^^^^^^^^^^^^^^^^^
[INFO] [stdout]    |
[INFO] [stdout] note: the lint level is defined here
[INFO] [stdout]   --> src/lib.rs:1:9
[INFO] [stdout]    |
[INFO] [stdout]  1 | #![warn(missing_docs)]
[INFO] [stdout]    |         ^^^^^^^^^^^^
[INFO] [stdout] 
[INFO] [stdout] 
[INFO] [stderr]     Finished `dev` profile [unoptimized + debuginfo] target(s) in 1m 30s
[INFO] running `Command { std: "docker" "inspect" "ca52356293eab86121dd49292495c5e3eebb16123e37c4036ac3146df428e57e", kill_on_drop: false }`
[INFO] running `Command { std: "docker" "exec" "-e" "SOURCE_DIR=/opt/rustwide/workdir" "-e" "CARGO_HOME=/opt/rustwide/cargo-home" "-e" "RUSTUP_HOME=/opt/rustwide/rustup-home" "-e" "CARGO_TARGET_DIR=/opt/rustwide/target" "-e" "CARGO_INCREMENTAL=0" "-e" "RUST_BACKTRACE=full" "-e" "RUSTFLAGS=--cap-lints=warn" "-e" "RUSTDOCFLAGS=--cap-lints=warn" "-w" "/opt/rustwide/workdir" "--user" "0:0" "ca52356293eab86121dd49292495c5e3eebb16123e37c4036ac3146df428e57e" "/opt/rustwide/cargo-home/bin/cargo" "+1.99.0-beta.8" "test" "--frozen" "--no-run" "--message-format=json", kill_on_drop: false }`
[INFO] [stderr]    Compiling regex-automata v0.4.18
[INFO] [stderr]    Compiling tracing v0.1.44
[INFO] [stderr]    Compiling tokio v1.53.1
[INFO] [stderr]    Compiling rustls v0.23.43
[INFO] [stderr]    Compiling ureq-proto v0.6.1
[INFO] [stderr]    Compiling tracing-log v0.2.0
[INFO] [stderr]    Compiling tracing-serde v0.2.0
[INFO] [stderr]    Compiling num_cpus v1.17.0
[INFO] [stderr]    Compiling thread_local v1.1.10
[INFO] [stderr]    Compiling deadpool-runtime v0.1.4
[INFO] [stderr]    Compiling assert-json-diff v2.0.2
[INFO] [stderr]    Compiling diff v0.1.13
[INFO] [stderr]    Compiling pretty_assertions v1.4.1
[INFO] [stderr]    Compiling bstr v1.13.1
[INFO] [stderr]    Compiling regex v1.13.1
[INFO] [stderr]    Compiling matchers v0.2.0
[INFO] [stderr]    Compiling tracing-subscriber v0.3.23
[INFO] [stderr]    Compiling parse-display v0.9.1
[INFO] [stderr]    Compiling gix-validate v0.11.3
[INFO] [stderr]    Compiling gix-error v0.2.5
[INFO] [stderr]    Compiling gix-packetline v0.21.5
[INFO] [stderr]    Compiling gix-path v0.11.3
[INFO] [stderr]    Compiling gix-date v0.15.6
[INFO] [stderr]    Compiling gix-chunk v0.7.3
[INFO] [stderr]    Compiling gix-quote v0.7.2
[INFO] [stderr]    Compiling gix-bitmap v0.3.3
[INFO] [stderr]    Compiling gix-features v0.46.2
[INFO] [stderr]    Compiling gix-command v0.8.1
[INFO] [stderr]    Compiling gix-config-value v0.17.2
[INFO] [stderr]    Compiling gix-url v0.35.3
[INFO] [stderr]    Compiling ureq v3.4.0
[INFO] [stderr]    Compiling gix-actor v0.40.0
[INFO] [stderr]    Compiling gix-hash v0.23.0
[INFO] [stderr]    Compiling gix-fs v0.19.2
[INFO] [stderr]    Compiling gix-glob v0.24.0
[INFO] [stderr]    Compiling gix-prompt v0.14.2
[INFO] [stderr]    Compiling gix-transport v0.55.1
[INFO] [stderr]    Compiling gix-tempfile v21.0.2
[INFO] [stderr]    Compiling gix-credentials v0.37.2
[INFO] [stderr]    Compiling gix-hashtable v0.13.0
[INFO] [stderr]    Compiling gix-commitgraph v0.35.0
[INFO] [stderr]    Compiling gix-object v0.58.0
[INFO] [stderr]    Compiling gix-attributes v0.31.0
[INFO] [stderr]    Compiling gix-ignore v0.19.1
[INFO] [stderr]    Compiling gix-lock v21.0.2
[INFO] [stderr]    Compiling gix-shallow v0.10.0
[INFO] [stderr]    Compiling tokio-util v0.7.19
[INFO] [stderr]    Compiling tokio-stream v0.1.19
[INFO] [stderr]    Compiling tokio-rustls v0.26.4
[INFO] [stderr]    Compiling deadpool v0.12.3
[INFO] [stderr]    Compiling gix-pathspec v0.16.1
[INFO] [stderr]    Compiling astral-tokio-tar v0.6.4
[INFO] [stderr]    Compiling h2 v0.4.17
[INFO] [stderr]    Compiling tower v0.5.3
[INFO] [stderr]    Compiling gix-revwalk v0.29.0
[INFO] [stderr]    Compiling gix-ref v0.61.0
[INFO] [stderr]    Compiling gix-filter v0.28.0
[INFO] [stderr]    Compiling gix-pack v0.68.0
[INFO] [stderr]    Compiling gix-traverse v0.55.0
[INFO] [stderr]    Compiling gix-revision v0.43.0
[INFO] [stderr]    Compiling gix-negotiate v0.29.0
[INFO] [stderr]    Compiling axum v0.8.9
[INFO] [stderr]    Compiling gix-index v0.49.0
[INFO] [stderr]    Compiling gix-refspec v0.39.0
[INFO] [stderr]    Compiling gix-config v0.54.0
[INFO] [stderr]    Compiling gix-discover v0.49.0
[INFO] [stderr]    Compiling gix-protocol v0.59.0
[INFO] [stderr]    Compiling gix-worktree v0.50.0
[INFO] [stderr]    Compiling gix-diff v0.61.0
[INFO] [stderr]    Compiling gix-worktree-state v0.28.0
[INFO] [stderr]    Compiling gix-odb v0.78.0
[INFO] [stderr]    Compiling gix-submodule v0.28.0
[INFO] [stderr]    Compiling hyper v1.11.0
[INFO] [stderr]    Compiling gix-merge v0.14.0
[INFO] [stderr]    Compiling gix v0.81.0
[INFO] [stderr]    Compiling hyper-util v0.1.20
[INFO] [stderr]    Compiling hyper-timeout v0.5.2
[INFO] [stderr]    Compiling hyper-rustls v0.27.9
[INFO] [stderr]    Compiling hyperlocal v0.9.1
[INFO] [stderr]    Compiling wiremock v0.6.5
[INFO] [stderr]    Compiling tonic v0.14.6
[INFO] [stderr]    Compiling tonic-prost v0.14.6
[INFO] [stderr]    Compiling bollard-buildkit-proto v0.7.0
[INFO] [stderr]    Compiling bollard-stubs v1.52.1-rc.29.1.3
[INFO] [stderr]    Compiling bollard v0.20.2
[INFO] [stderr]    Compiling testcontainers v0.27.3
[INFO] [stderr]    Compiling wfe-core v1.11.4
[INFO] [stderr]    Compiling wfe v1.11.4
[INFO] [stderr]    Compiling wfe-yaml v1.11.4 (/opt/rustwide/workdir)
[INFO] [stdout] warning: missing documentation for an associated function
[INFO] [stdout]   --> src/executors/shell.rs:39:5
[INFO] [stdout]    |
[INFO] [stdout] 39 |     pub fn new(config: ShellConfig) -> Self {
[INFO] [stdout]    |     ^^^^^^^^^^^^^^^^^^^^^^^^^^^^^^^^^^^^^^^
[INFO] [stdout]    |
[INFO] [stdout] note: the lint level is defined here
[INFO] [stdout]   --> src/lib.rs:1:9
[INFO] [stdout]    |
[INFO] [stdout]  1 | #![warn(missing_docs)]
[INFO] [stdout]    |         ^^^^^^^^^^^^
[INFO] [stdout] 
[INFO] [stdout] 
[INFO] [stdout] warning: missing documentation for an associated function
[INFO] [stdout]   --> src/executors/shell.rs:39:5
[INFO] [stdout]    |
[INFO] [stdout] 39 |     pub fn new(config: ShellConfig) -> Self {
[INFO] [stdout]    |     ^^^^^^^^^^^^^^^^^^^^^^^^^^^^^^^^^^^^^^^
[INFO] [stdout]    |
[INFO] [stdout] note: the lint level is defined here
[INFO] [stdout]   --> src/lib.rs:1:9
[INFO] [stdout]    |
[INFO] [stdout]  1 | #![warn(missing_docs)]
[INFO] [stdout]    |         ^^^^^^^^^^^^
[INFO] [stdout] 
[INFO] [stdout] 
[INFO] [stderr] error: could not compile `wfe-yaml` (example "run_pipeline")
[INFO] [stderr] 
[INFO] [stderr] Caused by:
[INFO] [stderr]   process didn't exit successfully: `/opt/rustwide/rustup-home/toolchains/1.99.0-beta.8-x86_64-unknown-linux-gnu/bin/rustc --crate-name run_pipeline --edition=2024 examples/run_pipeline.rs --error-format=json --json=diagnostic-rendered-ansi,artifacts,future-incompat --crate-type bin --emit=dep-info,link -C embed-bitcode=no -C debuginfo=2 --cfg 'feature="default"' --check-cfg 'cfg(docsrs,test)' --check-cfg 'cfg(feature, values("buildkit", "containerd", "default", "deno", "deno_core", "deno_error", "kubernetes", "reqwest", "rustlang", "url", "wfe-buildkit", "wfe-containerd", "wfe-kubernetes", "wfe-rustlang"))' -C metadata=5f481529ebb0f2a1 -C extra-filename=-da0c497ae11b8f62 --out-dir /opt/rustwide/target/debug/examples -L dependency=/opt/rustwide/target/debug/deps --extern async_trait=/opt/rustwide/target/debug/deps/libasync_trait-ce05d982cd900e23.so --extern chrono=/opt/rustwide/target/debug/deps/libchrono-870da0b4d00e830f.rlib --extern flate2=/opt/rustwide/target/debug/deps/libflate2-e618230293f46b8b.rlib --extern gix=/opt/rustwide/target/debug/deps/libgix-11f7ad1df35379d4.rlib --extern hex=/opt/rustwide/target/debug/deps/libhex-13e08b3b00984ab7.rlib --extern pretty_assertions=/opt/rustwide/target/debug/deps/libpretty_assertions-f9155d341562357e.rlib --extern regex=/opt/rustwide/target/debug/deps/libregex-029e208a761ef295.rlib --extern schemars=/opt/rustwide/target/debug/deps/libschemars-c7ff0072cbc67dd5.rlib --extern serde=/opt/rustwide/target/debug/deps/libserde-eb863249d2c37552.rlib --extern serde_json=/opt/rustwide/target/debug/deps/libserde_json-5e1f451d80127c14.rlib --extern serde_yaml=/opt/rustwide/target/debug/deps/libserde_yaml-fa8837fd5126aa94.rlib --extern tar=/opt/rustwide/target/debug/deps/libtar-3956b63c7ffeff1e.rlib --extern tempfile=/opt/rustwide/target/debug/deps/libtempfile-35907dc420cf113b.rlib --extern thiserror=/opt/rustwide/target/debug/deps/libthiserror-9f44bbe548b3de16.rlib --extern tokio=/opt/rustwide/target/debug/deps/libtokio-25dff2176795206f.rlib --extern tokio_util=/opt/rustwide/target/debug/deps/libtokio_util-02f2a3844bcfc929.rlib --extern tracing=/opt/rustwide/target/debug/deps/libtracing-a3e7a86b8ea28662.rlib --extern tracing_subscriber=/opt/rustwide/target/debug/deps/libtracing_subscriber-a3ec266a72774fe2.rlib --extern uuid=/opt/rustwide/target/debug/deps/libuuid-124f202d61f9bf0f.rlib --extern wfe=/opt/rustwide/target/debug/deps/libwfe-8de5de8d8d1ea15c.rlib --extern wfe_core=/opt/rustwide/target/debug/deps/libwfe_core-18b00d84b9b25003.rlib --extern wfe_yaml=/opt/rustwide/target/debug/deps/libwfe_yaml-8d3acffdefd55e95.rlib --extern wiremock=/opt/rustwide/target/debug/deps/libwiremock-49e989fac8b723c8.rlib --extern yaml_merge_keys=/opt/rustwide/target/debug/deps/libyaml_merge_keys-83acc918a119f74e.rlib --cap-lints=warn -L native=/opt/rustwide/target/debug/build/aws-lc-sys-9222a9b42e794889/out` (signal: 9, SIGKILL: kill)
[INFO] [stderr] warning: build failed, waiting for other jobs to finish...
[INFO] [stderr] error: could not compile `wfe-yaml` (lib test); 1 warning emitted
[INFO] [stderr] 
[INFO] [stderr] Caused by:
[INFO] [stderr]   process didn't exit successfully: `/opt/rustwide/rustup-home/toolchains/1.99.0-beta.8-x86_64-unknown-linux-gnu/bin/rustc --crate-name wfe_yaml --edition=2024 src/lib.rs --error-format=json --json=diagnostic-rendered-ansi,artifacts,future-incompat --emit=dep-info,link -C embed-bitcode=no -C debuginfo=2 --test --cfg 'feature="default"' --check-cfg 'cfg(docsrs,test)' --check-cfg 'cfg(feature, values("buildkit", "containerd", "default", "deno", "deno_core", "deno_error", "kubernetes", "reqwest", "rustlang", "url", "wfe-buildkit", "wfe-containerd", "wfe-kubernetes", "wfe-rustlang"))' -C metadata=973f854b0b4f1b23 -C extra-filename=-250b9e6b9ea2ad26 --out-dir /opt/rustwide/target/debug/deps -L dependency=/opt/rustwide/target/debug/deps --extern async_trait=/opt/rustwide/target/debug/deps/libasync_trait-ce05d982cd900e23.so --extern chrono=/opt/rustwide/target/debug/deps/libchrono-870da0b4d00e830f.rlib --extern flate2=/opt/rustwide/target/debug/deps/libflate2-e618230293f46b8b.rlib --extern gix=/opt/rustwide/target/debug/deps/libgix-11f7ad1df35379d4.rlib --extern hex=/opt/rustwide/target/debug/deps/libhex-13e08b3b00984ab7.rlib --extern pretty_assertions=/opt/rustwide/target/debug/deps/libpretty_assertions-f9155d341562357e.rlib --extern regex=/opt/rustwide/target/debug/deps/libregex-029e208a761ef295.rlib --extern schemars=/opt/rustwide/target/debug/deps/libschemars-c7ff0072cbc67dd5.rlib --extern serde=/opt/rustwide/target/debug/deps/libserde-eb863249d2c37552.rlib --extern serde_json=/opt/rustwide/target/debug/deps/libserde_json-5e1f451d80127c14.rlib --extern serde_yaml=/opt/rustwide/target/debug/deps/libserde_yaml-fa8837fd5126aa94.rlib --extern tar=/opt/rustwide/target/debug/deps/libtar-3956b63c7ffeff1e.rlib --extern tempfile=/opt/rustwide/target/debug/deps/libtempfile-35907dc420cf113b.rlib --extern thiserror=/opt/rustwide/target/debug/deps/libthiserror-9f44bbe548b3de16.rlib --extern tokio=/opt/rustwide/target/debug/deps/libtokio-25dff2176795206f.rlib --extern tokio_util=/opt/rustwide/target/debug/deps/libtokio_util-02f2a3844bcfc929.rlib --extern tracing=/opt/rustwide/target/debug/deps/libtracing-a3e7a86b8ea28662.rlib --extern tracing_subscriber=/opt/rustwide/target/debug/deps/libtracing_subscriber-a3ec266a72774fe2.rlib --extern uuid=/opt/rustwide/target/debug/deps/libuuid-124f202d61f9bf0f.rlib --extern wfe=/opt/rustwide/target/debug/deps/libwfe-8de5de8d8d1ea15c.rlib --extern wfe_core=/opt/rustwide/target/debug/deps/libwfe_core-18b00d84b9b25003.rlib --extern wiremock=/opt/rustwide/target/debug/deps/libwiremock-49e989fac8b723c8.rlib --extern yaml_merge_keys=/opt/rustwide/target/debug/deps/libyaml_merge_keys-83acc918a119f74e.rlib --cap-lints=warn -L native=/opt/rustwide/target/debug/build/aws-lc-sys-9222a9b42e794889/out` (signal: 9, SIGKILL: kill)
[INFO] [stderr] error: could not compile `wfe-yaml` (test "shell")
[INFO] [stderr] 
[INFO] [stderr] Caused by:
[INFO] [stderr]   process didn't exit successfully: `/opt/rustwide/rustup-home/toolchains/1.99.0-beta.8-x86_64-unknown-linux-gnu/bin/rustc --crate-name shell --edition=2024 tests/shell.rs --error-format=json --json=diagnostic-rendered-ansi,artifacts,future-incompat --emit=dep-info,link -C embed-bitcode=no -C debuginfo=2 --test --cfg 'feature="default"' --check-cfg 'cfg(docsrs,test)' --check-cfg 'cfg(feature, values("buildkit", "containerd", "default", "deno", "deno_core", "deno_error", "kubernetes", "reqwest", "rustlang", "url", "wfe-buildkit", "wfe-containerd", "wfe-kubernetes", "wfe-rustlang"))' -C metadata=cec79e9b1b9b417a -C extra-filename=-79528502fc460955 --out-dir /opt/rustwide/target/debug/deps -L dependency=/opt/rustwide/target/debug/deps --extern async_trait=/opt/rustwide/target/debug/deps/libasync_trait-ce05d982cd900e23.so --extern chrono=/opt/rustwide/target/debug/deps/libchrono-870da0b4d00e830f.rlib --extern flate2=/opt/rustwide/target/debug/deps/libflate2-e618230293f46b8b.rlib --extern gix=/opt/rustwide/target/debug/deps/libgix-11f7ad1df35379d4.rlib --extern hex=/opt/rustwide/target/debug/deps/libhex-13e08b3b00984ab7.rlib --extern pretty_assertions=/opt/rustwide/target/debug/deps/libpretty_assertions-f9155d341562357e.rlib --extern regex=/opt/rustwide/target/debug/deps/libregex-029e208a761ef295.rlib --extern schemars=/opt/rustwide/target/debug/deps/libschemars-c7ff0072cbc67dd5.rlib --extern serde=/opt/rustwide/target/debug/deps/libserde-eb863249d2c37552.rlib --extern serde_json=/opt/rustwide/target/debug/deps/libserde_json-5e1f451d80127c14.rlib --extern serde_yaml=/opt/rustwide/target/debug/deps/libserde_yaml-fa8837fd5126aa94.rlib --extern tar=/opt/rustwide/target/debug/deps/libtar-3956b63c7ffeff1e.rlib --extern tempfile=/opt/rustwide/target/debug/deps/libtempfile-35907dc420cf113b.rlib --extern thiserror=/opt/rustwide/target/debug/deps/libthiserror-9f44bbe548b3de16.rlib --extern tokio=/opt/rustwide/target/debug/deps/libtokio-25dff2176795206f.rlib --extern tokio_util=/opt/rustwide/target/debug/deps/libtokio_util-02f2a3844bcfc929.rlib --extern tracing=/opt/rustwide/target/debug/deps/libtracing-a3e7a86b8ea28662.rlib --extern tracing_subscriber=/opt/rustwide/target/debug/deps/libtracing_subscriber-a3ec266a72774fe2.rlib --extern uuid=/opt/rustwide/target/debug/deps/libuuid-124f202d61f9bf0f.rlib --extern wfe=/opt/rustwide/target/debug/deps/libwfe-8de5de8d8d1ea15c.rlib --extern wfe_core=/opt/rustwide/target/debug/deps/libwfe_core-18b00d84b9b25003.rlib --extern wfe_yaml=/opt/rustwide/target/debug/deps/libwfe_yaml-8d3acffdefd55e95.rlib --extern wiremock=/opt/rustwide/target/debug/deps/libwiremock-49e989fac8b723c8.rlib --extern yaml_merge_keys=/opt/rustwide/target/debug/deps/libyaml_merge_keys-83acc918a119f74e.rlib --cap-lints=warn -L native=/opt/rustwide/target/debug/build/aws-lc-sys-9222a9b42e794889/out` (signal: 9, SIGKILL: kill)
[INFO] [stderr] error: could not compile `wfe-yaml` (test "git_repo")
[INFO] [stderr] 
[INFO] [stderr] Caused by:
[INFO] [stderr]   process didn't exit successfully: `/opt/rustwide/rustup-home/toolchains/1.99.0-beta.8-x86_64-unknown-linux-gnu/bin/rustc --crate-name git_repo --edition=2024 tests/git_repo.rs --error-format=json --json=diagnostic-rendered-ansi,artifacts,future-incompat --emit=dep-info,link -C embed-bitcode=no -C debuginfo=2 --test --cfg 'feature="default"' --check-cfg 'cfg(docsrs,test)' --check-cfg 'cfg(feature, values("buildkit", "containerd", "default", "deno", "deno_core", "deno_error", "kubernetes", "reqwest", "rustlang", "url", "wfe-buildkit", "wfe-containerd", "wfe-kubernetes", "wfe-rustlang"))' -C metadata=2c4517f927662c44 -C extra-filename=-4ccad12f0d77b641 --out-dir /opt/rustwide/target/debug/deps -L dependency=/opt/rustwide/target/debug/deps --extern async_trait=/opt/rustwide/target/debug/deps/libasync_trait-ce05d982cd900e23.so --extern chrono=/opt/rustwide/target/debug/deps/libchrono-870da0b4d00e830f.rlib --extern flate2=/opt/rustwide/target/debug/deps/libflate2-e618230293f46b8b.rlib --extern gix=/opt/rustwide/target/debug/deps/libgix-11f7ad1df35379d4.rlib --extern hex=/opt/rustwide/target/debug/deps/libhex-13e08b3b00984ab7.rlib --extern pretty_assertions=/opt/rustwide/target/debug/deps/libpretty_assertions-f9155d341562357e.rlib --extern regex=/opt/rustwide/target/debug/deps/libregex-029e208a761ef295.rlib --extern schemars=/opt/rustwide/target/debug/deps/libschemars-c7ff0072cbc67dd5.rlib --extern serde=/opt/rustwide/target/debug/deps/libserde-eb863249d2c37552.rlib --extern serde_json=/opt/rustwide/target/debug/deps/libserde_json-5e1f451d80127c14.rlib --extern serde_yaml=/opt/rustwide/target/debug/deps/libserde_yaml-fa8837fd5126aa94.rlib --extern tar=/opt/rustwide/target/debug/deps/libtar-3956b63c7ffeff1e.rlib --extern tempfile=/opt/rustwide/target/debug/deps/libtempfile-35907dc420cf113b.rlib --extern thiserror=/opt/rustwide/target/debug/deps/libthiserror-9f44bbe548b3de16.rlib --extern tokio=/opt/rustwide/target/debug/deps/libtokio-25dff2176795206f.rlib --extern tokio_util=/opt/rustwide/target/debug/deps/libtokio_util-02f2a3844bcfc929.rlib --extern tracing=/opt/rustwide/target/debug/deps/libtracing-a3e7a86b8ea28662.rlib --extern tracing_subscriber=/opt/rustwide/target/debug/deps/libtracing_subscriber-a3ec266a72774fe2.rlib --extern uuid=/opt/rustwide/target/debug/deps/libuuid-124f202d61f9bf0f.rlib --extern wfe=/opt/rustwide/target/debug/deps/libwfe-8de5de8d8d1ea15c.rlib --extern wfe_core=/opt/rustwide/target/debug/deps/libwfe_core-18b00d84b9b25003.rlib --extern wfe_yaml=/opt/rustwide/target/debug/deps/libwfe_yaml-8d3acffdefd55e95.rlib --extern wiremock=/opt/rustwide/target/debug/deps/libwiremock-49e989fac8b723c8.rlib --extern yaml_merge_keys=/opt/rustwide/target/debug/deps/libyaml_merge_keys-83acc918a119f74e.rlib --cap-lints=warn -L native=/opt/rustwide/target/debug/build/aws-lc-sys-9222a9b42e794889/out` (signal: 9, SIGKILL: kill)
[INFO] [stderr] error: could not compile `wfe-yaml` (test "e2e_yaml")
[INFO] [stderr] 
[INFO] [stderr] Caused by:
[INFO] [stderr]   process didn't exit successfully: `/opt/rustwide/rustup-home/toolchains/1.99.0-beta.8-x86_64-unknown-linux-gnu/bin/rustc --crate-name e2e_yaml --edition=2024 tests/e2e_yaml.rs --error-format=json --json=diagnostic-rendered-ansi,artifacts,future-incompat --emit=dep-info,link -C embed-bitcode=no -C debuginfo=2 --test --cfg 'feature="default"' --check-cfg 'cfg(docsrs,test)' --check-cfg 'cfg(feature, values("buildkit", "containerd", "default", "deno", "deno_core", "deno_error", "kubernetes", "reqwest", "rustlang", "url", "wfe-buildkit", "wfe-containerd", "wfe-kubernetes", "wfe-rustlang"))' -C metadata=aa8d1e1752ce13aa -C extra-filename=-397c48eda8ea4b9c --out-dir /opt/rustwide/target/debug/deps -L dependency=/opt/rustwide/target/debug/deps --extern async_trait=/opt/rustwide/target/debug/deps/libasync_trait-ce05d982cd900e23.so --extern chrono=/opt/rustwide/target/debug/deps/libchrono-870da0b4d00e830f.rlib --extern flate2=/opt/rustwide/target/debug/deps/libflate2-e618230293f46b8b.rlib --extern gix=/opt/rustwide/target/debug/deps/libgix-11f7ad1df35379d4.rlib --extern hex=/opt/rustwide/target/debug/deps/libhex-13e08b3b00984ab7.rlib --extern pretty_assertions=/opt/rustwide/target/debug/deps/libpretty_assertions-f9155d341562357e.rlib --extern regex=/opt/rustwide/target/debug/deps/libregex-029e208a761ef295.rlib --extern schemars=/opt/rustwide/target/debug/deps/libschemars-c7ff0072cbc67dd5.rlib --extern serde=/opt/rustwide/target/debug/deps/libserde-eb863249d2c37552.rlib --extern serde_json=/opt/rustwide/target/debug/deps/libserde_json-5e1f451d80127c14.rlib --extern serde_yaml=/opt/rustwide/target/debug/deps/libserde_yaml-fa8837fd5126aa94.rlib --extern tar=/opt/rustwide/target/debug/deps/libtar-3956b63c7ffeff1e.rlib --extern tempfile=/opt/rustwide/target/debug/deps/libtempfile-35907dc420cf113b.rlib --extern thiserror=/opt/rustwide/target/debug/deps/libthiserror-9f44bbe548b3de16.rlib --extern tokio=/opt/rustwide/target/debug/deps/libtokio-25dff2176795206f.rlib --extern tokio_util=/opt/rustwide/target/debug/deps/libtokio_util-02f2a3844bcfc929.rlib --extern tracing=/opt/rustwide/target/debug/deps/libtracing-a3e7a86b8ea28662.rlib --extern tracing_subscriber=/opt/rustwide/target/debug/deps/libtracing_subscriber-a3ec266a72774fe2.rlib --extern uuid=/opt/rustwide/target/debug/deps/libuuid-124f202d61f9bf0f.rlib --extern wfe=/opt/rustwide/target/debug/deps/libwfe-8de5de8d8d1ea15c.rlib --extern wfe_core=/opt/rustwide/target/debug/deps/libwfe_core-18b00d84b9b25003.rlib --extern wfe_yaml=/opt/rustwide/target/debug/deps/libwfe_yaml-8d3acffdefd55e95.rlib --extern wiremock=/opt/rustwide/target/debug/deps/libwiremock-49e989fac8b723c8.rlib --extern yaml_merge_keys=/opt/rustwide/target/debug/deps/libyaml_merge_keys-83acc918a119f74e.rlib --cap-lints=warn -L native=/opt/rustwide/target/debug/build/aws-lc-sys-9222a9b42e794889/out` (signal: 9, SIGKILL: kill)
[INFO] [stdout] error: linking with `cc` failed: exit status: 1
[INFO] [stdout]   |
[INFO] [stdout]   = note:  "cc" "-m64" "/opt/rustwide/target/debug/deps/rustcIrS0jX/symbols.o" "<5 object files omitted>" "-Wl,--as-needed" "-Wl,-Bstatic" "<sysroot>/lib/rustlib/x86_64-unknown-linux-gnu/lib/{libtest-*,libgetopts-*,librustc_std_workspace_std-*}.rlib" "/opt/rustwide/target/debug/deps/{libwfe_yaml-8d3acffdefd55e95,libyaml_merge_keys-83acc918a119f74e,libyaml_rust2-890fe1a278a33c0f,libarraydeque-113b06ef7681d200,libhashlink-f007fbd3ee912335,liblazy_static-3674be3f4245d19b,libserde_yaml-fa8837fd5126aa94,libunsafe_libyaml-d3127b66fe569cc5,libschemars-c7ff0072cbc67dd5,libdyn_clone-319e7691ef78165b,libref_cast-2f4fd32b60c8bd61,libgix-11f7ad1df35379d4,libgix_worktree_state-a705faa4e7349aa1,libio_close-9578368269d6e4e5,libgix_submodule-5968f29cc2027090,libgix_config-46848cf4404170f5,libgix_merge-71ac7daceb0490e7,libgix_discover-c2de5447b1e0c49e,libgix_pathspec-ca3afd148ba999ed,libgix_diff-b6f85e1bb1a53a7d,libgix_worktree-ba8d6aa05ef160fc,libgix_filter-2ead5dd6db5a26a4,libencoding_rs-c7a67ac351c2b19f,libimara_diff-c997fb7a72f71014,libhashbrown-621f4a290160b487,libfoldhash-07f233db1c671507,libgix_protocol-d9fb870827711827,libgix_refspec-b04369e759f1840c,libgix_revision-f8be4c56bec59f41,libgix_ref-8e2bc2e9f9df7ded,libgix_shallow-10963af1487ea53b,libgix_transport-0c4ca42f7f05f6d4,libgix_packetline-a59703b771331a99,libgix_odb-deb743eb91f9588a,libgix_pack-d4032bdccf300b9e,libclru-589b845c040f2c79,libarc_swap-85dcc9ccd548584d,libgix_negotiate-905bb90140b16921,libgix_index-ff530bcae964b592,libgix_bitmap-d6c43f26cf0fd4d2,libgix_lock-768fbb49bb35af08,libgix_tempfile-e2b36365681e8cc8,libdashmap-1d14d833b76ec7f7,libhashbrown-7535884dad52ee2f,libtempfile-35907dc420cf113b,libgix_traverse-bf5ebac62bf692e9,libgix_revwalk-53166cc312a03b59,libgix_object-655ab093005078cf,libgix_ignore-e16a507f433278a5,libgix_hashtable-0d75fd2654d149f5,libhashbrown-63a892cc2d36a2f0,liballocator_api2-8d9c1e895dea53bd,libfoldhash-3b780c428974a407,libgix_fs-3d69cac623a7f464,libgix_credentials-50c179fb4c475b1b,libgix_url-6f00701687d64421,libgix_prompt-ca183ff8e328229b,libgix_config_value-83bdcff6b9e25d97,libgix_sec-d73bf8b355b57560,libgix_commitgraph-f0ca48f3bb30c933,libgix_chunk-4d91b8f1f194bd0d,libnonempty-22e82a240eb7702e,libgix_hash-9aee1d87114cddec,libfaster_hex-6cd391b6ad391b47,libsha1_checked-0b94205b7fe28e2a,libsha1-168db04ce687cf5d,libmemmap2-8f6df772bbce197a,libgix_command-b491c25f457893c4,libshell_words-d186b621774bbdb4,libgix_attributes-520573df97429d98,libunicode_bom-e90842b7808de0b7,libgix_quote-abd67301fa86fe63,libkstring-dac1b71c73bc7e11,libstatic_assertions-f0217ecdd817a834,libgix_glob-fef895a52cec2f2c,libgix_features-dccb726bad0a880a,libcrossbeam_channel-c25197ccb384c1bf,libcrossbeam_utils-982526929d4ea68a,libgix_path-5190d915d984dcaf,libgix_validate-1b20572abff6f65b,libgix_utils-b5906f92f13a37dd,libfastrand-bab015aa83fcde07,libunicode_normalization-a89775f6d22f69c8,libtinyvec-f7349416fdabe816,libtinyvec_macros-7b77ea21c73594ca,libzlib_rs-6e7f01b3daf59890,libgix_trace-863dabd29ef82416,libprodash-1b8dc00ec9305653,libwalkdir-7cc6f300a6f0bf06,libsame_file-ff49545450c0b63c,libgix_actor-c8c1bbbb8d83016f,libwinnow-efe3fafabcd0ddaa,libgix_date-1ce5ab1bced09495,libgix_error-6d5cf5e485699d1e,libjiff-c7d89512bfcc20f4,libjiff_core-9bd13c856863b10c,libbstr-1c376ac40823c35b,libwfe_core-18b00d84b9b25003,libuuid-124f202d61f9bf0f,libtar-3956b63c7ffeff1e,libfiletime-a127cf53b44d1b4b,libsha2-11a5c516e6a4becd,libcpufeatures-e04321643d03190d,libdigest-1142e5998e571c5d,libblock_buffer-43b51fc1d06b3057,libcrypto_common-43b177a3b314e9dd,libgeneric_array-745cace30f1ed372,libtypenum-ed2b1c93b2a4333a,libflate2-e618230293f46b8b,libminiz_oxide-93424680bf88636d,libsimd_adler32-2a047f2153860026,libcrc32fast-77160f4e25d6fc25,libtestcontainers-dd8022e8f2e969cb,libeither-c0064c35f7a5ab67,libdocker_credential-b975987ecab916fb,libparse_display-fd7239d8bd9e3864,libregex-029e208a761ef295,libregex_automata-87a6e55a70b67968,libaho_corasick-d1ae79b76a6f7869,libregex_syntax-801391c65a42f645,libetcetera-7de3bcd509d36679,libtokio_tar-c22d02230379363b,libxattr-546c79c1ea99c437,librustix-2b79ad537c235b6a,liblinux_raw_sys-0b6cde911e9a3109,librustc_hash-b8839ccb4a020d2d,libportable_atomic-4b1b9bdb15d73f68,libferroid-ce0b20e806d8aeb0,librand-7669922b3ccbed3a,libgetrandom-3a9f4f85abb82670,libchacha20-e4b0a29c0ef77b5a,libcpufeatures-6c1f78f4142e3013,librand_core-8437d288e8d1265c,libfutures-a8a5b9b5e1206bc1,libfutures_executor-4d7860d4dbe1138f,libbollard-541bd991ebef0510,librand-a55e1d5e673abd70,librand_chacha-c24112bd6fe45863,libppv_lite86-4e464ecf9b1fefb4,libzerocopy-9545210de90d295f,librand_core-c83eaed7defe7a9e,libgetrandom-1e62ef079fef2f0f,libserde_urlencoded-98fdb3cf1f13698c,libryu-1f4f40e4352371e5,librustls_native_certs-005aff849dc505f4,libopenssl_probe-6b1b371432012237,libhome-2459c00c573c2c5a,libnum-ccbb6420a8860530,libnum_iter-d729da22c0d662b0,libnum_rational-58431e4aa1f15201,libnum_complex-3dd44bcf73d6d5c7,libnum_bigint-f2066c9ad7430102,libnum_integer-4a8c7f677f302c23,libasync_stream-00bec7274f33fad3,libbitflags-20231ed69ede0cf5,libbollard_stubs-48ab49be8ec40f13,libtime-5d876ed6a9706281,libpowerfmt-f6019a2766e431f7,libnum_conv-8bd7073c84ef42cd,libderanged-553b257d353a4fb6,libtime_core-87cddcae4f761596,libbollard_buildkit_proto-9853512b45206f77,libtonic_prost-c20f932a0ab402de,libtonic-6a3bd95fbd429f5c,libhyper_timeout-db471fd8e0b68d59,libaxum-95912c7b3e2bd040,libmatchit-9aa922efa503b546,libaxum_core-d43dee10cd112f92,libmime-0188e0814ca7ddbf,libtower-7ccf41121052d9f6,libtower_layer-d908dd771b239ecd,libpin_project-d65d7c26eb499b9f,libsync_wrapper-b4537d9de714f6d1,libtokio_stream-53f3911e2c3eccc6,libprost-f81e4645caab3fb3,libhyperlocal-187ec55fbed82042,libhex-13e08b3b00984ab7,libhyper_rustls-58ad4163d00b2d55,libtokio_rustls-604c44de09656163,libhyper_util-654f60c64863613d,libtower_service-3fb88d28c2218805,librustls-d8d7fc138dd73ec3,libsubtle-2ae6a7038b9a0630,libwebpki-3ccb0112cb1790d1,libuntrusted-b2f816886faf2178,libaws_lc_rs-228fffd0eee225d1,libaws_lc_sys-303dbd8f859ab591,librustls_pki_types-f9d0b31df971a573,libzeroize-37b2a6e0a2742c6a,liblog-e0d376e8b63c8a72,libfutures_util-b9914b4eae9365d2,libfutures_io-2de19dd835d0513d,libfutures_task-06c0578367ad4cff,libhyper-82297fbe4a7d3d85,libwant-7a6260b9c50f1479,libtry_lock-8fa2f6971035be84,libhttparse-8c9b827b8f345444,libh2-d4a1798bbe12b36b,libindexmap-b92bb9c25241b995,libequivalent-6a754676e6af62ae,libhashbrown-d7214d631586fd51,libslab-0582d648e59ab406,libfnv-79e2cbfbe03dcd16,libtokio_util-02f2a3844bcfc929,libatomic_waker-06950c8c08d2b8fa,libhttpdate-331798cefc82cc7e,libfutures_channel-e55265846f1ca713,libfutures_sink-690a515e9c61c93a,libhttp_body_util-27952fde1894fa19,libfutures_core-97d9bb84a61d4536,libhttp_body-b57535e6079c1f42,libhttp-0cd9be9a4e5a2536,libbase64-32787b0325ea6df8,liburl-e417a08cf6a5a25e,libidna-702dcdacd750fb5f,libutf8_iter-51566bbad89f3a68,libidna_adapter-f9d034f9e91e7fca,libicu_properties-8042754c02eb2811,libicu_properties_data-b217809bf575558a,libicu_normalizer-c926f3c636ac3c98,libicu_normalizer_data-ab8997d7cbbb3306,libicu_collections-7266551e7dc534b2,libpotential_utf-eb1a9fdde934915a,libicu_provider-f6b45c4def86a6ca,libicu_locale_core-a5e0e8f9b95d4b6e,libtinystr-1804a7bc6a60d7a5,liblitemap-abaddab7afb37065,libwriteable-36514dcf36d12676,libzerovec-610d354b9d158df2,libzerotrie-e1ccdd766da7ea96,libyoke-947001cf3cc88636,libstable_deref_trait-63cbf3f3d3f94e56,libzerofrom-186c7e7c21794d1f,libform_urlencoded-58b0f0edb59b40d2,libpercent_encoding-fa055ecaa1e57cfa,libtokio-25dff2176795206f,libsignal_hook_registry-f069228503febc45,liberrno-8e3700cb740322be,libsocket2-380ed4e5002278b4,libbytes-5f66263ae3d5daa8,libmio-40dc0d1736264cdd,libparking_lot-8dcc43483e9f5817,libparking_lot_core-fa957e3cf1826fca,liblibc-32464e1b8391e223,libcfg_if-83060ec5685761ae,libsmallvec-439d92198a3e592d,liblock_api-16d46fed645f7bff,libscopeguard-7ec2214574194454,libserde_json-5e1f451d80127c14,libmemchr-a932478bde794617,libitoa-5de11b3b23bfe572,libzmij-2ca2f302097868c6,libtracing-a3e7a86b8ea28662,libpin_project_lite-0a15d51c77964692,libtracing_core-d26029c784af5925,libonce_cell-b5bdc597ed9676b3,libchrono-870da0b4d00e830f,libiana_time_zone-bcd81aefedc374a6,libnum_traits-c2765a255388353b,libthiserror-9f44bbe548b3de16,libserde-eb863249d2c37552,libserde_core-7370a7595b05d50c}.rlib" "<sysroot>/lib/rustlib/x86_64-unknown-linux-gnu/lib/{libstd-*,libpanic_unwind-*,libobject-*,libmemchr-*,libaddr2line-*,libgimli-*,libcfg_if-*,librustc_demangle-*,libstd_detect-*,libhashbrown-*,librustc_std_workspace_alloc-*,libminiz_oxide-*,libadler2-*,libunwind-*,liblibc-*,librustc_std_workspace_core-*,liballoc-*,libcore-*,libcompiler_builtins-*}.rlib" "-Wl,-Bdynamic" "-lgcc_s" "-lutil" "-lrt" "-lpthread" "-lm" "-ldl" "-lc" "-L" "/opt/rustwide/target/debug/deps/rustcIrS0jX/raw-dylibs" "-B<sysroot>/lib/rustlib/x86_64-unknown-linux-gnu/bin/gcc-ld" "-fuse-ld=lld" "-Wl,--eh-frame-hdr" "-Wl,-z,noexecstack" "-L" "/opt/rustwide/target/debug/build/aws-lc-sys-9222a9b42e794889/out" "-L" "<sysroot>/lib/rustlib/x86_64-unknown-linux-gnu/lib" "-o" "/opt/rustwide/target/debug/deps/schema-708e1e0c518b284b" "-Wl,--gc-sections" "-pie" "-Wl,-z,relro,-z,now" "-nodefaultlibs"
[INFO] [stdout]   = note: some arguments are omitted. use `--verbose` to show all linker arguments
[INFO] [stdout]   = note: collect2: fatal error: ld terminated with signal 9 [Killed]
[INFO] [stdout]           compilation terminated.
[INFO] [stdout]           
[INFO] [stdout] 
[INFO] [stdout] 
[INFO] [stderr] error: could not compile `wfe-yaml` (test "schema") due to 1 previous error
[INFO] [stdout] error: linking with `cc` failed: exit status: 1
[INFO] [stdout]   |
[INFO] [stdout]   = note:  "cc" "-m64" "/opt/rustwide/target/debug/deps/rustcTak7Yk/symbols.o" "<2 object files omitted>" "-Wl,--as-needed" "-Wl,-Bstatic" "<sysroot>/lib/rustlib/x86_64-unknown-linux-gnu/lib/{libtest-*,libgetopts-*,librustc_std_workspace_std-*}.rlib" "/opt/rustwide/target/debug/deps/{libwfe_yaml-8d3acffdefd55e95,libyaml_merge_keys-83acc918a119f74e,libyaml_rust2-890fe1a278a33c0f,libarraydeque-113b06ef7681d200,libhashlink-f007fbd3ee912335,liblazy_static-3674be3f4245d19b,libserde_yaml-fa8837fd5126aa94,libunsafe_libyaml-d3127b66fe569cc5,libschemars-c7ff0072cbc67dd5,libdyn_clone-319e7691ef78165b,libref_cast-2f4fd32b60c8bd61,libgix-11f7ad1df35379d4,libgix_worktree_state-a705faa4e7349aa1,libio_close-9578368269d6e4e5,libgix_submodule-5968f29cc2027090,libgix_config-46848cf4404170f5,libgix_merge-71ac7daceb0490e7,libgix_discover-c2de5447b1e0c49e,libgix_pathspec-ca3afd148ba999ed,libgix_diff-b6f85e1bb1a53a7d,libgix_worktree-ba8d6aa05ef160fc,libgix_filter-2ead5dd6db5a26a4,libencoding_rs-c7a67ac351c2b19f,libimara_diff-c997fb7a72f71014,libhashbrown-621f4a290160b487,libfoldhash-07f233db1c671507,libgix_protocol-d9fb870827711827,libgix_refspec-b04369e759f1840c,libgix_revision-f8be4c56bec59f41,libgix_ref-8e2bc2e9f9df7ded,libgix_shallow-10963af1487ea53b,libgix_transport-0c4ca42f7f05f6d4,libgix_packetline-a59703b771331a99,libgix_odb-deb743eb91f9588a,libgix_pack-d4032bdccf300b9e,libclru-589b845c040f2c79,libarc_swap-85dcc9ccd548584d,libgix_negotiate-905bb90140b16921,libgix_index-ff530bcae964b592,libgix_bitmap-d6c43f26cf0fd4d2,libgix_lock-768fbb49bb35af08,libgix_tempfile-e2b36365681e8cc8,libdashmap-1d14d833b76ec7f7,libhashbrown-7535884dad52ee2f,libtempfile-35907dc420cf113b,libgix_traverse-bf5ebac62bf692e9,libgix_revwalk-53166cc312a03b59,libgix_object-655ab093005078cf,libgix_ignore-e16a507f433278a5,libgix_hashtable-0d75fd2654d149f5,libhashbrown-63a892cc2d36a2f0,liballocator_api2-8d9c1e895dea53bd,libfoldhash-3b780c428974a407,libgix_fs-3d69cac623a7f464,libgix_credentials-50c179fb4c475b1b,libgix_url-6f00701687d64421,libgix_prompt-ca183ff8e328229b,libgix_config_value-83bdcff6b9e25d97,libgix_sec-d73bf8b355b57560,libgix_commitgraph-f0ca48f3bb30c933,libgix_chunk-4d91b8f1f194bd0d,libnonempty-22e82a240eb7702e,libgix_hash-9aee1d87114cddec,libfaster_hex-6cd391b6ad391b47,libsha1_checked-0b94205b7fe28e2a,libsha1-168db04ce687cf5d,libmemmap2-8f6df772bbce197a,libgix_command-b491c25f457893c4,libshell_words-d186b621774bbdb4,libgix_attributes-520573df97429d98,libunicode_bom-e90842b7808de0b7,libgix_quote-abd67301fa86fe63,libkstring-dac1b71c73bc7e11,libstatic_assertions-f0217ecdd817a834,libgix_glob-fef895a52cec2f2c,libgix_features-dccb726bad0a880a,libcrossbeam_channel-c25197ccb384c1bf,libcrossbeam_utils-982526929d4ea68a,libgix_path-5190d915d984dcaf,libgix_validate-1b20572abff6f65b,libgix_utils-b5906f92f13a37dd,libfastrand-bab015aa83fcde07,libunicode_normalization-a89775f6d22f69c8,libtinyvec-f7349416fdabe816,libtinyvec_macros-7b77ea21c73594ca,libzlib_rs-6e7f01b3daf59890,libgix_trace-863dabd29ef82416,libprodash-1b8dc00ec9305653,libwalkdir-7cc6f300a6f0bf06,libsame_file-ff49545450c0b63c,libgix_actor-c8c1bbbb8d83016f,libwinnow-efe3fafabcd0ddaa,libgix_date-1ce5ab1bced09495,libgix_error-6d5cf5e485699d1e,libjiff-c7d89512bfcc20f4,libjiff_core-9bd13c856863b10c,libbstr-1c376ac40823c35b,libwfe_core-18b00d84b9b25003,libuuid-124f202d61f9bf0f,libtar-3956b63c7ffeff1e,libfiletime-a127cf53b44d1b4b,libsha2-11a5c516e6a4becd,libcpufeatures-e04321643d03190d,libdigest-1142e5998e571c5d,libblock_buffer-43b51fc1d06b3057,libcrypto_common-43b177a3b314e9dd,libgeneric_array-745cace30f1ed372,libtypenum-ed2b1c93b2a4333a,libflate2-e618230293f46b8b,libminiz_oxide-93424680bf88636d,libsimd_adler32-2a047f2153860026,libcrc32fast-77160f4e25d6fc25,libtestcontainers-dd8022e8f2e969cb,libeither-c0064c35f7a5ab67,libdocker_credential-b975987ecab916fb,libparse_display-fd7239d8bd9e3864,libregex-029e208a761ef295,libregex_automata-87a6e55a70b67968,libaho_corasick-d1ae79b76a6f7869,libregex_syntax-801391c65a42f645,libetcetera-7de3bcd509d36679,libtokio_tar-c22d02230379363b,libxattr-546c79c1ea99c437,librustix-2b79ad537c235b6a,liblinux_raw_sys-0b6cde911e9a3109,librustc_hash-b8839ccb4a020d2d,libportable_atomic-4b1b9bdb15d73f68,libferroid-ce0b20e806d8aeb0,librand-7669922b3ccbed3a,libgetrandom-3a9f4f85abb82670,libchacha20-e4b0a29c0ef77b5a,libcpufeatures-6c1f78f4142e3013,librand_core-8437d288e8d1265c,libfutures-a8a5b9b5e1206bc1,libfutures_executor-4d7860d4dbe1138f,libbollard-541bd991ebef0510,librand-a55e1d5e673abd70,librand_chacha-c24112bd6fe45863,libppv_lite86-4e464ecf9b1fefb4,libzerocopy-9545210de90d295f,librand_core-c83eaed7defe7a9e,libgetrandom-1e62ef079fef2f0f,libserde_urlencoded-98fdb3cf1f13698c,libryu-1f4f40e4352371e5,librustls_native_certs-005aff849dc505f4,libopenssl_probe-6b1b371432012237,libhome-2459c00c573c2c5a,libnum-ccbb6420a8860530,libnum_iter-d729da22c0d662b0,libnum_rational-58431e4aa1f15201,libnum_complex-3dd44bcf73d6d5c7,libnum_bigint-f2066c9ad7430102,libnum_integer-4a8c7f677f302c23,libasync_stream-00bec7274f33fad3,libbitflags-20231ed69ede0cf5,libbollard_stubs-48ab49be8ec40f13,libtime-5d876ed6a9706281,libpowerfmt-f6019a2766e431f7,libnum_conv-8bd7073c84ef42cd,libderanged-553b257d353a4fb6,libtime_core-87cddcae4f761596,libbollard_buildkit_proto-9853512b45206f77,libtonic_prost-c20f932a0ab402de,libtonic-6a3bd95fbd429f5c,libhyper_timeout-db471fd8e0b68d59,libaxum-95912c7b3e2bd040,libmatchit-9aa922efa503b546,libaxum_core-d43dee10cd112f92,libmime-0188e0814ca7ddbf,libtower-7ccf41121052d9f6,libtower_layer-d908dd771b239ecd,libpin_project-d65d7c26eb499b9f,libsync_wrapper-b4537d9de714f6d1,libtokio_stream-53f3911e2c3eccc6,libprost-f81e4645caab3fb3,libhyperlocal-187ec55fbed82042,libhex-13e08b3b00984ab7,libhyper_rustls-58ad4163d00b2d55,libtokio_rustls-604c44de09656163,libhyper_util-654f60c64863613d,libtower_service-3fb88d28c2218805,librustls-d8d7fc138dd73ec3,libsubtle-2ae6a7038b9a0630,libwebpki-3ccb0112cb1790d1,libuntrusted-b2f816886faf2178,libaws_lc_rs-228fffd0eee225d1,libaws_lc_sys-303dbd8f859ab591,librustls_pki_types-f9d0b31df971a573,libzeroize-37b2a6e0a2742c6a,liblog-e0d376e8b63c8a72,libfutures_util-b9914b4eae9365d2,libfutures_io-2de19dd835d0513d,libfutures_task-06c0578367ad4cff,libhyper-82297fbe4a7d3d85,libwant-7a6260b9c50f1479,libtry_lock-8fa2f6971035be84,libhttparse-8c9b827b8f345444,libh2-d4a1798bbe12b36b,libindexmap-b92bb9c25241b995,libequivalent-6a754676e6af62ae,libhashbrown-d7214d631586fd51,libslab-0582d648e59ab406,libfnv-79e2cbfbe03dcd16,libtokio_util-02f2a3844bcfc929,libatomic_waker-06950c8c08d2b8fa,libhttpdate-331798cefc82cc7e,libfutures_channel-e55265846f1ca713,libfutures_sink-690a515e9c61c93a,libhttp_body_util-27952fde1894fa19,libfutures_core-97d9bb84a61d4536,libhttp_body-b57535e6079c1f42,libhttp-0cd9be9a4e5a2536,libbase64-32787b0325ea6df8,liburl-e417a08cf6a5a25e,libidna-702dcdacd750fb5f,libutf8_iter-51566bbad89f3a68,libidna_adapter-f9d034f9e91e7fca,libicu_properties-8042754c02eb2811,libicu_properties_data-b217809bf575558a,libicu_normalizer-c926f3c636ac3c98,libicu_normalizer_data-ab8997d7cbbb3306,libicu_collections-7266551e7dc534b2,libpotential_utf-eb1a9fdde934915a,libicu_provider-f6b45c4def86a6ca,libicu_locale_core-a5e0e8f9b95d4b6e,libtinystr-1804a7bc6a60d7a5,liblitemap-abaddab7afb37065,libwriteable-36514dcf36d12676,libzerovec-610d354b9d158df2,libzerotrie-e1ccdd766da7ea96,libyoke-947001cf3cc88636,libstable_deref_trait-63cbf3f3d3f94e56,libzerofrom-186c7e7c21794d1f,libform_urlencoded-58b0f0edb59b40d2,libpercent_encoding-fa055ecaa1e57cfa,libtokio-25dff2176795206f,libsignal_hook_registry-f069228503febc45,liberrno-8e3700cb740322be,libsocket2-380ed4e5002278b4,libbytes-5f66263ae3d5daa8,libmio-40dc0d1736264cdd,libparking_lot-8dcc43483e9f5817,libparking_lot_core-fa957e3cf1826fca,liblibc-32464e1b8391e223,libcfg_if-83060ec5685761ae,libsmallvec-439d92198a3e592d,liblock_api-16d46fed645f7bff,libscopeguard-7ec2214574194454,libserde_json-5e1f451d80127c14,libmemchr-a932478bde794617,libitoa-5de11b3b23bfe572,libzmij-2ca2f302097868c6,libtracing-a3e7a86b8ea28662,libpin_project_lite-0a15d51c77964692,libtracing_core-d26029c784af5925,libonce_cell-b5bdc597ed9676b3,libchrono-870da0b4d00e830f,libiana_time_zone-bcd81aefedc374a6,libnum_traits-c2765a255388353b,libthiserror-9f44bbe548b3de16,libserde-eb863249d2c37552,libserde_core-7370a7595b05d50c}.rlib" "<sysroot>/lib/rustlib/x86_64-unknown-linux-gnu/lib/{libstd-*,libpanic_unwind-*,libobject-*,libmemchr-*,libaddr2line-*,libgimli-*,libcfg_if-*,librustc_demangle-*,libstd_detect-*,libhashbrown-*,librustc_std_workspace_alloc-*,libminiz_oxide-*,libadler2-*,libunwind-*,liblibc-*,librustc_std_workspace_core-*,liballoc-*,libcore-*,libcompiler_builtins-*}.rlib" "-Wl,-Bdynamic" "-lgcc_s" "-lutil" "-lrt" "-lpthread" "-lm" "-ldl" "-lc" "-L" "/opt/rustwide/target/debug/deps/rustcTak7Yk/raw-dylibs" "-B<sysroot>/lib/rustlib/x86_64-unknown-linux-gnu/bin/gcc-ld" "-fuse-ld=lld" "-Wl,--eh-frame-hdr" "-Wl,-z,noexecstack" "-L" "/opt/rustwide/target/debug/build/aws-lc-sys-9222a9b42e794889/out" "-L" "<sysroot>/lib/rustlib/x86_64-unknown-linux-gnu/lib" "-o" "/opt/rustwide/target/debug/deps/types-49f7c90869a6f54a" "-Wl,--gc-sections" "-pie" "-Wl,-z,relro,-z,now" "-nodefaultlibs"
[INFO] [stdout]   = note: some arguments are omitted. use `--verbose` to show all linker arguments
[INFO] [stdout]   = note: collect2: fatal error: ld terminated with signal 9 [Killed]
[INFO] [stdout]           compilation terminated.
[INFO] [stdout]           
[INFO] [stdout] 
[INFO] [stdout] 
[INFO] [stderr] error: could not compile `wfe-yaml` (test "types") due to 1 previous error
[INFO] [stdout] error: linking with `cc` failed: exit status: 1
[INFO] [stdout]   |
[INFO] [stdout]   = note:  "cc" "-m64" "/opt/rustwide/target/debug/deps/rustcdyjfTK/symbols.o" "<2 object files omitted>" "-Wl,--as-needed" "-Wl,-Bstatic" "<sysroot>/lib/rustlib/x86_64-unknown-linux-gnu/lib/{libtest-*,libgetopts-*,librustc_std_workspace_std-*}.rlib" "/opt/rustwide/target/debug/deps/{libwfe_yaml-8d3acffdefd55e95,libyaml_merge_keys-83acc918a119f74e,libyaml_rust2-890fe1a278a33c0f,libarraydeque-113b06ef7681d200,libhashlink-f007fbd3ee912335,liblazy_static-3674be3f4245d19b,libserde_yaml-fa8837fd5126aa94,libunsafe_libyaml-d3127b66fe569cc5,libschemars-c7ff0072cbc67dd5,libdyn_clone-319e7691ef78165b,libref_cast-2f4fd32b60c8bd61,libgix-11f7ad1df35379d4,libgix_worktree_state-a705faa4e7349aa1,libio_close-9578368269d6e4e5,libgix_submodule-5968f29cc2027090,libgix_config-46848cf4404170f5,libgix_merge-71ac7daceb0490e7,libgix_discover-c2de5447b1e0c49e,libgix_pathspec-ca3afd148ba999ed,libgix_diff-b6f85e1bb1a53a7d,libgix_worktree-ba8d6aa05ef160fc,libgix_filter-2ead5dd6db5a26a4,libencoding_rs-c7a67ac351c2b19f,libimara_diff-c997fb7a72f71014,libhashbrown-621f4a290160b487,libfoldhash-07f233db1c671507,libgix_protocol-d9fb870827711827,libgix_refspec-b04369e759f1840c,libgix_revision-f8be4c56bec59f41,libgix_ref-8e2bc2e9f9df7ded,libgix_shallow-10963af1487ea53b,libgix_transport-0c4ca42f7f05f6d4,libgix_packetline-a59703b771331a99,libgix_odb-deb743eb91f9588a,libgix_pack-d4032bdccf300b9e,libclru-589b845c040f2c79,libarc_swap-85dcc9ccd548584d,libgix_negotiate-905bb90140b16921,libgix_index-ff530bcae964b592,libgix_bitmap-d6c43f26cf0fd4d2,libgix_lock-768fbb49bb35af08,libgix_tempfile-e2b36365681e8cc8,libdashmap-1d14d833b76ec7f7,libhashbrown-7535884dad52ee2f,libtempfile-35907dc420cf113b,libgix_traverse-bf5ebac62bf692e9,libgix_revwalk-53166cc312a03b59,libgix_object-655ab093005078cf,libgix_ignore-e16a507f433278a5,libgix_hashtable-0d75fd2654d149f5,libhashbrown-63a892cc2d36a2f0,liballocator_api2-8d9c1e895dea53bd,libfoldhash-3b780c428974a407,libgix_fs-3d69cac623a7f464,libgix_credentials-50c179fb4c475b1b,libgix_url-6f00701687d64421,libgix_prompt-ca183ff8e328229b,libgix_config_value-83bdcff6b9e25d97,libgix_sec-d73bf8b355b57560,libgix_commitgraph-f0ca48f3bb30c933,libgix_chunk-4d91b8f1f194bd0d,libnonempty-22e82a240eb7702e,libgix_hash-9aee1d87114cddec,libfaster_hex-6cd391b6ad391b47,libsha1_checked-0b94205b7fe28e2a,libsha1-168db04ce687cf5d,libmemmap2-8f6df772bbce197a,libgix_command-b491c25f457893c4,libshell_words-d186b621774bbdb4,libgix_attributes-520573df97429d98,libunicode_bom-e90842b7808de0b7,libgix_quote-abd67301fa86fe63,libkstring-dac1b71c73bc7e11,libstatic_assertions-f0217ecdd817a834,libgix_glob-fef895a52cec2f2c,libgix_features-dccb726bad0a880a,libcrossbeam_channel-c25197ccb384c1bf,libcrossbeam_utils-982526929d4ea68a,libgix_path-5190d915d984dcaf,libgix_validate-1b20572abff6f65b,libgix_utils-b5906f92f13a37dd,libfastrand-bab015aa83fcde07,libunicode_normalization-a89775f6d22f69c8,libtinyvec-f7349416fdabe816,libtinyvec_macros-7b77ea21c73594ca,libzlib_rs-6e7f01b3daf59890,libgix_trace-863dabd29ef82416,libprodash-1b8dc00ec9305653,libwalkdir-7cc6f300a6f0bf06,libsame_file-ff49545450c0b63c,libgix_actor-c8c1bbbb8d83016f,libwinnow-efe3fafabcd0ddaa,libgix_date-1ce5ab1bced09495,libgix_error-6d5cf5e485699d1e,libjiff-c7d89512bfcc20f4,libjiff_core-9bd13c856863b10c,libbstr-1c376ac40823c35b,libwfe_core-18b00d84b9b25003,libuuid-124f202d61f9bf0f,libtar-3956b63c7ffeff1e,libfiletime-a127cf53b44d1b4b,libsha2-11a5c516e6a4becd,libcpufeatures-e04321643d03190d,libdigest-1142e5998e571c5d,libblock_buffer-43b51fc1d06b3057,libcrypto_common-43b177a3b314e9dd,libgeneric_array-745cace30f1ed372,libtypenum-ed2b1c93b2a4333a,libflate2-e618230293f46b8b,libminiz_oxide-93424680bf88636d,libsimd_adler32-2a047f2153860026,libcrc32fast-77160f4e25d6fc25,libtestcontainers-dd8022e8f2e969cb,libeither-c0064c35f7a5ab67,libdocker_credential-b975987ecab916fb,libparse_display-fd7239d8bd9e3864,libregex-029e208a761ef295,libregex_automata-87a6e55a70b67968,libaho_corasick-d1ae79b76a6f7869,libregex_syntax-801391c65a42f645,libetcetera-7de3bcd509d36679,libtokio_tar-c22d02230379363b,libxattr-546c79c1ea99c437,librustix-2b79ad537c235b6a,liblinux_raw_sys-0b6cde911e9a3109,librustc_hash-b8839ccb4a020d2d,libportable_atomic-4b1b9bdb15d73f68,libferroid-ce0b20e806d8aeb0,librand-7669922b3ccbed3a,libgetrandom-3a9f4f85abb82670,libchacha20-e4b0a29c0ef77b5a,libcpufeatures-6c1f78f4142e3013,librand_core-8437d288e8d1265c,libfutures-a8a5b9b5e1206bc1,libfutures_executor-4d7860d4dbe1138f,libbollard-541bd991ebef0510,librand-a55e1d5e673abd70,librand_chacha-c24112bd6fe45863,libppv_lite86-4e464ecf9b1fefb4,libzerocopy-9545210de90d295f,librand_core-c83eaed7defe7a9e,libgetrandom-1e62ef079fef2f0f,libserde_urlencoded-98fdb3cf1f13698c,libryu-1f4f40e4352371e5,librustls_native_certs-005aff849dc505f4,libopenssl_probe-6b1b371432012237,libhome-2459c00c573c2c5a,libnum-ccbb6420a8860530,libnum_iter-d729da22c0d662b0,libnum_rational-58431e4aa1f15201,libnum_complex-3dd44bcf73d6d5c7,libnum_bigint-f2066c9ad7430102,libnum_integer-4a8c7f677f302c23,libasync_stream-00bec7274f33fad3,libbitflags-20231ed69ede0cf5,libbollard_stubs-48ab49be8ec40f13,libtime-5d876ed6a9706281,libpowerfmt-f6019a2766e431f7,libnum_conv-8bd7073c84ef42cd,libderanged-553b257d353a4fb6,libtime_core-87cddcae4f761596,libbollard_buildkit_proto-9853512b45206f77,libtonic_prost-c20f932a0ab402de,libtonic-6a3bd95fbd429f5c,libhyper_timeout-db471fd8e0b68d59,libaxum-95912c7b3e2bd040,libmatchit-9aa922efa503b546,libaxum_core-d43dee10cd112f92,libmime-0188e0814ca7ddbf,libtower-7ccf41121052d9f6,libtower_layer-d908dd771b239ecd,libpin_project-d65d7c26eb499b9f,libsync_wrapper-b4537d9de714f6d1,libtokio_stream-53f3911e2c3eccc6,libprost-f81e4645caab3fb3,libhyperlocal-187ec55fbed82042,libhex-13e08b3b00984ab7,libhyper_rustls-58ad4163d00b2d55,libtokio_rustls-604c44de09656163,libhyper_util-654f60c64863613d,libtower_service-3fb88d28c2218805,librustls-d8d7fc138dd73ec3,libsubtle-2ae6a7038b9a0630,libwebpki-3ccb0112cb1790d1,libuntrusted-b2f816886faf2178,libaws_lc_rs-228fffd0eee225d1,libaws_lc_sys-303dbd8f859ab591,librustls_pki_types-f9d0b31df971a573,libzeroize-37b2a6e0a2742c6a,liblog-e0d376e8b63c8a72,libfutures_util-b9914b4eae9365d2,libfutures_io-2de19dd835d0513d,libfutures_task-06c0578367ad4cff,libhyper-82297fbe4a7d3d85,libwant-7a6260b9c50f1479,libtry_lock-8fa2f6971035be84,libhttparse-8c9b827b8f345444,libh2-d4a1798bbe12b36b,libindexmap-b92bb9c25241b995,libequivalent-6a754676e6af62ae,libhashbrown-d7214d631586fd51,libslab-0582d648e59ab406,libfnv-79e2cbfbe03dcd16,libtokio_util-02f2a3844bcfc929,libatomic_waker-06950c8c08d2b8fa,libhttpdate-331798cefc82cc7e,libfutures_channel-e55265846f1ca713,libfutures_sink-690a515e9c61c93a,libhttp_body_util-27952fde1894fa19,libfutures_core-97d9bb84a61d4536,libhttp_body-b57535e6079c1f42,libhttp-0cd9be9a4e5a2536,libbase64-32787b0325ea6df8,liburl-e417a08cf6a5a25e,libidna-702dcdacd750fb5f,libutf8_iter-51566bbad89f3a68,libidna_adapter-f9d034f9e91e7fca,libicu_properties-8042754c02eb2811,libicu_properties_data-b217809bf575558a,libicu_normalizer-c926f3c636ac3c98,libicu_normalizer_data-ab8997d7cbbb3306,libicu_collections-7266551e7dc534b2,libpotential_utf-eb1a9fdde934915a,libicu_provider-f6b45c4def86a6ca,libicu_locale_core-a5e0e8f9b95d4b6e,libtinystr-1804a7bc6a60d7a5,liblitemap-abaddab7afb37065,libwriteable-36514dcf36d12676,libzerovec-610d354b9d158df2,libzerotrie-e1ccdd766da7ea96,libyoke-947001cf3cc88636,libstable_deref_trait-63cbf3f3d3f94e56,libzerofrom-186c7e7c21794d1f,libform_urlencoded-58b0f0edb59b40d2,libpercent_encoding-fa055ecaa1e57cfa,libtokio-25dff2176795206f,libsignal_hook_registry-f069228503febc45,liberrno-8e3700cb740322be,libsocket2-380ed4e5002278b4,libbytes-5f66263ae3d5daa8,libmio-40dc0d1736264cdd,libparking_lot-8dcc43483e9f5817,libparking_lot_core-fa957e3cf1826fca,liblibc-32464e1b8391e223,libcfg_if-83060ec5685761ae,libsmallvec-439d92198a3e592d,liblock_api-16d46fed645f7bff,libscopeguard-7ec2214574194454,libserde_json-5e1f451d80127c14,libmemchr-a932478bde794617,libitoa-5de11b3b23bfe572,libzmij-2ca2f302097868c6,libtracing-a3e7a86b8ea28662,libpin_project_lite-0a15d51c77964692,libtracing_core-d26029c784af5925,libonce_cell-b5bdc597ed9676b3,libchrono-870da0b4d00e830f,libiana_time_zone-bcd81aefedc374a6,libnum_traits-c2765a255388353b,libthiserror-9f44bbe548b3de16,libserde-eb863249d2c37552,libserde_core-7370a7595b05d50c}.rlib" "<sysroot>/lib/rustlib/x86_64-unknown-linux-gnu/lib/{libstd-*,libpanic_unwind-*,libobject-*,libmemchr-*,libaddr2line-*,libgimli-*,libcfg_if-*,librustc_demangle-*,libstd_detect-*,libhashbrown-*,librustc_std_workspace_alloc-*,libminiz_oxide-*,libadler2-*,libunwind-*,liblibc-*,librustc_std_workspace_core-*,liballoc-*,libcore-*,libcompiler_builtins-*}.rlib" "-Wl,-Bdynamic" "-lgcc_s" "-lutil" "-lrt" "-lpthread" "-lm" "-ldl" "-lc" "-L" "/opt/rustwide/target/debug/deps/rustcdyjfTK/raw-dylibs" "-B<sysroot>/lib/rustlib/x86_64-unknown-linux-gnu/bin/gcc-ld" "-fuse-ld=lld" "-Wl,--eh-frame-hdr" "-Wl,-z,noexecstack" "-L" "/opt/rustwide/target/debug/build/aws-lc-sys-9222a9b42e794889/out" "-L" "<sysroot>/lib/rustlib/x86_64-unknown-linux-gnu/lib" "-o" "/opt/rustwide/target/debug/deps/interpolation-eb7c0ff922bde2c0" "-Wl,--gc-sections" "-pie" "-Wl,-z,relro,-z,now" "-nodefaultlibs"
[INFO] [stdout]   = note: some arguments are omitted. use `--verbose` to show all linker arguments
[INFO] [stdout]   = note: collect2: fatal error: ld terminated with signal 9 [Killed]
[INFO] [stdout]           compilation terminated.
[INFO] [stdout]           
[INFO] [stdout] 
[INFO] [stdout] 
[INFO] [stderr] error: could not compile `wfe-yaml` (test "interpolation") due to 1 previous error
[ERROR] error running command: no output for 300 seconds
[INFO] running `Command { std: "docker" "inspect" "ca52356293eab86121dd49292495c5e3eebb16123e37c4036ac3146df428e57e", kill_on_drop: false }`
[INFO] running `Command { std: "docker" "rm" "-f" "ca52356293eab86121dd49292495c5e3eebb16123e37c4036ac3146df428e57e", kill_on_drop: false }`
[INFO] [stdout] ca52356293eab86121dd49292495c5e3eebb16123e37c4036ac3146df428e57e
