[INFO] fetching crate wfe-deno 1.11.4...
[INFO] testing wfe-deno-1.11.4 against 1.99.0-beta.8 for beta-1.100-2
[INFO] extracting crate wfe-deno 1.11.4 into /workspace/builds/worker-3-tc1/source
[INFO] started tweaking crates.io crate wfe-deno 1.11.4
[INFO] removed 0 missing tests
[INFO] finished tweaking crates.io crate wfe-deno 1.11.4
[INFO] tweaked toml for crates.io crate wfe-deno 1.11.4 written to /workspace/builds/worker-3-tc1/source/Cargo.toml
[INFO] validating manifest of crates.io crate wfe-deno 1.11.4 on toolchain 1.99.0-beta.8
[INFO] running `Command { std: CARGO_HOME="/workspace/cargo-home" RUSTUP_HOME="/workspace/rustup-home" "/workspace/cargo-home/bin/cargo" "+1.99.0-beta.8" "metadata" "--manifest-path" "Cargo.toml" "--no-deps", kill_on_drop: false }`
[INFO] crate crates.io crate wfe-deno 1.11.4 already has a lockfile, it will not be regenerated
[INFO] running `Command { std: CARGO_HOME="/workspace/cargo-home" RUSTUP_HOME="/workspace/rustup-home" "/workspace/cargo-home/bin/cargo" "+1.99.0-beta.8" "fetch" "--manifest-path" "Cargo.toml", kill_on_drop: false }`
[INFO] [stderr]     Updating crates.io index
[INFO] [stderr]  Downloading crates ...
[INFO] [stderr]   Downloaded mio v1.2.2
[INFO] [stderr]   Downloaded structmeta-derive v0.3.0
[INFO] [stderr]   Downloaded structmeta v0.3.0
[INFO] [stderr]   Downloaded etcetera v0.11.0
[INFO] [stderr]   Downloaded docker_credential v1.4.0
[INFO] [stderr]   Downloaded hyperlocal v0.9.1
[INFO] [stderr]   Downloaded zerovec-derive v0.11.5
[INFO] [stderr]   Downloaded jiff-static v0.2.35
[INFO] [stderr]   Downloaded parse-display v0.9.1
[INFO] [stderr]   Downloaded parse-display-derive v0.9.1
[INFO] [stderr]   Downloaded hyper-named-pipe v0.1.1
[INFO] [stderr]   Downloaded wasm_dep_analyzer v0.4.0
[INFO] [stderr]   Downloaded fslock v0.2.1
[INFO] [stderr]   Downloaded core_maths v0.1.1
[INFO] [stderr]   Downloaded deno_error v0.7.1
[INFO] [stderr]   Downloaded deno_error_macro v0.7.1
[INFO] [stderr]   Downloaded strck v1.0.0
[INFO] [stderr]   Downloaded gzip-header v1.1.0
[INFO] [stderr]   Downloaded if_chain v1.0.3
[INFO] [stderr]   Downloaded base64-simd v0.8.0
[INFO] [stderr]   Downloaded inventory v0.3.24
[INFO] [stderr]   Downloaded icu_calendar_data v2.1.1
[INFO] [stderr]   Downloaded either v1.17.0
[INFO] [stderr]   Downloaded which v6.0.3
[INFO] [stderr]   Downloaded diplomat-runtime v0.14.0
[INFO] [stderr]   Downloaded diplomat v0.14.0
[INFO] [stderr]   Downloaded debugid v0.8.0
[INFO] [stderr]   Downloaded data-encoding v2.11.1
[INFO] [stderr]   Downloaded sys_traits_macros v0.1.0
[INFO] [stderr]   Downloaded syn-match v0.3.1
[INFO] [stderr]   Downloaded wfe-core v1.11.4
[INFO] [stderr]   Downloaded serde_with_macros v3.22.0
[INFO] [stderr]   Downloaded ixdtf v0.6.6
[INFO] [stderr]   Downloaded icu_locale v2.1.1
[INFO] [stderr]   Downloaded unicode-id-start v1.4.0
[INFO] [stderr]   Downloaded serde_v8 v0.303.0
[INFO] [stderr]   Downloaded deno_unsync v0.4.4
[INFO] [stderr]   Downloaded deno_path_util v0.6.4
[INFO] [stderr]   Downloaded stringcase v0.4.0
[INFO] [stderr]   Downloaded cooked-waker v5.0.0
[INFO] [stderr]   Downloaded capacity_builder v0.5.0
[INFO] [stderr]   Downloaded capacity_builder_macros v0.3.0
[INFO] [stderr]   Downloaded boxed_error v0.2.3
[INFO] [stderr]   Downloaded uuid v1.24.1
[INFO] [stderr]   Downloaded ferroid v2.0.0
[INFO] [stderr]   Downloaded ureq-proto v0.6.1
[INFO] [stderr]   Downloaded sourcemap v9.3.2
[INFO] [stderr]   Downloaded bincode v1.3.3
[INFO] [stderr]   Downloaded schemars v0.9.0
[INFO] [stderr]   Downloaded rand v0.8.7
[INFO] [stderr]   Downloaded wfe v1.11.4
[INFO] [stderr]   Downloaded calendrical_calculations v0.2.4
[INFO] [stderr]   Downloaded sys_traits v0.1.28
[INFO] [stderr]   Downloaded icu_provider v2.3.0
[INFO] [stderr]   Downloaded rustls-webpki v0.103.14
[INFO] [stderr]   Downloaded zerocopy-derive v0.8.56
[INFO] [stderr]   Downloaded bollard-stubs v1.52.1-rc.29.1.3
[INFO] [stderr]   Downloaded bollard-buildkit-proto v0.7.0
[INFO] [stderr]   Downloaded astral-tokio-tar v0.6.4
[INFO] [stderr]   Downloaded temporal_capi v0.1.2
[INFO] [stderr]   Downloaded zoneinfo64 v0.2.1
[INFO] [stderr]   Downloaded deno_ops v0.270.0
[INFO] [stderr]   Downloaded cc v1.4.3
[INFO] [stderr]   Downloaded testcontainers v0.27.3
[INFO] [stderr]   Downloaded jiff-core v0.1.0
[INFO] [stderr]   Downloaded ureq v3.4.0
[INFO] [stderr]   Downloaded icu_locale_data v2.1.2
[INFO] [stderr]   Downloaded timezone_provider v0.1.2
[INFO] [stderr]   Downloaded diplomat_core v0.14.0
[INFO] [stderr]   Downloaded bollard v0.20.2
[INFO] [stderr]   Downloaded icu_calendar v2.1.1
[INFO] [stderr]   Downloaded hyper v1.11.0
[INFO] [stderr]   Downloaded h2 v0.4.17
[INFO] [stderr]   Downloaded resb v0.1.2
[INFO] [stderr]   Downloaded temporal_rs v0.1.2
[INFO] [stderr]   Downloaded serde_with v3.22.0
[INFO] [stderr]   Downloaded aws-lc-rs v1.18.0
[INFO] [stderr]   Downloaded zerocopy v0.8.56
[INFO] [stderr]   Downloaded deno_core v0.394.0
[INFO] [stderr]   Downloaded jiff v0.2.35
[INFO] [stderr]   Downloaded deno_core_icudata v0.77.0
[INFO] [stderr]   Downloaded aws-lc-sys v0.44.0
[INFO] [stderr]   Downloaded v8 v147.0.0
[INFO] running `Command { std: "docker" "create" "-v" "/var/lib/crater-agent-workspace/builds/worker-3-tc1/source:/opt/rustwide/workdir:ro,Z" "-v" "/var/lib/crater-agent-workspace/builds/worker-3-tc1/target:/opt/rustwide/target:rw,Z" "-v" "/var/lib/crater-agent-workspace/cargo-home:/opt/rustwide/cargo-home:ro,Z" "-v" "/var/lib/crater-agent-workspace/rustup-home:/opt/rustwide/rustup-home:ro,Z" "-m" "1610612736" "--network" "none" "ghcr.io/rust-lang/crates-build-env/linux@sha256:3111399a4047eeb3a02b7a90e478d715f38a8c6669b5c4b49d30a17385265909" "sleep" "infinity", kill_on_drop: false }`
[INFO] [stdout] 589e3dabed637492b7cb14313a6dd4a1454a238c40dd871c4f50a45e80311e7a
[INFO] running `Command { std: "docker" "start" "589e3dabed637492b7cb14313a6dd4a1454a238c40dd871c4f50a45e80311e7a", kill_on_drop: false }`
[INFO] running `Command { std: "docker" "inspect" "589e3dabed637492b7cb14313a6dd4a1454a238c40dd871c4f50a45e80311e7a", kill_on_drop: false }`
[INFO] running `Command { std: "docker" "exec" "-e" "SOURCE_DIR=/opt/rustwide/workdir" "-e" "CARGO_HOME=/opt/rustwide/cargo-home" "-e" "RUSTUP_HOME=/opt/rustwide/rustup-home" "-e" "CARGO_TARGET_DIR=/opt/rustwide/target" "-w" "/opt/rustwide/workdir" "--user" "0:0" "589e3dabed637492b7cb14313a6dd4a1454a238c40dd871c4f50a45e80311e7a" "/opt/rustwide/cargo-home/bin/cargo" "+1.99.0-beta.8" "metadata" "--no-deps" "--format-version=1", kill_on_drop: false }`
[INFO] running `Command { std: "docker" "inspect" "589e3dabed637492b7cb14313a6dd4a1454a238c40dd871c4f50a45e80311e7a", kill_on_drop: false }`
[INFO] running `Command { std: "docker" "exec" "-e" "SOURCE_DIR=/opt/rustwide/workdir" "-e" "CARGO_HOME=/opt/rustwide/cargo-home" "-e" "RUSTUP_HOME=/opt/rustwide/rustup-home" "-e" "CARGO_TARGET_DIR=/opt/rustwide/target" "-e" "CARGO_INCREMENTAL=0" "-e" "RUST_BACKTRACE=full" "-e" "RUSTFLAGS=--cap-lints=warn" "-e" "RUSTDOCFLAGS=--cap-lints=warn" "-w" "/opt/rustwide/workdir" "--user" "0:0" "589e3dabed637492b7cb14313a6dd4a1454a238c40dd871c4f50a45e80311e7a" "/opt/rustwide/cargo-home/bin/cargo" "+1.99.0-beta.8" "build" "--frozen" "--message-format=json", kill_on_drop: false }`
[INFO] [stderr]    Compiling serde_core v1.0.229
[INFO] [stderr]    Compiling smallvec v1.15.2
[INFO] [stderr]    Compiling stable_deref_trait v1.2.1
[INFO] [stderr]    Compiling syn v2.0.119
[INFO] [stderr]    Compiling syn v3.0.3
[INFO] [stderr]    Compiling mio v1.2.2
[INFO] [stderr]    Compiling writeable v0.6.4
[INFO] [stderr]    Compiling litemap v0.8.3
[INFO] [stderr]    Compiling futures-sink v0.3.34
[INFO] [stderr]    Compiling futures-channel v0.3.34
[INFO] [stderr]    Compiling parking_lot_core v0.9.12
[INFO] [stderr]    Compiling tracing-core v0.1.36
[INFO] [stderr]    Compiling http v1.5.0
[INFO] [stderr]    Compiling jobserver v0.1.35
[INFO] [stderr]    Compiling parking_lot v0.12.5
[INFO] [stderr]    Compiling find-msvc-tools v0.1.11
[INFO] [stderr]    Compiling either v1.17.0
[INFO] [stderr]    Compiling shlex v2.0.1
[INFO] [stderr]    Compiling num-traits v0.2.19
[INFO] [stderr]    Compiling httparse v1.10.1
[INFO] [stderr]    Compiling cc v1.4.3
[INFO] [stderr]    Compiling dunce v1.0.5
[INFO] [stderr]    Compiling fs_extra v1.3.0
[INFO] [stderr]    Compiling pkg-config v0.3.34
[INFO] [stderr]    Compiling http-body v1.1.0
[INFO] [stderr]    Compiling icu_normalizer_data v2.1.1
[INFO] [stderr]    Compiling icu_properties_data v2.1.2
[INFO] [stderr]    Compiling memchr v2.8.3
[INFO] [stderr]    Compiling serde_json v1.0.151
[INFO] [stderr]    Compiling tower-service v0.3.3
[INFO] [stderr]    Compiling aws-lc-rs v1.18.0
[INFO] [stderr]    Compiling try-lock v0.2.5
[INFO] [stderr]    Compiling fnv v1.0.7
[INFO] [stderr]    Compiling zeroize v1.9.0
[INFO] [stderr]    Compiling aho-corasick v1.1.5
[INFO] [stderr]    Compiling want v0.3.1
[INFO] [stderr]    Compiling cmake v0.1.58
[INFO] [stderr]    Compiling log v0.4.33
[INFO] [stderr]    Compiling httpdate v1.0.3
[INFO] [stderr]    Compiling rustls-pki-types v1.15.1
[INFO] [stderr]    Compiling form_urlencoded v1.2.2
[INFO] [stderr]    Compiling rand_core v0.10.1
[INFO] [stderr]    Compiling getrandom v0.4.3
[INFO] [stderr]    Compiling utf8_iter v1.0.4
[INFO] [stderr]    Compiling http-body-util v0.1.5
[INFO] [stderr]    Compiling crc32fast v1.5.0
[INFO] [stderr]    Compiling aws-lc-sys v0.44.0
[INFO] [stderr]    Compiling rustc-hash v2.1.3
[INFO] [stderr]    Compiling tower-layer v0.3.3
[INFO] [stderr]    Compiling untrusted v0.9.0
[INFO] [stderr]    Compiling regex-automata v0.4.18
[INFO] [stderr]    Compiling rustls v0.23.43
[INFO] [stderr]    Compiling sync_wrapper v1.0.2
[INFO] [stderr]    Compiling num-integer v0.1.47
[INFO] [stderr]    Compiling itertools v0.14.0
[INFO] [stderr]    Compiling indexmap v2.14.0
[INFO] [stderr]    Compiling glob v0.3.4
[INFO] [stderr]    Compiling mime v0.3.17
[INFO] [stderr]    Compiling home v0.5.12
[INFO] [stderr]    Compiling subtle v2.6.1
[INFO] [stderr]    Compiling rand_core v0.6.4
[INFO] [stderr]    Compiling rand v0.8.7
[INFO] [stderr]    Compiling axum-core v0.5.6
[INFO] [stderr]    Compiling synstructure v0.13.2
[INFO] [stderr]    Compiling clang-sys v1.9.1
[INFO] [stderr]    Compiling core_maths v0.1.1
[INFO] [stderr]    Compiling regex v1.13.1
[INFO] [stderr]    Compiling zerovec-derive v0.11.5
[INFO] [stderr]    Compiling serde_derive v1.0.229
[INFO] [stderr]    Compiling displaydoc v0.2.7
[INFO] [stderr]    Compiling tokio-macros v2.7.2
[INFO] [stderr]    Compiling zerofrom-derive v0.1.7
[INFO] [stderr]    Compiling yoke-derive v0.8.2
[INFO] [stderr]    Compiling tokio v1.53.1
[INFO] [stderr]    Compiling futures-macro v0.3.34
[INFO] [stderr]    Compiling tracing-attributes v0.1.31
[INFO] [stderr]    Compiling futures-util v0.3.34
[INFO] [stderr]    Compiling zerofrom v0.1.8
[INFO] [stderr]    Compiling pin-project-internal v1.1.13
[INFO] [stderr]    Compiling yoke v0.8.3
[INFO] [stderr]    Compiling zerovec v0.11.8
[INFO] [stderr]    Compiling zerotrie v0.2.5
[INFO] [stderr]    Compiling tracing v0.1.44
[INFO] [stderr]    Compiling thiserror-impl v2.0.20
[INFO] [stderr]    Compiling pin-project v1.1.13
[INFO] [stderr]    Compiling prost-derive v0.14.4
[INFO] [stderr]    Compiling zerocopy v0.8.56
[INFO] [stderr]    Compiling tinystr v0.8.4
[INFO] [stderr]    Compiling potential_utf v0.1.6
[INFO] [stderr]    Compiling icu_locale_core v2.3.0
[INFO] [stderr]    Compiling icu_collections v2.1.1
[INFO] [stderr]    Compiling serde v1.0.229
[INFO] [stderr]    Compiling getrandom v0.3.4
[INFO] [stderr]    Compiling thiserror v2.0.20
[INFO] [stderr]    Compiling matchit v0.8.4
[INFO] [stderr]    Compiling prettyplease v0.2.37
[INFO] [stderr]    Compiling icu_locale_data v2.1.2
[INFO] [stderr]    Compiling generic-array v0.14.7
[INFO] [stderr]    Compiling prost v0.14.4
[INFO] [stderr]    Compiling rustix v1.1.4
[INFO] [stderr]    Compiling calendrical_calculations v0.2.4
[INFO] [stderr]    Compiling async-trait v0.1.92
[INFO] [stderr]    Compiling num-bigint v0.4.8
[INFO] [stderr]    Compiling icu_provider v2.3.0
[INFO] [stderr]    Compiling minimal-lexical v0.2.1
[INFO] [stderr]    Compiling icu_properties v2.1.2
[INFO] [stderr]    Compiling icu_normalizer v2.1.1
[INFO] [stderr]    Compiling linux-raw-sys v0.12.1
[INFO] [stderr]    Compiling strsim v0.11.1
[INFO] [stderr]    Compiling base64 v0.23.1
[INFO] [stderr]    Compiling ident_case v1.0.1
[INFO] [stderr]    Compiling rustix v0.38.44
[INFO] [stderr]    Compiling icu_calendar_data v2.1.1
[INFO] [stderr]    Compiling ureq-proto v0.6.1
[INFO] [stderr]    Compiling darling_core v0.23.0
[INFO] [stderr]    Compiling tokio-util v0.7.19
[INFO] [stderr]    Compiling idna_adapter v1.2.1
[INFO] [stderr]    Compiling idna v1.1.0
[INFO] [stderr]    Compiling tokio-stream v0.1.19
[INFO] [stderr]    Compiling h2 v0.4.17
[INFO] [stderr]    Compiling url v2.5.8
[INFO] [stderr]    Compiling tower v0.5.3
[INFO] [stderr]    Compiling nom v7.1.3
[INFO] [stderr]    Compiling axum v0.8.9
[INFO] [stderr]    Compiling resb v0.1.2
[INFO] [stderr]    Compiling libloading v0.8.9
[INFO] [stderr]    Compiling utf8-zero v0.8.1
[INFO] [stderr]    Compiling portable-atomic v1.15.0
[INFO] [stderr]    Compiling bollard-buildkit-proto v0.7.0
[INFO] [stderr]    Compiling linux-raw-sys v0.4.15
[INFO] [stderr]    Compiling bindgen v0.72.1
[INFO] [stderr]    Compiling cexpr v0.6.0
[INFO] [stderr]    Compiling hyper v1.11.0
[INFO] [stderr]    Compiling zoneinfo64 v0.2.1
[INFO] [stderr]    Compiling hyper-util v0.1.20
[INFO] [stderr]    Compiling icu_locale v2.1.1
[INFO] [stderr]    Compiling rand_core v0.9.5
[INFO] [stderr]    Compiling darling_macro v0.23.0
[INFO] [stderr]    Compiling ppv-lite86 v0.2.21
[INFO] [stderr]    Compiling prost-types v0.14.4
[INFO] [stderr]    Compiling structmeta-derive v0.3.0
[INFO] [stderr]    Compiling hyper-timeout v0.5.2
[INFO] [stderr]    Compiling tonic v0.14.6
[INFO] [stderr]    Compiling deranged v0.5.8
[INFO] [stderr]    Compiling itertools v0.13.0
[INFO] [stderr]    Compiling strck v1.0.0
[INFO] [stderr]    Compiling powerfmt v0.2.0
[INFO] [stderr]    Compiling time-core v0.1.9
[INFO] [stderr]    Compiling cpufeatures v0.3.0
[INFO] [stderr]    Compiling shlex v1.3.0
[INFO] [stderr]    Compiling num-conv v0.2.2
[INFO] [stderr]    Compiling ixdtf v0.6.6
[INFO] [stderr]    Compiling chacha20 v0.10.1
[INFO] [stderr]    Compiling diplomat_core v0.14.0
[INFO] [stderr]    Compiling icu_calendar v2.1.1
[INFO] [stderr]    Compiling structmeta v0.3.0
[INFO] [stderr]    Compiling time v0.3.55
[INFO] [stderr]    Compiling rand_chacha v0.9.0
[INFO] [stderr]    Compiling darling v0.23.0
[INFO] [stderr]    Compiling which v6.0.3
[INFO] [stderr]    Compiling timezone_provider v0.1.2
[INFO] [stderr]    Compiling tonic-prost v0.14.6
[INFO] [stderr]    Compiling xattr v1.6.1
[INFO] [stderr]    Compiling num-rational v0.4.2
[INFO] [stderr]    Compiling futures-executor v0.3.34
[INFO] [stderr]    Compiling deno_error_macro v0.7.1
[INFO] [stderr]    Compiling async-stream-impl v0.3.6
[INFO] [stderr]    Compiling gzip-header v1.1.0
[INFO] [stderr]    Compiling serde_repr v0.1.21
[INFO] [stderr]    Compiling miniz_oxide v0.8.9
[INFO] [stderr]    Compiling uuid v1.24.1
[INFO] [stderr]    Compiling num-iter v0.1.46
[INFO] [stderr]    Compiling num-complex v0.4.6
[INFO] [stderr]    Compiling fslock v0.2.1
[INFO] [stderr]    Compiling openssl-probe v0.2.1
[INFO] [stderr]    Compiling radium v0.7.0
[INFO] [stderr]    Compiling paste v1.0.15
[INFO] [stderr]    Compiling hyperlocal v0.9.1
[INFO] [stderr]    Compiling num v0.4.3
[INFO] [stderr]    Compiling rustls-native-certs v0.8.4
[INFO] [stderr]    Compiling serde_urlencoded v0.7.1
[INFO] [stderr]    Compiling diplomat v0.14.0
[INFO] [stderr]    Compiling async-stream v0.3.6
[INFO] [stderr]    Compiling deno_error v0.7.1
[INFO] [stderr]    Compiling temporal_rs v0.1.2
[INFO] [stderr]    Compiling futures v0.3.34
[INFO] [stderr]    Compiling rand v0.9.5
[INFO] [stderr]    Compiling serde_with_macros v3.22.0
[INFO] [stderr]    Compiling parse-display-derive v0.9.1
[INFO] [stderr]    Compiling rand v0.10.2
[INFO] [stderr]    Compiling block-buffer v0.10.4
[INFO] [stderr]    Compiling crypto-common v0.1.7
[INFO] [stderr]    Compiling simd-adler32 v0.3.10
[INFO] [stderr]    Compiling tap v1.0.1
[INFO] [stderr]    Compiling diplomat-runtime v0.14.0
[INFO] [stderr]    Compiling wyz v0.5.1
[INFO] [stderr]    Compiling serde_with v3.22.0
[INFO] [stderr]    Compiling digest v0.10.7
[INFO] [stderr]    Compiling strum_macros v0.27.2
[INFO] [stderr]    Compiling ferroid v2.0.0
[INFO] [stderr]    Compiling parse-display v0.9.1
[INFO] [stderr]    Compiling temporal_capi v0.1.2
[INFO] [stderr]    Compiling astral-tokio-tar v0.6.4
[INFO] [stderr]    Compiling docker_credential v1.4.0
[INFO] [stderr]    Compiling sys_traits_macros v0.1.0
[INFO] [stderr]    Compiling filetime v0.2.29
[INFO] [stderr]    Compiling etcetera v0.11.0
[INFO] [stderr]    Compiling cpufeatures v0.2.17
[INFO] [stderr]    Compiling lazy_static v1.5.0
[INFO] [stderr]    Compiling funty v2.0.0
[INFO] [stderr]    Compiling vsimd v0.8.0
[INFO] [stderr]    Compiling outref v0.5.2
[INFO] [stderr]    Compiling iana-time-zone v0.1.65
[INFO] [stderr]    Compiling bitvec v1.1.1
[INFO] [stderr]    Compiling base64-simd v0.8.0
[INFO] [stderr]    Compiling chrono v0.4.45
[INFO] [stderr]    Compiling strum v0.27.2
[INFO] [stderr]    Compiling tempfile v3.27.0
[INFO] [stderr]    Compiling sharded-slab v0.1.7
[INFO] [stderr]    Compiling sha2 v0.10.9
[INFO] [stderr]    Compiling tar v0.4.46
[INFO] [stderr]    Compiling sys_traits v0.1.28
[INFO] [stderr]    Compiling flate2 v1.1.9
[INFO] [stderr]    Compiling v8 v147.0.0
[INFO] [stderr]    Compiling debugid v0.8.0
[INFO] [stderr]    Compiling matchers v0.2.0
[INFO] [stderr]    Compiling tracing-serde v0.2.0
[INFO] [stderr]    Compiling syn-match v0.3.1
[INFO] [stderr]    Compiling capacity_builder_macros v0.3.0
[INFO] [stderr]    Compiling tracing-log v0.2.0
[INFO] [stderr]    Compiling thread_local v1.1.10
[INFO] [stderr]    Compiling stringcase v0.4.0
[INFO] [stderr]    Compiling unicode-id-start v1.4.0
[INFO] [stderr]    Compiling nu-ansi-term v0.50.3
[INFO] [stderr]    Compiling data-encoding v2.11.1
[INFO] [stderr]    Compiling bit-vec v0.8.0
[INFO] [stderr]    Compiling if_chain v1.0.3
[INFO] [stderr]    Compiling deno_ops v0.270.0
[INFO] [stderr]    Compiling tracing-subscriber v0.3.23
[INFO] [stderr]    Compiling bit-set v0.8.0
[INFO] [stderr]    Compiling capacity_builder v0.5.0
[INFO] [stderr]    Compiling deno_path_util v0.6.4
[INFO] [stderr]    Compiling wasm_dep_analyzer v0.4.0
[INFO] [stderr]    Compiling deno_unsync v0.4.4
[INFO] [stderr]    Compiling sourcemap v9.3.2
[INFO] [stderr]    Compiling bincode v1.3.3
[INFO] [stderr]    Compiling boxed_error v0.2.3
[INFO] [stderr]    Compiling static_assertions v1.1.0
[INFO] [stderr]    Compiling az v1.3.0
[INFO] [stderr]    Compiling inventory v0.3.24
[INFO] [stderr]    Compiling cooked-waker v5.0.0
[INFO] [stderr]    Compiling deno_core_icudata v0.77.0
[INFO] [stderr] error: failed to run custom build command for `v8 v147.0.0`
[INFO] [stderr] note: To improve backtraces for build dependencies, set the CARGO_PROFILE_DEV_BUILD_OVERRIDE_DEBUG=true environment variable to enable debug information generation.
[INFO] [stderr] 
[INFO] [stderr] Caused by:
[INFO] [stderr]   process didn't exit successfully: `/opt/rustwide/target/debug/build/v8-e5584fd581e73474/build-script-build` (exit status: 101)
[INFO] [stderr]   --- stdout
[INFO] [stderr]   cargo:rerun-if-changed=.gn
[INFO] [stderr]   cargo:rerun-if-changed=BUILD.gn
[INFO] [stderr]   cargo:rerun-if-changed=src/binding.cc
[INFO] [stderr]   cargo:rerun-if-env-changed=CCACHE
[INFO] [stderr]   cargo:rerun-if-env-changed=CLANG_BASE_PATH
[INFO] [stderr]   cargo:rerun-if-env-changed=CXXSTDLIB
[INFO] [stderr]   cargo:rerun-if-env-changed=DENO_TRYBUILD
[INFO] [stderr]   cargo:rerun-if-env-changed=DOCS_RS
[INFO] [stderr]   cargo:rerun-if-env-changed=GN
[INFO] [stderr]   cargo:rerun-if-env-changed=GN_ARGS
[INFO] [stderr]   cargo:rerun-if-env-changed=HOST
[INFO] [stderr]   cargo:rerun-if-env-changed=NINJA
[INFO] [stderr]   cargo:rerun-if-env-changed=OUT_DIR
[INFO] [stderr]   cargo:rerun-if-env-changed=RUSTY_V8_ARCHIVE
[INFO] [stderr]   cargo:rerun-if-env-changed=RUSTY_V8_MIRROR
[INFO] [stderr]   cargo:rerun-if-env-changed=RUSTY_V8_SRC_BINDING_PATH
[INFO] [stderr]   cargo:rerun-if-env-changed=SCCACHE
[INFO] [stderr]   cargo:rerun-if-env-changed=V8_FORCE_DEBUG
[INFO] [stderr]   cargo:rerun-if-env-changed=V8_FROM_SOURCE
[INFO] [stderr]   cargo:rerun-if-env-changed=PYTHON
[INFO] [stderr]   cargo:rerun-if-env-changed=DISABLE_CLANG
[INFO] [stderr]   cargo:rerun-if-env-changed=EXTRA_GN_ARGS
[INFO] [stderr]   cargo:rerun-if-env-changed=PRINT_GN_ARGS
[INFO] [stderr]   cargo:rerun-if-env-changed=CARGO_ENCODED_RUSTFLAGS
[INFO] [stderr]   cargo:rustc-link-lib=static=rusty_v8
[INFO] [stderr]   lockfile: "/opt/rustwide/target/debug/build/v8.fslock"
[INFO] [stderr]   cargo:rustc-env=RUSTY_V8_SRC_BINDING_PATH=/opt/rustwide/cargo-home/registry/src/index.crates.io-1949cf8c6b5b557f/v8-147.0.0/gen/src_binding_simdutf_release_x86_64-unknown-linux-gnu.rs
[INFO] [stderr]   static lib URL: https://github.com/denoland/rusty_v8/releases/download/v147.0.0/librusty_v8_simdutf_release_x86_64-unknown-linux-gnu.a.gz
[INFO] [stderr]   cargo:rustc-link-search=/opt/rustwide/target/debug/gn_out/obj
[INFO] [stderr]   Looking for download in '"/opt/rustwide/cargo-home/.rusty_v8/https___github_com_denoland_rusty_v8_releases_download_v147_0_0_librusty_v8_simdutf_release_x86_64_unknown_linux_gnu_a_gz"'
[INFO] [stderr]   Downloading https://github.com/denoland/rusty_v8/releases/download/v147.0.0/librusty_v8_simdutf_release_x86_64-unknown-linux-gnu.a.gz
[INFO] [stderr]   Trying with Python...
[INFO] [stderr]   Downloading https://github.com/denoland/rusty_v8/releases/download/v147.0.0/librusty_v8_simdutf_release_x86_64-unknown-linux-gnu.a.gz...
[INFO] [stderr]   <urlopen error [Errno -3] Temporary failure in name resolution>
[INFO] [stderr]   Retrying in 5 s ...
[INFO] [stderr]   Downloading https://github.com/denoland/rusty_v8/releases/download/v147.0.0/librusty_v8_simdutf_release_x86_64-unknown-linux-gnu.a.gz...
[INFO] [stderr]   <urlopen error [Errno -3] Temporary failure in name resolution>
[INFO] [stderr]   Retrying in 10 s ...
[INFO] [stderr]   Downloading https://github.com/denoland/rusty_v8/releases/download/v147.0.0/librusty_v8_simdutf_release_x86_64-unknown-linux-gnu.a.gz...
[INFO] [stderr]   <urlopen error [Errno -3] Temporary failure in name resolution>
[INFO] [stderr]   Retrying in 20 s ...
[INFO] [stderr]   Downloading https://github.com/denoland/rusty_v8/releases/download/v147.0.0/librusty_v8_simdutf_release_x86_64-unknown-linux-gnu.a.gz...
[INFO] [stderr]   <urlopen error [Errno -3] Temporary failure in name resolution>
[INFO] [stderr]   Python downloader failed, trying with curl.
[INFO] [stderr] 
[INFO] [stderr]   --- stderr
[INFO] [stderr]   Traceback (most recent call last):
[INFO] [stderr]     File "/usr/lib/python3.14/urllib/request.py", line 1321, in do_open
[INFO] [stderr]       h.request(req.get_method(), req.selector, req.data, headers,
[INFO] [stderr]       ~~~~~~~~~^^^^^^^^^^^^^^^^^^^^^^^^^^^^^^^^^^^^^^^^^^^^^^^^^^^
[INFO] [stderr]                 encode_chunked=req.has_header('Transfer-encoding'))
[INFO] [stderr]                 ^^^^^^^^^^^^^^^^^^^^^^^^^^^^^^^^^^^^^^^^^^^^^^^^^^^
[INFO] [stderr]     File "/usr/lib/python3.14/http/client.py", line 1367, in request
[INFO] [stderr]       self._send_request(method, url, body, headers, encode_chunked)
[INFO] [stderr]       ~~~~~~~~~~~~~~~~~~^^^^^^^^^^^^^^^^^^^^^^^^^^^^^^^^^^^^^^^^^^^^
[INFO] [stderr]     File "/usr/lib/python3.14/http/client.py", line 1413, in _send_request
[INFO] [stderr]       self.endheaders(body, encode_chunked=encode_chunked)
[INFO] [stderr]       ~~~~~~~~~~~~~~~^^^^^^^^^^^^^^^^^^^^^^^^^^^^^^^^^^^^^
[INFO] [stderr]     File "/usr/lib/python3.14/http/client.py", line 1362, in endheaders
[INFO] [stderr]       self._send_output(message_body, encode_chunked=encode_chunked)
[INFO] [stderr]       ~~~~~~~~~~~~~~~~~^^^^^^^^^^^^^^^^^^^^^^^^^^^^^^^^^^^^^^^^^^^^^
[INFO] [stderr]     File "/usr/lib/python3.14/http/client.py", line 1122, in _send_output
[INFO] [stderr]       self.send(msg)
[INFO] [stderr]       ~~~~~~~~~^^^^^
[INFO] [stderr]     File "/usr/lib/python3.14/http/client.py", line 1066, in send
[INFO] [stderr]       self.connect()
[INFO] [stderr]       ~~~~~~~~~~~~^^
[INFO] [stderr]     File "/usr/lib/python3.14/http/client.py", line 1501, in connect
[INFO] [stderr]       super().connect()
[INFO] [stderr]       ~~~~~~~~~~~~~~~^^
[INFO] [stderr]     File "/usr/lib/python3.14/http/client.py", line 1032, in connect
[INFO] [stderr]       self.sock = self._create_connection(
[INFO] [stderr]                   ~~~~~~~~~~~~~~~~~~~~~~~^
[INFO] [stderr]           (self.host,self.port), self.timeout, self.source_address)
[INFO] [stderr]           ^^^^^^^^^^^^^^^^^^^^^^^^^^^^^^^^^^^^^^^^^^^^^^^^^^^^^^^^^
[INFO] [stderr]     File "/usr/lib/python3.14/socket.py", line 846, in create_connection
[INFO] [stderr]       for res in getaddrinfo(host, port, 0, SOCK_STREAM):
[INFO] [stderr]                  ~~~~~~~~~~~^^^^^^^^^^^^^^^^^^^^^^^^^^^^
[INFO] [stderr]     File "/usr/lib/python3.14/socket.py", line 983, in getaddrinfo
[INFO] [stderr]       for res in _socket.getaddrinfo(host, port, family, type, proto, flags):
[INFO] [stderr]                  ~~~~~~~~~~~~~~~~~~~^^^^^^^^^^^^^^^^^^^^^^^^^^^^^^^^^^^^^^^^
[INFO] [stderr]   socket.gaierror: [Errno -3] Temporary failure in name resolution
[INFO] [stderr] 
[INFO] [stderr]   During handling of the above exception, another exception occurred:
[INFO] [stderr] 
[INFO] [stderr]   Traceback (most recent call last):
[INFO] [stderr]     File "/opt/rustwide/cargo-home/registry/src/index.crates.io-1949cf8c6b5b557f/v8-147.0.0/./tools/download_file.py", line 63, in <module>
[INFO] [stderr]       sys.exit(main())
[INFO] [stderr]                ~~~~^^
[INFO] [stderr]     File "/opt/rustwide/cargo-home/registry/src/index.crates.io-1949cf8c6b5b557f/v8-147.0.0/./tools/download_file.py", line 58, in main
[INFO] [stderr]       DownloadUrl(args.url, f)
[INFO] [stderr]       ~~~~~~~~~~~^^^^^^^^^^^^^
[INFO] [stderr]     File "/opt/rustwide/cargo-home/registry/src/index.crates.io-1949cf8c6b5b557f/v8-147.0.0/./tools/download_file.py", line 44, in DownloadUrl
[INFO] [stderr]       raise e
[INFO] [stderr]     File "/opt/rustwide/cargo-home/registry/src/index.crates.io-1949cf8c6b5b557f/v8-147.0.0/./tools/download_file.py", line 28, in DownloadUrl
[INFO] [stderr]       response = urlopen(url)
[INFO] [stderr]     File "/usr/lib/python3.14/urllib/request.py", line 187, in urlopen
[INFO] [stderr]       return opener.open(url, data, timeout)
[INFO] [stderr]              ~~~~~~~~~~~^^^^^^^^^^^^^^^^^^^^
[INFO] [stderr]     File "/usr/lib/python3.14/urllib/request.py", line 487, in open
[INFO] [stderr]       response = self._open(req, data)
[INFO] [stderr]     File "/usr/lib/python3.14/urllib/request.py", line 504, in _open
[INFO] [stderr]       result = self._call_chain(self.handle_open, protocol, protocol +
[INFO] [stderr]                                 '_open', req)
[INFO] [stderr]     File "/usr/lib/python3.14/urllib/request.py", line 464, in _call_chain
[INFO] [stderr]       result = func(*args)
[INFO] [stderr]     File "/usr/lib/python3.14/urllib/request.py", line 1369, in https_open
[INFO] [stderr]       return self.do_open(http.client.HTTPSConnection, req,
[INFO] [stderr]              ~~~~~~~~~~~~^^^^^^^^^^^^^^^^^^^^^^^^^^^^^^^^^^
[INFO] [stderr]                           context=self._context)
[INFO] [stderr]                           ^^^^^^^^^^^^^^^^^^^^^^
[INFO] [stderr]     File "/usr/lib/python3.14/urllib/request.py", line 1324, in do_open
[INFO] [stderr]       raise URLError(err)
[INFO] [stderr]   urllib.error.URLError: <urlopen error [Errno -3] Temporary failure in name resolution>
[INFO] [stderr] 
[INFO] [stderr]   thread 'main' (3724) panicked at /opt/rustwide/cargo-home/registry/src/index.crates.io-1949cf8c6b5b557f/v8-147.0.0/build.rs:707:3:
[INFO] [stderr]   assertion failed: status.success()
[INFO] [stderr]   stack backtrace:
[INFO] [stderr]      0:     0x5e5f2a357d11 - std[70759c8f55707aa4]::backtrace_rs::backtrace::libunwind::trace
[INFO] [stderr]                                  at /rustc/dfb0accb7f508ae8be965d8629557221c889dd98/library/std/src/../../backtrace/src/backtrace/libunwind.rs:117:9
[INFO] [stderr]      1:     0x5e5f2a357d11 - std[70759c8f55707aa4]::backtrace_rs::backtrace::trace_unsynchronized::<std[70759c8f55707aa4]::sys::backtrace::_print_fmt::{closure#1}>
[INFO] [stderr]                                  at /rustc/dfb0accb7f508ae8be965d8629557221c889dd98/library/std/src/../../backtrace/src/backtrace/mod.rs:66:14
[INFO] [stderr]      2:     0x5e5f2a357d11 - std[70759c8f55707aa4]::sys::backtrace::_print_fmt
[INFO] [stderr]                                  at /rustc/dfb0accb7f508ae8be965d8629557221c889dd98/library/std/src/sys/backtrace.rs:74:9
[INFO] [stderr]      3:     0x5e5f2a357d11 - <<std[70759c8f55707aa4]::sys::backtrace::BacktraceLock>::print::DisplayBacktrace as core[df12db4294e9bfd3]::fmt::Display>::fmt
[INFO] [stderr]                                  at /rustc/dfb0accb7f508ae8be965d8629557221c889dd98/library/std/src/sys/backtrace.rs:44:26
[INFO] [stderr]      4:     0x5e5f2a36e5ca - <core[df12db4294e9bfd3]::fmt::rt::Argument>::fmt
[INFO] [stderr]                                  at /rustc/dfb0accb7f508ae8be965d8629557221c889dd98/library/core/src/fmt/rt.rs:152:76
[INFO] [stderr]      5:     0x5e5f2a36e5ca - core[df12db4294e9bfd3]::fmt::write
[INFO] [stderr]      6:     0x5e5f2a35d17c - core[df12db4294e9bfd3]::io::write::default_write_fmt::<std[70759c8f55707aa4]::sys::stdio::unix::Stderr>
[INFO] [stderr]                                  at /rustc/dfb0accb7f508ae8be965d8629557221c889dd98/library/core/src/io/write.rs:402:11
[INFO] [stderr]      7:     0x5e5f2a35d17c - <std[70759c8f55707aa4]::sys::stdio::unix::Stderr as core[df12db4294e9bfd3]::io::write::Write>::write_fmt
[INFO] [stderr]                                  at /rustc/dfb0accb7f508ae8be965d8629557221c889dd98/library/core/src/io/write.rs:335:13
[INFO] [stderr]      8:     0x5e5f2a331fb6 - <std[70759c8f55707aa4]::sys::backtrace::BacktraceLock>::print
[INFO] [stderr]                                  at /rustc/dfb0accb7f508ae8be965d8629557221c889dd98/library/std/src/sys/backtrace.rs:47:9
[INFO] [stderr]      9:     0x5e5f2a331fb6 - std[70759c8f55707aa4]::panicking::default_hook::{closure#0}
[INFO] [stderr]                                  at /rustc/dfb0accb7f508ae8be965d8629557221c889dd98/library/std/src/panicking.rs:292:27
[INFO] [stderr]     10:     0x5e5f2a34f2c1 - std[70759c8f55707aa4]::panicking::default_hook
[INFO] [stderr]                                  at /rustc/dfb0accb7f508ae8be965d8629557221c889dd98/library/std/src/panicking.rs:319:9
[INFO] [stderr]     11:     0x5e5f2a34f5eb - std[70759c8f55707aa4]::panicking::panic_with_hook
[INFO] [stderr]                                  at /rustc/dfb0accb7f508ae8be965d8629557221c889dd98/library/std/src/panicking.rs:815:13
[INFO] [stderr]     12:     0x5e5f2a332094 - std[70759c8f55707aa4]::panicking::panic_handler::{closure#0}
[INFO] [stderr]                                  at /rustc/dfb0accb7f508ae8be965d8629557221c889dd98/library/std/src/panicking.rs:681:13
[INFO] [stderr]     13:     0x5e5f2a32a709 - std[70759c8f55707aa4]::sys::backtrace::__rust_end_short_backtrace::<std[70759c8f55707aa4]::panicking::panic_handler::{closure#0}, !>
[INFO] [stderr]                                  at /rustc/dfb0accb7f508ae8be965d8629557221c889dd98/library/std/src/sys/backtrace.rs:182:18
[INFO] [stderr]     14:     0x5e5f2a332ddd - __rustc[8fa7c3cbc660c2b3]::rust_begin_unwind
[INFO] [stderr]                                  at /rustc/dfb0accb7f508ae8be965d8629557221c889dd98/library/std/src/panicking.rs:679:5
[INFO] [stderr]     15:     0x5e5f2a36ee6c - core[df12db4294e9bfd3]::panicking::panic_fmt
[INFO] [stderr]                                  at /rustc/dfb0accb7f508ae8be965d8629557221c889dd98/library/core/src/panicking.rs:80:14
[INFO] [stderr]     16:     0x5e5f2a36ee32 - core[df12db4294e9bfd3]::panicking::panic
[INFO] [stderr]                                  at /rustc/dfb0accb7f508ae8be965d8629557221c889dd98/library/core/src/panicking.rs:150:5
[INFO] [stderr]     17:     0x5e5f29c7719a - build_script_build[822c8ecdc1bd4cca]::download_file
[INFO] [stderr]     18:     0x5e5f29c7c132 - build_script_build[822c8ecdc1bd4cca]::download_static_lib_binaries
[INFO] [stderr]     19:     0x5e5f29c7da63 - build_script_build[822c8ecdc1bd4cca]::main
[INFO] [stderr]     20:     0x5e5f29c8932b - <fn() as core[df12db4294e9bfd3]::ops::function::FnOnce<()>>::call_once
[INFO] [stderr]     21:     0x5e5f29c851d6 - std[70759c8f55707aa4]::sys::backtrace::__rust_begin_short_backtrace::<fn(), ()>
[INFO] [stderr]     22:     0x5e5f29c6de29 - std[70759c8f55707aa4]::rt::lang_start::<()>::{closure#0}
[INFO] [stderr]     23:     0x5e5f2a34e3b9 - <&dyn core[df12db4294e9bfd3]::ops::function::Fn<(), Output = i32> + core[df12db4294e9bfd3]::panic::unwind_safe::RefUnwindSafe + core[df12db4294e9bfd3]::marker::Sync as core[df12db4294e9bfd3]::ops::function::FnOnce<()>>::call_once
[INFO] [stderr]                                  at /rustc/dfb0accb7f508ae8be965d8629557221c889dd98/library/core/src/ops/function.rs:287:21
[INFO] [stderr]     24:     0x5e5f2a34e3b9 - std[70759c8f55707aa4]::panicking::catch_unwind::do_call::<&dyn core[df12db4294e9bfd3]::ops::function::Fn<(), Output = i32> + core[df12db4294e9bfd3]::panic::unwind_safe::RefUnwindSafe + core[df12db4294e9bfd3]::marker::Sync, i32>
[INFO] [stderr]                                  at /rustc/dfb0accb7f508ae8be965d8629557221c889dd98/library/std/src/panicking.rs:576:43
[INFO] [stderr]     25:     0x5e5f2a34e3b9 - std[70759c8f55707aa4]::panicking::catch_unwind::<i32, &dyn core[df12db4294e9bfd3]::ops::function::Fn<(), Output = i32> + core[df12db4294e9bfd3]::panic::unwind_safe::RefUnwindSafe + core[df12db4294e9bfd3]::marker::Sync>
[INFO] [stderr]                                  at /rustc/dfb0accb7f508ae8be965d8629557221c889dd98/library/std/src/panicking.rs:544:19
[INFO] [stderr]     26:     0x5e5f2a34e3b9 - std[70759c8f55707aa4]::panic::catch_unwind::<&dyn core[df12db4294e9bfd3]::ops::function::Fn<(), Output = i32> + core[df12db4294e9bfd3]::panic::unwind_safe::RefUnwindSafe + core[df12db4294e9bfd3]::marker::Sync, i32>
[INFO] [stderr]                                  at /rustc/dfb0accb7f508ae8be965d8629557221c889dd98/library/std/src/panic.rs:359:14
[INFO] [stderr]     27:     0x5e5f2a34e3b9 - std[70759c8f55707aa4]::rt::lang_start_internal::{closure#0}
[INFO] [stderr]                                  at /rustc/dfb0accb7f508ae8be965d8629557221c889dd98/library/std/src/rt.rs:175:24
[INFO] [stderr]     28:     0x5e5f2a34e3b9 - std[70759c8f55707aa4]::panicking::catch_unwind::do_call::<std[70759c8f55707aa4]::rt::lang_start_internal::{closure#0}, isize>
[INFO] [stderr]                                  at /rustc/dfb0accb7f508ae8be965d8629557221c889dd98/library/std/src/panicking.rs:576:43
[INFO] [stderr]     29:     0x5e5f2a34e3b9 - std[70759c8f55707aa4]::panicking::catch_unwind::<isize, std[70759c8f55707aa4]::rt::lang_start_internal::{closure#0}>
[INFO] [stderr]                                  at /rustc/dfb0accb7f508ae8be965d8629557221c889dd98/library/std/src/panicking.rs:544:19
[INFO] [stderr]     30:     0x5e5f2a34e3b9 - std[70759c8f55707aa4]::panic::catch_unwind::<std[70759c8f55707aa4]::rt::lang_start_internal::{closure#0}, isize>
[INFO] [stderr]                                  at /rustc/dfb0accb7f508ae8be965d8629557221c889dd98/library/std/src/panic.rs:359:14
[INFO] [stderr]     31:     0x5e5f2a34e3b9 - std[70759c8f55707aa4]::rt::lang_start_internal
[INFO] [stderr]                                  at /rustc/dfb0accb7f508ae8be965d8629557221c889dd98/library/std/src/rt.rs:171:5
[INFO] [stderr]     32:     0x5e5f29c6ca61 - std[70759c8f55707aa4]::rt::lang_start::<()>
[INFO] [stderr]     33:     0x5e5f29c824b5 - main
[INFO] [stderr]     34:     0x7027d81fe601 - <unknown>
[INFO] [stderr]     35:     0x7027d81fe718 - __libc_start_main
[INFO] [stderr]     36:     0x5e5f29c6a935 - _start
[INFO] [stderr]     37:                0x0 - <unknown>
[INFO] [stderr] warning: build failed, waiting for other jobs to finish...
[INFO] running `Command { std: "docker" "inspect" "589e3dabed637492b7cb14313a6dd4a1454a238c40dd871c4f50a45e80311e7a", kill_on_drop: false }`
[INFO] running `Command { std: "docker" "rm" "-f" "589e3dabed637492b7cb14313a6dd4a1454a238c40dd871c4f50a45e80311e7a", kill_on_drop: false }`
[INFO] [stdout] 589e3dabed637492b7cb14313a6dd4a1454a238c40dd871c4f50a45e80311e7a
