[INFO] fetching crate werkbank 0.2.0...
[INFO] testing werkbank-0.2.0 against 1.99.0-beta.8 for beta-1.100-2
[INFO] extracting crate werkbank 0.2.0 into /workspace/builds/worker-5-tc1/source
[INFO] started tweaking crates.io crate werkbank 0.2.0
[INFO] finished tweaking crates.io crate werkbank 0.2.0
[INFO] tweaked toml for crates.io crate werkbank 0.2.0 written to /workspace/builds/worker-5-tc1/source/Cargo.toml
[INFO] validating manifest of crates.io crate werkbank 0.2.0 on toolchain 1.99.0-beta.8
[INFO] running `Command { std: CARGO_HOME="/workspace/cargo-home" RUSTUP_HOME="/workspace/rustup-home" "/workspace/cargo-home/bin/cargo" "+1.99.0-beta.8" "metadata" "--manifest-path" "Cargo.toml" "--no-deps", kill_on_drop: false }`
[INFO] running `Command { std: CARGO_HOME="/workspace/cargo-home" RUSTUP_HOME="/workspace/rustup-home" "/workspace/cargo-home/bin/cargo" "+1.99.0-beta.8" "generate-lockfile" "--manifest-path" "Cargo.toml", kill_on_drop: false }`
[INFO] [stderr]     Updating crates.io index
[INFO] [stderr]      Locking 346 packages to highest compatible versions
[INFO] [stderr]       Adding generic-array v0.14.7 (available: v0.14.9)
[INFO] [stderr]       Adding lru v0.8.1 (available: v0.18.5)
[INFO] [stderr]       Adding opentelemetry v0.17.0 (available: v0.33.0)
[INFO] [stderr]       Adding opentelemetry-otlp v0.10.0 (available: v0.33.0)
[INFO] [stderr]       Adding redis v0.21.8 (available: v1.7.1)
[INFO] [stderr]       Adding retainer v0.3.0 (available: v0.5.0)
[INFO] [stderr]       Adding sqlx v0.6.3 (available: v0.9.0)
[INFO] [stderr]       Adding tracing-opentelemetry v0.17.4 (available: v0.34.0)
[INFO] running `Command { std: CARGO_HOME="/workspace/cargo-home" RUSTUP_HOME="/workspace/rustup-home" "/workspace/cargo-home/bin/cargo" "+1.99.0-beta.8" "fetch" "--manifest-path" "Cargo.toml", kill_on_drop: false }`
[INFO] [stderr]  Downloading crates ...
[INFO] [stderr]   Downloaded tracing-log v0.1.4
[INFO] [stderr]   Downloaded sqlx-rt v0.6.3
[INFO] [stderr]   Downloaded uuid v1.27.0
[INFO] [stderr]   Downloaded sqlx-macros v0.6.3
[INFO] [stderr]   Downloaded redox_syscall v0.9.4
[INFO] [stderr]   Downloaded sqlformat v0.2.6
[INFO] [stderr]   Downloaded tracing-opentelemetry v0.17.4
[INFO] [stderr]   Downloaded atoi v1.0.0
[INFO] [stderr]   Downloaded crossbeam-channel v0.5.17
[INFO] [stderr]   Downloaded crossbeam-queue v0.3.14
[INFO] [stderr]   Downloaded futures-intrusive v0.4.2
[INFO] [stderr]   Downloaded sqlx v0.6.3
[INFO] [stderr]   Downloaded is-terminal v0.4.17
[INFO] [stderr]   Downloaded opentelemetry v0.17.0
[INFO] [stderr]   Downloaded ubyte v0.10.4
[INFO] [stderr]   Downloaded state v0.6.0
[INFO] [stderr]   Downloaded sqlx-core v0.6.3
[INFO] [stderr]   Downloaded rocket v0.5.1
[INFO] [stderr]   Downloaded rocket_http v0.5.1
[INFO] [stderr]   Downloaded cookie v0.18.2
[INFO] [stderr]   Downloaded stable-pattern v0.1.0
[INFO] [stderr]   Downloaded inlinable_string v0.1.15
[INFO] [stderr]   Downloaded pear v0.2.9
[INFO] [stderr]   Downloaded pear_codegen v0.2.9
[INFO] [stderr]   Downloaded devise v0.4.2
[INFO] [stderr]   Downloaded devise_codegen v0.4.2
[INFO] [stderr]   Downloaded multer v3.1.0
[INFO] [stderr]   Downloaded atomic v0.5.3
[INFO] [stderr]   Downloaded rocket_codegen v0.5.1
[INFO] [stderr]   Downloaded figment v0.10.19
[INFO] [stderr]   Downloaded devise_core v0.4.2
[INFO] [stderr]   Downloaded binascii v0.1.4
[INFO] [stderr]   Downloaded scheduled-thread-pool v0.2.7
[INFO] [stderr]   Downloaded async-timer v0.7.4
[INFO] [stderr]   Downloaded redis v0.21.8
[INFO] [stderr]   Downloaded tonic-build v0.6.2
[INFO] [stderr]   Downloaded prost-types v0.9.0
[INFO] [stderr]   Downloaded retainer v0.3.0
[INFO] [stderr]   Downloaded r2d2 v0.8.10
[INFO] [stderr]   Downloaded opentelemetry-otlp v0.10.0
[INFO] [stderr]   Downloaded tokio-io-timeout v1.2.1
[INFO] [stderr]   Downloaded hyper-timeout v0.4.1
[INFO] [stderr]   Downloaded lru v0.8.1
[INFO] [stderr]   Downloaded tokio-util v0.6.10
[INFO] [stderr]   Downloaded tonic v0.6.2
[INFO] [stderr]   Downloaded prost-build v0.9.0
[INFO] running `Command { std: "docker" "create" "-v" "/var/lib/crater-agent-workspace/builds/worker-5-tc1/source:/opt/rustwide/workdir:ro,Z" "-v" "/var/lib/crater-agent-workspace/builds/worker-5-tc1/target:/opt/rustwide/target:rw,Z" "-v" "/var/lib/crater-agent-workspace/cargo-home:/opt/rustwide/cargo-home:ro,Z" "-v" "/var/lib/crater-agent-workspace/rustup-home:/opt/rustwide/rustup-home:ro,Z" "-m" "1610612736" "--network" "none" "ghcr.io/rust-lang/crates-build-env/linux@sha256:3111399a4047eeb3a02b7a90e478d715f38a8c6669b5c4b49d30a17385265909" "sleep" "infinity", kill_on_drop: false }`
[INFO] [stdout] 039ef9e51d0328d601adc5699cd33ae9ab1a1a4b49b5a99f4052558e4e633a5c
[INFO] running `Command { std: "docker" "start" "039ef9e51d0328d601adc5699cd33ae9ab1a1a4b49b5a99f4052558e4e633a5c", kill_on_drop: false }`
[INFO] running `Command { std: "docker" "inspect" "039ef9e51d0328d601adc5699cd33ae9ab1a1a4b49b5a99f4052558e4e633a5c", kill_on_drop: false }`
[INFO] running `Command { std: "docker" "exec" "-e" "SOURCE_DIR=/opt/rustwide/workdir" "-e" "CARGO_HOME=/opt/rustwide/cargo-home" "-e" "RUSTUP_HOME=/opt/rustwide/rustup-home" "-e" "CARGO_TARGET_DIR=/opt/rustwide/target" "-w" "/opt/rustwide/workdir" "--user" "0:0" "039ef9e51d0328d601adc5699cd33ae9ab1a1a4b49b5a99f4052558e4e633a5c" "/opt/rustwide/cargo-home/bin/cargo" "+1.99.0-beta.8" "metadata" "--no-deps" "--format-version=1", kill_on_drop: false }`
[INFO] running `Command { std: "docker" "inspect" "039ef9e51d0328d601adc5699cd33ae9ab1a1a4b49b5a99f4052558e4e633a5c", kill_on_drop: false }`
[INFO] running `Command { std: "docker" "exec" "-e" "SOURCE_DIR=/opt/rustwide/workdir" "-e" "CARGO_HOME=/opt/rustwide/cargo-home" "-e" "RUSTUP_HOME=/opt/rustwide/rustup-home" "-e" "CARGO_TARGET_DIR=/opt/rustwide/target" "-e" "CARGO_INCREMENTAL=0" "-e" "RUST_BACKTRACE=full" "-e" "RUSTFLAGS=--cap-lints=warn" "-e" "RUSTDOCFLAGS=--cap-lints=warn" "-w" "/opt/rustwide/workdir" "--user" "0:0" "039ef9e51d0328d601adc5699cd33ae9ab1a1a4b49b5a99f4052558e4e633a5c" "/opt/rustwide/cargo-home/bin/cargo" "+1.99.0-beta.8" "build" "--frozen" "--message-format=json", kill_on_drop: false }`
[INFO] [stderr]    Compiling serde_core v1.0.229
[INFO] [stderr]    Compiling bytes v1.12.1
[INFO] [stderr]    Compiling smallvec v1.16.2
[INFO] [stderr]    Compiling serde v1.0.229
[INFO] [stderr]    Compiling futures-core v0.3.34
[INFO] [stderr]    Compiling syn v3.0.6
[INFO] [stderr]    Compiling syn v2.0.119
[INFO] [stderr]    Compiling mio v1.2.4
[INFO] [stderr]    Compiling socket2 v0.6.5
[INFO] [stderr]    Compiling getrandom v0.2.17
[INFO] [stderr]    Compiling parking_lot_core v0.9.12
[INFO] [stderr]    Compiling errno v0.3.14
[INFO] [stderr]    Compiling signal-hook-registry v1.4.8
[INFO] [stderr]    Compiling parking_lot v0.12.5
[INFO] [stderr]    Compiling futures-sink v0.3.34
[INFO] [stderr]    Compiling zerocopy v0.8.60
[INFO] [stderr]    Compiling equivalent v1.0.2
[INFO] [stderr]    Compiling hashbrown v0.17.1
[INFO] [stderr]    Compiling futures-channel v0.3.34
[INFO] [stderr]    Compiling futures-io v0.3.34
[INFO] [stderr]    Compiling futures-task v0.3.34
[INFO] [stderr]    Compiling slab v0.4.12
[INFO] [stderr]    Compiling bitflags v2.13.2
[INFO] [stderr]    Compiling ring v0.17.14
[INFO] [stderr]    Compiling tracing-core v0.1.36
[INFO] [stderr]    Compiling rand_core v0.6.4
[INFO] [stderr]    Compiling untrusted v0.9.0
[INFO] [stderr]    Compiling log v0.4.34
[INFO] [stderr]    Compiling writeable v0.6.4
[INFO] [stderr]    Compiling syn v1.0.109
[INFO] [stderr]    Compiling litemap v0.8.3
[INFO] [stderr]    Compiling ring v0.16.20
[INFO] [stderr]    Compiling proc-macro2-diagnostics v0.10.1
[INFO] [stderr]    Compiling icu_properties_data v2.3.0
[INFO] [stderr]    Compiling icu_normalizer_data v2.3.0
[INFO] [stderr]    Compiling ahash v0.7.8
[INFO] [stderr]    Compiling httparse v1.10.1
[INFO] [stderr]    Compiling yansi v1.0.1
[INFO] [stderr]    Compiling anyhow v1.0.104
[INFO] [stderr]    Compiling http v0.2.12
[INFO] [stderr]    Compiling getrandom v0.4.3
[INFO] [stderr]    Compiling spin v0.5.2
[INFO] [stderr]    Compiling rustls v0.20.9
[INFO] [stderr]    Compiling crossbeam-utils v0.8.23
[INFO] [stderr]    Compiling untrusted v0.7.1
[INFO] [stderr]    Compiling indexmap v2.14.2
[INFO] [stderr]    Compiling indexmap v1.9.3
[INFO] [stderr]    Compiling tokio v1.53.2
[INFO] [stderr]    Compiling synstructure v0.14.0
[INFO] [stderr]    Compiling try-lock v0.2.5
[INFO] [stderr]    Compiling rustix v0.38.44
[INFO] [stderr]    Compiling ppv-lite86 v0.2.21
[INFO] [stderr]    Compiling tower-service v0.3.3
[INFO] [stderr]    Compiling webpki v0.22.4
[INFO] [stderr]    Compiling sct v0.7.1
[INFO] [stderr]    Compiling want v0.3.2
[INFO] [stderr]    Compiling rand_chacha v0.3.1
[INFO] [stderr]    Compiling tracing-attributes v0.1.31
[INFO] [stderr]    Compiling rand v0.8.8
[INFO] [stderr]    Compiling serde_derive v1.0.229
[INFO] [stderr]    Compiling tokio-macros v2.7.2
[INFO] [stderr]    Compiling zerofrom-derive v0.1.8
[INFO] [stderr]    Compiling yoke-derive v0.8.4
[INFO] [stderr]    Compiling zerovec-derive v0.11.6
[INFO] [stderr]    Compiling displaydoc v0.2.7
[INFO] [stderr]    Compiling futures-macro v0.3.34
[INFO] [stderr]    Compiling tracing v0.1.44
[INFO] [stderr]    Compiling zerofrom v0.1.8
[INFO] [stderr]    Compiling futures-util v0.3.34
[INFO] [stderr]    Compiling http-body v0.4.6
[INFO] [stderr]    Compiling crypto-common v0.1.7
[INFO] [stderr]    Compiling yoke v0.8.3
[INFO] [stderr]    Compiling socket2 v0.5.10
[INFO] [stderr]    Compiling rustix v1.1.5
[INFO] [stderr]    Compiling zerovec v0.11.8
[INFO] [stderr]    Compiling zerotrie v0.2.5
[INFO] [stderr]    Compiling unicode-segmentation v1.13.3
[INFO] [stderr]    Compiling httpdate v1.0.3
[INFO] [stderr]    Compiling serde_json v1.0.151
[INFO] [stderr]    Compiling linux-raw-sys v0.4.15
[INFO] [stderr]    Compiling lazy_static v1.5.1
[INFO] [stderr]    Compiling tinystr v0.8.4
[INFO] [stderr]    Compiling potential_utf v0.1.6
[INFO] [stderr]    Compiling icu_locale_core v2.3.0
[INFO] [stderr]    Compiling icu_collections v2.3.0
[INFO] [stderr]    Compiling digest v0.10.7
[INFO] [stderr]    Compiling thiserror-impl v1.0.69
[INFO] [stderr]    Compiling icu_provider v2.3.1
[INFO] [stderr]    Compiling either v1.19.0
[INFO] [stderr]    Compiling icu_normalizer v2.3.0
[INFO] [stderr]    Compiling icu_properties v2.3.0
[INFO] [stderr]    Compiling itertools v0.10.5
[INFO] [stderr]    Compiling num-traits v0.2.19
[INFO] [stderr]    Compiling home v0.5.12
[INFO] [stderr]    Compiling which v4.4.2
[INFO] [stderr]    Compiling thiserror v1.0.69
[INFO] [stderr]    Compiling pear_codegen v0.2.9
[INFO] [stderr]    Compiling pin-project-internal v1.1.13
[INFO] [stderr]    Compiling hashbrown v0.12.3
[INFO] [stderr]    Compiling aho-corasick v1.1.5
[INFO] [stderr]    Compiling instant v0.1.13
[INFO] [stderr]    Compiling time-core v0.1.9
[INFO] [stderr]    Compiling prost-derive v0.9.0
[INFO] [stderr]    Compiling tokio-util v0.7.19
[INFO] [stderr]    Compiling idna_adapter v1.2.2
[INFO] [stderr]    Compiling tokio-stream v0.1.19
[INFO] [stderr]    Compiling regex-syntax v0.8.11
[INFO] [stderr]    Compiling inlinable_string v0.1.15
[INFO] [stderr]    Compiling rustversion v1.0.23
[INFO] [stderr]    Compiling num-conv v0.2.2
[INFO] [stderr]    Compiling fastrand v2.5.0
[INFO] [stderr]    Compiling time-macros v0.2.32
[INFO] [stderr]    Compiling h2 v0.3.27
[INFO] [stderr]    Compiling tempfile v3.27.0
[INFO] [stderr]    Compiling pin-project v1.1.13
[INFO] [stderr]    Compiling parking_lot_core v0.8.6
[INFO] [stderr]    Compiling prost v0.9.0
[INFO] [stderr]    Compiling prost-build v0.9.0
[INFO] [stderr]    Compiling ahash v0.8.12
[INFO] [stderr]    Compiling futures-executor v0.3.34
[INFO] [stderr]    Compiling async-trait v0.1.92
[INFO] [stderr]    Compiling cookie v0.18.2
[INFO] [stderr]    Compiling tinyvec v1.13.3
[INFO] [stderr]    Compiling ref-cast v1.0.27
[INFO] [stderr]    Compiling powerfmt v0.2.1
[INFO] [stderr]    Compiling event-listener v2.5.3
[INFO] [stderr]    Compiling fixedbitset v0.4.2
[INFO] [stderr]    Compiling deranged v0.5.8
[INFO] [stderr]    Compiling allocator-api2 v0.2.21
[INFO] [stderr]    Compiling regex-automata v0.4.18
[INFO] [stderr]    Compiling nom v7.1.3
[INFO] [stderr]    Compiling petgraph v0.6.5
[INFO] [stderr]    Compiling hashbrown v0.14.5
[INFO] [stderr]    Compiling unicode-normalization v0.1.25
[INFO] [stderr]    Compiling prost-types v0.9.0
[INFO] [stderr]    Compiling time v0.3.55
[INFO] [stderr]    Compiling parking_lot v0.11.2
[INFO] [stderr]    Compiling heck v0.3.3
[INFO] [stderr]    Compiling ref-cast-impl v1.0.27
[INFO] [stderr]    Compiling dirs-sys v0.3.7
[INFO] [stderr]    Compiling is-terminal v0.4.17
[INFO] [stderr]    Compiling uncased v0.9.10
[INFO] [stderr]    Compiling crc-catalog v2.5.0
[INFO] [stderr]    Compiling multimap v0.8.3
[INFO] [stderr]    Compiling unicode_categories v0.1.1
[INFO] [stderr]    Compiling base64 v0.21.7
[INFO] [stderr]    Compiling stringprep v0.1.5
[INFO] [stderr]    Compiling sqlformat v0.2.6
[INFO] [stderr]    Compiling rustls-pemfile v1.0.4
[INFO] [stderr]    Compiling regex v1.13.1
[INFO] [stderr]    Compiling chrono v0.4.45
[INFO] [stderr]    Compiling crc v3.4.0
[INFO] [stderr]    Compiling dirs v4.0.0
[INFO] [stderr]    Compiling hyper v0.14.32
[INFO] [stderr]    Compiling tokio-rustls v0.23.4
[INFO] [stderr]    Compiling encoding_rs v0.8.42
[INFO] [stderr]    Compiling futures-intrusive v0.4.2
[INFO] [stderr]    Compiling hashlink v0.8.4
[INFO] [stderr]    Compiling atoi v1.0.0
[INFO] [stderr]    Compiling idna v1.1.0
[INFO] [stderr]    Compiling serde_spanned v0.6.9
[INFO] [stderr]    Compiling toml_datetime v0.6.11
[INFO] [stderr]    Compiling hmac v0.12.1
[INFO] [stderr]    Compiling crossbeam-queue v0.3.14
[INFO] [stderr]    Compiling async-stream-impl v0.3.6
[INFO] [stderr]    Compiling webpki-roots v0.22.6
[INFO] [stderr]    Compiling devise_core v0.4.2
[INFO] [stderr]    Compiling uuid v1.27.0
[INFO] [stderr]    Compiling form_urlencoded v1.2.2
[INFO] [stderr]    Compiling stable-pattern v0.1.0
[INFO] [stderr]    Compiling whoami v1.6.1
[INFO] [stderr]    Compiling winnow v0.7.15
[INFO] [stderr]    Compiling state v0.6.0
[INFO] [stderr]    Compiling toml_write v0.1.2
[INFO] [stderr]    Compiling dotenvy v0.15.7
[INFO] [stderr]    Compiling byteorder v1.5.0
[INFO] [stderr]    Compiling bitflags v1.3.2
[INFO] [stderr]    Compiling futures v0.3.34
[INFO] [stderr]    Compiling devise_codegen v0.4.2
[INFO] [stderr]    Compiling url v2.5.8
[INFO] [stderr]    Compiling async-stream v0.3.6
[INFO] [stderr]    Compiling hkdf v0.12.4
[INFO] [stderr]    Compiling sqlx-rt v0.6.3
[INFO] [stderr]    Compiling tonic-build v0.6.2
[INFO] [stderr]    Compiling pear v0.2.9
[INFO] [stderr]    Compiling toml_edit v0.22.27
[INFO] [stderr]    Compiling tokio-io-timeout v1.2.1
[INFO] [stderr]    Compiling sha1 v0.10.7
[INFO] [stderr]    Compiling sha2 v0.10.9
[INFO] [stderr]    Compiling md-5 v0.10.6
[INFO] [stderr]    Compiling crossbeam-channel v0.5.17
[INFO] [stderr]    Compiling figment v0.10.19
[INFO] [stderr]    Compiling multer v3.1.0
[INFO] [stderr]    Compiling multiversion_no_op v1.0.0
[INFO] [stderr]    Compiling simdutf8 v0.1.5
[INFO] [stderr]    Compiling tower-layer v0.3.3
[INFO] [stderr]    Compiling core_detect v1.0.0
[INFO] [stderr]    Compiling base64 v0.13.1
[INFO] [stderr]    Compiling tower v0.4.13
[INFO] [stderr]    Compiling rocket_http v0.5.1
[INFO] [stderr]    Compiling opentelemetry v0.17.0
[INFO] [stderr]    Compiling sqlx-core v0.6.3
[INFO] [stderr]    Compiling matchers v0.2.0
[INFO] [stderr]    Compiling hyper-timeout v0.4.1
[INFO] [stderr]    Compiling opentelemetry-otlp v0.10.0
[INFO] [stderr]    Compiling toml v0.8.23
[INFO] [stderr]    Compiling devise v0.4.2
[INFO] [stderr]    Compiling tracing-futures v0.2.5
[INFO] [stderr]    Compiling tokio-util v0.6.10
[INFO] [stderr]    Compiling tracing-serde v0.2.0
[INFO] [stderr]    Compiling heck v0.4.1
[INFO] [stderr]    Compiling sharded-slab v0.1.7
[INFO] [stderr]    Compiling tracing-log v0.2.0
[INFO] [stderr]    Compiling http v1.5.0
[INFO] [stderr]    Compiling scheduled-thread-pool v0.2.7
[INFO] [stderr]    Compiling rocket v0.5.1
[INFO] [stderr]    Compiling thread_local v1.1.10
[INFO] [stderr]    Compiling mime v0.3.17
[INFO] [stderr]    Compiling spin v0.9.9
[INFO] [stderr]    Compiling sha1_smol v1.0.1
[INFO] [stderr]    Compiling glob v0.3.4
[INFO] [stderr]    Compiling nu-ansi-term v0.50.3
[INFO] [stderr]    Compiling clap_lex v1.1.1
[INFO] [stderr]    Compiling rocket_codegen v0.5.1
[INFO] [stderr]    Compiling sha1 v0.6.1
[INFO] [stderr]    Compiling r2d2 v0.8.10
[INFO] [stderr]    Compiling clap_builder v4.6.7
[INFO] [stderr]    Compiling tracing-subscriber v0.3.23
[INFO] [stderr]    Compiling tonic v0.6.2
[INFO] [stderr]    Compiling async-lock v2.8.0
[INFO] [stderr]    Compiling combine v4.6.8
[INFO] [stderr]    Compiling ubyte v0.10.4
[INFO] [stderr]    Compiling tracing-log v0.1.4
[INFO] [stderr]    Compiling num_cpus v1.17.0
[INFO] [stderr]    Compiling async-timer v0.7.4
[INFO] [stderr]    Compiling ryu v1.0.23
[INFO] [stderr]    Compiling binascii v0.1.4
[INFO] [stderr]    Compiling atomic v0.5.3
[INFO] [stderr]    Compiling retainer v0.3.0
[INFO] [stderr]    Compiling tracing-opentelemetry v0.17.4
[INFO] [stderr]    Compiling clap v4.6.7
[INFO] [stderr]    Compiling lru v0.8.1
[INFO] [stderr]    Compiling sqlx-macros v0.6.3
[INFO] [stderr]    Compiling sqlx v0.6.3
[INFO] [stderr]    Compiling redis v0.21.8
[INFO] [stderr]    Compiling werkbank v0.2.0 (/opt/rustwide/workdir)
[INFO] [stdout] error[E0599]: no variant, associated function, or constant named `Failure` found for enum `Outcome<S, E, F>` in the current scope
[INFO] [stdout]   --> src/rocket/db.rs:70:30
[INFO] [stdout]    |
[INFO] [stdout] 70 |             None => Outcome::Failure((Status::InternalServerError, ())),
[INFO] [stdout]    |                              ^^^^^^^ variant, associated function, or constant not found in `Outcome<_, (rocket::http::Status, _), rocket::http::Status>`
[INFO] [stdout] 
[INFO] [stdout] 
[INFO] [stdout] error[E0599]: no variant, associated function, or constant named `Failure` found for enum `Outcome<S, E, F>` in the current scope
[INFO] [stdout]   --> src/rocket/tracing.rs:21:41
[INFO] [stdout]    |
[INFO] [stdout] 21 |             RequestId(None) => Outcome::Failure((Status::InternalServerError, ())),
[INFO] [stdout]    |                                         ^^^^^^^ variant, associated function, or constant not found in `Outcome<_, (rocket::http::Status, _), rocket::http::Status>`
[INFO] [stdout] 
[INFO] [stdout] 
[INFO] [stdout] error[E0599]: no variant, associated function, or constant named `Failure` found for enum `Outcome<S, E, F>` in the current scope
[INFO] [stdout]    --> src/rocket/tracing.rs:108:43
[INFO] [stdout]     |
[INFO] [stdout] 108 |             TracingSpan(None) => Outcome::Failure((Status::InternalServerError, ())),
[INFO] [stdout]     |                                           ^^^^^^^ variant, associated function, or constant not found in `Outcome<_, (rocket::http::Status, _), rocket::http::Status>`
[INFO] [stdout] 
[INFO] [stdout] 
[INFO] [stdout] For more information about this error, try `rustc --explain E0599`.
[INFO] [stdout] 
[INFO] [stderr] error: could not compile `werkbank` (lib) due to 3 previous errors
[INFO] [stderr] warning: build failed, waiting for other jobs to finish...
[INFO] running `Command { std: "docker" "inspect" "039ef9e51d0328d601adc5699cd33ae9ab1a1a4b49b5a99f4052558e4e633a5c", kill_on_drop: false }`
[INFO] running `Command { std: "docker" "rm" "-f" "039ef9e51d0328d601adc5699cd33ae9ab1a1a4b49b5a99f4052558e4e633a5c", kill_on_drop: false }`
[INFO] [stdout] 039ef9e51d0328d601adc5699cd33ae9ab1a1a4b49b5a99f4052558e4e633a5c
