[INFO] fetching crate wbtopology 0.2.1...
[INFO] testing wbtopology-0.2.1 against 1.99.0-beta.8 for beta-1.100-2
[INFO] extracting crate wbtopology 0.2.1 into /workspace/builds/worker-4-tc1/source
[INFO] started tweaking crates.io crate wbtopology 0.2.1
[INFO] removed 0 missing examples
[INFO] removed 0 missing tests
[INFO] finished tweaking crates.io crate wbtopology 0.2.1
[INFO] tweaked toml for crates.io crate wbtopology 0.2.1 written to /workspace/builds/worker-4-tc1/source/Cargo.toml
[INFO] validating manifest of crates.io crate wbtopology 0.2.1 on toolchain 1.99.0-beta.8
[INFO] running `Command { std: CARGO_HOME="/workspace/cargo-home" RUSTUP_HOME="/workspace/rustup-home" "/workspace/cargo-home/bin/cargo" "+1.99.0-beta.8" "metadata" "--manifest-path" "Cargo.toml" "--no-deps", kill_on_drop: false }`
[INFO] crate crates.io crate wbtopology 0.2.1 already has a lockfile, it will not be regenerated
[INFO] running `Command { std: CARGO_HOME="/workspace/cargo-home" RUSTUP_HOME="/workspace/rustup-home" "/workspace/cargo-home/bin/cargo" "+1.99.0-beta.8" "fetch" "--manifest-path" "Cargo.toml", kill_on_drop: false }`
[INFO] [stderr]     Updating crates.io index
[INFO] [stderr]  Downloading crates ...
[INFO] [stderr]   Downloaded flatbuffers v24.12.23
[INFO] [stderr]   Downloaded wide v1.3.0
[INFO] [stderr]   Downloaded wbvector v0.1.6
[INFO] [stderr]   Downloaded wbprojection v0.3.2
[INFO] [stderr]   Downloaded robust v1.2.0
[INFO] running `Command { std: "docker" "create" "-v" "/var/lib/crater-agent-workspace/builds/worker-4-tc1/source:/opt/rustwide/workdir:ro,Z" "-v" "/var/lib/crater-agent-workspace/builds/worker-4-tc1/target:/opt/rustwide/target:rw,Z" "-v" "/var/lib/crater-agent-workspace/cargo-home:/opt/rustwide/cargo-home:ro,Z" "-v" "/var/lib/crater-agent-workspace/rustup-home:/opt/rustwide/rustup-home:ro,Z" "-m" "1610612736" "--network" "none" "ghcr.io/rust-lang/crates-build-env/linux@sha256:3111399a4047eeb3a02b7a90e478d715f38a8c6669b5c4b49d30a17385265909" "sleep" "infinity", kill_on_drop: false }`
[INFO] [stdout] baefb301ddfb02e761bca2619fc94d62153394871170052b89737b22e2159a99
[INFO] running `Command { std: "docker" "start" "baefb301ddfb02e761bca2619fc94d62153394871170052b89737b22e2159a99", kill_on_drop: false }`
[INFO] running `Command { std: "docker" "inspect" "baefb301ddfb02e761bca2619fc94d62153394871170052b89737b22e2159a99", kill_on_drop: false }`
[INFO] running `Command { std: "docker" "exec" "-e" "SOURCE_DIR=/opt/rustwide/workdir" "-e" "CARGO_HOME=/opt/rustwide/cargo-home" "-e" "RUSTUP_HOME=/opt/rustwide/rustup-home" "-e" "CARGO_TARGET_DIR=/opt/rustwide/target" "-w" "/opt/rustwide/workdir" "--user" "0:0" "baefb301ddfb02e761bca2619fc94d62153394871170052b89737b22e2159a99" "/opt/rustwide/cargo-home/bin/cargo" "+1.99.0-beta.8" "metadata" "--no-deps" "--format-version=1", kill_on_drop: false }`
[INFO] running `Command { std: "docker" "inspect" "baefb301ddfb02e761bca2619fc94d62153394871170052b89737b22e2159a99", kill_on_drop: false }`
[INFO] running `Command { std: "docker" "exec" "-e" "SOURCE_DIR=/opt/rustwide/workdir" "-e" "CARGO_HOME=/opt/rustwide/cargo-home" "-e" "RUSTUP_HOME=/opt/rustwide/rustup-home" "-e" "CARGO_TARGET_DIR=/opt/rustwide/target" "-e" "CARGO_INCREMENTAL=0" "-e" "RUST_BACKTRACE=full" "-e" "RUSTFLAGS=--cap-lints=warn" "-e" "RUSTDOCFLAGS=--cap-lints=warn" "-w" "/opt/rustwide/workdir" "--user" "0:0" "baefb301ddfb02e761bca2619fc94d62153394871170052b89737b22e2159a99" "/opt/rustwide/cargo-home/bin/cargo" "+1.99.0-beta.8" "build" "--frozen" "--message-format=json", kill_on_drop: false }`
[INFO] [stderr]    Compiling bytemuck v1.25.0
[INFO] [stderr]    Compiling either v1.15.0
[INFO] [stderr]    Compiling robust v1.2.0
[INFO] [stderr]    Compiling flatbuffers v24.12.23
[INFO] [stderr]    Compiling crossbeam-epoch v0.9.18
[INFO] [stderr]    Compiling thiserror-impl v1.0.69
[INFO] [stderr]    Compiling safe_arch v1.0.0
[INFO] [stderr]    Compiling crossbeam-deque v0.8.6
[INFO] [stderr]    Compiling rayon-core v1.13.0
[INFO] [stderr]    Compiling wide v1.3.0
[INFO] [stderr]    Compiling rayon v1.12.0
[INFO] [stderr]    Compiling thiserror v1.0.69
[INFO] [stderr]    Compiling wbprojection v0.3.2
[INFO] [stderr]    Compiling wbvector v0.1.6
[INFO] [stderr]    Compiling wbtopology v0.2.1 (/opt/rustwide/workdir)
[INFO] [stderr]     Finished `dev` profile [unoptimized + debuginfo] target(s) in 18.12s
[INFO] running `Command { std: "docker" "inspect" "baefb301ddfb02e761bca2619fc94d62153394871170052b89737b22e2159a99", kill_on_drop: false }`
[INFO] running `Command { std: "docker" "exec" "-e" "SOURCE_DIR=/opt/rustwide/workdir" "-e" "CARGO_HOME=/opt/rustwide/cargo-home" "-e" "RUSTUP_HOME=/opt/rustwide/rustup-home" "-e" "CARGO_TARGET_DIR=/opt/rustwide/target" "-e" "CARGO_INCREMENTAL=0" "-e" "RUST_BACKTRACE=full" "-e" "RUSTFLAGS=--cap-lints=warn" "-e" "RUSTDOCFLAGS=--cap-lints=warn" "-w" "/opt/rustwide/workdir" "--user" "0:0" "baefb301ddfb02e761bca2619fc94d62153394871170052b89737b22e2159a99" "/opt/rustwide/cargo-home/bin/cargo" "+1.99.0-beta.8" "test" "--frozen" "--no-run" "--message-format=json", kill_on_drop: false }`
[INFO] [stderr]    Compiling either v1.15.0
[INFO] [stderr]    Compiling zerocopy v0.8.48
[INFO] [stderr]    Compiling libc v0.2.184
[INFO] [stderr]    Compiling zerocopy-derive v0.8.48
[INFO] [stderr]    Compiling num-traits v0.2.19
[INFO] [stderr]    Compiling thiserror-impl v1.0.69
[INFO] [stderr]    Compiling ciborium-io v0.2.2
[INFO] [stderr]    Compiling regex-syntax v0.8.10
[INFO] [stderr]    Compiling serde v1.0.228
[INFO] [stderr]    Compiling serde_json v1.0.149
[INFO] [stderr]    Compiling clap_builder v4.6.0
[INFO] [stderr]    Compiling plotters-svg v0.3.7
[INFO] [stderr]    Compiling cast v0.3.0
[INFO] [stderr]    Compiling anes v0.1.6
[INFO] [stderr]    Compiling oorandom v11.1.5
[INFO] [stderr]    Compiling rayon v1.12.0
[INFO] [stderr]    Compiling itertools v0.10.5
[INFO] [stderr]    Compiling plotters v0.3.7
[INFO] [stderr]    Compiling regex-automata v0.4.14
[INFO] [stderr]    Compiling thiserror v1.0.69
[INFO] [stderr]    Compiling is-terminal v0.4.17
[INFO] [stderr]    Compiling tinytemplate v1.2.1
[INFO] [stderr]    Compiling criterion-plot v0.5.0
[INFO] [stderr]    Compiling clap v4.6.0
[INFO] [stderr]    Compiling regex v1.12.3
[INFO] [stderr]    Compiling wbprojection v0.3.2
[INFO] [stderr]    Compiling half v2.7.1
[INFO] [stderr]    Compiling ciborium-ll v0.2.2
[INFO] [stderr]    Compiling ciborium v0.2.2
[INFO] [stderr]    Compiling criterion v0.5.1
[INFO] [stderr]    Compiling wbvector v0.1.6
[INFO] [stderr]    Compiling wbtopology v0.2.1 (/opt/rustwide/workdir)
[INFO] [stdout] error[E0609]: no field `face_rings` on type `BufferOpStats`
[INFO] [stdout]   --> tests/buffer_op_pipeline_tests.rs:40:26
[INFO] [stdout]    |
[INFO] [stdout] 40 |     assert!(result.stats.face_rings > 0);
[INFO] [stdout]    |                          ^^^^^^^^^^ unknown field
[INFO] [stdout]    |
[INFO] [stdout]    = note: available fields are: `input_lines`, `raw_curves`, `noded_curves`, `candidate_polygons`, `dissolved_polygons`
[INFO] [stdout] 
[INFO] [stdout] 
[INFO] [stdout] error[E0609]: no field `labeled_inside_polygons` on type `BufferOpStats`
[INFO] [stdout]   --> tests/buffer_op_pipeline_tests.rs:42:26
[INFO] [stdout]    |
[INFO] [stdout] 42 |     assert!(result.stats.labeled_inside_polygons > 0);
[INFO] [stdout]    |                          ^^^^^^^^^^^^^^^^^^^^^^^ unknown field
[INFO] [stdout]    |
[INFO] [stdout]    = note: available fields are: `input_lines`, `raw_curves`, `noded_curves`, `candidate_polygons`, `dissolved_polygons`
[INFO] [stdout] 
[INFO] [stdout] 
[INFO] [stdout] error[E0609]: no field `face_rings` on type `BufferOpStats`
[INFO] [stdout]   --> tests/buffer_op_pipeline_tests.rs:58:26
[INFO] [stdout]    |
[INFO] [stdout] 58 |     assert!(result.stats.face_rings > 0);
[INFO] [stdout]    |                          ^^^^^^^^^^ unknown field
[INFO] [stdout]    |
[INFO] [stdout]    = note: available fields are: `input_lines`, `raw_curves`, `noded_curves`, `candidate_polygons`, `dissolved_polygons`
[INFO] [stdout] 
[INFO] [stdout] 
[INFO] [stdout] error[E0609]: no field `labeled_inside_polygons` on type `BufferOpStats`
[INFO] [stdout]   --> tests/buffer_op_pipeline_tests.rs:62:26
[INFO] [stdout]    |
[INFO] [stdout] 62 |     assert!(result.stats.labeled_inside_polygons <= result.stats.candidate_polygons);
[INFO] [stdout]    |                          ^^^^^^^^^^^^^^^^^^^^^^^ unknown field
[INFO] [stdout]    |
[INFO] [stdout]    = note: available fields are: `input_lines`, `raw_curves`, `noded_curves`, `candidate_polygons`, `dissolved_polygons`
[INFO] [stdout] 
[INFO] [stdout] 
[INFO] [stdout] For more information about this error, try `rustc --explain E0609`.
[INFO] [stdout] 
[INFO] [stderr] error: could not compile `wbtopology` (test "buffer_op_pipeline_tests") due to 4 previous errors
[INFO] [stderr] warning: build failed, waiting for other jobs to finish...
[INFO] running `Command { std: "docker" "inspect" "baefb301ddfb02e761bca2619fc94d62153394871170052b89737b22e2159a99", kill_on_drop: false }`
[INFO] running `Command { std: "docker" "rm" "-f" "baefb301ddfb02e761bca2619fc94d62153394871170052b89737b22e2159a99", kill_on_drop: false }`
[INFO] [stdout] baefb301ddfb02e761bca2619fc94d62153394871170052b89737b22e2159a99
