[INFO] fetching crate waterpump-evm-uniswap-v4-client 0.1.0...
[INFO] testing waterpump-evm-uniswap-v4-client-0.1.0 against 1.99.0-beta.8 for beta-1.100-2
[INFO] extracting crate waterpump-evm-uniswap-v4-client 0.1.0 into /workspace/builds/worker-4-tc1/source
[INFO] started tweaking crates.io crate waterpump-evm-uniswap-v4-client 0.1.0
[INFO] finished tweaking crates.io crate waterpump-evm-uniswap-v4-client 0.1.0
[INFO] tweaked toml for crates.io crate waterpump-evm-uniswap-v4-client 0.1.0 written to /workspace/builds/worker-4-tc1/source/Cargo.toml
[INFO] validating manifest of crates.io crate waterpump-evm-uniswap-v4-client 0.1.0 on toolchain 1.99.0-beta.8
[INFO] running `Command { std: CARGO_HOME="/workspace/cargo-home" RUSTUP_HOME="/workspace/rustup-home" "/workspace/cargo-home/bin/cargo" "+1.99.0-beta.8" "metadata" "--manifest-path" "Cargo.toml" "--no-deps", kill_on_drop: false }`
[INFO] crate crates.io crate waterpump-evm-uniswap-v4-client 0.1.0 already has a lockfile, it will not be regenerated
[INFO] running `Command { std: CARGO_HOME="/workspace/cargo-home" RUSTUP_HOME="/workspace/rustup-home" "/workspace/cargo-home/bin/cargo" "+1.99.0-beta.8" "fetch" "--manifest-path" "Cargo.toml", kill_on_drop: false }`
[INFO] [stderr]     Updating crates.io index
[INFO] [stderr]     Blocking waiting for file lock on package cache
[INFO] [stderr]  Downloading crates ...
[INFO] [stderr]   Downloaded waterpump-evm-uniswap-v3-client v0.1.0
[INFO] [stderr]   Downloaded waterpump-evm-core v0.1.0
[INFO] [stderr]   Downloaded uniswap-sdk-core v5.3.0
[INFO] [stderr]   Downloaded wasm-bindgen-shared v0.2.118
[INFO] [stderr]   Downloaded fastrlp v0.3.1
[INFO] [stderr]   Downloaded ark-std v0.5.0
[INFO] [stderr]   Downloaded impl-codec v0.6.0
[INFO] [stderr]   Downloaded wasm-bindgen-macro v0.2.118
[INFO] [stderr]   Downloaded byte-slice-cast v1.2.3
[INFO] [stderr]   Downloaded fixed-hash v0.8.0
[INFO] [stderr]   Downloaded ruint-macro v1.2.1
[INFO] [stderr]   Downloaded ark-serialize v0.5.0
[INFO] [stderr]   Downloaded primitive-types v0.12.2
[INFO] [stderr]   Downloaded parity-scale-codec-derive v3.7.5
[INFO] [stderr]   Downloaded ark-ff-asm v0.5.0
[INFO] [stderr]   Downloaded alloy-rlp-derive v0.3.15
[INFO] [stderr]   Downloaded keccak-asm v0.1.6
[INFO] [stderr]   Downloaded waterpump-evm-pool-sdk v0.1.0
[INFO] [stderr]   Downloaded uniswap-v3-sdk v5.3.1
[INFO] [stderr]   Downloaded rlp v0.5.2
[INFO] [stderr]   Downloaded fastrlp v0.4.0
[INFO] [stderr]   Downloaded ark-ff-macros v0.5.0
[INFO] [stderr]   Downloaded impl-trait-for-tuples v0.2.3
[INFO] [stderr]   Downloaded alloy-rlp v0.3.15
[INFO] [stderr]   Downloaded wasm-bindgen v0.2.118
[INFO] [stderr]   Downloaded auto_impl v1.3.0
[INFO] [stderr]   Downloaded alloy v1.8.3
[INFO] [stderr]   Downloaded alloy-transport-http v1.8.3
[INFO] [stderr]   Downloaded parity-scale-codec v3.7.5
[INFO] [stderr]   Downloaded const-hex v1.18.1
[INFO] [stderr]   Downloaded bnum v0.12.1
[INFO] [stderr]   Downloaded rapidhash v4.4.1
[INFO] [stderr]   Downloaded nybbles v0.4.8
[INFO] [stderr]   Downloaded wasm-bindgen-futures v0.4.68
[INFO] [stderr]   Downloaded rand v0.9.3
[INFO] [stderr]   Downloaded wasm-bindgen-macro-support v0.2.118
[INFO] [stderr]   Downloaded js-sys v0.3.95
[INFO] [stderr]   Downloaded ark-ff v0.5.0
[INFO] [stderr]   Downloaded cc v1.2.60
[INFO] [stderr]   Downloaded k256 v0.13.4
[INFO] [stderr]   Downloaded alloy-trie v0.9.5
[INFO] [stderr]   Downloaded unicode-segmentation v1.13.2
[INFO] [stderr]   Downloaded alloy-primitives v1.5.7
[INFO] [stderr]   Downloaded ruint v1.17.2
[INFO] [stderr]   Downloaded pest v2.8.6
[INFO] [stderr]   Downloaded uniswap-lens v0.15.0
[INFO] [stderr]   Downloaded winnow v1.0.1
[INFO] [stderr]   Downloaded rustls-webpki v0.103.11
[INFO] [stderr]   Downloaded fastnum v0.2.10
[INFO] [stderr]   Downloaded sha3-asm v0.1.6
[INFO] [stderr]   Downloaded sha3 v0.10.8
[INFO] [stderr]   Downloaded web-sys v0.3.95
[INFO] [stderr]   Downloaded hyper-rustls v0.27.8
[INFO] [stderr]   Downloaded futures-utils-wasm v0.1.0
[INFO] [stderr]   Downloaded alloy-sol-types v1.5.7
[INFO] [stderr]   Downloaded alloy-transport v1.8.3
[INFO] [stderr]   Downloaded wasmtimer v0.4.3
[INFO] [stderr]   Downloaded alloy-json-rpc v1.8.3
[INFO] [stderr]   Downloaded alloy-sol-macro v1.5.7
[INFO] [stderr]   Downloaded alloy-sol-macro-input v1.5.7
[INFO] [stderr]   Downloaded syn-solidity v1.5.7
[INFO] [stderr]   Downloaded macro-string v0.1.4
[INFO] [stderr]   Downloaded alloy-network v1.8.3
[INFO] [stderr]   Downloaded alloy-serde v1.8.3
[INFO] [stderr]   Downloaded alloy-rpc-types-eth v1.8.3
[INFO] [stderr]   Downloaded alloy-json-abi v1.5.7
[INFO] [stderr]   Downloaded alloy-sol-type-parser v1.5.7
[INFO] [stderr]   Downloaded alloy-sol-macro-expander v1.5.7
[INFO] [stderr]   Downloaded alloy-signer-local v1.8.3
[INFO] [stderr]   Downloaded alloy-signer v1.8.3
[INFO] [stderr]   Downloaded serde_with v3.18.0
[INFO] [stderr]   Downloaded serde_with_macros v3.18.0
[INFO] [stderr]   Downloaded alloy-rpc-client v1.8.3
[INFO] [stderr]   Downloaded schemars v1.2.1
[INFO] [stderr]   Downloaded alloy-contract v1.8.3
[INFO] [stderr]   Downloaded alloy-network-primitives v1.8.3
[INFO] [stderr]   Downloaded blst v0.3.16
[INFO] [stderr]   Downloaded alloy-eips v1.8.3
[INFO] [stderr]   Downloaded aws-lc-sys v0.39.1
[INFO] [stderr]   Downloaded alloy-eip7928 v0.3.3
[INFO] [stderr]   Downloaded alloy-eip2124 v0.2.0
[INFO] [stderr]   Downloaded alloy-rpc-types v1.8.3
[INFO] [stderr]   Downloaded alloy-chains v0.2.33
[INFO] [stderr]   Downloaded dashmap v6.1.0
[INFO] [stderr]   Downloaded alloy-eip2930 v0.2.3
[INFO] [stderr]   Downloaded alloy-consensus v1.8.3
[INFO] [stderr]   Downloaded alloy-core v1.5.7
[INFO] [stderr]   Downloaded alloy-eip7702 v0.6.3
[INFO] [stderr]   Downloaded alloy-consensus-any v1.8.3
[INFO] [stderr]   Downloaded alloy-tx-macros v1.8.3
[INFO] [stderr]   Downloaded alloy-dyn-abi v1.5.7
[INFO] [stderr]   Downloaded alloy-rpc-types-any v1.8.3
[INFO] [stderr]   Downloaded bitcoin_hashes v0.14.1
[INFO] [stderr]   Downloaded alloy-provider v1.8.3
[INFO] [stderr]   Downloaded lru v0.16.3
[INFO] [stderr]   Downloaded hex-conservative v0.2.2
[INFO] [stderr]   Downloaded bitcoin-io v0.1.4
[INFO] [stderr]   Downloaded threadpool v1.8.1
[INFO] [stderr]   Downloaded uniswap-v4-sdk v0.13.0
[INFO] [stderr]   Downloaded secp256k1 v0.30.0
[INFO] [stderr]   Downloaded alloy-genesis v1.8.3
[INFO] [stderr]   Downloaded c-kzg v2.1.7
[INFO] [stderr]   Downloaded waterpump-evm-amm-math v0.1.0
[INFO] running `Command { std: "docker" "create" "-v" "/var/lib/crater-agent-workspace/builds/worker-4-tc1/source:/opt/rustwide/workdir:ro,Z" "-v" "/var/lib/crater-agent-workspace/builds/worker-4-tc1/target:/opt/rustwide/target:rw,Z" "-v" "/var/lib/crater-agent-workspace/cargo-home:/opt/rustwide/cargo-home:ro,Z" "-v" "/var/lib/crater-agent-workspace/rustup-home:/opt/rustwide/rustup-home:ro,Z" "-m" "1610612736" "--network" "none" "ghcr.io/rust-lang/crates-build-env/linux@sha256:3111399a4047eeb3a02b7a90e478d715f38a8c6669b5c4b49d30a17385265909" "sleep" "infinity", kill_on_drop: false }`
[INFO] [stdout] 17c7b90a36d13126125a0b31bd8bcedda80035f79f7834378c16030efadfb221
[INFO] running `Command { std: "docker" "start" "17c7b90a36d13126125a0b31bd8bcedda80035f79f7834378c16030efadfb221", kill_on_drop: false }`
[INFO] running `Command { std: "docker" "inspect" "17c7b90a36d13126125a0b31bd8bcedda80035f79f7834378c16030efadfb221", kill_on_drop: false }`
[INFO] running `Command { std: "docker" "exec" "-e" "SOURCE_DIR=/opt/rustwide/workdir" "-e" "CARGO_HOME=/opt/rustwide/cargo-home" "-e" "RUSTUP_HOME=/opt/rustwide/rustup-home" "-e" "CARGO_TARGET_DIR=/opt/rustwide/target" "-w" "/opt/rustwide/workdir" "--user" "0:0" "17c7b90a36d13126125a0b31bd8bcedda80035f79f7834378c16030efadfb221" "/opt/rustwide/cargo-home/bin/cargo" "+1.99.0-beta.8" "metadata" "--no-deps" "--format-version=1", kill_on_drop: false }`
[INFO] running `Command { std: "docker" "inspect" "17c7b90a36d13126125a0b31bd8bcedda80035f79f7834378c16030efadfb221", kill_on_drop: false }`
[INFO] running `Command { std: "docker" "exec" "-e" "SOURCE_DIR=/opt/rustwide/workdir" "-e" "CARGO_HOME=/opt/rustwide/cargo-home" "-e" "RUSTUP_HOME=/opt/rustwide/rustup-home" "-e" "CARGO_TARGET_DIR=/opt/rustwide/target" "-e" "CARGO_INCREMENTAL=0" "-e" "RUST_BACKTRACE=full" "-e" "RUSTFLAGS=--cap-lints=warn" "-e" "RUSTDOCFLAGS=--cap-lints=warn" "-w" "/opt/rustwide/workdir" "--user" "0:0" "17c7b90a36d13126125a0b31bd8bcedda80035f79f7834378c16030efadfb221" "/opt/rustwide/cargo-home/bin/cargo" "+1.99.0-beta.8" "build" "--frozen" "--message-format=json", kill_on_drop: false }`
[INFO] [stderr]    Compiling libc v0.2.184
[INFO] [stderr]    Compiling subtle v2.6.1
[INFO] [stderr]    Compiling const-oid v0.9.6
[INFO] [stderr]    Compiling unicode-segmentation v1.13.2
[INFO] [stderr]    Compiling generic-array v0.14.7
[INFO] [stderr]    Compiling paste v1.0.15
[INFO] [stderr]    Compiling unicode-xid v0.2.6
[INFO] [stderr]    Compiling ruint-macro v1.2.1
[INFO] [stderr]    Compiling keccak v0.1.6
[INFO] [stderr]    Compiling serde_core v1.0.228
[INFO] [stderr]    Compiling base16ct v0.2.0
[INFO] [stderr]    Compiling portable-atomic v1.13.1
[INFO] [stderr]    Compiling foldhash v0.2.0
[INFO] [stderr]    Compiling critical-section v1.2.0
[INFO] [stderr]    Compiling alloy-rlp-derive v0.3.15
[INFO] [stderr]    Compiling bytes v1.11.1
[INFO] [stderr]    Compiling serde v1.0.228
[INFO] [stderr]    Compiling der v0.7.10
[INFO] [stderr]    Compiling allocator-api2 v0.2.21
[INFO] [stderr]    Compiling const-hex v1.18.1
[INFO] [stderr]    Compiling rustc-hash v2.1.2
[INFO] [stderr]    Compiling dunce v1.0.5
[INFO] [stderr]    Compiling smallvec v1.15.1
[INFO] [stderr]    Compiling hashbrown v0.17.0
[INFO] [stderr]    Compiling serde_json v1.0.149
[INFO] [stderr]    Compiling memchr v2.8.0
[INFO] [stderr]    Compiling hashbrown v0.16.1
[INFO] [stderr]    Compiling convert_case v0.10.0
[INFO] [stderr]    Compiling winnow v0.7.15
[INFO] [stderr]    Compiling macro-string v0.1.4
[INFO] [stderr]    Compiling fs_extra v1.3.0
[INFO] [stderr]    Compiling derive_more-impl v2.1.1
[INFO] [stderr]    Compiling alloy-rlp v0.3.15
[INFO] [stderr]    Compiling block-buffer v0.10.4
[INFO] [stderr]    Compiling crypto-common v0.1.7
[INFO] [stderr]    Compiling sec1 v0.7.3
[INFO] [stderr]    Compiling spki v0.7.3
[INFO] [stderr]    Compiling once_cell v1.21.4
[INFO] [stderr]    Compiling http v1.4.0
[INFO] [stderr]    Compiling syn-solidity v1.5.7
[INFO] [stderr]    Compiling tracing-core v0.1.36
[INFO] [stderr]    Compiling digest v0.10.7
[INFO] [stderr]    Compiling ruint v1.17.2
[INFO] [stderr]    Compiling indexmap v2.14.0
[INFO] [stderr]    Compiling either v1.15.0
[INFO] [stderr]    Compiling auto_impl v1.3.0
[INFO] [stderr]    Compiling sha3 v0.10.8
[INFO] [stderr]    Compiling crc-catalog v2.4.0
[INFO] [stderr]    Compiling aws-lc-rs v1.16.2
[INFO] [stderr]    Compiling getrandom v0.2.17
[INFO] [stderr]    Compiling hmac v0.12.1
[INFO] [stderr]    Compiling sha2 v0.10.9
[INFO] [stderr]    Compiling rfc6979 v0.4.0
[INFO] [stderr]    Compiling jobserver v0.1.34
[INFO] [stderr]    Compiling tracing v0.1.44
[INFO] [stderr]    Compiling errno v0.3.14
[INFO] [stderr]    Compiling rand_core v0.6.4
[INFO] [stderr]    Compiling cc v1.2.60
[INFO] [stderr]    Compiling signal-hook-registry v1.4.8
[INFO] [stderr]    Compiling mio v1.2.0
[INFO] [stderr]    Compiling socket2 v0.6.3
[INFO] [stderr]    Compiling ff v0.13.1
[INFO] [stderr]    Compiling crypto-bigint v0.5.5
[INFO] [stderr]    Compiling signature v2.2.0
[INFO] [stderr]    Compiling group v0.13.0
[INFO] [stderr]    Compiling crc v3.4.0
[INFO] [stderr]    Compiling icu_normalizer v2.2.0
[INFO] [stderr]    Compiling rustls v0.23.37
[INFO] [stderr]    Compiling itertools v0.14.0
[INFO] [stderr]    Compiling nybbles v0.4.8
[INFO] [stderr]    Compiling parking_lot_core v0.9.12
[INFO] [stderr]    Compiling futures-utils-wasm v0.1.0
[INFO] [stderr]    Compiling num-traits v0.2.19
[INFO] [stderr]    Compiling rustls-native-certs v0.8.3
[INFO] [stderr]    Compiling zerocopy v0.8.48
[INFO] [stderr]    Compiling tokio v1.49.0
[INFO] [stderr]    Compiling http-body v1.0.1
[INFO] [stderr]    Compiling idna_adapter v1.2.1
[INFO] [stderr]    Compiling http-body-util v0.1.3
[INFO] [stderr]    Compiling pkg-config v0.3.33
[INFO] [stderr]    Compiling cmake v0.1.58
[INFO] [stderr]    Compiling idna v1.1.0
[INFO] [stderr]    Compiling parking_lot v0.12.5
[INFO] [stderr]    Compiling alloy-sol-type-parser v1.5.7
[INFO] [stderr]    Compiling strum_macros v0.27.2
[INFO] [stderr]    Compiling elliptic-curve v0.13.8
[INFO] [stderr]    Compiling url v2.5.8
[INFO] [stderr]    Compiling num_enum_derive v0.7.6
[INFO] [stderr]    Compiling hashbrown v0.14.5
[INFO] [stderr]    Compiling aws-lc-sys v0.39.1
[INFO] [stderr]    Compiling openssl-sys v0.9.112
[INFO] [stderr]    Compiling ecdsa v0.16.9
[INFO] [stderr]    Compiling darling_core v0.23.0
[INFO] [stderr]    Compiling lru v0.16.3
[INFO] [stderr]    Compiling openssl v0.10.76
[INFO] [stderr]    Compiling num-integer v0.1.46
[INFO] [stderr]    Compiling dashmap v6.1.0
[INFO] [stderr]    Compiling fastnum v0.2.10
[INFO] [stderr]    Compiling native-tls v0.2.18
[INFO] [stderr]    Compiling bnum v0.12.1
[INFO] [stderr]    Compiling rust_decimal v1.41.0
[INFO] [stderr]    Compiling chrono v0.4.44
[INFO] [stderr]    Compiling k256 v0.13.4
[INFO] [stderr]    Compiling num_enum v0.7.6
[INFO] [stderr]    Compiling strum v0.27.2
[INFO] [stderr]    Compiling derive_more v2.1.1
[INFO] [stderr]    Compiling alloy-primitives v1.5.7
[INFO] [stderr]    Compiling tokio-util v0.7.18
[INFO] [stderr]    Compiling tower v0.5.3
[INFO] [stderr]    Compiling tower-http v0.6.8
[INFO] [stderr]    Compiling alloy-json-abi v1.5.7
[INFO] [stderr]    Compiling h2 v0.4.13
[INFO] [stderr]    Compiling tokio-stream v0.1.18
[INFO] [stderr]    Compiling darling_macro v0.23.0
[INFO] [stderr]    Compiling darling v0.23.0
[INFO] [stderr]    Compiling serde_with_macros v3.18.0
[INFO] [stderr]    Compiling alloy-eip7702 v0.6.3
[INFO] [stderr]    Compiling alloy-eip7928 v0.3.3
[INFO] [stderr]    Compiling alloy-serde v1.8.3
[INFO] [stderr]    Compiling alloy-eip2124 v0.2.0
[INFO] [stderr]    Compiling alloy-eip2930 v0.2.3
[INFO] [stderr]    Compiling alloy-trie v0.9.5
[INFO] [stderr]    Compiling alloy-tx-macros v1.8.3
[INFO] [stderr]    Compiling alloy-sol-macro-input v1.5.7
[INFO] [stderr]    Compiling alloy-signer v1.8.3
[INFO] [stderr]    Compiling alloy-chains v0.2.33
[INFO] [stderr]    Compiling waterpump-evm-amm-math v0.1.0
[INFO] [stderr]    Compiling alloy-sol-macro-expander v1.5.7
[INFO] [stderr]    Compiling ppv-lite86 v0.2.21
[INFO] [stderr]    Compiling rand_chacha v0.3.1
[INFO] [stderr]    Compiling serde_with v3.18.0
[INFO] [stderr]    Compiling rand v0.8.5
[INFO] [stderr]    Compiling tokio-native-tls v0.3.1
[INFO] [stderr]    Compiling uniswap-sdk-core v5.3.0
[INFO] [stderr]    Compiling hyper v1.9.0
[INFO] [stderr]    Compiling alloy-sol-macro v1.5.7
[INFO] [stderr]    Compiling alloy-eips v1.8.3
[INFO] [stderr]    Compiling alloy-sol-types v1.5.7
[INFO] [stderr]    Compiling hyper-util v0.1.20
[INFO] [stderr]    Compiling hyper-tls v0.6.0
[INFO] [stderr]    Compiling reqwest v0.12.28
[INFO] [stderr]    Compiling alloy-consensus v1.8.3
[INFO] [stderr]    Compiling alloy-json-rpc v1.8.3
[INFO] [stderr]    Compiling alloy-dyn-abi v1.5.7
[INFO] [stderr]    Compiling alloy-transport v1.8.3
[INFO] [stderr]    Compiling alloy-core v1.5.7
[INFO] [stderr]    Compiling alloy-network-primitives v1.8.3
[INFO] [stderr]    Compiling alloy-consensus-any v1.8.3
[INFO] [stderr]    Compiling alloy-rpc-types-eth v1.8.3
[INFO] [stderr]    Compiling alloy-rpc-types-any v1.8.3
[INFO] [stderr]    Compiling alloy-rpc-types v1.8.3
[INFO] [stderr]    Compiling alloy-network v1.8.3
[INFO] [stderr]    Compiling alloy-signer-local v1.8.3
[INFO] [stderr]    Compiling rustls-webpki v0.103.11
[INFO] [stderr]    Compiling tokio-rustls v0.26.4
[INFO] [stderr]    Compiling rustls-platform-verifier v0.6.2
[INFO] [stderr]    Compiling hyper-rustls v0.27.8
[INFO] [stderr]    Compiling reqwest v0.13.2
[INFO] [stderr]    Compiling alloy-transport-http v1.8.3
[INFO] [stderr]    Compiling alloy-rpc-client v1.8.3
[INFO] [stderr]    Compiling alloy-provider v1.8.3
[INFO] [stderr]    Compiling alloy-contract v1.8.3
[INFO] [stderr]    Compiling alloy v1.8.3
[INFO] [stderr]    Compiling uniswap-lens v0.15.0
[INFO] [stderr]    Compiling uniswap-v3-sdk v5.3.1
[INFO] [stderr]    Compiling waterpump-evm-core v0.1.0
[INFO] [stderr]    Compiling uniswap-v4-sdk v0.13.0
[INFO] [stderr]    Compiling waterpump-evm-uniswap-v3-client v0.1.0
[INFO] [stderr]    Compiling waterpump-evm-pool-sdk v0.1.0
[INFO] [stderr]    Compiling waterpump-evm-uniswap-v4-client v0.1.0 (/opt/rustwide/workdir)
[INFO] [stdout] error[E0433]: cannot find `v4` in `pool_infusers`
[INFO] [stdout]   --> src/pool_infusers/infuser.rs:93:1
[INFO] [stdout]    |
[INFO] [stdout] 93 | waterpump_evm_pool_sdk::impl_v4_pool_infuser!(V4PoolInfuser);
[INFO] [stdout]    | ^^^^^^^^^^^^^^^^^^^^^^^^^^^^^^^^^^^^^^^^^^^^^^^^^^^^^^^^^^^^ could not find `v4` in `pool_infusers`
[INFO] [stdout]    |
[INFO] [stdout] note: found an item that was configured out
[INFO] [stdout]   --> /opt/rustwide/cargo-home/registry/src/index.crates.io-1949cf8c6b5b557f/waterpump-evm-pool-sdk-0.1.0/src/pool_infusers/mod.rs:12:9
[INFO] [stdout]    |
[INFO] [stdout] 11 | #[cfg(feature = "uniswap-v4")]
[INFO] [stdout]    |       ---------------------- the item is gated behind the `uniswap-v4` feature
[INFO] [stdout] 12 | pub mod v4;
[INFO] [stdout]    |         ^^
[INFO] [stdout]    = note: this error originates in the macro `waterpump_evm_pool_sdk::impl_v4_pool_infuser` (in Nightly builds, run with -Z macro-backtrace for more info)
[INFO] [stdout] 
[INFO] [stdout] 
[INFO] [stdout] error[E0433]: cannot find `v4` in `pool_infusers`
[INFO] [stdout]   --> src/pool_infusers/infuser.rs:93:1
[INFO] [stdout]    |
[INFO] [stdout] 93 | waterpump_evm_pool_sdk::impl_v4_pool_infuser!(V4PoolInfuser);
[INFO] [stdout]    | ^^^^^^^^^^^^^^^^^^^^^^^^^^^^^^^^^^^^^^^^^^^^^^^^^^^^^^^^^^^^ could not find `v4` in `pool_infusers`
[INFO] [stdout]    |
[INFO] [stdout] note: found an item that was configured out
[INFO] [stdout]   --> /opt/rustwide/cargo-home/registry/src/index.crates.io-1949cf8c6b5b557f/waterpump-evm-pool-sdk-0.1.0/src/pool_infusers/mod.rs:12:9
[INFO] [stdout]    |
[INFO] [stdout] 11 | #[cfg(feature = "uniswap-v4")]
[INFO] [stdout]    |       ---------------------- the item is gated behind the `uniswap-v4` feature
[INFO] [stdout] 12 | pub mod v4;
[INFO] [stdout]    |         ^^
[INFO] [stdout]    = note: this error originates in the macro `waterpump_evm_pool_sdk::impl_v4_pool_infuser` (in Nightly builds, run with -Z macro-backtrace for more info)
[INFO] [stdout] 
[INFO] [stdout] 
[INFO] [stdout] error[E0433]: cannot find `v4` in `pool_infusers`
[INFO] [stdout]   --> src/pool_infusers/infuser.rs:93:1
[INFO] [stdout]    |
[INFO] [stdout] 93 | waterpump_evm_pool_sdk::impl_v4_pool_infuser!(V4PoolInfuser);
[INFO] [stdout]    | ^^^^^^^^^^^^^^^^^^^^^^^^^^^^^^^^^^^^^^^^^^^^^^^^^^^^^^^^^^^^ could not find `v4` in `pool_infusers`
[INFO] [stdout]    |
[INFO] [stdout] note: found an item that was configured out
[INFO] [stdout]   --> /opt/rustwide/cargo-home/registry/src/index.crates.io-1949cf8c6b5b557f/waterpump-evm-pool-sdk-0.1.0/src/pool_infusers/mod.rs:12:9
[INFO] [stdout]    |
[INFO] [stdout] 11 | #[cfg(feature = "uniswap-v4")]
[INFO] [stdout]    |       ---------------------- the item is gated behind the `uniswap-v4` feature
[INFO] [stdout] 12 | pub mod v4;
[INFO] [stdout]    |         ^^
[INFO] [stdout]    = note: this error originates in the macro `waterpump_evm_pool_sdk::impl_v4_pool_infuser` (in Nightly builds, run with -Z macro-backtrace for more info)
[INFO] [stdout] 
[INFO] [stdout] 
[INFO] [stdout] error[E0433]: cannot find `v4` in `pool_infusers`
[INFO] [stdout]   --> src/pool_infusers/infuser.rs:93:1
[INFO] [stdout]    |
[INFO] [stdout] 93 | waterpump_evm_pool_sdk::impl_v4_pool_infuser!(V4PoolInfuser);
[INFO] [stdout]    | ^^^^^^^^^^^^^^^^^^^^^^^^^^^^^^^^^^^^^^^^^^^^^^^^^^^^^^^^^^^^ could not find `v4` in `pool_infusers`
[INFO] [stdout]    |
[INFO] [stdout] note: found an item that was configured out
[INFO] [stdout]   --> /opt/rustwide/cargo-home/registry/src/index.crates.io-1949cf8c6b5b557f/waterpump-evm-pool-sdk-0.1.0/src/pool_infusers/mod.rs:12:9
[INFO] [stdout]    |
[INFO] [stdout] 11 | #[cfg(feature = "uniswap-v4")]
[INFO] [stdout]    |       ---------------------- the item is gated behind the `uniswap-v4` feature
[INFO] [stdout] 12 | pub mod v4;
[INFO] [stdout]    |         ^^
[INFO] [stdout]    = note: this error originates in the macro `waterpump_evm_pool_sdk::impl_v4_pool_infuser` (in Nightly builds, run with -Z macro-backtrace for more info)
[INFO] [stdout] 
[INFO] [stdout] 
[INFO] [stdout] error[E0433]: cannot find `v4` in `pool_infusers`
[INFO] [stdout]   --> src/pool_infusers/infuser.rs:93:1
[INFO] [stdout]    |
[INFO] [stdout] 93 | waterpump_evm_pool_sdk::impl_v4_pool_infuser!(V4PoolInfuser);
[INFO] [stdout]    | ^^^^^^^^^^^^^^^^^^^^^^^^^^^^^^^^^^^^^^^^^^^^^^^^^^^^^^^^^^^^ could not find `v4` in `pool_infusers`
[INFO] [stdout]    |
[INFO] [stdout] note: found an item that was configured out
[INFO] [stdout]   --> /opt/rustwide/cargo-home/registry/src/index.crates.io-1949cf8c6b5b557f/waterpump-evm-pool-sdk-0.1.0/src/pool_infusers/mod.rs:12:9
[INFO] [stdout]    |
[INFO] [stdout] 11 | #[cfg(feature = "uniswap-v4")]
[INFO] [stdout]    |       ---------------------- the item is gated behind the `uniswap-v4` feature
[INFO] [stdout] 12 | pub mod v4;
[INFO] [stdout]    |         ^^
[INFO] [stdout]    = note: this error originates in the macro `waterpump_evm_pool_sdk::impl_v4_pool_infuser` (in Nightly builds, run with -Z macro-backtrace for more info)
[INFO] [stdout] 
[INFO] [stdout] 
[INFO] [stdout] error[E0433]: cannot find `v4` in `pool_infusers`
[INFO] [stdout]   --> src/pool_infusers/infuser.rs:93:1
[INFO] [stdout]    |
[INFO] [stdout] 93 | waterpump_evm_pool_sdk::impl_v4_pool_infuser!(V4PoolInfuser);
[INFO] [stdout]    | ^^^^^^^^^^^^^^^^^^^^^^^^^^^^^^^^^^^^^^^^^^^^^^^^^^^^^^^^^^^^ could not find `v4` in `pool_infusers`
[INFO] [stdout]    |
[INFO] [stdout] note: found an item that was configured out
[INFO] [stdout]   --> /opt/rustwide/cargo-home/registry/src/index.crates.io-1949cf8c6b5b557f/waterpump-evm-pool-sdk-0.1.0/src/pool_infusers/mod.rs:12:9
[INFO] [stdout]    |
[INFO] [stdout] 11 | #[cfg(feature = "uniswap-v4")]
[INFO] [stdout]    |       ---------------------- the item is gated behind the `uniswap-v4` feature
[INFO] [stdout] 12 | pub mod v4;
[INFO] [stdout]    |         ^^
[INFO] [stdout]    = note: this error originates in the macro `waterpump_evm_pool_sdk::impl_v4_pool_infuser` (in Nightly builds, run with -Z macro-backtrace for more info)
[INFO] [stdout] 
[INFO] [stdout] 
[INFO] [stdout] error[E0433]: cannot find `v4` in `pool_infusers`
[INFO] [stdout]   --> src/pool_infusers/infuser.rs:93:1
[INFO] [stdout]    |
[INFO] [stdout] 93 | waterpump_evm_pool_sdk::impl_v4_pool_infuser!(V4PoolInfuser);
[INFO] [stdout]    | ^^^^^^^^^^^^^^^^^^^^^^^^^^^^^^^^^^^^^^^^^^^^^^^^^^^^^^^^^^^^ could not find `v4` in `pool_infusers`
[INFO] [stdout]    |
[INFO] [stdout] note: found an item that was configured out
[INFO] [stdout]   --> /opt/rustwide/cargo-home/registry/src/index.crates.io-1949cf8c6b5b557f/waterpump-evm-pool-sdk-0.1.0/src/pool_infusers/mod.rs:12:9
[INFO] [stdout]    |
[INFO] [stdout] 11 | #[cfg(feature = "uniswap-v4")]
[INFO] [stdout]    |       ---------------------- the item is gated behind the `uniswap-v4` feature
[INFO] [stdout] 12 | pub mod v4;
[INFO] [stdout]    |         ^^
[INFO] [stdout]    = note: this error originates in the macro `waterpump_evm_pool_sdk::impl_v4_pool_infuser` (in Nightly builds, run with -Z macro-backtrace for more info)
[INFO] [stdout] 
[INFO] [stdout] 
[INFO] [stdout] error[E0433]: cannot find `v4` in `pool_infusers`
[INFO] [stdout]   --> src/pool_infusers/infuser.rs:93:1
[INFO] [stdout]    |
[INFO] [stdout] 93 | waterpump_evm_pool_sdk::impl_v4_pool_infuser!(V4PoolInfuser);
[INFO] [stdout]    | ^^^^^^^^^^^^^^^^^^^^^^^^^^^^^^^^^^^^^^^^^^^^^^^^^^^^^^^^^^^^ could not find `v4` in `pool_infusers`
[INFO] [stdout]    |
[INFO] [stdout] note: found an item that was configured out
[INFO] [stdout]   --> /opt/rustwide/cargo-home/registry/src/index.crates.io-1949cf8c6b5b557f/waterpump-evm-pool-sdk-0.1.0/src/pool_infusers/mod.rs:12:9
[INFO] [stdout]    |
[INFO] [stdout] 11 | #[cfg(feature = "uniswap-v4")]
[INFO] [stdout]    |       ---------------------- the item is gated behind the `uniswap-v4` feature
[INFO] [stdout] 12 | pub mod v4;
[INFO] [stdout]    |         ^^
[INFO] [stdout]    = note: this error originates in the macro `waterpump_evm_pool_sdk::impl_v4_pool_infuser` (in Nightly builds, run with -Z macro-backtrace for more info)
[INFO] [stdout] 
[INFO] [stdout] 
[INFO] [stdout] For more information about this error, try `rustc --explain E0433`.
[INFO] [stdout] 
[INFO] [stderr] error: could not compile `waterpump-evm-uniswap-v4-client` (lib) due to 8 previous errors
[INFO] [stderr] warning: build failed, waiting for other jobs to finish...
[INFO] running `Command { std: "docker" "inspect" "17c7b90a36d13126125a0b31bd8bcedda80035f79f7834378c16030efadfb221", kill_on_drop: false }`
[INFO] running `Command { std: "docker" "rm" "-f" "17c7b90a36d13126125a0b31bd8bcedda80035f79f7834378c16030efadfb221", kill_on_drop: false }`
[INFO] [stdout] 17c7b90a36d13126125a0b31bd8bcedda80035f79f7834378c16030efadfb221
