[INFO] fetching crate wasm_lite_macro 0.1.4...
[INFO] testing wasm_lite_macro-0.1.4 against 1.99.0-beta.8 for beta-1.100-2
[INFO] extracting crate wasm_lite_macro 0.1.4 into /workspace/builds/worker-4-tc1/source
[INFO] started tweaking crates.io crate wasm_lite_macro 0.1.4
[INFO] removed 0 missing tests
[INFO] finished tweaking crates.io crate wasm_lite_macro 0.1.4
[INFO] tweaked toml for crates.io crate wasm_lite_macro 0.1.4 written to /workspace/builds/worker-4-tc1/source/Cargo.toml
[INFO] validating manifest of crates.io crate wasm_lite_macro 0.1.4 on toolchain 1.99.0-beta.8
[INFO] running `Command { std: CARGO_HOME="/workspace/cargo-home" RUSTUP_HOME="/workspace/rustup-home" "/workspace/cargo-home/bin/cargo" "+1.99.0-beta.8" "metadata" "--manifest-path" "Cargo.toml" "--no-deps", kill_on_drop: false }`
[INFO] crate crates.io crate wasm_lite_macro 0.1.4 already has a lockfile, it will not be regenerated
[INFO] running `Command { std: CARGO_HOME="/workspace/cargo-home" RUSTUP_HOME="/workspace/rustup-home" "/workspace/cargo-home/bin/cargo" "+1.99.0-beta.8" "fetch" "--manifest-path" "Cargo.toml", kill_on_drop: false }`
[INFO] running `Command { std: "docker" "create" "-v" "/var/lib/crater-agent-workspace/builds/worker-4-tc1/source:/opt/rustwide/workdir:ro,Z" "-v" "/var/lib/crater-agent-workspace/builds/worker-4-tc1/target:/opt/rustwide/target:rw,Z" "-v" "/var/lib/crater-agent-workspace/cargo-home:/opt/rustwide/cargo-home:ro,Z" "-v" "/var/lib/crater-agent-workspace/rustup-home:/opt/rustwide/rustup-home:ro,Z" "-m" "1610612736" "--network" "none" "ghcr.io/rust-lang/crates-build-env/linux@sha256:3111399a4047eeb3a02b7a90e478d715f38a8c6669b5c4b49d30a17385265909" "sleep" "infinity", kill_on_drop: false }`
[INFO] [stdout] 29ff3b94cb443f269881c18e85f018da906e4216ad9859821b9792db0eed63bd
[INFO] running `Command { std: "docker" "start" "29ff3b94cb443f269881c18e85f018da906e4216ad9859821b9792db0eed63bd", kill_on_drop: false }`
[INFO] running `Command { std: "docker" "inspect" "29ff3b94cb443f269881c18e85f018da906e4216ad9859821b9792db0eed63bd", kill_on_drop: false }`
[INFO] running `Command { std: "docker" "exec" "-e" "SOURCE_DIR=/opt/rustwide/workdir" "-e" "CARGO_HOME=/opt/rustwide/cargo-home" "-e" "RUSTUP_HOME=/opt/rustwide/rustup-home" "-e" "CARGO_TARGET_DIR=/opt/rustwide/target" "-w" "/opt/rustwide/workdir" "--user" "0:0" "29ff3b94cb443f269881c18e85f018da906e4216ad9859821b9792db0eed63bd" "/opt/rustwide/cargo-home/bin/cargo" "+1.99.0-beta.8" "metadata" "--no-deps" "--format-version=1", kill_on_drop: false }`
[INFO] running `Command { std: "docker" "inspect" "29ff3b94cb443f269881c18e85f018da906e4216ad9859821b9792db0eed63bd", kill_on_drop: false }`
[INFO] running `Command { std: "docker" "exec" "-e" "SOURCE_DIR=/opt/rustwide/workdir" "-e" "CARGO_HOME=/opt/rustwide/cargo-home" "-e" "RUSTUP_HOME=/opt/rustwide/rustup-home" "-e" "CARGO_TARGET_DIR=/opt/rustwide/target" "-e" "CARGO_INCREMENTAL=0" "-e" "RUST_BACKTRACE=full" "-e" "RUSTFLAGS=--cap-lints=warn" "-e" "RUSTDOCFLAGS=--cap-lints=warn" "-w" "/opt/rustwide/workdir" "--user" "0:0" "29ff3b94cb443f269881c18e85f018da906e4216ad9859821b9792db0eed63bd" "/opt/rustwide/cargo-home/bin/cargo" "+1.99.0-beta.8" "build" "--frozen" "--message-format=json", kill_on_drop: false }`
[INFO] [stderr]    Compiling syn v3.0.3
[INFO] [stderr]    Compiling wasm_lite_macro v0.1.4 (/opt/rustwide/workdir)
[INFO] [stderr]     Finished `dev` profile [unoptimized + debuginfo] target(s) in 6.66s
[INFO] running `Command { std: "docker" "inspect" "29ff3b94cb443f269881c18e85f018da906e4216ad9859821b9792db0eed63bd", kill_on_drop: false }`
[INFO] running `Command { std: "docker" "exec" "-e" "SOURCE_DIR=/opt/rustwide/workdir" "-e" "CARGO_HOME=/opt/rustwide/cargo-home" "-e" "RUSTUP_HOME=/opt/rustwide/rustup-home" "-e" "CARGO_TARGET_DIR=/opt/rustwide/target" "-e" "CARGO_INCREMENTAL=0" "-e" "RUST_BACKTRACE=full" "-e" "RUSTFLAGS=--cap-lints=warn" "-e" "RUSTDOCFLAGS=--cap-lints=warn" "-w" "/opt/rustwide/workdir" "--user" "0:0" "29ff3b94cb443f269881c18e85f018da906e4216ad9859821b9792db0eed63bd" "/opt/rustwide/cargo-home/bin/cargo" "+1.99.0-beta.8" "test" "--frozen" "--no-run" "--message-format=json", kill_on_drop: false }`
[INFO] [stderr]    Compiling proc-macro2 v1.0.107
[INFO] [stderr]    Compiling quote v1.0.47
[INFO] [stderr]    Compiling syn v3.0.3
[INFO] [stderr]    Compiling wasm_lite_macro v0.1.4 (/opt/rustwide/workdir)
[INFO] [stdout] error[E0433]: cannot find module or crate `wasm_lite` in this scope
[INFO] [stdout]  --> tests/expansions.rs:6:5
[INFO] [stdout]   |
[INFO] [stdout] 6 |     wasm_lite::import! {
[INFO] [stdout]   |     ^^^^^^^^^ use of unresolved module or unlinked crate `wasm_lite`
[INFO] [stdout] 
[INFO] [stdout] 
[INFO] [stdout] error[E0433]: cannot find module or crate `wasm_lite` in this scope
[INFO] [stdout]   --> tests/expansions.rs:15:3
[INFO] [stdout]    |
[INFO] [stdout] 15 | #[wasm_lite::export]
[INFO] [stdout]    |   ^^^^^^^^^ use of unresolved module or unlinked crate `wasm_lite`
[INFO] [stdout] 
[INFO] [stdout] 
[INFO] [stdout] error[E0433]: cannot find module or crate `wasm_lite` in this scope
[INFO] [stdout]   --> tests/expansions.rs:20:3
[INFO] [stdout]    |
[INFO] [stdout] 20 | #[wasm_lite::export]
[INFO] [stdout]    |   ^^^^^^^^^ use of unresolved module or unlinked crate `wasm_lite`
[INFO] [stdout] 
[INFO] [stdout] 
[INFO] [stdout] error[E0433]: cannot find module or crate `wasm_lite` in this scope
[INFO] [stdout]   --> tests/expansions.rs:25:3
[INFO] [stdout]    |
[INFO] [stdout] 25 | #[wasm_lite::export]
[INFO] [stdout]    |   ^^^^^^^^^ use of unresolved module or unlinked crate `wasm_lite`
[INFO] [stdout] 
[INFO] [stdout] 
[INFO] [stdout] error[E0433]: cannot find module or crate `wasm_lite` in this scope
[INFO] [stdout]   --> tests/expansions.rs:30:3
[INFO] [stdout]    |
[INFO] [stdout] 30 | #[wasm_lite::export]
[INFO] [stdout]    |   ^^^^^^^^^ use of unresolved module or unlinked crate `wasm_lite`
[INFO] [stdout] 
[INFO] [stdout] 
[INFO] [stdout] error[E0433]: cannot find module or crate `wasm_lite` in this scope
[INFO] [stdout]   --> tests/expansions.rs:39:3
[INFO] [stdout]    |
[INFO] [stdout] 39 | #[wasm_lite::export]
[INFO] [stdout]    |   ^^^^^^^^^ use of unresolved module or unlinked crate `wasm_lite`
[INFO] [stdout] 
[INFO] [stdout] 
[INFO] [stdout] error[E0425]: cannot find value `fill_bytes` in module `imports`
[INFO] [stdout]   --> tests/expansions.rs:47:22
[INFO] [stdout]    |
[INFO] [stdout] 47 |     let _ = imports::fill_bytes as fn(&mut [u8]);
[INFO] [stdout]    |                      ^^^^^^^^^^ not found in `imports`
[INFO] [stdout] 
[INFO] [stdout] 
[INFO] [stdout] error[E0425]: cannot find value `fill_optional_bytes` in module `imports`
[INFO] [stdout]   --> tests/expansions.rs:48:22
[INFO] [stdout]    |
[INFO] [stdout] 48 |     let _ = imports::fill_optional_bytes as fn(Option<&mut [u8]>);
[INFO] [stdout]    |                      ^^^^^^^^^^^^^^^^^^^ not found in `imports`
[INFO] [stdout] 
[INFO] [stdout] 
[INFO] [stdout] error[E0425]: cannot find value `fill_floats` in module `imports`
[INFO] [stdout]   --> tests/expansions.rs:49:22
[INFO] [stdout]    |
[INFO] [stdout] 49 |     let _ = imports::fill_floats as fn(&mut [f32]);
[INFO] [stdout]    |                      ^^^^^^^^^^^ not found in `imports`
[INFO] [stdout] 
[INFO] [stdout] 
[INFO] [stdout] Some errors have detailed explanations: E0425, E0433.
[INFO] [stdout] 
[INFO] [stdout] For more information about an error, try `rustc --explain E0425`.
[INFO] [stdout] 
[INFO] [stderr] error: could not compile `wasm_lite_macro` (test "expansions") due to 9 previous errors
[INFO] running `Command { std: "docker" "inspect" "29ff3b94cb443f269881c18e85f018da906e4216ad9859821b9792db0eed63bd", kill_on_drop: false }`
[INFO] running `Command { std: "docker" "rm" "-f" "29ff3b94cb443f269881c18e85f018da906e4216ad9859821b9792db0eed63bd", kill_on_drop: false }`
[INFO] [stdout] 29ff3b94cb443f269881c18e85f018da906e4216ad9859821b9792db0eed63bd
