[INFO] fetching crate wasm2glulx 0.1.2...
[INFO] testing wasm2glulx-0.1.2 against 1.99.0-beta.8 for beta-1.100-2
[INFO] extracting crate wasm2glulx 0.1.2 into /workspace/builds/worker-6-tc1/source
[INFO] started tweaking crates.io crate wasm2glulx 0.1.2
[INFO] removed 0 missing tests
[INFO] finished tweaking crates.io crate wasm2glulx 0.1.2
[INFO] tweaked toml for crates.io crate wasm2glulx 0.1.2 written to /workspace/builds/worker-6-tc1/source/Cargo.toml
[INFO] validating manifest of crates.io crate wasm2glulx 0.1.2 on toolchain 1.99.0-beta.8
[INFO] running `Command { std: CARGO_HOME="/workspace/cargo-home" RUSTUP_HOME="/workspace/rustup-home" "/workspace/cargo-home/bin/cargo" "+1.99.0-beta.8" "metadata" "--manifest-path" "Cargo.toml" "--no-deps", kill_on_drop: false }`
[INFO] crate crates.io crate wasm2glulx 0.1.2 already has a lockfile, it will not be regenerated
[INFO] running `Command { std: CARGO_HOME="/workspace/cargo-home" RUSTUP_HOME="/workspace/rustup-home" "/workspace/cargo-home/bin/cargo" "+1.99.0-beta.8" "fetch" "--manifest-path" "Cargo.toml", kill_on_drop: false }`
[INFO] [stderr]     Updating crates.io index
[INFO] [stderr]  Downloading crates ...
[INFO] [stderr]   Downloaded wasm-encoder v0.212.0
[INFO] [stderr]   Downloaded walrus-macro v0.22.0
[INFO] [stderr]   Downloaded terminal_size v0.4.0
[INFO] [stderr]   Downloaded proc-macro2 v1.0.87
[INFO] [stderr]   Downloaded semver v1.0.23
[INFO] [stderr]   Downloaded anyhow v1.0.89
[INFO] [stderr]   Downloaded glulx-asm v0.1.1
[INFO] [stderr]   Downloaded clap v4.5.20
[INFO] [stderr]   Downloaded indexmap v2.6.0
[INFO] [stderr]   Downloaded cc v1.1.30
[INFO] [stderr]   Downloaded wast v212.0.0
[INFO] [stderr]   Downloaded walrus v0.22.0
[INFO] [stderr]   Downloaded hashbrown v0.15.0
[INFO] [stderr]   Downloaded clap_builder v4.5.20
[INFO] [stderr]   Downloaded wasmparser v0.212.0
[INFO] [stderr]   Downloaded rustix v0.38.37
[INFO] running `Command { std: "docker" "create" "-v" "/var/lib/crater-agent-workspace/builds/worker-6-tc1/source:/opt/rustwide/workdir:ro,Z" "-v" "/var/lib/crater-agent-workspace/builds/worker-6-tc1/target:/opt/rustwide/target:rw,Z" "-v" "/var/lib/crater-agent-workspace/cargo-home:/opt/rustwide/cargo-home:ro,Z" "-v" "/var/lib/crater-agent-workspace/rustup-home:/opt/rustwide/rustup-home:ro,Z" "-m" "1610612736" "--network" "none" "ghcr.io/rust-lang/crates-build-env/linux@sha256:3111399a4047eeb3a02b7a90e478d715f38a8c6669b5c4b49d30a17385265909" "sleep" "infinity", kill_on_drop: false }`
[INFO] [stdout] fabf20866c0a20371bfb2d538a37cd291d76ad1790e13313748c1c6d0e80036b
[INFO] running `Command { std: "docker" "start" "fabf20866c0a20371bfb2d538a37cd291d76ad1790e13313748c1c6d0e80036b", kill_on_drop: false }`
[INFO] running `Command { std: "docker" "inspect" "fabf20866c0a20371bfb2d538a37cd291d76ad1790e13313748c1c6d0e80036b", kill_on_drop: false }`
[INFO] running `Command { std: "docker" "exec" "-e" "SOURCE_DIR=/opt/rustwide/workdir" "-e" "CARGO_HOME=/opt/rustwide/cargo-home" "-e" "RUSTUP_HOME=/opt/rustwide/rustup-home" "-e" "CARGO_TARGET_DIR=/opt/rustwide/target" "-w" "/opt/rustwide/workdir" "--user" "0:0" "fabf20866c0a20371bfb2d538a37cd291d76ad1790e13313748c1c6d0e80036b" "/opt/rustwide/cargo-home/bin/cargo" "+1.99.0-beta.8" "metadata" "--no-deps" "--format-version=1", kill_on_drop: false }`
[INFO] running `Command { std: "docker" "inspect" "fabf20866c0a20371bfb2d538a37cd291d76ad1790e13313748c1c6d0e80036b", kill_on_drop: false }`
[INFO] running `Command { std: "docker" "exec" "-e" "SOURCE_DIR=/opt/rustwide/workdir" "-e" "CARGO_HOME=/opt/rustwide/cargo-home" "-e" "RUSTUP_HOME=/opt/rustwide/rustup-home" "-e" "CARGO_TARGET_DIR=/opt/rustwide/target" "-e" "CARGO_INCREMENTAL=0" "-e" "RUST_BACKTRACE=full" "-e" "RUSTFLAGS=--cap-lints=warn" "-e" "RUSTDOCFLAGS=--cap-lints=warn" "-w" "/opt/rustwide/workdir" "--user" "0:0" "fabf20866c0a20371bfb2d538a37cd291d76ad1790e13313748c1c6d0e80036b" "/opt/rustwide/cargo-home/bin/cargo" "+1.99.0-beta.8" "build" "--frozen" "--message-format=json", kill_on_drop: false }`
[INFO] [stderr]    Compiling proc-macro2 v1.0.87
[INFO] [stderr]    Compiling serde v1.0.210
[INFO] [stderr]    Compiling unicode-ident v1.0.13
[INFO] [stderr]    Compiling bitflags v2.6.0
[INFO] [stderr]    Compiling rustix v0.38.37
[INFO] [stderr]    Compiling zerocopy v0.7.35
[INFO] [stderr]    Compiling once_cell v1.20.2
[INFO] [stderr]    Compiling linux-raw-sys v0.4.14
[INFO] [stderr]    Compiling allocator-api2 v0.2.18
[INFO] [stderr]    Compiling semver v1.0.23
[INFO] [stderr]    Compiling ahash v0.8.11
[INFO] [stderr]    Compiling indexmap v1.9.3
[INFO] [stderr]    Compiling anstyle-parse v0.2.5
[INFO] [stderr]    Compiling colorchoice v1.0.2
[INFO] [stderr]    Compiling anstyle-query v1.1.1
[INFO] [stderr]    Compiling anstyle v1.0.8
[INFO] [stderr]    Compiling hashbrown v0.15.0
[INFO] [stderr]    Compiling anyhow v1.0.89
[INFO] [stderr]    Compiling clap_lex v0.7.2
[INFO] [stderr]    Compiling stable_deref_trait v1.2.0
[INFO] [stderr]    Compiling leb128 v0.2.5
[INFO] [stderr]    Compiling fallible-iterator v0.2.0
[INFO] [stderr]    Compiling anstream v0.6.15
[INFO] [stderr]    Compiling wasm-encoder v0.212.0
[INFO] [stderr]    Compiling log v0.4.22
[INFO] [stderr]    Compiling arrayvec v0.7.6
[INFO] [stderr]    Compiling id-arena v2.2.1
[INFO] [stderr]    Compiling bytes v1.7.2
[INFO] [stderr]    Compiling wasm2glulx v0.1.2 (/opt/rustwide/workdir)
[INFO] [stderr]    Compiling quote v1.0.37
[INFO] [stderr]    Compiling gimli v0.26.2
[INFO] [stderr]    Compiling syn v2.0.79
[INFO] [stderr]    Compiling terminal_size v0.4.0
[INFO] [stderr]    Compiling clap_builder v4.5.20
[INFO] [stderr]    Compiling hashbrown v0.14.5
[INFO] [stderr]    Compiling indexmap v2.6.0
[INFO] [stderr]    Compiling wasmparser v0.212.0
[INFO] [stderr]    Compiling glulx-asm v0.1.1
[INFO] [stderr]    Compiling walrus-macro v0.22.0
[INFO] [stderr]    Compiling clap_derive v4.5.18
[INFO] [stderr]    Compiling clap v4.5.20
[INFO] [stderr]    Compiling walrus v0.22.0
[INFO] [stdout] warning: use of deprecated constant `std::f32::NEG_INFINITY`: replaced by the `NEG_INFINITY` associated constant on `f32`
[INFO] [stdout]     --> src/rt.rs:2177:38
[INFO] [stdout]      |
[INFO] [stdout] 2177 |         jeq(lloc(x), f32_to_imm(f32::NEG_INFINITY), choose_x),
[INFO] [stdout]      |                                      ^^^^^^^^^^^^
[INFO] [stdout]      |
[INFO] [stdout]      = note: `#[warn(deprecated)]` on by default
[INFO] [stdout] 
[INFO] [stdout] 
[INFO] [stdout] warning: use of deprecated constant `std::f32::NEG_INFINITY`: replaced by the `NEG_INFINITY` associated constant on `f32`
[INFO] [stdout]     --> src/rt.rs:2178:38
[INFO] [stdout]      |
[INFO] [stdout] 2178 |         jeq(lloc(y), f32_to_imm(f32::NEG_INFINITY), choose_y),
[INFO] [stdout]      |                                      ^^^^^^^^^^^^
[INFO] [stdout] 
[INFO] [stdout] 
[INFO] [stdout] warning: use of deprecated constant `std::f32::INFINITY`: replaced by the `INFINITY` associated constant on `f32`
[INFO] [stdout]     --> src/rt.rs:2179:38
[INFO] [stdout]      |
[INFO] [stdout] 2179 |         jeq(lloc(x), f32_to_imm(f32::INFINITY), choose_y),
[INFO] [stdout]      |                                      ^^^^^^^^
[INFO] [stdout] 
[INFO] [stdout] 
[INFO] [stdout] warning: use of deprecated constant `std::f32::INFINITY`: replaced by the `INFINITY` associated constant on `f32`
[INFO] [stdout]     --> src/rt.rs:2180:38
[INFO] [stdout]      |
[INFO] [stdout] 2180 |         jeq(lloc(y), f32_to_imm(f32::INFINITY), choose_x),
[INFO] [stdout]      |                                      ^^^^^^^^
[INFO] [stdout] 
[INFO] [stdout] 
[INFO] [stdout] warning: use of deprecated constant `std::f32::INFINITY`: replaced by the `INFINITY` associated constant on `f32`
[INFO] [stdout]     --> src/rt.rs:2221:38
[INFO] [stdout]      |
[INFO] [stdout] 2221 |         jeq(lloc(x), f32_to_imm(f32::INFINITY), choose_x),
[INFO] [stdout]      |                                      ^^^^^^^^
[INFO] [stdout] 
[INFO] [stdout] 
[INFO] [stdout] warning: use of deprecated constant `std::f32::INFINITY`: replaced by the `INFINITY` associated constant on `f32`
[INFO] [stdout]     --> src/rt.rs:2222:38
[INFO] [stdout]      |
[INFO] [stdout] 2222 |         jeq(lloc(y), f32_to_imm(f32::INFINITY), choose_y),
[INFO] [stdout]      |                                      ^^^^^^^^
[INFO] [stdout] 
[INFO] [stdout] 
[INFO] [stdout] warning: use of deprecated constant `std::f32::NEG_INFINITY`: replaced by the `NEG_INFINITY` associated constant on `f32`
[INFO] [stdout]     --> src/rt.rs:2223:38
[INFO] [stdout]      |
[INFO] [stdout] 2223 |         jeq(lloc(x), f32_to_imm(f32::NEG_INFINITY), choose_y),
[INFO] [stdout]      |                                      ^^^^^^^^^^^^
[INFO] [stdout] 
[INFO] [stdout] 
[INFO] [stdout] warning: use of deprecated constant `std::f32::NEG_INFINITY`: replaced by the `NEG_INFINITY` associated constant on `f32`
[INFO] [stdout]     --> src/rt.rs:2224:38
[INFO] [stdout]      |
[INFO] [stdout] 2224 |         jeq(lloc(y), f32_to_imm(f32::NEG_INFINITY), choose_x),
[INFO] [stdout]      |                                      ^^^^^^^^^^^^
[INFO] [stdout] 
[INFO] [stdout] 
[INFO] [stdout] warning: use of deprecated constant `std::f64::INFINITY`: replaced by the `INFINITY` associated constant on `f64`
[INFO] [stdout]     --> src/rt.rs:2914:39
[INFO] [stdout]      |
[INFO] [stdout] 2914 |     let (inf_hi, _) = f64_to_imm(f64::INFINITY);
[INFO] [stdout]      |                                       ^^^^^^^^
[INFO] [stdout] 
[INFO] [stdout] 
[INFO] [stdout] warning: use of deprecated constant `std::f64::NEG_INFINITY`: replaced by the `NEG_INFINITY` associated constant on `f64`
[INFO] [stdout]     --> src/rt.rs:2915:42
[INFO] [stdout]      |
[INFO] [stdout] 2915 |     let (neginf_hi, _) = f64_to_imm(f64::NEG_INFINITY);
[INFO] [stdout]      |                                          ^^^^^^^^^^^^
[INFO] [stdout] 
[INFO] [stdout] 
[INFO] [stdout] warning: use of deprecated constant `std::f64::INFINITY`: replaced by the `INFINITY` associated constant on `f64`
[INFO] [stdout]     --> src/rt.rs:2984:39
[INFO] [stdout]      |
[INFO] [stdout] 2984 |     let (inf_hi, _) = f64_to_imm(f64::INFINITY);
[INFO] [stdout]      |                                       ^^^^^^^^
[INFO] [stdout] 
[INFO] [stdout] 
[INFO] [stdout] warning: use of deprecated constant `std::f64::NEG_INFINITY`: replaced by the `NEG_INFINITY` associated constant on `f64`
[INFO] [stdout]     --> src/rt.rs:2985:42
[INFO] [stdout]      |
[INFO] [stdout] 2985 |     let (neginf_hi, _) = f64_to_imm(f64::NEG_INFINITY);
[INFO] [stdout]      |                                          ^^^^^^^^^^^^
[INFO] [stdout] 
[INFO] [stdout] 
[INFO] [stderr]     Finished `dev` profile [unoptimized + debuginfo] target(s) in 23.71s
[INFO] running `Command { std: "docker" "inspect" "fabf20866c0a20371bfb2d538a37cd291d76ad1790e13313748c1c6d0e80036b", kill_on_drop: false }`
[INFO] running `Command { std: "docker" "exec" "-e" "SOURCE_DIR=/opt/rustwide/workdir" "-e" "CARGO_HOME=/opt/rustwide/cargo-home" "-e" "RUSTUP_HOME=/opt/rustwide/rustup-home" "-e" "CARGO_TARGET_DIR=/opt/rustwide/target" "-e" "CARGO_INCREMENTAL=0" "-e" "RUST_BACKTRACE=full" "-e" "RUSTFLAGS=--cap-lints=warn" "-e" "RUSTDOCFLAGS=--cap-lints=warn" "-w" "/opt/rustwide/workdir" "--user" "0:0" "fabf20866c0a20371bfb2d538a37cd291d76ad1790e13313748c1c6d0e80036b" "/opt/rustwide/cargo-home/bin/cargo" "+1.99.0-beta.8" "test" "--frozen" "--no-run" "--message-format=json", kill_on_drop: false }`
[INFO] [stdout] warning: use of deprecated constant `std::f32::NEG_INFINITY`: replaced by the `NEG_INFINITY` associated constant on `f32`
[INFO] [stdout]     --> src/rt.rs:2177:38
[INFO] [stdout]      |
[INFO] [stdout] 2177 |         jeq(lloc(x), f32_to_imm(f32::NEG_INFINITY), choose_x),
[INFO] [stdout]      |                                      ^^^^^^^^^^^^
[INFO] [stdout]      |
[INFO] [stdout]      = note: `#[warn(deprecated)]` on by default
[INFO] [stdout] 
[INFO] [stdout] 
[INFO] [stdout] warning: use of deprecated constant `std::f32::NEG_INFINITY`: replaced by the `NEG_INFINITY` associated constant on `f32`
[INFO] [stdout]     --> src/rt.rs:2178:38
[INFO] [stdout]      |
[INFO] [stdout] 2178 |         jeq(lloc(y), f32_to_imm(f32::NEG_INFINITY), choose_y),
[INFO] [stdout]      |                                      ^^^^^^^^^^^^
[INFO] [stdout] 
[INFO] [stdout] 
[INFO] [stdout] warning: use of deprecated constant `std::f32::INFINITY`: replaced by the `INFINITY` associated constant on `f32`
[INFO] [stdout]     --> src/rt.rs:2179:38
[INFO] [stdout]      |
[INFO] [stdout] 2179 |         jeq(lloc(x), f32_to_imm(f32::INFINITY), choose_y),
[INFO] [stdout]      |                                      ^^^^^^^^
[INFO] [stdout] 
[INFO] [stdout] 
[INFO] [stdout] warning: use of deprecated constant `std::f32::INFINITY`: replaced by the `INFINITY` associated constant on `f32`
[INFO] [stdout]     --> src/rt.rs:2180:38
[INFO] [stdout]      |
[INFO] [stdout] 2180 |         jeq(lloc(y), f32_to_imm(f32::INFINITY), choose_x),
[INFO] [stdout]      |                                      ^^^^^^^^
[INFO] [stdout] 
[INFO] [stdout] 
[INFO] [stdout] warning: use of deprecated constant `std::f32::INFINITY`: replaced by the `INFINITY` associated constant on `f32`
[INFO] [stdout]     --> src/rt.rs:2221:38
[INFO] [stdout]      |
[INFO] [stdout] 2221 |         jeq(lloc(x), f32_to_imm(f32::INFINITY), choose_x),
[INFO] [stdout]      |                                      ^^^^^^^^
[INFO] [stdout] 
[INFO] [stdout] 
[INFO] [stdout] warning: use of deprecated constant `std::f32::INFINITY`: replaced by the `INFINITY` associated constant on `f32`
[INFO] [stdout]     --> src/rt.rs:2222:38
[INFO] [stdout]      |
[INFO] [stdout] 2222 |         jeq(lloc(y), f32_to_imm(f32::INFINITY), choose_y),
[INFO] [stdout]      |                                      ^^^^^^^^
[INFO] [stdout] 
[INFO] [stdout] 
[INFO] [stdout] warning: use of deprecated constant `std::f32::NEG_INFINITY`: replaced by the `NEG_INFINITY` associated constant on `f32`
[INFO] [stdout]     --> src/rt.rs:2223:38
[INFO] [stdout]      |
[INFO] [stdout] 2223 |         jeq(lloc(x), f32_to_imm(f32::NEG_INFINITY), choose_y),
[INFO] [stdout]      |                                      ^^^^^^^^^^^^
[INFO] [stdout] 
[INFO] [stdout] 
[INFO] [stdout] warning: use of deprecated constant `std::f32::NEG_INFINITY`: replaced by the `NEG_INFINITY` associated constant on `f32`
[INFO] [stdout]     --> src/rt.rs:2224:38
[INFO] [stdout]      |
[INFO] [stdout] 2224 |         jeq(lloc(y), f32_to_imm(f32::NEG_INFINITY), choose_x),
[INFO] [stdout]      |                                      ^^^^^^^^^^^^
[INFO] [stdout] 
[INFO] [stdout] 
[INFO] [stdout] warning: use of deprecated constant `std::f64::INFINITY`: replaced by the `INFINITY` associated constant on `f64`
[INFO] [stdout]     --> src/rt.rs:2914:39
[INFO] [stdout]      |
[INFO] [stdout] 2914 |     let (inf_hi, _) = f64_to_imm(f64::INFINITY);
[INFO] [stdout]      |                                       ^^^^^^^^
[INFO] [stdout] 
[INFO] [stdout] 
[INFO] [stdout] warning: use of deprecated constant `std::f64::NEG_INFINITY`: replaced by the `NEG_INFINITY` associated constant on `f64`
[INFO] [stdout]     --> src/rt.rs:2915:42
[INFO] [stdout]      |
[INFO] [stdout] 2915 |     let (neginf_hi, _) = f64_to_imm(f64::NEG_INFINITY);
[INFO] [stdout]      |                                          ^^^^^^^^^^^^
[INFO] [stdout] 
[INFO] [stdout] 
[INFO] [stdout] warning: use of deprecated constant `std::f64::INFINITY`: replaced by the `INFINITY` associated constant on `f64`
[INFO] [stdout]     --> src/rt.rs:2984:39
[INFO] [stdout]      |
[INFO] [stdout] 2984 |     let (inf_hi, _) = f64_to_imm(f64::INFINITY);
[INFO] [stdout]      |                                       ^^^^^^^^
[INFO] [stdout] 
[INFO] [stdout] 
[INFO] [stderr]    Compiling wasm2glulx v0.1.2 (/opt/rustwide/workdir)
[INFO] [stdout] warning: use of deprecated constant `std::f64::NEG_INFINITY`: replaced by the `NEG_INFINITY` associated constant on `f64`
[INFO] [stdout]     --> src/rt.rs:2985:42
[INFO] [stdout]      |
[INFO] [stdout] 2985 |     let (neginf_hi, _) = f64_to_imm(f64::NEG_INFINITY);
[INFO] [stdout]      |                                          ^^^^^^^^^^^^
[INFO] [stdout] 
[INFO] [stdout] 
[INFO] [stdout] error[E0433]: cannot find module or crate `wasm2glulx_spectest_macro` in this scope
[INFO] [stdout]  --> tests/simd_f64x2_cmp.rs:1:1
[INFO] [stdout]   |
[INFO] [stdout] 1 | wasm2glulx_spectest_macro::spectest!("spec-tests/simd_f64x2_cmp.wast");
[INFO] [stdout]   | ^^^^^^^^^^^^^^^^^^^^^^^^^ use of unresolved module or unlinked crate `wasm2glulx_spectest_macro`
[INFO] [stdout] 
[INFO] [stdout] 
[INFO] [stdout] error[E0433]: cannot find module or crate `wasm2glulx_spectest_macro` in this scope
[INFO] [stdout]  --> tests/forward.rs:1:1
[INFO] [stdout]   |
[INFO] [stdout] 1 | wasm2glulx_spectest_macro::spectest!("spec-tests/forward.wast");
[INFO] [stdout]   | ^^^^^^^^^^^^^^^^^^^^^^^^^ use of unresolved module or unlinked crate `wasm2glulx_spectest_macro`
[INFO] [stdout] 
[INFO] [stdout] 
[INFO] [stdout] For more information about this error, try `rustc --explain E0433`.
[INFO] [stdout] 
[INFO] [stdout] For more information about this error, try `rustc --explain E0433`.
[INFO] [stdout] 
[INFO] [stdout] error[E0433]: cannot find module or crate `wasm2glulx_spectest_macro` in this scope
[INFO] [stdout]  --> tests/simd_store32_lane.rs:1:1
[INFO] [stdout]   |
[INFO] [stdout] 1 | wasm2glulx_spectest_macro::spectest!("spec-tests/simd_store32_lane.wast");
[INFO] [stdout]   | ^^^^^^^^^^^^^^^^^^^^^^^^^ use of unresolved module or unlinked crate `wasm2glulx_spectest_macro`
[INFO] [stdout] 
[INFO] [stdout] 
[INFO] [stderr] error: could not compile `wasm2glulx` (test "forward") due to 1 previous error
[INFO] [stderr] warning: build failed, waiting for other jobs to finish...
[INFO] [stdout] error[E0433]: cannot find module or crate `wasm2glulx_spectest_macro` in this scope
[INFO] [stdout]  --> tests/float_exprs.rs:1:1
[INFO] [stdout]   |
[INFO] [stdout] 1 | wasm2glulx_spectest_macro::spectest!("spec-tests/float_exprs.wast");
[INFO] [stdout]   | ^^^^^^^^^^^^^^^^^^^^^^^^^ use of unresolved module or unlinked crate `wasm2glulx_spectest_macro`
[INFO] [stdout] 
[INFO] [stdout] 
[INFO] [stdout] For more information about this error, try `rustc --explain E0433`.
[INFO] [stdout] 
[INFO] [stderr] error: could not compile `wasm2glulx` (test "simd_f64x2_cmp") due to 1 previous error
[INFO] [stderr] error: could not compile `wasm2glulx` (test "simd_store32_lane") due to 1 previous error
[INFO] [stdout] For more information about this error, try `rustc --explain E0433`.
[INFO] [stdout] 
[INFO] [stdout] error[E0433]: cannot find module or crate `wasm2glulx_spectest_macro` in this scope
[INFO] [stdout]  --> tests/simd_load_zero.rs:1:1
[INFO] [stdout]   |
[INFO] [stdout] 1 | wasm2glulx_spectest_macro::spectest!("spec-tests/simd_load_zero.wast");
[INFO] [stdout]   | ^^^^^^^^^^^^^^^^^^^^^^^^^ use of unresolved module or unlinked crate `wasm2glulx_spectest_macro`
[INFO] [stdout] 
[INFO] [stdout] 
[INFO] [stdout] For more information about this error, try `rustc --explain E0433`.
[INFO] [stdout] 
[INFO] [stdout] error[E0433]: cannot find module or crate `wasm2glulx_spectest_macro` in this scope
[INFO] [stdout]  --> tests/store.rs:1:1
[INFO] [stdout]   |
[INFO] [stdout] 1 | wasm2glulx_spectest_macro::spectest!("spec-tests/store.wast");
[INFO] [stdout]   | ^^^^^^^^^^^^^^^^^^^^^^^^^ use of unresolved module or unlinked crate `wasm2glulx_spectest_macro`
[INFO] [stdout] 
[INFO] [stdout] 
[INFO] [stdout] For more information about this error, try `rustc --explain E0433`.
[INFO] [stdout] 
[INFO] [stdout] error[E0433]: cannot find module or crate `wasm2glulx_spectest_macro` in this scope
[INFO] [stdout]  --> tests/local_tee.rs:1:1
[INFO] [stdout]   |
[INFO] [stdout] 1 | wasm2glulx_spectest_macro::spectest!("spec-tests/local_tee.wast");
[INFO] [stdout]   | ^^^^^^^^^^^^^^^^^^^^^^^^^ use of unresolved module or unlinked crate `wasm2glulx_spectest_macro`
[INFO] [stdout] 
[INFO] [stdout] 
[INFO] [stdout] For more information about this error, try `rustc --explain E0433`.
[INFO] [stdout] 
[INFO] [stderr] error: could not compile `wasm2glulx` (test "store") due to 1 previous error
[INFO] [stderr] error: could not compile `wasm2glulx` (test "float_exprs") due to 1 previous error
[INFO] [stderr] error: could not compile `wasm2glulx` (test "simd_load_zero") due to 1 previous error
[INFO] [stdout] error[E0433]: cannot find module or crate `wasm2glulx_spectest_macro` in this scope
[INFO] [stdout]  --> tests/simd_load64_lane.rs:1:1
[INFO] [stdout]   |
[INFO] [stdout] 1 | wasm2glulx_spectest_macro::spectest!("spec-tests/simd_load64_lane.wast");
[INFO] [stdout]   | ^^^^^^^^^^^^^^^^^^^^^^^^^ use of unresolved module or unlinked crate `wasm2glulx_spectest_macro`
[INFO] [stdout] 
[INFO] [stdout] 
[INFO] [stdout] For more information about this error, try `rustc --explain E0433`.
[INFO] [stdout] 
[INFO] [stderr] error: could not compile `wasm2glulx` (test "local_tee") due to 1 previous error
[INFO] [stderr] error: could not compile `wasm2glulx` (test "simd_load64_lane") due to 1 previous error
[INFO] [stdout] error[E0433]: cannot find module or crate `wasm2glulx_spectest_macro` in this scope
[INFO] [stdout]  --> tests/simd_f32x4_pmin_pmax.rs:1:1
[INFO] [stdout]   |
[INFO] [stdout] 1 | wasm2glulx_spectest_macro::spectest!("spec-tests/simd_f32x4_pmin_pmax.wast");
[INFO] [stdout]   | ^^^^^^^^^^^^^^^^^^^^^^^^^ use of unresolved module or unlinked crate `wasm2glulx_spectest_macro`
[INFO] [stdout] 
[INFO] [stdout] 
[INFO] [stdout] error[E0433]: cannot find module or crate `wasm2glulx_spectest_macro` in this scope
[INFO] [stdout]  --> tests/if.rs:1:1
[INFO] [stdout]   |
[INFO] [stdout] 1 | wasm2glulx_spectest_macro::spectest!("spec-tests/if.wast");
[INFO] [stdout]   | ^^^^^^^^^^^^^^^^^^^^^^^^^ use of unresolved module or unlinked crate `wasm2glulx_spectest_macro`
[INFO] [stdout] 
[INFO] [stdout] 
[INFO] [stdout] error[E0433]: cannot find module or crate `wasm2glulx_spectest_macro` in this scope
[INFO] [stdout]  --> tests/memory_size.rs:1:1
[INFO] [stdout]   |
[INFO] [stdout] 1 | wasm2glulx_spectest_macro::spectest!("spec-tests/memory_size.wast");
[INFO] [stdout]   | ^^^^^^^^^^^^^^^^^^^^^^^^^ use of unresolved module or unlinked crate `wasm2glulx_spectest_macro`
[INFO] [stdout] 
[INFO] [stdout] 
[INFO] [stdout] error[E0433]: cannot find module or crate `wasm2glulx_spectest_macro` in this scope
[INFO] [stdout]  --> tests/simd_i16x8_q15mulr_sat_s.rs:1:1
[INFO] [stdout]   |
[INFO] [stdout] 1 | wasm2glulx_spectest_macro::spectest!("spec-tests/simd_i16x8_q15mulr_sat_s.wast");
[INFO] [stdout]   | ^^^^^^^^^^^^^^^^^^^^^^^^^ use of unresolved module or unlinked crate `wasm2glulx_spectest_macro`
[INFO] [stdout] 
[INFO] [stdout] 
[INFO] [stdout] For more information about this error, try `rustc --explain E0433`.
[INFO] [stdout] 
[INFO] [stdout] error[E0433]: cannot find module or crate `wasm2glulx_spectest_macro` in this scope
[INFO] [stdout]  --> tests/simd_i16x8_arith2.rs:1:1
[INFO] [stdout]   |
[INFO] [stdout] 1 | wasm2glulx_spectest_macro::spectest!("spec-tests/simd_i16x8_arith2.wast");
[INFO] [stdout]   | ^^^^^^^^^^^^^^^^^^^^^^^^^ use of unresolved module or unlinked crate `wasm2glulx_spectest_macro`
[INFO] [stdout] 
[INFO] [stdout] 
[INFO] [stdout] error[E0433]: cannot find module or crate `wasm2glulx_spectest_macro` in this scope
[INFO] [stdout]  --> tests/ref_func.rs:1:1
[INFO] [stdout]   |
[INFO] [stdout] 1 | wasm2glulx_spectest_macro::spectest!("spec-tests/ref_func.wast");
[INFO] [stdout]   | ^^^^^^^^^^^^^^^^^^^^^^^^^ use of unresolved module or unlinked crate `wasm2glulx_spectest_macro`
[INFO] [stdout] 
[INFO] [stdout] 
[INFO] [stdout] For more information about this error, try `rustc --explain E0433`.
[INFO] [stdout] 
[INFO] [stdout] For more information about this error, try `rustc --explain E0433`.
[INFO] [stdout] 
[INFO] [stderr] error: could not compile `wasm2glulx` (test "if") due to 1 previous error
[INFO] [stdout] For more information about this error, try `rustc --explain E0433`.
[INFO] [stdout] 
[INFO] [stderr] error: could not compile `wasm2glulx` (test "ref_func") due to 1 previous error
[INFO] [stdout] For more information about this error, try `rustc --explain E0433`.
[INFO] [stdout] 
[INFO] [stdout] For more information about this error, try `rustc --explain E0433`.
[INFO] [stdout] 
[INFO] [stderr] error: could not compile `wasm2glulx` (test "simd_i16x8_arith2") due to 1 previous error
[INFO] [stdout] error[E0433]: cannot find module or crate `wasm2glulx_spectest_macro` in this scope
[INFO] [stdout]  --> tests/left-to-right.rs:1:1
[INFO] [stdout]   |
[INFO] [stdout] 1 | wasm2glulx_spectest_macro::spectest!("spec-tests/left-to-right.wast");
[INFO] [stdout]   | ^^^^^^^^^^^^^^^^^^^^^^^^^ use of unresolved module or unlinked crate `wasm2glulx_spectest_macro`
[INFO] [stdout] 
[INFO] [stdout] 
[INFO] [stdout] For more information about this error, try `rustc --explain E0433`.
[INFO] [stdout] 
[INFO] [stderr] error: could not compile `wasm2glulx` (test "simd_i16x8_q15mulr_sat_s") due to 1 previous error
[INFO] [stderr] error: could not compile `wasm2glulx` (test "left-to-right") due to 1 previous error
[INFO] [stderr] error: could not compile `wasm2glulx` (test "memory_size") due to 1 previous error
[INFO] [stderr] error: could not compile `wasm2glulx` (test "simd_f32x4_pmin_pmax") due to 1 previous error
[INFO] [stdout] warning: use of deprecated constant `std::f32::NEG_INFINITY`: replaced by the `NEG_INFINITY` associated constant on `f32`
[INFO] [stdout]     --> src/rt.rs:2177:38
[INFO] [stdout]      |
[INFO] [stdout] 2177 |         jeq(lloc(x), f32_to_imm(f32::NEG_INFINITY), choose_x),
[INFO] [stdout]      |                                      ^^^^^^^^^^^^
[INFO] [stdout]      |
[INFO] [stdout]      = note: `#[warn(deprecated)]` on by default
[INFO] [stdout] 
[INFO] [stdout] 
[INFO] [stdout] warning: use of deprecated constant `std::f32::NEG_INFINITY`: replaced by the `NEG_INFINITY` associated constant on `f32`
[INFO] [stdout]     --> src/rt.rs:2178:38
[INFO] [stdout]      |
[INFO] [stdout] 2178 |         jeq(lloc(y), f32_to_imm(f32::NEG_INFINITY), choose_y),
[INFO] [stdout]      |                                      ^^^^^^^^^^^^
[INFO] [stdout] 
[INFO] [stdout] 
[INFO] [stdout] warning: use of deprecated constant `std::f32::INFINITY`: replaced by the `INFINITY` associated constant on `f32`
[INFO] [stdout]     --> src/rt.rs:2179:38
[INFO] [stdout]      |
[INFO] [stdout] 2179 |         jeq(lloc(x), f32_to_imm(f32::INFINITY), choose_y),
[INFO] [stdout]      |                                      ^^^^^^^^
[INFO] [stdout] 
[INFO] [stdout] 
[INFO] [stdout] warning: use of deprecated constant `std::f32::INFINITY`: replaced by the `INFINITY` associated constant on `f32`
[INFO] [stdout]     --> src/rt.rs:2180:38
[INFO] [stdout]      |
[INFO] [stdout] 2180 |         jeq(lloc(y), f32_to_imm(f32::INFINITY), choose_x),
[INFO] [stdout]      |                                      ^^^^^^^^
[INFO] [stdout] 
[INFO] [stdout] 
[INFO] [stdout] warning: use of deprecated constant `std::f32::INFINITY`: replaced by the `INFINITY` associated constant on `f32`
[INFO] [stdout]     --> src/rt.rs:2221:38
[INFO] [stdout]      |
[INFO] [stdout] 2221 |         jeq(lloc(x), f32_to_imm(f32::INFINITY), choose_x),
[INFO] [stdout]      |                                      ^^^^^^^^
[INFO] [stdout] 
[INFO] [stdout] 
[INFO] [stdout] warning: use of deprecated constant `std::f32::INFINITY`: replaced by the `INFINITY` associated constant on `f32`
[INFO] [stdout]     --> src/rt.rs:2222:38
[INFO] [stdout]      |
[INFO] [stdout] 2222 |         jeq(lloc(y), f32_to_imm(f32::INFINITY), choose_y),
[INFO] [stdout]      |                                      ^^^^^^^^
[INFO] [stdout] 
[INFO] [stdout] 
[INFO] [stdout] warning: use of deprecated constant `std::f32::NEG_INFINITY`: replaced by the `NEG_INFINITY` associated constant on `f32`
[INFO] [stdout]     --> src/rt.rs:2223:38
[INFO] [stdout]      |
[INFO] [stdout] 2223 |         jeq(lloc(x), f32_to_imm(f32::NEG_INFINITY), choose_y),
[INFO] [stdout]      |                                      ^^^^^^^^^^^^
[INFO] [stdout] 
[INFO] [stdout] 
[INFO] [stdout] warning: use of deprecated constant `std::f32::NEG_INFINITY`: replaced by the `NEG_INFINITY` associated constant on `f32`
[INFO] [stdout]     --> src/rt.rs:2224:38
[INFO] [stdout]      |
[INFO] [stdout] 2224 |         jeq(lloc(y), f32_to_imm(f32::NEG_INFINITY), choose_x),
[INFO] [stdout]      |                                      ^^^^^^^^^^^^
[INFO] [stdout] 
[INFO] [stdout] 
[INFO] [stdout] warning: use of deprecated constant `std::f64::INFINITY`: replaced by the `INFINITY` associated constant on `f64`
[INFO] [stdout]     --> src/rt.rs:2914:39
[INFO] [stdout]      |
[INFO] [stdout] 2914 |     let (inf_hi, _) = f64_to_imm(f64::INFINITY);
[INFO] [stdout]      |                                       ^^^^^^^^
[INFO] [stdout] 
[INFO] [stdout] 
[INFO] [stdout] warning: use of deprecated constant `std::f64::NEG_INFINITY`: replaced by the `NEG_INFINITY` associated constant on `f64`
[INFO] [stdout]     --> src/rt.rs:2915:42
[INFO] [stdout]      |
[INFO] [stdout] 2915 |     let (neginf_hi, _) = f64_to_imm(f64::NEG_INFINITY);
[INFO] [stdout]      |                                          ^^^^^^^^^^^^
[INFO] [stdout] 
[INFO] [stdout] 
[INFO] [stdout] warning: use of deprecated constant `std::f64::INFINITY`: replaced by the `INFINITY` associated constant on `f64`
[INFO] [stdout]     --> src/rt.rs:2984:39
[INFO] [stdout]      |
[INFO] [stdout] 2984 |     let (inf_hi, _) = f64_to_imm(f64::INFINITY);
[INFO] [stdout]      |                                       ^^^^^^^^
[INFO] [stdout] 
[INFO] [stdout] 
[INFO] [stdout] warning: use of deprecated constant `std::f64::NEG_INFINITY`: replaced by the `NEG_INFINITY` associated constant on `f64`
[INFO] [stdout]     --> src/rt.rs:2985:42
[INFO] [stdout]      |
[INFO] [stdout] 2985 |     let (neginf_hi, _) = f64_to_imm(f64::NEG_INFINITY);
[INFO] [stdout]      |                                          ^^^^^^^^^^^^
[INFO] [stdout] 
[INFO] [stdout] 
[INFO] running `Command { std: "docker" "inspect" "fabf20866c0a20371bfb2d538a37cd291d76ad1790e13313748c1c6d0e80036b", kill_on_drop: false }`
[INFO] running `Command { std: "docker" "rm" "-f" "fabf20866c0a20371bfb2d538a37cd291d76ad1790e13313748c1c6d0e80036b", kill_on_drop: false }`
[INFO] [stdout] fabf20866c0a20371bfb2d538a37cd291d76ad1790e13313748c1c6d0e80036b
