[INFO] fetching crate wasip3 0.9.0+wasi-0.3.0...
[INFO] testing wasip3-0.9.0+wasi-0.3.0 against 1.100.0-beta.1 for beta-1.100-2
[INFO] extracting crate wasip3 0.9.0+wasi-0.3.0 into /workspace/builds/worker-3-tc2/source
[INFO] started tweaking crates.io crate wasip3 0.9.0+wasi-0.3.0
[INFO] removed 0 missing examples
[INFO] finished tweaking crates.io crate wasip3 0.9.0+wasi-0.3.0
[INFO] tweaked toml for crates.io crate wasip3 0.9.0+wasi-0.3.0 written to /workspace/builds/worker-3-tc2/source/Cargo.toml
[INFO] validating manifest of crates.io crate wasip3 0.9.0+wasi-0.3.0 on toolchain 1.100.0-beta.1
[INFO] running `Command { std: CARGO_HOME="/workspace/cargo-home" RUSTUP_HOME="/workspace/rustup-home" "/workspace/cargo-home/bin/cargo" "+1.100.0-beta.1" "metadata" "--manifest-path" "Cargo.toml" "--no-deps", kill_on_drop: false }`
[INFO] crate crates.io crate wasip3 0.9.0+wasi-0.3.0 already has a lockfile, it will not be regenerated
[INFO] running `Command { std: CARGO_HOME="/workspace/cargo-home" RUSTUP_HOME="/workspace/rustup-home" "/workspace/cargo-home/bin/cargo" "+1.100.0-beta.1" "fetch" "--manifest-path" "Cargo.toml", kill_on_drop: false }`
[INFO] running `Command { std: "docker" "create" "-v" "/var/lib/crater-agent-workspace/builds/worker-3-tc2/source:/opt/rustwide/workdir:ro,Z" "-v" "/var/lib/crater-agent-workspace/builds/worker-3-tc2/target:/opt/rustwide/target:rw,Z" "-v" "/var/lib/crater-agent-workspace/cargo-home:/opt/rustwide/cargo-home:ro,Z" "-v" "/var/lib/crater-agent-workspace/rustup-home:/opt/rustwide/rustup-home:ro,Z" "-m" "1610612736" "--network" "none" "ghcr.io/rust-lang/crates-build-env/linux@sha256:3111399a4047eeb3a02b7a90e478d715f38a8c6669b5c4b49d30a17385265909" "sleep" "infinity", kill_on_drop: false }`
[INFO] [stdout] ceaa8277ab2627c7f72425e9d52df077f3283c037895c44187c02936d8ba6d75
[INFO] running `Command { std: "docker" "start" "ceaa8277ab2627c7f72425e9d52df077f3283c037895c44187c02936d8ba6d75", kill_on_drop: false }`
[INFO] running `Command { std: "docker" "inspect" "ceaa8277ab2627c7f72425e9d52df077f3283c037895c44187c02936d8ba6d75", kill_on_drop: false }`
[INFO] running `Command { std: "docker" "exec" "-e" "SOURCE_DIR=/opt/rustwide/workdir" "-e" "CARGO_HOME=/opt/rustwide/cargo-home" "-e" "RUSTUP_HOME=/opt/rustwide/rustup-home" "-e" "CARGO_TARGET_DIR=/opt/rustwide/target" "-w" "/opt/rustwide/workdir" "--user" "0:0" "ceaa8277ab2627c7f72425e9d52df077f3283c037895c44187c02936d8ba6d75" "/opt/rustwide/cargo-home/bin/cargo" "+1.100.0-beta.1" "metadata" "--no-deps" "--format-version=1", kill_on_drop: false }`
[INFO] running `Command { std: "docker" "inspect" "ceaa8277ab2627c7f72425e9d52df077f3283c037895c44187c02936d8ba6d75", kill_on_drop: false }`
[INFO] running `Command { std: "docker" "exec" "-e" "SOURCE_DIR=/opt/rustwide/workdir" "-e" "CARGO_HOME=/opt/rustwide/cargo-home" "-e" "RUSTUP_HOME=/opt/rustwide/rustup-home" "-e" "CARGO_TARGET_DIR=/opt/rustwide/target" "-e" "CARGO_INCREMENTAL=0" "-e" "RUST_BACKTRACE=full" "-e" "RUSTFLAGS=--cap-lints=warn" "-e" "RUSTDOCFLAGS=--cap-lints=warn" "-w" "/opt/rustwide/workdir" "--user" "0:0" "ceaa8277ab2627c7f72425e9d52df077f3283c037895c44187c02936d8ba6d75" "/opt/rustwide/cargo-home/bin/cargo" "+1.100.0-beta.1" "build" "--frozen" "--message-format=json", kill_on_drop: false }`
[INFO] [stderr]    Compiling wit-bindgen v0.62.0
[INFO] [stderr]    Compiling bitflags v2.13.2
[INFO] [stderr]    Compiling wasip3 v0.9.0+wasi-0.3.0 (/opt/rustwide/workdir)
[INFO] [stderr]     Finished `dev` profile [unoptimized + debuginfo] target(s) in 2.52s
[INFO] running `Command { std: "docker" "inspect" "ceaa8277ab2627c7f72425e9d52df077f3283c037895c44187c02936d8ba6d75", kill_on_drop: false }`
[INFO] running `Command { std: "docker" "exec" "-e" "SOURCE_DIR=/opt/rustwide/workdir" "-e" "CARGO_HOME=/opt/rustwide/cargo-home" "-e" "RUSTUP_HOME=/opt/rustwide/rustup-home" "-e" "CARGO_TARGET_DIR=/opt/rustwide/target" "-e" "CARGO_INCREMENTAL=0" "-e" "RUST_BACKTRACE=full" "-e" "RUSTFLAGS=--cap-lints=warn" "-e" "RUSTDOCFLAGS=--cap-lints=warn" "-w" "/opt/rustwide/workdir" "--user" "0:0" "ceaa8277ab2627c7f72425e9d52df077f3283c037895c44187c02936d8ba6d75" "/opt/rustwide/cargo-home/bin/cargo" "+1.100.0-beta.1" "test" "--frozen" "--no-run" "--message-format=json", kill_on_drop: false }`
[INFO] [stderr]    Compiling wit-bindgen v0.62.0
[INFO] [stderr]    Compiling http v1.5.0
[INFO] [stderr]    Compiling futures-macro v0.3.34
[INFO] [stderr]    Compiling futures-util v0.3.34
[INFO] [stderr]    Compiling futures-executor v0.3.34
[INFO] [stderr]    Compiling futures v0.3.34
[INFO] [stderr]    Compiling wasip3 v0.9.0+wasi-0.3.0 (/opt/rustwide/workdir)
[INFO] [stdout] error: linking with `cc` failed: exit status: 1
[INFO] [stdout]   |
[INFO] [stdout]   = note:  "cc" "-Wl,--version-script=/opt/rustwide/target/debug/build/wasip3/b8d318f19c7a58ff/out/rustckA1p6h/list" "-Wl,--no-undefined-version" "-m64" "/opt/rustwide/target/debug/build/wasip3/b8d318f19c7a58ff/out/rustckA1p6h/symbols.o" "<2 object files omitted>" "-Wl,--as-needed" "-Wl,-Bstatic" "/opt/rustwide/target/debug/build/wasip3/d54a6a35061005dd/out/libwasip3-d54a6a35061005dd.rlib" "/opt/rustwide/target/debug/build/wit-bindgen/03f87c6d208577ed/out/libwit_bindgen-03f87c6d208577ed.rlib" "/opt/rustwide/target/debug/build/futures/328923733ae30fc3/out/libfutures-328923733ae30fc3.rlib" "/opt/rustwide/target/debug/build/futures-executor/0057091accd4ec57/out/libfutures_executor-0057091accd4ec57.rlib" "/opt/rustwide/target/debug/build/futures-util/02dab843b1beea0c/out/libfutures_util-02dab843b1beea0c.rlib" "/opt/rustwide/target/debug/build/memchr/a932478bde794617/out/libmemchr-a932478bde794617.rlib" "/opt/rustwide/target/debug/build/futures-io/2de19dd835d0513d/out/libfutures_io-2de19dd835d0513d.rlib" "/opt/rustwide/target/debug/build/slab/ed301aba3460fb05/out/libslab-ed301aba3460fb05.rlib" "/opt/rustwide/target/debug/build/futures-channel/2dc41537f4299223/out/libfutures_channel-2dc41537f4299223.rlib" "/opt/rustwide/target/debug/build/pin-project-lite/0a15d51c77964692/out/libpin_project_lite-0a15d51c77964692.rlib" "/opt/rustwide/target/debug/build/futures-sink/409332721b5d54fd/out/libfutures_sink-409332721b5d54fd.rlib" "/opt/rustwide/target/debug/build/futures-task/06c0578367ad4cff/out/libfutures_task-06c0578367ad4cff.rlib" "/opt/rustwide/target/debug/build/futures-core/7329789085bca638/out/libfutures_core-7329789085bca638.rlib" "/opt/rustwide/target/debug/build/bitflags/f1dadb638be7cd27/out/libbitflags-f1dadb638be7cd27.rlib" "<sysroot>/lib/rustlib/x86_64-unknown-linux-gnu/lib/{libstd-*,libpanic_unwind-*,libobject-*,libmemchr-*,libaddr2line-*,libgimli-*,libcfg_if-*,librustc_demangle-*,libstd_detect-*,libhashbrown-*,librustc_std_workspace_alloc-*,libminiz_oxide-*,libadler2-*,libunwind-*,liblibc-*,librustc_std_workspace_core-*,liballoc-*,libcore-*,libcompiler_builtins-*}.rlib" "-Wl,-Bdynamic" "-lgcc_s" "-lutil" "-lrt" "-lpthread" "-lm" "-ldl" "-lc" "-L" "/opt/rustwide/target/debug/build/wasip3/b8d318f19c7a58ff/out/rustckA1p6h/raw-dylibs" "-B<sysroot>/lib/rustlib/x86_64-unknown-linux-gnu/bin/gcc-ld" "-fuse-ld=lld" "-Wl,--eh-frame-hdr" "-Wl,-z,noexecstack" "-L" "<sysroot>/lib/rustlib/x86_64-unknown-linux-gnu/lib" "-o" "/opt/rustwide/target/debug/build/wasip3/b8d318f19c7a58ff/out/libcli_command-b8d318f19c7a58ff.so" "-Wl,--gc-sections" "-shared" "-Wl,-z,relro,-z,now" "-nodefaultlibs"
[INFO] [stdout]   = note: some arguments are omitted. use `--verbose` to show all linker arguments
[INFO] [stdout]   = note: rust-lld: error: /opt/rustwide/target/debug/build/wasip3/b8d318f19c7a58ff/out/rustckA1p6h/list:3: ; expected, but got :
[INFO] [stdout]           >>>     [async-lift]wasi:cli/run@0.3.0#run;
[INFO] [stdout]           >>>                     ^
[INFO] [stdout]           collect2: error: ld returned 1 exit status
[INFO] [stdout]           
[INFO] [stdout] 
[INFO] [stdout] 
[INFO] [stderr] error: could not compile `wasip3` (example "cli-command") due to 1 previous error
[INFO] [stderr] warning: build failed, waiting for other jobs to finish...
[INFO] [stdout] error: linking with `cc` failed: exit status: 1
[INFO] [stdout]   |
[INFO] [stdout]   = note:  "cc" "-Wl,--version-script=/opt/rustwide/target/debug/build/wasip3/7f228f316d82fe6a/out/rustcWc9HxD/list" "-Wl,--no-undefined-version" "-m64" "/opt/rustwide/target/debug/build/wasip3/7f228f316d82fe6a/out/rustcWc9HxD/symbols.o" "<3 object files omitted>" "-Wl,--as-needed" "-Wl,-Bstatic" "/opt/rustwide/target/debug/build/http/0cd9be9a4e5a2536/out/libhttp-0cd9be9a4e5a2536.rlib" "/opt/rustwide/target/debug/build/itoa/5de11b3b23bfe572/out/libitoa-5de11b3b23bfe572.rlib" "/opt/rustwide/target/debug/build/bytes/5f66263ae3d5daa8/out/libbytes-5f66263ae3d5daa8.rlib" "/opt/rustwide/target/debug/build/wasip3/d54a6a35061005dd/out/libwasip3-d54a6a35061005dd.rlib" "/opt/rustwide/target/debug/build/wit-bindgen/03f87c6d208577ed/out/libwit_bindgen-03f87c6d208577ed.rlib" "/opt/rustwide/target/debug/build/futures/328923733ae30fc3/out/libfutures-328923733ae30fc3.rlib" "/opt/rustwide/target/debug/build/futures-executor/0057091accd4ec57/out/libfutures_executor-0057091accd4ec57.rlib" "/opt/rustwide/target/debug/build/futures-util/02dab843b1beea0c/out/libfutures_util-02dab843b1beea0c.rlib" "/opt/rustwide/target/debug/build/memchr/a932478bde794617/out/libmemchr-a932478bde794617.rlib" "/opt/rustwide/target/debug/build/futures-io/2de19dd835d0513d/out/libfutures_io-2de19dd835d0513d.rlib" "/opt/rustwide/target/debug/build/slab/ed301aba3460fb05/out/libslab-ed301aba3460fb05.rlib" "/opt/rustwide/target/debug/build/futures-channel/2dc41537f4299223/out/libfutures_channel-2dc41537f4299223.rlib" "/opt/rustwide/target/debug/build/pin-project-lite/0a15d51c77964692/out/libpin_project_lite-0a15d51c77964692.rlib" "/opt/rustwide/target/debug/build/futures-sink/409332721b5d54fd/out/libfutures_sink-409332721b5d54fd.rlib" "/opt/rustwide/target/debug/build/futures-task/06c0578367ad4cff/out/libfutures_task-06c0578367ad4cff.rlib" "/opt/rustwide/target/debug/build/futures-core/7329789085bca638/out/libfutures_core-7329789085bca638.rlib" "/opt/rustwide/target/debug/build/bitflags/f1dadb638be7cd27/out/libbitflags-f1dadb638be7cd27.rlib" "<sysroot>/lib/rustlib/x86_64-unknown-linux-gnu/lib/{libstd-*,libpanic_unwind-*,libobject-*,libmemchr-*,libaddr2line-*,libgimli-*,libcfg_if-*,librustc_demangle-*,libstd_detect-*,libhashbrown-*,librustc_std_workspace_alloc-*,libminiz_oxide-*,libadler2-*,libunwind-*,liblibc-*,librustc_std_workspace_core-*,liballoc-*,libcore-*,libcompiler_builtins-*}.rlib" "-Wl,-Bdynamic" "-lgcc_s" "-lutil" "-lrt" "-lpthread" "-lm" "-ldl" "-lc" "-L" "/opt/rustwide/target/debug/build/wasip3/7f228f316d82fe6a/out/rustcWc9HxD/raw-dylibs" "-B<sysroot>/lib/rustlib/x86_64-unknown-linux-gnu/bin/gcc-ld" "-fuse-ld=lld" "-Wl,--eh-frame-hdr" "-Wl,-z,noexecstack" "-L" "<sysroot>/lib/rustlib/x86_64-unknown-linux-gnu/lib" "-o" "/opt/rustwide/target/debug/build/wasip3/7f228f316d82fe6a/out/libhttp_proxy-7f228f316d82fe6a.so" "-Wl,--gc-sections" "-shared" "-Wl,-z,relro,-z,now" "-nodefaultlibs"
[INFO] [stdout]   = note: some arguments are omitted. use `--verbose` to show all linker arguments
[INFO] [stdout]   = note: rust-lld: error: /opt/rustwide/target/debug/build/wasip3/7f228f316d82fe6a/out/rustcWc9HxD/list:3: ; expected, but got :
[INFO] [stdout]           >>>     [async-lift]wasi:http/handler@0.3.0#handle;
[INFO] [stdout]           >>>                     ^
[INFO] [stdout]           collect2: error: ld returned 1 exit status
[INFO] [stdout]           
[INFO] [stdout] 
[INFO] [stdout] 
[INFO] [stderr] error: could not compile `wasip3` (example "http-proxy") due to 1 previous error
[INFO] running `Command { std: "docker" "inspect" "ceaa8277ab2627c7f72425e9d52df077f3283c037895c44187c02936d8ba6d75", kill_on_drop: false }`
[INFO] running `Command { std: "docker" "rm" "-f" "ceaa8277ab2627c7f72425e9d52df077f3283c037895c44187c02936d8ba6d75", kill_on_drop: false }`
[INFO] [stdout] ceaa8277ab2627c7f72425e9d52df077f3283c037895c44187c02936d8ba6d75
