[INFO] fetching crate wasi-jsonrpsee-http-client 0.26.1...
[INFO] testing wasi-jsonrpsee-http-client-0.26.1 against 1.99.0-beta.8 for beta-1.100-2
[INFO] extracting crate wasi-jsonrpsee-http-client 0.26.1 into /workspace/builds/worker-3-tc1/source
[INFO] started tweaking crates.io crate wasi-jsonrpsee-http-client 0.26.1
[INFO] finished tweaking crates.io crate wasi-jsonrpsee-http-client 0.26.1
[INFO] tweaked toml for crates.io crate wasi-jsonrpsee-http-client 0.26.1 written to /workspace/builds/worker-3-tc1/source/Cargo.toml
[INFO] validating manifest of crates.io crate wasi-jsonrpsee-http-client 0.26.1 on toolchain 1.99.0-beta.8
[INFO] running `Command { std: CARGO_HOME="/workspace/cargo-home" RUSTUP_HOME="/workspace/rustup-home" "/workspace/cargo-home/bin/cargo" "+1.99.0-beta.8" "metadata" "--manifest-path" "Cargo.toml" "--no-deps", kill_on_drop: false }`
[INFO] crate crates.io crate wasi-jsonrpsee-http-client 0.26.1 already has a lockfile, it will not be regenerated
[INFO] running `Command { std: CARGO_HOME="/workspace/cargo-home" RUSTUP_HOME="/workspace/rustup-home" "/workspace/cargo-home/bin/cargo" "+1.99.0-beta.8" "fetch" "--manifest-path" "Cargo.toml", kill_on_drop: false }`
[INFO] [stderr]     Updating crates.io index
[INFO] [stderr]  Downloading crates ...
[INFO] [stderr]   Downloaded pin-project-internal v1.1.12
[INFO] [stderr]   Downloaded wasi-jsonrpsee-types v0.26.1
[INFO] [stderr]   Downloaded wasi-jsonrpsee-core v0.26.1
[INFO] [stderr]   Downloaded pin-project v1.1.12
[INFO] [stderr]   Downloaded rustls-rustcrypto v0.0.2-alpha
[INFO] [stderr]   Downloaded tokio v1.52.2
[INFO] [stderr]   Downloaded webpki-root-certs v0.26.11
[INFO] [stderr]   Downloaded rustls-platform-verifier v0.5.3
[INFO] [stderr]   Downloaded h2 v0.4.14
[INFO] running `Command { std: "docker" "create" "-v" "/var/lib/crater-agent-workspace/builds/worker-3-tc1/source:/opt/rustwide/workdir:ro,Z" "-v" "/var/lib/crater-agent-workspace/builds/worker-3-tc1/target:/opt/rustwide/target:rw,Z" "-v" "/var/lib/crater-agent-workspace/cargo-home:/opt/rustwide/cargo-home:ro,Z" "-v" "/var/lib/crater-agent-workspace/rustup-home:/opt/rustwide/rustup-home:ro,Z" "-m" "1610612736" "--network" "none" "ghcr.io/rust-lang/crates-build-env/linux@sha256:3111399a4047eeb3a02b7a90e478d715f38a8c6669b5c4b49d30a17385265909" "sleep" "infinity", kill_on_drop: false }`
[INFO] [stdout] 0bb0c4a02a3a9e1b894f829a8e0915f29ea1dcfcbc8b26e0e460cd307f9903c1
[INFO] running `Command { std: "docker" "start" "0bb0c4a02a3a9e1b894f829a8e0915f29ea1dcfcbc8b26e0e460cd307f9903c1", kill_on_drop: false }`
[INFO] running `Command { std: "docker" "inspect" "0bb0c4a02a3a9e1b894f829a8e0915f29ea1dcfcbc8b26e0e460cd307f9903c1", kill_on_drop: false }`
[INFO] running `Command { std: "docker" "exec" "-e" "SOURCE_DIR=/opt/rustwide/workdir" "-e" "CARGO_HOME=/opt/rustwide/cargo-home" "-e" "RUSTUP_HOME=/opt/rustwide/rustup-home" "-e" "CARGO_TARGET_DIR=/opt/rustwide/target" "-w" "/opt/rustwide/workdir" "--user" "0:0" "0bb0c4a02a3a9e1b894f829a8e0915f29ea1dcfcbc8b26e0e460cd307f9903c1" "/opt/rustwide/cargo-home/bin/cargo" "+1.99.0-beta.8" "metadata" "--no-deps" "--format-version=1", kill_on_drop: false }`
[INFO] running `Command { std: "docker" "inspect" "0bb0c4a02a3a9e1b894f829a8e0915f29ea1dcfcbc8b26e0e460cd307f9903c1", kill_on_drop: false }`
[INFO] running `Command { std: "docker" "exec" "-e" "SOURCE_DIR=/opt/rustwide/workdir" "-e" "CARGO_HOME=/opt/rustwide/cargo-home" "-e" "RUSTUP_HOME=/opt/rustwide/rustup-home" "-e" "CARGO_TARGET_DIR=/opt/rustwide/target" "-e" "CARGO_INCREMENTAL=0" "-e" "RUST_BACKTRACE=full" "-e" "RUSTFLAGS=--cap-lints=warn" "-e" "RUSTDOCFLAGS=--cap-lints=warn" "-w" "/opt/rustwide/workdir" "--user" "0:0" "0bb0c4a02a3a9e1b894f829a8e0915f29ea1dcfcbc8b26e0e460cd307f9903c1" "/opt/rustwide/cargo-home/bin/cargo" "+1.99.0-beta.8" "build" "--frozen" "--message-format=json", kill_on_drop: false }`
[INFO] [stderr]    Compiling zeroize_derive v1.4.3
[INFO] [stderr]    Compiling typenum v1.20.0
[INFO] [stderr]    Compiling base64ct v1.8.3
[INFO] [stderr]    Compiling libc v0.2.186
[INFO] [stderr]    Compiling num-traits v0.2.19
[INFO] [stderr]    Compiling rustls v0.23.40
[INFO] [stderr]    Compiling curve25519-dalek v4.1.3
[INFO] [stderr]    Compiling tracing v0.1.44
[INFO] [stderr]    Compiling ppv-lite86 v0.2.21
[INFO] [stderr]    Compiling futures-task v0.3.32
[INFO] [stderr]    Compiling hashbrown v0.17.0
[INFO] [stderr]    Compiling icu_locale_core v2.1.1
[INFO] [stderr]    Compiling icu_collections v2.1.1
[INFO] [stderr]    Compiling curve25519-dalek-derive v0.1.1
[INFO] [stderr]    Compiling serde_json v1.0.149
[INFO] [stderr]    Compiling num-bigint-dig v0.8.6
[INFO] [stderr]    Compiling serde v1.0.228
[INFO] [stderr]    Compiling futures-util v0.3.32
[INFO] [stderr]    Compiling spin v0.9.8
[INFO] [stderr]    Compiling pin-project-internal v1.1.12
[INFO] [stderr]    Compiling wasi-jsonrpsee-http-client v0.26.1 (/opt/rustwide/workdir)
[INFO] [stderr]    Compiling lazy_static v1.5.0
[INFO] [stdout] warning: trailing semicolon in macro used in expression position
[INFO] [stdout]  --> build.rs:4:5
[INFO] [stdout]   |
[INFO] [stdout] 4 | /     cfg_aliases::cfg_aliases! {
[INFO] [stdout] 5 | |         wasip2: { all(target_os = "wasi", target_env = "p2") },
[INFO] [stdout] 6 | |     }
[INFO] [stdout]   | |_____^
[INFO] [stdout]   |
[INFO] [stdout]   = warning: this was previously accepted by the compiler but is being phased out; it will become a hard error in a future release!
[INFO] [stdout]   = note: for more information, see issue #79813 <https://github.com/rust-lang/rust/issues/79813>
[INFO] [stdout]   = note: `#[warn(semicolon_in_expressions_from_non_local_macros)]` (part of `#[warn(future_incompatible)]`) on by default
[INFO] [stdout]   = note: this warning originates in the macro `$crate::cfg_aliases` which comes from the expansion of the macro `cfg_aliases::cfg_aliases` (in Nightly builds, run with -Z macro-backtrace for more info)
[INFO] [stdout] 
[INFO] [stdout] 
[INFO] [stdout] warning: trailing semicolon in macro used in expression position
[INFO] [stdout]  --> build.rs:4:5
[INFO] [stdout]   |
[INFO] [stdout] 4 | /     cfg_aliases::cfg_aliases! {
[INFO] [stdout] 5 | |         wasip2: { all(target_os = "wasi", target_env = "p2") },
[INFO] [stdout] 6 | |     }
[INFO] [stdout]   | |_____^
[INFO] [stdout]   |
[INFO] [stdout]   = warning: this was previously accepted by the compiler but is being phased out; it will become a hard error in a future release!
[INFO] [stdout]   = note: for more information, see issue #79813 <https://github.com/rust-lang/rust/issues/79813>
[INFO] [stdout]   = note: this warning originates in the macro `$crate::cfg_aliases` which comes from the expansion of the macro `cfg_aliases::cfg_aliases` (in Nightly builds, run with -Z macro-backtrace for more info)
[INFO] [stdout] 
[INFO] [stdout] 
[INFO] [stdout] warning: trailing semicolon in macro used in expression position
[INFO] [stdout]  --> build.rs:4:5
[INFO] [stdout]   |
[INFO] [stdout] 4 | /     cfg_aliases::cfg_aliases! {
[INFO] [stdout] 5 | |         wasip2: { all(target_os = "wasi", target_env = "p2") },
[INFO] [stdout] 6 | |     }
[INFO] [stdout]   | |_____^
[INFO] [stdout]   |
[INFO] [stdout]   = warning: this was previously accepted by the compiler but is being phased out; it will become a hard error in a future release!
[INFO] [stdout]   = note: for more information, see issue #79813 <https://github.com/rust-lang/rust/issues/79813>
[INFO] [stdout]   = note: this warning originates in the macro `$crate::cfg_aliases` which comes from the expansion of the macro `cfg_aliases::cfg_aliases` (in Nightly builds, run with -Z macro-backtrace for more info)
[INFO] [stdout] 
[INFO] [stdout] 
[INFO] [stdout] warning: trailing semicolon in macro used in expression position
[INFO] [stdout]  --> build.rs:4:5
[INFO] [stdout]   |
[INFO] [stdout] 4 | /     cfg_aliases::cfg_aliases! {
[INFO] [stdout] 5 | |         wasip2: { all(target_os = "wasi", target_env = "p2") },
[INFO] [stdout] 6 | |     }
[INFO] [stdout]   | |_____^
[INFO] [stdout]   |
[INFO] [stdout]   = warning: this was previously accepted by the compiler but is being phased out; it will become a hard error in a future release!
[INFO] [stdout]   = note: for more information, see issue #79813 <https://github.com/rust-lang/rust/issues/79813>
[INFO] [stdout]   = note: this warning originates in the macro `$crate::cfg_aliases` which comes from the expansion of the macro `cfg_aliases::cfg_aliases` (in Nightly builds, run with -Z macro-backtrace for more info)
[INFO] [stdout] 
[INFO] [stdout] 
[INFO] [stdout] warning: trailing semicolon in macro used in expression position
[INFO] [stdout]  --> build.rs:4:5
[INFO] [stdout]   |
[INFO] [stdout] 4 | /     cfg_aliases::cfg_aliases! {
[INFO] [stdout] 5 | |         wasip2: { all(target_os = "wasi", target_env = "p2") },
[INFO] [stdout] 6 | |     }
[INFO] [stdout]   | |_____^
[INFO] [stdout]   |
[INFO] [stdout]   = warning: this was previously accepted by the compiler but is being phased out; it will become a hard error in a future release!
[INFO] [stdout]   = note: for more information, see issue #79813 <https://github.com/rust-lang/rust/issues/79813>
[INFO] [stdout]   = note: this warning originates in the macro `$crate::cfg_aliases` which comes from the expansion of the macro `cfg_aliases::cfg_aliases` (in Nightly builds, run with -Z macro-backtrace for more info)
[INFO] [stdout] 
[INFO] [stdout] 
[INFO] [stdout] warning: trailing semicolon in macro used in expression position
[INFO] [stdout]  --> build.rs:4:5
[INFO] [stdout]   |
[INFO] [stdout] 4 | /     cfg_aliases::cfg_aliases! {
[INFO] [stdout] 5 | |         wasip2: { all(target_os = "wasi", target_env = "p2") },
[INFO] [stdout] 6 | |     }
[INFO] [stdout]   | |_____^
[INFO] [stdout]   |
[INFO] [stdout]   = warning: this was previously accepted by the compiler but is being phased out; it will become a hard error in a future release!
[INFO] [stdout]   = note: for more information, see issue #79813 <https://github.com/rust-lang/rust/issues/79813>
[INFO] [stdout]   = note: this warning originates in the macro `$crate::cfg_aliases` which comes from the expansion of the macro `cfg_aliases::cfg_aliases` (in Nightly builds, run with -Z macro-backtrace for more info)
[INFO] [stdout] 
[INFO] [stdout] 
[INFO] [stdout] warning: trailing semicolon in macro used in expression position
[INFO] [stdout]  --> build.rs:4:5
[INFO] [stdout]   |
[INFO] [stdout] 4 | /     cfg_aliases::cfg_aliases! {
[INFO] [stdout] 5 | |         wasip2: { all(target_os = "wasi", target_env = "p2") },
[INFO] [stdout] 6 | |     }
[INFO] [stdout]   | |_____^
[INFO] [stdout]   |
[INFO] [stdout]   = warning: this was previously accepted by the compiler but is being phased out; it will become a hard error in a future release!
[INFO] [stdout]   = note: for more information, see issue #79813 <https://github.com/rust-lang/rust/issues/79813>
[INFO] [stdout]   = note: this warning originates in the macro `$crate::cfg_aliases` which comes from the expansion of the macro `cfg_aliases::cfg_aliases` (in Nightly builds, run with -Z macro-backtrace for more info)
[INFO] [stdout] 
[INFO] [stdout] 
[INFO] [stdout] warning: trailing semicolon in macro used in expression position
[INFO] [stdout]  --> build.rs:4:5
[INFO] [stdout]   |
[INFO] [stdout] 4 | /     cfg_aliases::cfg_aliases! {
[INFO] [stdout] 5 | |         wasip2: { all(target_os = "wasi", target_env = "p2") },
[INFO] [stdout] 6 | |     }
[INFO] [stdout]   | |_____^
[INFO] [stdout]   |
[INFO] [stdout]   = warning: this was previously accepted by the compiler but is being phased out; it will become a hard error in a future release!
[INFO] [stdout]   = note: for more information, see issue #79813 <https://github.com/rust-lang/rust/issues/79813>
[INFO] [stdout]   = note: this warning originates in the macro `$crate::cfg_aliases` which comes from the expansion of the macro `cfg_aliases::cfg_aliases` (in Nightly builds, run with -Z macro-backtrace for more info)
[INFO] [stdout] 
[INFO] [stdout] 
[INFO] [stderr]    Compiling base64 v0.22.1
[INFO] [stderr]    Compiling pem-rfc7468 v0.7.0
[INFO] [stderr]    Compiling zeroize v1.8.2
[INFO] [stderr]    Compiling generic-array v0.14.7
[INFO] [stderr]    Compiling der v0.7.10
[INFO] [stderr]    Compiling rustls-pki-types v1.14.1
[INFO] [stderr]    Compiling rustls-webpki v0.103.13
[INFO] [stderr]    Compiling rustls-native-certs v0.8.3
[INFO] [stderr]    Compiling webpki-roots v1.0.7
[INFO] [stderr]    Compiling rustls-webpki v0.102.8
[INFO] [stderr]    Compiling webpki-roots v0.26.11
[INFO] [stderr]    Compiling indexmap v2.14.0
[INFO] [stderr]    Compiling pin-project v1.1.12
[INFO] [stderr]    Compiling num-integer v0.1.46
[INFO] [stderr]    Compiling getrandom v0.2.17
[INFO] [stderr]    Compiling socket2 v0.6.3
[INFO] [stderr]    Compiling mio v1.2.0
[INFO] [stderr]    Compiling icu_provider v2.1.1
[INFO] [stderr]    Compiling rand_core v0.6.4
[INFO] [stderr]    Compiling num-iter v0.1.45
[INFO] [stderr]    Compiling ff v0.13.1
[INFO] [stderr]    Compiling rand_chacha v0.3.1
[INFO] [stderr]    Compiling group v0.13.0
[INFO] [stderr]    Compiling wasi-jsonrpsee-types v0.26.1
[INFO] [stderr]    Compiling crypto-common v0.1.7
[INFO] [stderr]    Compiling block-buffer v0.10.4
[INFO] [stderr]    Compiling inout v0.1.4
[INFO] [stderr]    Compiling crypto-bigint v0.5.5
[INFO] [stderr]    Compiling digest v0.10.7
[INFO] [stderr]    Compiling universal-hash v0.5.1
[INFO] [stderr]    Compiling aead v0.5.2
[INFO] [stderr]    Compiling hmac v0.12.1
[INFO] [stderr]    Compiling signature v2.2.0
[INFO] [stderr]    Compiling cipher v0.4.4
[INFO] [stderr]    Compiling sha2 v0.10.9
[INFO] [stderr]    Compiling icu_properties v2.1.2
[INFO] [stderr]    Compiling icu_normalizer v2.1.1
[INFO] [stderr]    Compiling polyval v0.6.2
[INFO] [stderr]    Compiling rand v0.8.6
[INFO] [stderr]    Compiling hkdf v0.12.4
[INFO] [stderr]    Compiling spki v0.7.3
[INFO] [stderr]    Compiling tokio v1.52.2
[INFO] [stderr]    Compiling rfc6979 v0.4.0
[INFO] [stderr]    Compiling pkcs5 v0.7.1
[INFO] [stderr]    Compiling ghash v0.5.1
[INFO] [stderr]    Compiling chacha20 v0.9.1
[INFO] [stderr]    Compiling ctr v0.9.2
[INFO] [stderr]    Compiling aes v0.8.4
[INFO] [stderr]    Compiling poly1305 v0.8.0
[INFO] [stderr]    Compiling pkcs8 v0.10.2
[INFO] [stderr]    Compiling tower v0.5.3
[INFO] [stderr]    Compiling sec1 v0.7.3
[INFO] [stderr]    Compiling pkcs1 v0.7.5
[INFO] [stderr]    Compiling ed25519 v2.2.3
[INFO] [stderr]    Compiling chacha20poly1305 v0.10.1
[INFO] [stderr]    Compiling elliptic-curve v0.13.8
[INFO] [stderr]    Compiling idna_adapter v1.2.1
[INFO] [stderr]    Compiling rsa v0.9.10
[INFO] [stderr]    Compiling aes-gcm v0.10.3
[INFO] [stderr]    Compiling idna v1.1.0
[INFO] [stderr]    Compiling ecdsa v0.16.9
[INFO] [stderr]    Compiling primeorder v0.13.6
[INFO] [stderr]    Compiling x25519-dalek v2.0.1
[INFO] [stderr]    Compiling ed25519-dalek v2.2.0
[INFO] [stderr]    Compiling url v2.5.8
[INFO] [stderr]    Compiling p256 v0.13.2
[INFO] [stderr]    Compiling p384 v0.13.1
[INFO] [stderr]    Compiling rustls-rustcrypto v0.0.2-alpha
[INFO] [stderr]    Compiling tokio-util v0.7.18
[INFO] [stderr]    Compiling tokio-rustls v0.26.4
[INFO] [stderr]    Compiling wasi-jsonrpsee-core v0.26.1
[INFO] [stderr]    Compiling h2 v0.4.14
[INFO] [stderr]    Compiling rustls-platform-verifier v0.5.3
[INFO] [stderr]    Compiling hyper v1.9.0
[INFO] [stderr]    Compiling hyper-util v0.1.20
[INFO] [stderr]    Compiling hyper-rustls v0.27.9
[INFO] [stderr]     Finished `dev` profile [unoptimized + debuginfo] target(s) in 34.98s
[INFO] running `Command { std: "docker" "inspect" "0bb0c4a02a3a9e1b894f829a8e0915f29ea1dcfcbc8b26e0e460cd307f9903c1", kill_on_drop: false }`
[INFO] running `Command { std: "docker" "exec" "-e" "SOURCE_DIR=/opt/rustwide/workdir" "-e" "CARGO_HOME=/opt/rustwide/cargo-home" "-e" "RUSTUP_HOME=/opt/rustwide/rustup-home" "-e" "CARGO_TARGET_DIR=/opt/rustwide/target" "-e" "CARGO_INCREMENTAL=0" "-e" "RUST_BACKTRACE=full" "-e" "RUSTFLAGS=--cap-lints=warn" "-e" "RUSTDOCFLAGS=--cap-lints=warn" "-w" "/opt/rustwide/workdir" "--user" "0:0" "0bb0c4a02a3a9e1b894f829a8e0915f29ea1dcfcbc8b26e0e460cd307f9903c1" "/opt/rustwide/cargo-home/bin/cargo" "+1.99.0-beta.8" "test" "--frozen" "--no-run" "--message-format=json", kill_on_drop: false }`
[INFO] [stderr]    Compiling tokio v1.52.2
[INFO] [stderr]    Compiling tracing v0.1.44
[INFO] [stderr]    Compiling rustls v0.23.40
[INFO] [stdout] warning: trailing semicolon in macro used in expression position
[INFO] [stdout]  --> build.rs:4:5
[INFO] [stdout]   |
[INFO] [stdout] 4 | /     cfg_aliases::cfg_aliases! {
[INFO] [stdout] 5 | |         wasip2: { all(target_os = "wasi", target_env = "p2") },
[INFO] [stdout] 6 | |     }
[INFO] [stdout]   | |_____^
[INFO] [stdout]   |
[INFO] [stdout]   = warning: this was previously accepted by the compiler but is being phased out; it will become a hard error in a future release!
[INFO] [stdout]   = note: for more information, see issue #79813 <https://github.com/rust-lang/rust/issues/79813>
[INFO] [stdout]   = note: `#[warn(semicolon_in_expressions_from_non_local_macros)]` (part of `#[warn(future_incompatible)]`) on by default
[INFO] [stdout]   = note: this warning originates in the macro `$crate::cfg_aliases` which comes from the expansion of the macro `cfg_aliases::cfg_aliases` (in Nightly builds, run with -Z macro-backtrace for more info)
[INFO] [stdout] 
[INFO] [stdout] 
[INFO] [stdout] warning: trailing semicolon in macro used in expression position
[INFO] [stdout]  --> build.rs:4:5
[INFO] [stdout]   |
[INFO] [stdout] 4 | /     cfg_aliases::cfg_aliases! {
[INFO] [stdout] 5 | |         wasip2: { all(target_os = "wasi", target_env = "p2") },
[INFO] [stdout] 6 | |     }
[INFO] [stdout]   | |_____^
[INFO] [stdout]   |
[INFO] [stdout]   = warning: this was previously accepted by the compiler but is being phased out; it will become a hard error in a future release!
[INFO] [stdout]   = note: for more information, see issue #79813 <https://github.com/rust-lang/rust/issues/79813>
[INFO] [stdout]   = note: this warning originates in the macro `$crate::cfg_aliases` which comes from the expansion of the macro `cfg_aliases::cfg_aliases` (in Nightly builds, run with -Z macro-backtrace for more info)
[INFO] [stdout] 
[INFO] [stdout] 
[INFO] [stdout] warning: trailing semicolon in macro used in expression position
[INFO] [stdout]  --> build.rs:4:5
[INFO] [stdout]   |
[INFO] [stdout] 4 | /     cfg_aliases::cfg_aliases! {
[INFO] [stdout] 5 | |         wasip2: { all(target_os = "wasi", target_env = "p2") },
[INFO] [stdout] 6 | |     }
[INFO] [stdout]   | |_____^
[INFO] [stdout]   |
[INFO] [stdout]   = warning: this was previously accepted by the compiler but is being phased out; it will become a hard error in a future release!
[INFO] [stdout]   = note: for more information, see issue #79813 <https://github.com/rust-lang/rust/issues/79813>
[INFO] [stdout]   = note: this warning originates in the macro `$crate::cfg_aliases` which comes from the expansion of the macro `cfg_aliases::cfg_aliases` (in Nightly builds, run with -Z macro-backtrace for more info)
[INFO] [stdout] 
[INFO] [stdout] 
[INFO] [stdout] warning: trailing semicolon in macro used in expression position
[INFO] [stdout]  --> build.rs:4:5
[INFO] [stdout]   |
[INFO] [stdout] 4 | /     cfg_aliases::cfg_aliases! {
[INFO] [stdout] 5 | |         wasip2: { all(target_os = "wasi", target_env = "p2") },
[INFO] [stdout] 6 | |     }
[INFO] [stdout]   | |_____^
[INFO] [stdout]   |
[INFO] [stdout]   = warning: this was previously accepted by the compiler but is being phased out; it will become a hard error in a future release!
[INFO] [stdout]   = note: for more information, see issue #79813 <https://github.com/rust-lang/rust/issues/79813>
[INFO] [stdout]   = note: this warning originates in the macro `$crate::cfg_aliases` which comes from the expansion of the macro `cfg_aliases::cfg_aliases` (in Nightly builds, run with -Z macro-backtrace for more info)
[INFO] [stdout] 
[INFO] [stdout] 
[INFO] [stdout] warning: trailing semicolon in macro used in expression position
[INFO] [stdout]  --> build.rs:4:5
[INFO] [stdout]   |
[INFO] [stdout] 4 | /     cfg_aliases::cfg_aliases! {
[INFO] [stdout] 5 | |         wasip2: { all(target_os = "wasi", target_env = "p2") },
[INFO] [stdout] 6 | |     }
[INFO] [stdout]   | |_____^
[INFO] [stdout]   |
[INFO] [stdout]   = warning: this was previously accepted by the compiler but is being phased out; it will become a hard error in a future release!
[INFO] [stdout]   = note: for more information, see issue #79813 <https://github.com/rust-lang/rust/issues/79813>
[INFO] [stdout]   = note: this warning originates in the macro `$crate::cfg_aliases` which comes from the expansion of the macro `cfg_aliases::cfg_aliases` (in Nightly builds, run with -Z macro-backtrace for more info)
[INFO] [stdout] 
[INFO] [stdout] 
[INFO] [stdout] warning: trailing semicolon in macro used in expression position
[INFO] [stdout]  --> build.rs:4:5
[INFO] [stdout]   |
[INFO] [stdout] 4 | /     cfg_aliases::cfg_aliases! {
[INFO] [stdout] 5 | |         wasip2: { all(target_os = "wasi", target_env = "p2") },
[INFO] [stdout] 6 | |     }
[INFO] [stdout]   | |_____^
[INFO] [stdout]   |
[INFO] [stdout]   = warning: this was previously accepted by the compiler but is being phased out; it will become a hard error in a future release!
[INFO] [stdout]   = note: for more information, see issue #79813 <https://github.com/rust-lang/rust/issues/79813>
[INFO] [stdout]   = note: this warning originates in the macro `$crate::cfg_aliases` which comes from the expansion of the macro `cfg_aliases::cfg_aliases` (in Nightly builds, run with -Z macro-backtrace for more info)
[INFO] [stdout] 
[INFO] [stdout] 
[INFO] [stdout] warning: trailing semicolon in macro used in expression position
[INFO] [stdout]  --> build.rs:4:5
[INFO] [stdout]   |
[INFO] [stdout] 4 | /     cfg_aliases::cfg_aliases! {
[INFO] [stdout] 5 | |         wasip2: { all(target_os = "wasi", target_env = "p2") },
[INFO] [stdout] 6 | |     }
[INFO] [stdout]   | |_____^
[INFO] [stdout]   |
[INFO] [stdout]   = warning: this was previously accepted by the compiler but is being phased out; it will become a hard error in a future release!
[INFO] [stdout]   = note: for more information, see issue #79813 <https://github.com/rust-lang/rust/issues/79813>
[INFO] [stdout]   = note: this warning originates in the macro `$crate::cfg_aliases` which comes from the expansion of the macro `cfg_aliases::cfg_aliases` (in Nightly builds, run with -Z macro-backtrace for more info)
[INFO] [stdout] 
[INFO] [stdout] 
[INFO] [stdout] warning: trailing semicolon in macro used in expression position
[INFO] [stdout]  --> build.rs:4:5
[INFO] [stdout]   |
[INFO] [stdout] 4 | /     cfg_aliases::cfg_aliases! {
[INFO] [stdout] 5 | |         wasip2: { all(target_os = "wasi", target_env = "p2") },
[INFO] [stdout] 6 | |     }
[INFO] [stdout]   | |_____^
[INFO] [stdout]   |
[INFO] [stdout]   = warning: this was previously accepted by the compiler but is being phased out; it will become a hard error in a future release!
[INFO] [stdout]   = note: for more information, see issue #79813 <https://github.com/rust-lang/rust/issues/79813>
[INFO] [stdout]   = note: this warning originates in the macro `$crate::cfg_aliases` which comes from the expansion of the macro `cfg_aliases::cfg_aliases` (in Nightly builds, run with -Z macro-backtrace for more info)
[INFO] [stdout] 
[INFO] [stdout] 
[INFO] [stderr]    Compiling sharded-slab v0.1.7
[INFO] [stderr]    Compiling tracing-subscriber v0.3.23
[INFO] [stderr]    Compiling rustls-rustcrypto v0.0.2-alpha
[INFO] [stderr]    Compiling tokio-util v0.7.18
[INFO] [stderr]    Compiling tokio-rustls v0.26.4
[INFO] [stderr]    Compiling wasi-jsonrpsee-core v0.26.1
[INFO] [stderr]    Compiling h2 v0.4.14
[INFO] [stderr]    Compiling rustls-platform-verifier v0.5.3
[INFO] [stderr]    Compiling hyper v1.9.0
[INFO] [stderr]    Compiling hyper-util v0.1.20
[INFO] [stderr]    Compiling hyper-rustls v0.27.9
[INFO] [stderr]    Compiling wasi-jsonrpsee-http-client v0.26.1 (/opt/rustwide/workdir)
[INFO] [stdout] error[E0433]: cannot find module or crate `wasi_jsonrpsee_test_utils` in this scope
[INFO] [stdout]   --> src/tests.rs:34:5
[INFO] [stdout]    |
[INFO] [stdout] 34 | use wasi_jsonrpsee_test_utils::helpers::*;
[INFO] [stdout]    |     ^^^^^^^^^^^^^^^^^^^^^^^^^ use of unresolved module or unlinked crate `wasi_jsonrpsee_test_utils`
[INFO] [stdout]    |
[INFO] [stdout] help: there is a crate or module with a similar name
[INFO] [stdout]    |
[INFO] [stdout] 34 - use wasi_jsonrpsee_test_utils::helpers::*;
[INFO] [stdout] 34 + use wasi_jsonrpsee_types::helpers::*;
[INFO] [stdout]    |
[INFO] [stdout] 
[INFO] [stdout] 
[INFO] [stdout] error[E0433]: cannot find module or crate `wasi_jsonrpsee_test_utils` in this scope
[INFO] [stdout]   --> src/tests.rs:35:5
[INFO] [stdout]    |
[INFO] [stdout] 35 | use wasi_jsonrpsee_test_utils::mocks::Id;
[INFO] [stdout]    |     ^^^^^^^^^^^^^^^^^^^^^^^^^ use of unresolved module or unlinked crate `wasi_jsonrpsee_test_utils`
[INFO] [stdout]    |
[INFO] [stdout] help: there is a crate or module with a similar name
[INFO] [stdout]    |
[INFO] [stdout] 35 - use wasi_jsonrpsee_test_utils::mocks::Id;
[INFO] [stdout] 35 + use wasi_jsonrpsee_types::mocks::Id;
[INFO] [stdout]    |
[INFO] [stdout] 
[INFO] [stdout] 
[INFO] [stdout] error[E0432]: unresolved import `wasi_jsonrpsee_test_utils`
[INFO] [stdout]   --> src/tests.rs:33:5
[INFO] [stdout]    |
[INFO] [stdout] 33 | use wasi_jsonrpsee_test_utils::TimeoutFutureExt;
[INFO] [stdout]    |     ^^^^^^^^^^^^^^^^^^^^^^^^^ use of unresolved module or unlinked crate `wasi_jsonrpsee_test_utils`
[INFO] [stdout]    |
[INFO] [stdout] help: there is a crate or module with a similar name
[INFO] [stdout]    |
[INFO] [stdout] 33 - use wasi_jsonrpsee_test_utils::TimeoutFutureExt;
[INFO] [stdout] 33 + use wasi_jsonrpsee_types::TimeoutFutureExt;
[INFO] [stdout]    |
[INFO] [stdout] 
[INFO] [stdout] 
[INFO] [stdout] error[E0425]: cannot find function `http_server_with_hardcoded_response` in this scope
[INFO] [stdout]    --> src/tests.rs:258:20
[INFO] [stdout]     |
[INFO] [stdout] 258 |     let server_addr = http_server_with_hardcoded_response(response).with_default_timeout().await.unwrap();
[INFO] [stdout]     |                       ^^^^^^^^^^^^^^^^^^^^^^^^^^^^^^^^^^^ not found in this scope
[INFO] [stdout] 
[INFO] [stdout] 
[INFO] [stdout] error[E0599]: no method named `with_default_timeout` found for opaque type `impl Future<Output = Result<BatchResponse<'_, _>, ClientError>> + Send` in the current scope
[INFO] [stdout]    --> src/tests.rs:261:30
[INFO] [stdout]     |
[INFO] [stdout] 261 |     client.batch_request(batch).with_default_timeout().await.unwrap()
[INFO] [stdout]     |                                 ^^^^^^^^^^^^^^^^^^^^ method not found in `impl Future<Output = Result<BatchResponse<'_, _>, ClientError>> + Send`
[INFO] [stdout] 
[INFO] [stdout] 
[INFO] [stdout] error[E0425]: cannot find function `http_server_with_hardcoded_response` in this scope
[INFO] [stdout]    --> src/tests.rs:265:20
[INFO] [stdout]     |
[INFO] [stdout] 265 |     let server_addr = http_server_with_hardcoded_response(response).with_default_timeout().await.unwrap();
[INFO] [stdout]     |                       ^^^^^^^^^^^^^^^^^^^^^^^^^^^^^^^^^^^ not found in this scope
[INFO] [stdout] 
[INFO] [stdout] 
[INFO] [stdout] error[E0599]: no method named `with_default_timeout` found for opaque type `impl Future<Output = Result<_, ClientError>> + Send` in the current scope
[INFO] [stdout]    --> src/tests.rs:268:45
[INFO] [stdout]     |
[INFO] [stdout] 268 |     client.request("say_hello", rpc_params![]).with_default_timeout().await.unwrap()
[INFO] [stdout]     |                                                ^^^^^^^^^^^^^^^^^^^^ method not found in `impl Future<Output = Result<_, ClientError>> + Send`
[INFO] [stdout] 
[INFO] [stdout] 
[INFO] [stdout] error[E0425]: cannot find function `ok_response` in this scope
[INFO] [stdout]   --> src/tests.rs:46:41
[INFO] [stdout]    |
[INFO] [stdout] 46 |     let result = run_request_with_response(ok_response("hello".into(), Id::Num(0)))
[INFO] [stdout]    |                                            ^^^^^^^^^^^ not found in this scope
[INFO] [stdout] 
[INFO] [stdout] 
[INFO] [stdout] error[E0599]: no method named `with_default_timeout` found for opaque type `impl Future<Output = Result<std::string::String, ClientError>>` in the current scope
[INFO] [stdout]   --> src/tests.rs:47:4
[INFO] [stdout]    |
[INFO] [stdout] 46 |       let result = run_request_with_response(ok_response("hello".into(), Id::Num(0)))
[INFO] [stdout]    |  __________________-
[INFO] [stdout] 47 | |         .with_default_timeout()
[INFO] [stdout]    | |         -^^^^^^^^^^^^^^^^^^^^ method not found in `impl Future<Output = Result<std::string::String, ClientError>>`
[INFO] [stdout]    | |_________|
[INFO] [stdout]    |
[INFO] [stdout] 
[INFO] [stdout] 
[INFO] [stdout] error[E0425]: cannot find function `ok_response` in this scope
[INFO] [stdout]   --> src/tests.rs:58:39
[INFO] [stdout]    |
[INFO] [stdout] 58 |         http_server_with_hardcoded_response(ok_response(exp.into(), Id::Num(0))).with_default_timeout().await.unwrap();
[INFO] [stdout]    |                                             ^^^^^^^^^^^ not found in this scope
[INFO] [stdout] 
[INFO] [stdout] 
[INFO] [stdout] error[E0425]: cannot find function `http_server_with_hardcoded_response` in this scope
[INFO] [stdout]   --> src/tests.rs:58:3
[INFO] [stdout]    |
[INFO] [stdout] 58 |         http_server_with_hardcoded_response(ok_response(exp.into(), Id::Num(0))).with_default_timeout().await.unwrap();
[INFO] [stdout]    |         ^^^^^^^^^^^^^^^^^^^^^^^^^^^^^^^^^^^ not found in this scope
[INFO] [stdout] 
[INFO] [stdout] 
[INFO] [stdout] error[E0599]: no method named `with_default_timeout` found for opaque type `impl Future<Output = Result<_, ClientError>> + Send` in the current scope
[INFO] [stdout]   --> src/tests.rs:61:76
[INFO] [stdout]    |
[INFO] [stdout] 61 |     let res: Result<String, ClientError> = client.request("o", rpc_params![]).with_default_timeout().await.unwrap();
[INFO] [stdout]    |                                                                               ^^^^^^^^^^^^^^^^^^^^ method not found in `impl Future<Output = Result<_, ClientError>> + Send`
[INFO] [stdout] 
[INFO] [stdout] 
[INFO] [stdout] error[E0425]: cannot find function `ok_response` in this scope
[INFO] [stdout]   --> src/tests.rs:68:56
[INFO] [stdout]    |
[INFO] [stdout] 68 |     let server_addr = http_server_with_hardcoded_response(ok_response(exp.into(), Id::Str("0".into())))
[INFO] [stdout]    |                                                           ^^^^^^^^^^^ not found in this scope
[INFO] [stdout] 
[INFO] [stdout] 
[INFO] [stdout] error[E0425]: cannot find function `http_server_with_hardcoded_response` in this scope
[INFO] [stdout]   --> src/tests.rs:68:20
[INFO] [stdout]    |
[INFO] [stdout] 68 |     let server_addr = http_server_with_hardcoded_response(ok_response(exp.into(), Id::Str("0".into())))
[INFO] [stdout]    |                       ^^^^^^^^^^^^^^^^^^^^^^^^^^^^^^^^^^^ not found in this scope
[INFO] [stdout] 
[INFO] [stdout] 
[INFO] [stdout] error[E0599]: no method named `with_default_timeout` found for opaque type `impl Future<Output = Result<_, ClientError>> + Send` in the current scope
[INFO] [stdout]   --> src/tests.rs:74:60
[INFO] [stdout]    |
[INFO] [stdout] 74 |     let response: String = client.request("o", rpc_params![]).with_default_timeout().await.unwrap().unwrap();
[INFO] [stdout]    |                                                               ^^^^^^^^^^^^^^^^^^^^ method not found in `impl Future<Output = Result<_, ClientError>> + Send`
[INFO] [stdout] 
[INFO] [stdout] 
[INFO] [stdout] error[E0425]: cannot find function `http_server_with_hardcoded_response` in this scope
[INFO] [stdout]   --> src/tests.rs:80:20
[INFO] [stdout]    |
[INFO] [stdout] 80 |     let server_addr = http_server_with_hardcoded_response(String::new()).with_default_timeout().await.unwrap();
[INFO] [stdout]    |                       ^^^^^^^^^^^^^^^^^^^^^^^^^^^^^^^^^^^ not found in this scope
[INFO] [stdout] 
[INFO] [stdout] 
[INFO] [stdout] error[E0599]: no method named `with_default_timeout` found for opaque type `impl Future<Output = Result<(), ClientError>> + Send` in the current scope
[INFO] [stdout]   --> src/tests.rs:85:4
[INFO] [stdout]    |
[INFO] [stdout] 83 | /     client
[INFO] [stdout] 84 | |         .notification("i_dont_care_about_the_response_because_the_server_should_not_respond", rpc_params![])
[INFO] [stdout] 85 | |         .with_default_timeout()
[INFO] [stdout]    | |         -^^^^^^^^^^^^^^^^^^^^ method not found in `impl Future<Output = Result<(), ClientError>> + Send`
[INFO] [stdout]    | |_________|
[INFO] [stdout]    |
[INFO] [stdout] 
[INFO] [stdout] 
[INFO] [stdout] error[E0425]: cannot find function `ok_response` in this scope
[INFO] [stdout]   --> src/tests.rs:93:38
[INFO] [stdout]    |
[INFO] [stdout] 93 |     let err = run_request_with_response(ok_response("hello".into(), Id::Num(99)))
[INFO] [stdout]    |                                         ^^^^^^^^^^^ not found in this scope
[INFO] [stdout] 
[INFO] [stdout] 
[INFO] [stdout] error[E0599]: no method named `with_default_timeout` found for opaque type `impl Future<Output = Result<std::string::String, ClientError>>` in the current scope
[INFO] [stdout]   --> src/tests.rs:94:4
[INFO] [stdout]    |
[INFO] [stdout] 93 |       let err = run_request_with_response(ok_response("hello".into(), Id::Num(99)))
[INFO] [stdout]    |  _______________-
[INFO] [stdout] 94 | |         .with_default_timeout()
[INFO] [stdout]    | |         -^^^^^^^^^^^^^^^^^^^^ method not found in `impl Future<Output = Result<std::string::String, ClientError>>`
[INFO] [stdout]    | |_________|
[INFO] [stdout]    |
[INFO] [stdout] 
[INFO] [stdout] 
[INFO] [stdout] error[E0425]: cannot find function `method_not_found` in this scope
[INFO] [stdout]    --> src/tests.rs:104:29
[INFO] [stdout]     |
[INFO] [stdout] 104 |         run_request_with_response(method_not_found(Id::Num(0))).with_default_timeout().await.unwrap().unwrap_err();
[INFO] [stdout]     |                                   ^^^^^^^^^^^^^^^^ not found in this scope
[INFO] [stdout] 
[INFO] [stdout] 
[INFO] [stdout] error[E0599]: no method named `with_default_timeout` found for opaque type `impl Future<Output = Result<std::string::String, ClientError>>` in the current scope
[INFO] [stdout]    --> src/tests.rs:104:59
[INFO] [stdout]     |
[INFO] [stdout] 104 |         run_request_with_response(method_not_found(Id::Num(0))).with_default_timeout().await.unwrap().unwrap_err();
[INFO] [stdout]     |                                                                 ^^^^^^^^^^^^^^^^^^^^ method not found in `impl Future<Output = Result<std::string::String, ClientError>>`
[INFO] [stdout] 
[INFO] [stdout] 
[INFO] [stdout] error[E0425]: cannot find function `parse_error` in this scope
[INFO] [stdout]    --> src/tests.rs:110:38
[INFO] [stdout]     |
[INFO] [stdout] 110 |     let err = run_request_with_response(parse_error(Id::Num(0))).with_default_timeout().await.unwrap().unwrap_err();
[INFO] [stdout]     |                                         ^^^^^^^^^^^ not found in this scope
[INFO] [stdout] 
[INFO] [stdout] 
[INFO] [stdout] error[E0599]: no method named `with_default_timeout` found for opaque type `impl Future<Output = Result<std::string::String, ClientError>>` in the current scope
[INFO] [stdout]    --> src/tests.rs:110:63
[INFO] [stdout]     |
[INFO] [stdout] 110 |     let err = run_request_with_response(parse_error(Id::Num(0))).with_default_timeout().await.unwrap().unwrap_err();
[INFO] [stdout]     |                                                                  ^^^^^^^^^^^^^^^^^^^^ method not found in `impl Future<Output = Result<std::string::String, ClientError>>`
[INFO] [stdout] 
[INFO] [stdout] 
[INFO] [stdout] error[E0425]: cannot find function `invalid_request` in this scope
[INFO] [stdout]    --> src/tests.rs:117:29
[INFO] [stdout]     |
[INFO] [stdout] 117 |         run_request_with_response(invalid_request(Id::Num(0_u64))).with_default_timeout().await.unwrap().unwrap_err();
[INFO] [stdout]     |                                   ^^^^^^^^^^^^^^^ not found in this scope
[INFO] [stdout] 
[INFO] [stdout] 
[INFO] [stdout] error[E0599]: no method named `with_default_timeout` found for opaque type `impl Future<Output = Result<std::string::String, ClientError>>` in the current scope
[INFO] [stdout]    --> src/tests.rs:117:62
[INFO] [stdout]     |
[INFO] [stdout] 117 |         run_request_with_response(invalid_request(Id::Num(0_u64))).with_default_timeout().await.unwrap().unwrap_err();
[INFO] [stdout]     |                                                                    ^^^^^^^^^^^^^^^^^^^^ method not found in `impl Future<Output = Result<std::string::String, ClientError>>`
[INFO] [stdout] 
[INFO] [stdout] 
[INFO] [stdout] error[E0425]: cannot find function `invalid_params` in this scope
[INFO] [stdout]    --> src/tests.rs:124:29
[INFO] [stdout]     |
[INFO] [stdout] 124 |         run_request_with_response(invalid_params(Id::Num(0_u64))).with_default_timeout().await.unwrap().unwrap_err();
[INFO] [stdout]     |                                   ^^^^^^^^^^^^^^ not found in this scope
[INFO] [stdout] 
[INFO] [stdout] 
[INFO] [stdout] error[E0599]: no method named `with_default_timeout` found for opaque type `impl Future<Output = Result<std::string::String, ClientError>>` in the current scope
[INFO] [stdout]    --> src/tests.rs:124:61
[INFO] [stdout]     |
[INFO] [stdout] 124 |         run_request_with_response(invalid_params(Id::Num(0_u64))).with_default_timeout().await.unwrap().unwrap_err();
[INFO] [stdout]     |                                                                   ^^^^^^^^^^^^^^^^^^^^ method not found in `impl Future<Output = Result<std::string::String, ClientError>>`
[INFO] [stdout] 
[INFO] [stdout] 
[INFO] [stdout] error[E0425]: cannot find function `internal_error` in this scope
[INFO] [stdout]    --> src/tests.rs:131:29
[INFO] [stdout]     |
[INFO] [stdout] 131 |         run_request_with_response(internal_error(Id::Num(0_u64))).with_default_timeout().await.unwrap().unwrap_err();
[INFO] [stdout]     |                                   ^^^^^^^^^^^^^^ not found in this scope
[INFO] [stdout] 
[INFO] [stdout] 
[INFO] [stdout] error[E0599]: no method named `with_default_timeout` found for opaque type `impl Future<Output = Result<std::string::String, ClientError>>` in the current scope
[INFO] [stdout]    --> src/tests.rs:131:61
[INFO] [stdout]     |
[INFO] [stdout] 131 |         run_request_with_response(internal_error(Id::Num(0_u64))).with_default_timeout().await.unwrap().unwrap_err();
[INFO] [stdout]     |                                                                   ^^^^^^^^^^^^^^^^^^^^ method not found in `impl Future<Output = Result<std::string::String, ClientError>>`
[INFO] [stdout] 
[INFO] [stdout] 
[INFO] [stdout] error[E0599]: no method named `with_default_timeout` found for opaque type `impl Future<Output = Result<std::string::String, ClientError>>` in the current scope
[INFO] [stdout]    --> src/tests.rs:138:43
[INFO] [stdout]     |
[INFO] [stdout] 138 |     let err = run_request_with_response(req).with_default_timeout().await.unwrap().unwrap_err();
[INFO] [stdout]     |                                              ^^^^^^^^^^^^^^^^^^^^ method not found in `impl Future<Output = Result<std::string::String, ClientError>>`
[INFO] [stdout] 
[INFO] [stdout] 
[INFO] [stdout] error[E0599]: no method named `with_default_timeout` found for opaque type `impl Future<Output = Result<BatchResponse<'_, std::string::String>, ClientError>>` in the current scope
[INFO] [stdout]    --> src/tests.rs:150:4
[INFO] [stdout]     |
[INFO] [stdout] 149 |       let batch_response = run_batch_request_with_response::<String>(batch_request, server_response)
[INFO] [stdout]     |  __________________________-
[INFO] [stdout] 150 | |         .with_default_timeout()
[INFO] [stdout]     | |         -^^^^^^^^^^^^^^^^^^^^ method not found in `impl Future<Output = Result<BatchResponse<'_, std::string::String>, ClientError>>`
[INFO] [stdout]     | |_________|
[INFO] [stdout]     |
[INFO] [stdout] 
[INFO] [stdout] 
[INFO] [stdout] error[E0599]: no method named `with_default_timeout` found for opaque type `impl Future<Output = Result<BatchResponse<'_, std::string::String>, ClientError>>` in the current scope
[INFO] [stdout]    --> src/tests.rs:167:4
[INFO] [stdout]     |
[INFO] [stdout] 166 |       let res = run_batch_request_with_response::<String>(batch_request, server_response)
[INFO] [stdout]     |  _______________-
[INFO] [stdout] 167 | |         .with_default_timeout()
[INFO] [stdout]     | |         -^^^^^^^^^^^^^^^^^^^^ method not found in `impl Future<Output = Result<BatchResponse<'_, std::string::String>, ClientError>>`
[INFO] [stdout]     | |_________|
[INFO] [stdout]     |
[INFO] [stdout] 
[INFO] [stdout] 
[INFO] [stdout] error[E0599]: no method named `with_default_timeout` found for opaque type `impl Future<Output = Result<BatchResponse<'_, std::string::String>, ClientError>>` in the current scope
[INFO] [stdout]    --> src/tests.rs:190:4
[INFO] [stdout]     |
[INFO] [stdout] 189 |       let res = run_batch_request_with_response::<String>(batch_request, server_response)
[INFO] [stdout]     |  _______________-
[INFO] [stdout] 190 | |         .with_default_timeout()
[INFO] [stdout]     | |         -^^^^^^^^^^^^^^^^^^^^ method not found in `impl Future<Output = Result<BatchResponse<'_, std::string::String>, ClientError>>`
[INFO] [stdout]     | |_________|
[INFO] [stdout]     |
[INFO] [stdout] 
[INFO] [stdout] 
[INFO] [stdout] error[E0599]: no method named `with_default_timeout` found for opaque type `impl Future<Output = Result<BatchResponse<'_, Custom>, ClientError>>` in the current scope
[INFO] [stdout]    --> src/tests.rs:221:4
[INFO] [stdout]     |
[INFO] [stdout] 220 |       let res = run_batch_request_with_response::<Custom>(batch_request, server_response)
[INFO] [stdout]     |  _______________-
[INFO] [stdout] 221 | |         .with_default_timeout()
[INFO] [stdout]     | |         -^^^^^^^^^^^^^^^^^^^^ method not found in `impl Future<Output = Result<BatchResponse<'_, Custom>, ClientError>>`
[INFO] [stdout]     | |_________|
[INFO] [stdout]     |
[INFO] [stdout]     |
[INFO] [stdout]     = note: the full name for the type has been written to '/opt/rustwide/target/debug/deps/wasi_jsonrpsee_http_client-8c379a083c6fb3d3.long-type-10731755297818383903.txt'
[INFO] [stdout]     = note: consider using `--verbose` to print the full type name to the console
[INFO] [stdout] 
[INFO] [stdout] 
[INFO] [stdout] error[E0599]: no method named `with_default_timeout` found for opaque type `impl Future<Output = Result<BatchResponse<'_, std::string::String>, ClientError>>` in the current scope
[INFO] [stdout]    --> src/tests.rs:242:4
[INFO] [stdout]     |
[INFO] [stdout] 241 |       let res = run_batch_request_with_response::<String>(batch_request, server_response)
[INFO] [stdout]     |  _______________-
[INFO] [stdout] 242 | |         .with_default_timeout()
[INFO] [stdout]     | |         -^^^^^^^^^^^^^^^^^^^^ method not found in `impl Future<Output = Result<BatchResponse<'_, std::string::String>, ClientError>>`
[INFO] [stdout]     | |_________|
[INFO] [stdout]     |
[INFO] [stdout] 
[INFO] [stdout] 
[INFO] [stdout] Some errors have detailed explanations: E0425, E0432, E0433, E0599.
[INFO] [stdout] 
[INFO] [stdout] For more information about an error, try `rustc --explain E0425`.
[INFO] [stdout] 
[INFO] [stderr] error: could not compile `wasi-jsonrpsee-http-client` (lib test) due to 35 previous errors
[INFO] running `Command { std: "docker" "inspect" "0bb0c4a02a3a9e1b894f829a8e0915f29ea1dcfcbc8b26e0e460cd307f9903c1", kill_on_drop: false }`
[INFO] running `Command { std: "docker" "rm" "-f" "0bb0c4a02a3a9e1b894f829a8e0915f29ea1dcfcbc8b26e0e460cd307f9903c1", kill_on_drop: false }`
[INFO] [stdout] 0bb0c4a02a3a9e1b894f829a8e0915f29ea1dcfcbc8b26e0e460cd307f9903c1
