[INFO] fetching crate vpl-relying-party 0.1.1...
[INFO] testing vpl-relying-party-0.1.1 against 1.99.0-beta.8 for beta-1.100-2
[INFO] extracting crate vpl-relying-party 0.1.1 into /workspace/builds/worker-4-tc1/source
[INFO] started tweaking crates.io crate vpl-relying-party 0.1.1
[INFO] finished tweaking crates.io crate vpl-relying-party 0.1.1
[INFO] tweaked toml for crates.io crate vpl-relying-party 0.1.1 written to /workspace/builds/worker-4-tc1/source/Cargo.toml
[INFO] validating manifest of crates.io crate vpl-relying-party 0.1.1 on toolchain 1.99.0-beta.8
[INFO] running `Command { std: CARGO_HOME="/workspace/cargo-home" RUSTUP_HOME="/workspace/rustup-home" "/workspace/cargo-home/bin/cargo" "+1.99.0-beta.8" "metadata" "--manifest-path" "Cargo.toml" "--no-deps", kill_on_drop: false }`
[INFO] running `Command { std: CARGO_HOME="/workspace/cargo-home" RUSTUP_HOME="/workspace/rustup-home" "/workspace/cargo-home/bin/cargo" "+1.99.0-beta.8" "generate-lockfile" "--manifest-path" "Cargo.toml", kill_on_drop: false }`
[INFO] [stderr]     Updating crates.io index
[INFO] [stderr]     Blocking waiting for file lock on package cache
[INFO] [stderr]      Locking 410 packages to highest compatible versions
[INFO] [stderr]       Adding borsh v0.9.3 (available: v1.8.1)
[INFO] [stderr]       Adding cid v0.7.0 (available: v0.11.3)
[INFO] [stderr]       Adding crypto-mac v0.11.0 (available: v0.11.1)
[INFO] [stderr]       Adding hyper v0.14.29 (available: v0.14.32)
[INFO] [stderr]       Adding multihash v0.10.1 (available: v0.19.5)
[INFO] [stderr]       Adding num-derive v0.3.3 (available: v0.5.1)
[INFO] [stderr]       Adding solana-address-lookup-table-program v1.9.29 (available: v1.18.26)
[INFO] [stderr]       Adding solana-banks-client v1.9.29 (available: v1.18.26)
[INFO] [stderr]       Adding solana-banks-interface v1.9.29 (available: v1.18.26)
[INFO] [stderr]       Adding solana-banks-server v1.9.29 (available: v1.18.26)
[INFO] [stderr]       Adding solana-bloom v1.9.29 (available: v1.18.26)
[INFO] [stderr]       Adding solana-bpf-loader-program v1.9.29 (available: v1.18.26)
[INFO] [stderr]       Adding solana-bucket-map v1.9.29 (available: v1.18.26)
[INFO] [stderr]       Adding solana-compute-budget-program v1.9.29 (available: v1.18.26)
[INFO] [stderr]       Adding solana-config-program v1.9.29 (available: v1.18.26)
[INFO] [stderr]       Adding solana-frozen-abi v1.9.29 (available: v1.18.26)
[INFO] [stderr]       Adding solana-frozen-abi-macro v1.9.29 (available: v1.18.26)
[INFO] [stderr]       Adding solana-logger v1.9.29 (available: v1.18.26)
[INFO] [stderr]       Adding solana-measure v1.9.29 (available: v1.18.26)
[INFO] [stderr]       Adding solana-metrics v1.9.29 (available: v1.18.26)
[INFO] [stderr]       Adding solana-program v1.9.29 (available: v1.18.26)
[INFO] [stderr]       Adding solana-program-runtime v1.9.29 (available: v1.18.26)
[INFO] [stderr]       Adding solana-program-test v1.9.29 (available: v1.18.26)
[INFO] [stderr]       Adding solana-rayon-threadlimit v1.9.29 (available: v1.18.26)
[INFO] [stderr]       Adding solana-runtime v1.9.29 (available: v1.18.26)
[INFO] [stderr]       Adding solana-sdk v1.9.29 (available: v1.18.26)
[INFO] [stderr]       Adding solana-sdk-macro v1.9.29 (available: v1.18.26)
[INFO] [stderr]       Adding solana-send-transaction-service v1.9.29 (available: v1.18.26)
[INFO] [stderr]       Adding solana-stake-program v1.9.29 (available: v1.18.26)
[INFO] [stderr]       Adding solana-vote-program v1.9.29 (available: v1.18.26)
[INFO] [stderr]       Adding solana_rbpf v0.2.24 (available: v0.2.40)
[INFO] [stderr]       Adding thiserror v1.0.69 (available: v2.0.21)
[INFO] [stderr]       Adding tokio v1.14.1 (available: v1.53.2)
[INFO] [stderr]       Adding tokio-stream v0.1.12 (available: v0.1.19)
[INFO] [stderr]       Adding tokio-util v0.7.2 (available: v0.7.19)
[INFO] [stderr]       Adding wasi v0.10.0+wasi-snapshot-preview1 (available: v0.10.2+wasi-snapshot-preview1)
[INFO] [stderr]       Adding zeroize v1.3.0 (available: v1.9.1)
[INFO] [stderr]       Adding zstd-safe v4.1.3+zstd.1.5.1 (available: v4.1.6+zstd.1.5.2)
[INFO] [stderr]       Adding zstd-sys v1.6.2+zstd.1.5.1 (available: v1.6.3+zstd.1.5.2)
[INFO] running `Command { std: CARGO_HOME="/workspace/cargo-home" RUSTUP_HOME="/workspace/rustup-home" "/workspace/cargo-home/bin/cargo" "+1.99.0-beta.8" "fetch" "--manifest-path" "Cargo.toml", kill_on_drop: false }`
[INFO] [stderr]  Downloading crates ...
[INFO] [stderr]   Downloaded solana-logger v1.9.29
[INFO] [stderr]   Downloaded solana-frozen-abi-macro v1.9.29
[INFO] [stderr]   Downloaded base64 v0.13.1
[INFO] [stderr]   Downloaded solana-sdk-macro v1.9.29
[INFO] [stderr]   Downloaded block-padding v0.2.1
[INFO] [stderr]   Downloaded instant v0.1.13
[INFO] [stderr]   Downloaded num-derive v0.3.3
[INFO] [stderr]   Downloaded solana-sdk v1.9.29
[INFO] [stderr]   Downloaded rand_pcg v0.2.1
[INFO] [stderr]   Downloaded parking_lot_core v0.8.6
[INFO] [stderr]   Downloaded pbkdf2 v0.9.0
[INFO] [stderr]   Downloaded failure_derive v0.1.8
[INFO] [stderr]   Downloaded solana-frozen-abi v1.9.29
[INFO] [stderr]   Downloaded redox_syscall v0.2.16
[INFO] [stderr]   Downloaded bytemuck_derive v1.12.1
[INFO] [stderr]   Downloaded ctutils v0.4.3
[INFO] [stderr]   Downloaded crypto-mac v0.11.0
[INFO] [stderr]   Downloaded hmac v0.11.0
[INFO] [stderr]   Downloaded ed25519-dalek-bip32 v0.1.1
[INFO] [stderr]   Downloaded hmac v0.9.0
[INFO] [stderr]   Downloaded crypto-mac v0.9.1
[INFO] [stderr]   Downloaded synstructure v0.12.6
[INFO] [stderr]   Downloaded rustc-demangle v0.1.28
[INFO] [stderr]   Downloaded derivation-path v0.1.3
[INFO] [stderr]   Downloaded num_cpus v1.17.0
[INFO] [stderr]   Downloaded hermit-abi v0.5.3
[INFO] [stderr]   Downloaded miow v0.3.7
[INFO] [stderr]   Downloaded solana-measure v1.9.29
[INFO] [stderr]   Downloaded winreg v0.50.0
[INFO] [stderr]   Downloaded solana-program v1.9.29
[INFO] [stderr]   Downloaded parking_lot v0.11.2
[INFO] [stderr]   Downloaded bytemuck v1.25.2
[INFO] [stderr]   Downloaded backtrace v0.3.76
[INFO] [stderr]   Downloaded addr2line v0.25.1
[INFO] [stderr]   Downloaded gimli v0.32.3
[INFO] [stderr]   Downloaded solana-program-test v1.9.29
[INFO] [stderr]   Downloaded tokio-macros v1.8.2
[INFO] [stderr]   Downloaded mio v0.7.14
[INFO] [stderr]   Downloaded solana-vote-program v1.9.29
[INFO] [stderr]   Downloaded solana-program-runtime v1.9.29
[INFO] [stderr]   Downloaded solana-metrics v1.9.29
[INFO] [stderr]   Downloaded reqwest v0.11.27
[INFO] [stderr]   Downloaded wasm-bindgen-futures v0.4.79
[INFO] [stderr]   Downloaded sct v0.7.1
[INFO] [stderr]   Downloaded sync_wrapper v0.1.2
[INFO] [stderr]   Downloaded ipnet v2.12.2
[INFO] [stderr]   Downloaded hyper-rustls v0.24.2
[INFO] [stderr]   Downloaded gethostname v0.2.3
[INFO] [stderr]   Downloaded zstd-safe v4.1.3+zstd.1.5.1
[INFO] [stderr]   Downloaded xattr v1.6.1
[INFO] [stderr]   Downloaded symlink v0.1.0
[INFO] [stderr]   Downloaded solana-address-lookup-table-program v1.9.29
[INFO] [stderr]   Downloaded proc-macro-error v1.0.4
[INFO] [stderr]   Downloaded dashmap v4.0.2
[INFO] [stderr]   Downloaded sha3 v0.9.1
[INFO] [stderr]   Downloaded failure v0.1.8
[INFO] [stderr]   Downloaded ntapi v0.3.7
[INFO] [stderr]   Downloaded libloading v0.7.4
[INFO] [stderr]   Downloaded tokio-rustls v0.24.1
[INFO] [stderr]   Downloaded rustls-webpki v0.101.7
[INFO] [stderr]   Downloaded system-configuration v0.5.1
[INFO] [stderr]   Downloaded rustls-pemfile v1.0.4
[INFO] [stderr]   Downloaded h2 v0.3.27
[INFO] [stderr]   Downloaded tar v0.4.46
[INFO] [stderr]   Downloaded filetime v0.2.29
[INFO] [stderr]   Downloaded solana-stake-program v1.9.29
[INFO] [stderr]   Downloaded solana-compute-budget-program v1.9.29
[INFO] [stderr]   Downloaded flate2 v1.1.10
[INFO] [stderr]   Downloaded miniz_oxide v0.9.1
[INFO] [stderr]   Downloaded dir-diff v0.3.3
[INFO] [stderr]   Downloaded tokio v1.14.1
[INFO] [stderr]   Downloaded webpki-roots v0.25.4
[INFO] [stderr]   Downloaded rustls v0.21.12
[INFO] [stderr]   Downloaded system-configuration-sys v0.5.0
[INFO] [stderr]   Downloaded encoding_rs v0.8.42
[INFO] [stderr]   Downloaded zstd-sys v1.6.2+zstd.1.5.1
[INFO] [stderr]   Downloaded solana-config-program v1.9.29
[INFO] [stderr]   Downloaded solana-rayon-threadlimit v1.9.29
[INFO] [stderr]   Downloaded solana-bucket-map v1.9.29
[INFO] [stderr]   Downloaded fs_extra v1.3.0
[INFO] [stderr]   Downloaded solana-bloom v1.9.29
[INFO] [stderr]   Downloaded bzip2 v0.4.4
[INFO] [stderr]   Downloaded pkg-config v0.3.34
[INFO] [stderr]   Downloaded solana-bpf-loader-program v1.9.29
[INFO] [stderr]   Downloaded hash32 v0.1.1
[INFO] [stderr]   Downloaded tokio-serde v0.8.0
[INFO] [stderr]   Downloaded arrayvec v0.5.2
[INFO] [stderr]   Downloaded want v0.3.2
[INFO] [stderr]   Downloaded tokio-util v0.7.2
[INFO] [stderr]   Downloaded solana-runtime v1.9.29
[INFO] [stderr]   Downloaded zstd v0.9.2+zstd.1.5.1
[INFO] [stderr]   Downloaded ouroboros v0.13.0
[INFO] [stderr]   Downloaded simd-adler32 v0.3.10
[INFO] [stderr]   Downloaded wasi v0.10.0+wasi-snapshot-preview1
[INFO] [stderr]   Downloaded scroll v0.10.2
[INFO] [stderr]   Downloaded goblin v0.4.3
[INFO] [stderr]   Downloaded unreachable v1.0.0
[INFO] [stderr]   Downloaded tracing-opentelemetry v0.15.0
[INFO] [stderr]   Downloaded solana-banks-server v1.9.29
[INFO] [stderr]   Downloaded tokio-util v0.6.10
[INFO] [stderr]   Downloaded zlib-rs v0.6.8
[INFO] [stderr]   Downloaded crossbeam-channel v0.5.17
[INFO] [stderr]   Downloaded ouroboros_macro v0.13.0
[INFO] [stderr]   Downloaded pin-project v1.1.13
[INFO] [stderr]   Downloaded solana-banks-client v1.9.29
[INFO] [stderr]   Downloaded chrono-humanize v0.2.3
[INFO] [stderr]   Downloaded digest v0.8.1
[INFO] [stderr]   Downloaded base-x v0.2.11
[INFO] [stderr]   Downloaded tracing-subscriber v0.2.25
[INFO] [stderr]   Downloaded data-encoding-macro-internal v0.1.19
[INFO] [stderr]   Downloaded multihash v0.14.0
[INFO] [stderr]   Downloaded multihash v0.10.1
[INFO] [stderr]   Downloaded match-lookup v0.1.3
[INFO] [stderr]   Downloaded sha2 v0.8.2
[INFO] [stderr]   Downloaded sha-1 v0.8.2
[INFO] [stderr]   Downloaded crc32fast v1.5.2
[INFO] [stderr]   Downloaded const-str v0.4.3
[INFO] [stderr]   Downloaded block-padding v0.1.5
[INFO] [stderr]   Downloaded multihash-derive v0.7.2
[INFO] [stderr]   Downloaded base256emoji v1.0.2
[INFO] [stderr]   Downloaded block-buffer v0.7.3
[INFO] [stderr]   Downloaded fake-simd v0.1.2
[INFO] [stderr]   Downloaded blake2s_simd v0.5.11
[INFO] [stderr]   Downloaded multibase v0.9.3
[INFO] [stderr]   Downloaded scroll_derive v0.10.5
[INFO] [stderr]   Downloaded index_list v0.2.17
[INFO] [stderr]   Downloaded hyper v0.14.29
[INFO] [stderr]   Downloaded solana_rbpf v0.2.24
[INFO] [stderr]   Downloaded plain v0.2.3
[INFO] [stderr]   Downloaded proc-macro-error-attr v1.0.4
[INFO] [stderr]   Downloaded combine v3.8.1
[INFO] [stderr]   Downloaded time v0.1.45
[INFO] [stderr]   Downloaded tarpc v0.27.2
[INFO] [stderr]   Downloaded tokio-stream v0.1.12
[INFO] [stderr]   Downloaded bzip2-sys v0.1.13+1.0.8
[INFO] [stderr]   Downloaded void v1.0.2
[INFO] [stderr]   Downloaded thread_local v1.1.10
[INFO] [stderr]   Downloaded data-encoding-macro v0.1.21
[INFO] [stderr]   Downloaded constant_time_eq v0.1.5
[INFO] [stderr]   Downloaded opaque-debug v0.2.3
[INFO] [stderr]   Downloaded cid v0.7.0
[INFO] [stderr]   Downloaded educe v0.4.23
[INFO] [stderr]   Downloaded opentelemetry v0.16.0
[INFO] [stderr]   Downloaded base45 v3.2.0
[INFO] [stderr]   Downloaded blake3 v0.3.8
[INFO] [stderr]   Downloaded tarpc-plugins v0.12.0
[INFO] [stderr]   Downloaded solana-send-transaction-service v1.9.29
[INFO] [stderr]   Downloaded cfg-if v0.1.10
[INFO] [stderr]   Downloaded unsigned-varint v0.3.3
[INFO] [stderr]   Downloaded ascii v0.9.3
[INFO] [stderr]   Downloaded enum-ordinalize v3.1.15
[INFO] [stderr]   Downloaded sha3 v0.8.2
[INFO] [stderr]   Downloaded proc-macro-crate v1.3.1
[INFO] [stderr]   Downloaded generic-array v0.12.4
[INFO] [stderr]   Downloaded pin-project-internal v1.1.13
[INFO] [stderr]   Downloaded solana-banks-interface v1.9.29
[INFO] [stderr]   Downloaded byte-tools v0.3.1
[INFO] [stderr]   Downloaded unsigned-varint v0.7.2
[INFO] [stderr]   Downloaded blake2b_simd v0.5.11
[INFO] running `Command { std: "docker" "create" "-v" "/var/lib/crater-agent-workspace/builds/worker-4-tc1/source:/opt/rustwide/workdir:ro,Z" "-v" "/var/lib/crater-agent-workspace/builds/worker-4-tc1/target:/opt/rustwide/target:rw,Z" "-v" "/var/lib/crater-agent-workspace/cargo-home:/opt/rustwide/cargo-home:ro,Z" "-v" "/var/lib/crater-agent-workspace/rustup-home:/opt/rustwide/rustup-home:ro,Z" "-m" "1610612736" "--network" "none" "ghcr.io/rust-lang/crates-build-env/linux@sha256:3111399a4047eeb3a02b7a90e478d715f38a8c6669b5c4b49d30a17385265909" "sleep" "infinity", kill_on_drop: false }`
[INFO] [stdout] a8cf58a5674588ca26b9ec4dfee7e640861244308638e645313d781075feacdf
[INFO] running `Command { std: "docker" "start" "a8cf58a5674588ca26b9ec4dfee7e640861244308638e645313d781075feacdf", kill_on_drop: false }`
[INFO] running `Command { std: "docker" "inspect" "a8cf58a5674588ca26b9ec4dfee7e640861244308638e645313d781075feacdf", kill_on_drop: false }`
[INFO] running `Command { std: "docker" "exec" "-e" "SOURCE_DIR=/opt/rustwide/workdir" "-e" "CARGO_HOME=/opt/rustwide/cargo-home" "-e" "RUSTUP_HOME=/opt/rustwide/rustup-home" "-e" "CARGO_TARGET_DIR=/opt/rustwide/target" "-w" "/opt/rustwide/workdir" "--user" "0:0" "a8cf58a5674588ca26b9ec4dfee7e640861244308638e645313d781075feacdf" "/opt/rustwide/cargo-home/bin/cargo" "+1.99.0-beta.8" "metadata" "--no-deps" "--format-version=1", kill_on_drop: false }`
[INFO] running `Command { std: "docker" "inspect" "a8cf58a5674588ca26b9ec4dfee7e640861244308638e645313d781075feacdf", kill_on_drop: false }`
[INFO] running `Command { std: "docker" "exec" "-e" "SOURCE_DIR=/opt/rustwide/workdir" "-e" "CARGO_HOME=/opt/rustwide/cargo-home" "-e" "RUSTUP_HOME=/opt/rustwide/rustup-home" "-e" "CARGO_TARGET_DIR=/opt/rustwide/target" "-e" "CARGO_INCREMENTAL=0" "-e" "RUST_BACKTRACE=full" "-e" "RUSTFLAGS=--cap-lints=warn" "-e" "RUSTDOCFLAGS=--cap-lints=warn" "-w" "/opt/rustwide/workdir" "--user" "0:0" "a8cf58a5674588ca26b9ec4dfee7e640861244308638e645313d781075feacdf" "/opt/rustwide/cargo-home/bin/cargo" "+1.99.0-beta.8" "build" "--frozen" "--message-format=json", kill_on_drop: false }`
[INFO] [stderr]    Compiling unicode-ident v1.0.26
[INFO] [stderr]    Compiling proc-macro2 v1.0.107
[INFO] [stderr]    Compiling version_check v0.9.5
[INFO] [stderr]    Compiling typenum v1.20.1
[INFO] [stderr]    Compiling serde_core v1.0.229
[INFO] [stderr]    Compiling libc v0.2.190
[INFO] [stderr]    Compiling serde v1.0.229
[INFO] [stderr]    Compiling cfg-if v1.0.5
[INFO] [stderr]    Compiling syn v1.0.109
[INFO] [stderr]    Compiling subtle v2.6.1
[INFO] [stderr]    Compiling shlex v2.0.1
[INFO] [stderr]    Compiling semver v1.0.28
[INFO] [stderr]    Compiling find-msvc-tools v0.1.14
[INFO] [stderr]    Compiling once_cell v1.21.4
[INFO] [stderr]    Compiling getrandom v0.1.16
[INFO] [stderr]    Compiling crunchy v0.2.4
[INFO] [stderr]    Compiling block-padding v0.2.1
[INFO] [stderr]    Compiling arrayref v0.3.9
[INFO] [stderr]    Compiling byteorder v1.5.0
[INFO] [stderr]    Compiling rustversion v1.0.23
[INFO] [stderr]    Compiling memchr v2.8.3
[INFO] [stderr]    Compiling wasm-bindgen-shared v0.2.129
[INFO] [stderr]    Compiling zerocopy v0.8.60
[INFO] [stderr]    Compiling opaque-debug v0.3.1
[INFO] [stderr]    Compiling rustc_version v0.4.1
[INFO] [stderr]    Compiling regex-syntax v0.8.11
[INFO] [stderr]    Compiling arrayvec v0.5.2
[INFO] [stderr]    Compiling hashbrown v0.17.1
[INFO] [stderr]    Compiling generic-array v0.14.9
[INFO] [stderr]    Compiling proc-macro-error-attr v1.0.4
[INFO] [stderr]    Compiling keccak v0.1.6
[INFO] [stderr]    Compiling byte-tools v0.3.1
[INFO] [stderr]    Compiling constant_time_eq v0.1.5
[INFO] [stderr]    Compiling block-padding v0.1.5
[INFO] [stderr]    Compiling ahash v0.7.8
[INFO] [stderr]    Compiling proc-macro-error v1.0.4
[INFO] [stderr]    Compiling winnow v0.5.40
[INFO] [stderr]    Compiling feature-probe v0.1.1
[INFO] [stderr]    Compiling toml_datetime v0.6.11
[INFO] [stderr]    Compiling data-encoding v2.11.1
[INFO] [stderr]    Compiling bv v0.11.1
[INFO] [stderr]    Compiling quote v1.0.47
[INFO] [stderr]    Compiling solana-frozen-abi-macro v1.9.29
[INFO] [stderr]    Compiling log v0.4.34
[INFO] [stderr]    Compiling thiserror v1.0.69
[INFO] [stderr]    Compiling humantime v2.4.0
[INFO] [stderr]    Compiling termcolor v1.4.1
[INFO] [stderr]    Compiling cmov v0.5.4
[INFO] [stderr]    Compiling aho-corasick v1.1.5
[INFO] [stderr]    Compiling opaque-debug v0.2.3
[INFO] [stderr]    Compiling syn v3.0.6
[INFO] [stderr]    Compiling syn v2.0.119
[INFO] [stderr]    Compiling generic-array v0.12.4
[INFO] [stderr]    Compiling hybrid-array v0.4.15
[INFO] [stderr]    Compiling bumpalo v3.20.3
[INFO] [stderr]    Compiling indexmap v2.14.2
[INFO] [stderr]    Compiling ctutils v0.4.3
[INFO] [stderr]    Compiling digest v0.8.1
[INFO] [stderr]    Compiling block-buffer v0.7.3
[INFO] [stderr]    Compiling num-traits v0.2.19
[INFO] [stderr]    Compiling wasm-bindgen v0.2.129
[INFO] [stderr]    Compiling solana-frozen-abi v1.9.29
[INFO] [stderr]    Compiling blake2s_simd v0.5.11
[INFO] [stderr]    Compiling blake2b_simd v0.5.11
[INFO] [stderr]    Compiling cfg-if v0.1.10
[INFO] [stderr]    Compiling const-str v0.4.3
[INFO] [stderr]    Compiling bs58 v0.4.0
[INFO] [stderr]    Compiling fake-simd v0.1.2
[INFO] [stderr]    Compiling solana-program v1.9.29
[INFO] [stderr]    Compiling unsigned-varint v0.7.2
[INFO] [stderr]    Compiling jobserver v0.1.35
[INFO] [stderr]    Compiling atty v0.2.14
[INFO] [stderr]    Compiling getrandom v0.2.17
[INFO] [stderr]    Compiling memmap2 v0.5.10
[INFO] [stderr]    Compiling crypto-common v0.2.2
[INFO] [stderr]    Compiling rand_core v0.5.1
[INFO] [stderr]    Compiling cc v1.6.0
[INFO] [stderr]    Compiling rand_pcg v0.2.1
[INFO] [stderr]    Compiling block-buffer v0.12.1
[INFO] [stderr]    Compiling constant_time_eq v0.4.2
[INFO] [stderr]    Compiling hashbrown v0.11.2
[INFO] [stderr]    Compiling base45 v3.2.0
[INFO] [stderr]    Compiling base-x v0.2.11
[INFO] [stderr]    Compiling cpufeatures v0.3.1
[INFO] [stderr]    Compiling base64 v0.12.3
[INFO] [stderr]    Compiling arrayvec v0.7.8
[INFO] [stderr]    Compiling regex-automata v0.4.18
[INFO] [stderr]    Compiling sha2 v0.8.2
[INFO] [stderr]    Compiling sha-1 v0.8.2
[INFO] [stderr]    Compiling sha3 v0.8.2
[INFO] [stderr]    Compiling toml_edit v0.19.15
[INFO] [stderr]    Compiling base64 v0.13.1
[INFO] [stderr]    Compiling unsigned-varint v0.3.3
[INFO] [stderr]    Compiling digest v0.11.3
[INFO] [stderr]    Compiling serde_bytes v0.11.19
[INFO] [stderr]    Compiling multihash v0.10.1
[INFO] [stderr]    Compiling blake3 v0.3.8
[INFO] [stderr]    Compiling blake3 v1.8.7
[INFO] [stderr]    Compiling proc-macro-crate v1.3.1
[INFO] [stderr]    Compiling ppv-lite86 v0.2.21
[INFO] [stderr]    Compiling wasm-bindgen-macro-support v0.2.129
[INFO] [stderr]    Compiling regex v1.13.1
[INFO] [stderr]    Compiling env_logger v0.9.3
[INFO] [stderr]    Compiling rand_chacha v0.2.2
[INFO] [stderr]    Compiling solana-logger v1.9.29
[INFO] [stderr]    Compiling rand v0.7.3
[INFO] [stderr]    Compiling serde_derive v1.0.229
[INFO] [stderr]    Compiling data-encoding-macro-internal v0.1.19
[INFO] [stderr]    Compiling bytemuck_derive v1.12.1
[INFO] [stderr]    Compiling zeroize_derive v1.5.0
[INFO] [stderr]    Compiling thiserror-impl v1.0.69
[INFO] [stderr]    Compiling match-lookup v0.1.3
[INFO] [stderr]    Compiling data-encoding-macro v0.1.21
[INFO] [stderr]    Compiling borsh-schema-derive-internal v0.9.3
[INFO] [stderr]    Compiling synstructure v0.12.6
[INFO] [stderr]    Compiling borsh-derive-internal v0.9.3
[INFO] [stderr]    Compiling base256emoji v1.0.2
[INFO] [stderr]    Compiling multibase v0.9.3
[INFO] [stderr]    Compiling zeroize v1.3.0
[INFO] [stderr]    Compiling num-derive v0.3.3
[INFO] [stderr]    Compiling solana-sdk-macro v1.9.29
[INFO] [stderr]    Compiling multihash-derive v0.7.2
[INFO] [stderr]    Compiling bytemuck v1.25.2
[INFO] [stderr]    Compiling toml v0.5.11
[INFO] [stderr]    Compiling bincode v1.3.3
[INFO] [stderr]    Compiling digest v0.9.0
[INFO] [stderr]    Compiling crypto-mac v0.8.0
[INFO] [stderr]    Compiling block-buffer v0.9.0
[INFO] [stderr]    Compiling libsecp256k1-core v0.2.2
[INFO] [stderr]    Compiling curve25519-dalek v3.2.1
[INFO] [stderr]    Compiling hmac v0.8.1
[INFO] [stderr]    Compiling hmac-drbg v0.3.0
[INFO] [stderr]    Compiling sha2 v0.9.9
[INFO] [stderr]    Compiling sha3 v0.9.1
[INFO] [stderr]    Compiling wasm-bindgen-macro v0.2.129
[INFO] [stderr]    Compiling multihash v0.14.0
[INFO] [stderr]    Compiling proc-macro-crate v0.1.5
[INFO] [stderr]    Compiling cid v0.7.0
[INFO] [stderr]    Compiling borsh-derive v0.9.3
[INFO] [stderr]    Compiling libsecp256k1-gen-genmult v0.2.1
[INFO] [stderr]    Compiling libsecp256k1-gen-ecmult v0.2.1
[INFO] [stderr]    Compiling libsecp256k1 v0.6.0
[INFO] [stderr]    Compiling borsh v0.9.3
[INFO] [stderr]    Compiling vpl-relying-party v0.1.1 (/opt/rustwide/workdir)
[INFO] [stdout] warning: non-local `impl` definition, `impl` blocks should be written at the same level as their item
[INFO] [stdout]  --> src/error.rs:8:35
[INFO] [stdout]   |
[INFO] [stdout] 8 | #[derive(Clone, Debug, Eq, Error, FromPrimitive, PartialEq)]
[INFO] [stdout]   |                                   ^------------
[INFO] [stdout]   |                                   |
[INFO] [stdout]   |                                   `FromPrimitive` is not local
[INFO] [stdout]   |                                   move the `impl` block outside of this constant `_IMPL_NUM_FromPrimitive_FOR_RelyingParty`
[INFO] [stdout] 9 | pub enum RelyingParty {
[INFO] [stdout]   |          ------------ `RelyingParty` is not local
[INFO] [stdout]   |
[INFO] [stdout]   = note: the derive macro `FromPrimitive` defines the non-local `impl`, and may need to be changed
[INFO] [stdout]   = note: the derive macro `FromPrimitive` may come from an old version of the `num_derive` crate, try updating your dependency with `cargo update -p num_derive`
[INFO] [stdout]   = note: an `impl` is never scoped, even when it is nested inside an item, as it may impact type checking outside of that item, which can be the case if neither the trait or the self type are at the same nesting level as the `impl`
[INFO] [stdout]   = note: items in an anonymous const item (`const _: () = { ... }`) are treated as in the same scope as the anonymous const's declaration for the purpose of this lint
[INFO] [stdout]   = note: `#[warn(non_local_definitions)]` on by default
[INFO] [stdout]   = note: this warning originates in the derive macro `FromPrimitive` (in Nightly builds, run with -Z macro-backtrace for more info)
[INFO] [stdout] 
[INFO] [stdout] 
[INFO] [stdout] error: linking with `cc` failed: exit status: 1
[INFO] [stdout]   |
[INFO] [stdout]   = note:  "cc" "-Wl,--version-script=/opt/rustwide/target/debug/deps/rustchZt02U/list" "-Wl,--no-undefined-version" "-m64" "/opt/rustwide/target/debug/deps/rustchZt02U/symbols.o" "<5 object files omitted>" "-Wl,--as-needed" "-Wl,-Bstatic" "/opt/rustwide/target/debug/deps/{libcid-15def43ad040c5ad,libmultihash-eaf256683ba1cfbf,libblake3-4713e532ab1dba12,libcfg_if-5debf92116708c19,libblake2s_simd-b79cbe2e7bfb56f6,libblake2b_simd-cccf542adc323fd3,libconstant_time_eq-beff8cd2de40ca33,libarrayvec-73a3ce42020c25f9,libunsigned_varint-003ddbb159b2c162,libmultibase-f71ec1728339f50d,libbase45-56a7d0e25219e2d2,libbase_x-e5b84adab724dcee,libbase256emoji-2cb056eb52555a9e,libconst_str-a43587d571c7c343,libdata_encoding_macro-f79ceb914d8f6a43,libdata_encoding-c0d21a6a491b383c,libsolana_program-836fed512cf4e925,liblibsecp256k1-c21c1a024e1a9f25,libbase64-d62dc757d44ac0f2,libhmac_drbg-58bd74ee8f6b2e12,libhmac-d89d5151b26852b3,libcrypto_mac-254405f497462893,libarrayref-81fde35c69841043,liblibsecp256k1_core-ca9f681c5cde4455,libcrunchy-9d3b3fb3d5e2bcf0,librand-af4d70730ca2dc0b,librand_pcg-268b5435c09dfba7,librand_chacha-edb63688b354e381,libppv_lite86-00f1fbef3c43223b,libzerocopy-9e2bfb35de1feb23,libcurve25519_dalek-68d7c71384f35b40,libsubtle-9d3374eb1cc0224d,libzeroize-52b3c928f45c7937,librand_core-48832eecf03c4d2d,libgetrandom-df30f570dc876763,liblibc-baa71fd275b1690a,libbyteorder-6c32188a38bfe314,libbase64-42295ac2e0e134a3,libserde_bytes-c961985975e7e57d,libbs58-a4388457aa47f468,libwasm_bindgen-1828892f13e5927a,libonce_cell-b5bdc597ed9676b3,libwasm_bindgen_shared-9da06df7ebaa1a93,libunicode_ident-a39dac5fe6df0141,libbitflags-dde12b0d7d495b50,libbv-4a485dd5e00efc68,libbytemuck-4c7923df4fdfeef3,libitertools-b3b4b277962741c2,libeither-44d6fa005d661d6a,libblake3-80cb5e3d2c2f4ad6,libconstant_time_eq-1a60f1c89abc6683,libcpufeatures-2e8dd38066a76518,libarrayvec-dd42765941c22ca2,libdigest-6f1054e0a507ef80,libctutils-6ea5536a160e2730,libcmov-427cb834a409c78d,libcrypto_common-0700e0c7e42473ad,libblock_buffer-c51ef3ba17219c40,libhybrid_array-36235c981c84acf3,liblazy_static-27442a5ab9db66ae,libsha3-dab48a6be159ba58,libkeccak-a9108406cf8c163c,libsha2-eaa19f647dcb263f,libcpufeatures-e04321643d03190d,libcfg_if-5addb699396bfe5f,libopaque_debug-90e66d859d53ff28,libdigest-2cb9be62bc3ac785,libblock_buffer-34ce6d3882176f39,libblock_padding-b6fc03ba276d2b11,libgeneric_array-d1cab73931ae1799,libtypenum-8cba24ab4904c632,liblog-431c2e66b4ed7b91,libnum_traits-888f07a85755f3c0,libbincode-6d414080ee2989c2,libserde-473f67472bc2e389,libserde_core-5e2cc09ca9d4e525,libthiserror-70c7ba605a848e09,libborsh-380fb48b497d0035}.rlib" "<sysroot>/lib/rustlib/x86_64-unknown-linux-gnu/lib/{libstd-*,libpanic_unwind-*,libobject-*,libmemchr-*,libaddr2line-*,libgimli-*,libcfg_if-*,librustc_demangle-*,libstd_detect-*,libhashbrown-*,librustc_std_workspace_alloc-*,libminiz_oxide-*,libadler2-*,libunwind-*,liblibc-*,librustc_std_workspace_core-*,liballoc-*,libcore-*,libcompiler_builtins-*}.rlib" "-Wl,-Bdynamic" "-lgcc_s" "-lutil" "-lrt" "-lpthread" "-lm" "-ldl" "-lc" "-L" "/opt/rustwide/target/debug/deps/rustchZt02U/raw-dylibs" "-B<sysroot>/lib/rustlib/x86_64-unknown-linux-gnu/bin/gcc-ld" "-fuse-ld=lld" "-Wl,--eh-frame-hdr" "-Wl,-z,noexecstack" "-L" "/opt/rustwide/target/debug/build/blake3-dccf11babf36bdf0/out" "-L" "/opt/rustwide/target/debug/build/blake3-48459a40c3a05ff6/out" "-L" "<sysroot>/lib/rustlib/x86_64-unknown-linux-gnu/lib" "-o" "/opt/rustwide/target/debug/deps/libvpl_relying_party.so" "-Wl,--gc-sections" "-shared" "-Wl,-z,relro,-z,now" "-nodefaultlibs"
[INFO] [stdout]   = note: some arguments are omitted. use `--verbose` to show all linker arguments
[INFO] [stdout]   = note: rust-lld: error: duplicate symbol: _blake3_hash_many_avx512
[INFO] [stdout]           >>> defined at blake3_avx512_x86-64_unix.S:31 (c/blake3_avx512_x86-64_unix.S:31)
[INFO] [stdout]           >>>            b8423798394d5395-blake3_avx512_x86-64_unix.o:(.text+0x0) in archive /opt/rustwide/target/debug/deps/libblake3-4713e532ab1dba12.rlib
[INFO] [stdout]           >>> defined at blake3_avx512_x86-64_unix.S:33 (c/blake3_avx512_x86-64_unix.S:33)
[INFO] [stdout]           >>>            b8423798394d5395-blake3_avx512_x86-64_unix.o:(.text+0x0) in archive /opt/rustwide/target/debug/deps/libblake3-80cb5e3d2c2f4ad6.rlib
[INFO] [stdout]           
[INFO] [stdout]           rust-lld: error: duplicate symbol: blake3_hash_many_avx512
[INFO] [stdout]           >>> defined at blake3_avx512_x86-64_unix.S:31 (c/blake3_avx512_x86-64_unix.S:31)
[INFO] [stdout]           >>>            b8423798394d5395-blake3_avx512_x86-64_unix.o:(.text+0x0) in archive /opt/rustwide/target/debug/deps/libblake3-4713e532ab1dba12.rlib
[INFO] [stdout]           >>> defined at blake3_avx512_x86-64_unix.S:33 (c/blake3_avx512_x86-64_unix.S:33)
[INFO] [stdout]           >>>            b8423798394d5395-blake3_avx512_x86-64_unix.o:(.text+0x0) in archive /opt/rustwide/target/debug/deps/libblake3-80cb5e3d2c2f4ad6.rlib
[INFO] [stdout]           
[INFO] [stdout]           rust-lld: error: duplicate symbol: blake3_compress_in_place_avx512
[INFO] [stdout]           >>> defined at blake3_avx512_x86-64_unix.S:2389 (c/blake3_avx512_x86-64_unix.S:2389)
[INFO] [stdout]           >>>            b8423798394d5395-blake3_avx512_x86-64_unix.o:(.text+0x3780) in archive /opt/rustwide/target/debug/deps/libblake3-4713e532ab1dba12.rlib
[INFO] [stdout]           >>> defined at blake3_avx512_x86-64_unix.S:2391 (c/blake3_avx512_x86-64_unix.S:2391)
[INFO] [stdout]           >>>            b8423798394d5395-blake3_avx512_x86-64_unix.o:(.text+0x3780) in archive /opt/rustwide/target/debug/deps/libblake3-80cb5e3d2c2f4ad6.rlib
[INFO] [stdout]           
[INFO] [stdout]           rust-lld: error: duplicate symbol: _blake3_compress_in_place_avx512
[INFO] [stdout]           >>> defined at blake3_avx512_x86-64_unix.S:2389 (c/blake3_avx512_x86-64_unix.S:2389)
[INFO] [stdout]           >>>            b8423798394d5395-blake3_avx512_x86-64_unix.o:(.text+0x3780) in archive /opt/rustwide/target/debug/deps/libblake3-4713e532ab1dba12.rlib
[INFO] [stdout]           >>> defined at blake3_avx512_x86-64_unix.S:2391 (c/blake3_avx512_x86-64_unix.S:2391)
[INFO] [stdout]           >>>            b8423798394d5395-blake3_avx512_x86-64_unix.o:(.text+0x3780) in archive /opt/rustwide/target/debug/deps/libblake3-80cb5e3d2c2f4ad6.rlib
[INFO] [stdout]           
[INFO] [stdout]           rust-lld: error: duplicate symbol: blake3_compress_xof_avx512
[INFO] [stdout]           >>> defined at blake3_avx512_x86-64_unix.S:2472 (c/blake3_avx512_x86-64_unix.S:2472)
[INFO] [stdout]           >>>            b8423798394d5395-blake3_avx512_x86-64_unix.o:(.text+0x3900) in archive /opt/rustwide/target/debug/deps/libblake3-4713e532ab1dba12.rlib
[INFO] [stdout]           >>> defined at blake3_avx512_x86-64_unix.S:2474 (c/blake3_avx512_x86-64_unix.S:2474)
[INFO] [stdout]           >>>            b8423798394d5395-blake3_avx512_x86-64_unix.o:(.text+0x3900) in archive /opt/rustwide/target/debug/deps/libblake3-80cb5e3d2c2f4ad6.rlib
[INFO] [stdout]           
[INFO] [stdout]           rust-lld: error: duplicate symbol: _blake3_compress_xof_avx512
[INFO] [stdout]           >>> defined at blake3_avx512_x86-64_unix.S:2472 (c/blake3_avx512_x86-64_unix.S:2472)
[INFO] [stdout]           >>>            b8423798394d5395-blake3_avx512_x86-64_unix.o:(.text+0x3900) in archive /opt/rustwide/target/debug/deps/libblake3-4713e532ab1dba12.rlib
[INFO] [stdout]           >>> defined at blake3_avx512_x86-64_unix.S:2474 (c/blake3_avx512_x86-64_unix.S:2474)
[INFO] [stdout]           >>>            b8423798394d5395-blake3_avx512_x86-64_unix.o:(.text+0x3900) in archive /opt/rustwide/target/debug/deps/libblake3-80cb5e3d2c2f4ad6.rlib
[INFO] [stdout]           collect2: error: ld returned 1 exit status
[INFO] [stdout]           
[INFO] [stdout] 
[INFO] [stdout] 
[INFO] [stderr] error: could not compile `vpl-relying-party` (lib) due to 1 previous error; 1 warning emitted
[INFO] running `Command { std: "docker" "inspect" "a8cf58a5674588ca26b9ec4dfee7e640861244308638e645313d781075feacdf", kill_on_drop: false }`
[INFO] running `Command { std: "docker" "rm" "-f" "a8cf58a5674588ca26b9ec4dfee7e640861244308638e645313d781075feacdf", kill_on_drop: false }`
[INFO] [stdout] a8cf58a5674588ca26b9ec4dfee7e640861244308638e645313d781075feacdf
