[INFO] fetching crate voxudio 0.7.4...
[INFO] testing voxudio-0.7.4 against 1.99.0-beta.8 for beta-1.100-2
[INFO] extracting crate voxudio 0.7.4 into /workspace/builds/worker-7-tc1/source
[INFO] started tweaking crates.io crate voxudio 0.7.4
[INFO] removed 0 missing examples
[INFO] removed 0 missing tests
[INFO] finished tweaking crates.io crate voxudio 0.7.4
[INFO] tweaked toml for crates.io crate voxudio 0.7.4 written to /workspace/builds/worker-7-tc1/source/Cargo.toml
[INFO] validating manifest of crates.io crate voxudio 0.7.4 on toolchain 1.99.0-beta.8
[INFO] running `Command { std: CARGO_HOME="/workspace/cargo-home" RUSTUP_HOME="/workspace/rustup-home" "/workspace/cargo-home/bin/cargo" "+1.99.0-beta.8" "metadata" "--manifest-path" "Cargo.toml" "--no-deps", kill_on_drop: false }`
[INFO] crate crates.io crate voxudio 0.7.4 already has a lockfile, it will not be regenerated
[INFO] running `Command { std: CARGO_HOME="/workspace/cargo-home" RUSTUP_HOME="/workspace/rustup-home" "/workspace/cargo-home/bin/cargo" "+1.99.0-beta.8" "fetch" "--manifest-path" "Cargo.toml", kill_on_drop: false }`
[INFO] [stderr]     Blocking waiting for file lock on package cache
[INFO] [stderr]     Updating crates.io index
[INFO] [stderr]  Downloading crates ...
[INFO] [stderr]   Downloaded symphonia v0.5.5
[INFO] [stderr]   Downloaded symphonia-codec-pcm v0.5.5
[INFO] [stderr]   Downloaded hmac-sha256 v1.1.14
[INFO] [stderr]   Downloaded rawpointer v0.2.1
[INFO] [stderr]   Downloaded cexpr v0.6.0
[INFO] [stderr]   Downloaded num-rational v0.4.2
[INFO] [stderr]   Downloaded pem-rfc7468 v1.0.0
[INFO] [stderr]   Downloaded bytemuck v1.25.0
[INFO] [stderr]   Downloaded symphonia-metadata v0.5.5
[INFO] [stderr]   Downloaded symphonia-format-riff v0.5.5
[INFO] [stderr]   Downloaded glob v0.3.3
[INFO] [stderr]   Downloaded libloading v0.8.9
[INFO] [stderr]   Downloaded arrayvec v0.7.8
[INFO] [stderr]   Downloaded anyhow v1.0.103
[INFO] [stderr]   Downloaded toml_parser v1.1.2+spec-1.1.0
[INFO] [stderr]   Downloaded clang-sys v1.8.1
[INFO] [stderr]   Downloaded portable-atomic-util v0.2.7
[INFO] [stderr]   Downloaded matrixmultiply v0.3.10
[INFO] [stderr]   Downloaded ureq-proto v0.6.0
[INFO] [stderr]   Downloaded symphonia-bundle-mp3 v0.5.5
[INFO] [stderr]   Downloaded bytes v1.12.0
[INFO] [stderr]   Downloaded toml_edit v0.25.12+spec-1.1.0
[INFO] [stderr]   Downloaded ort-sys v2.0.0-rc.12
[INFO] [stderr]   Downloaded symphonia-core v0.5.5
[INFO] [stderr]   Downloaded cc v1.2.65
[INFO] [stderr]   Downloaded memchr v2.8.2
[INFO] [stderr]   Downloaded der v0.8.0
[INFO] [stderr]   Downloaded num-bigint v0.4.7
[INFO] [stderr]   Downloaded ort v2.0.0-rc.12
[INFO] [stderr]   Downloaded ureq v3.3.0
[INFO] [stderr]   Downloaded rodio v0.22.2
[INFO] [stderr]   Downloaded regex v1.12.4
[INFO] [stderr]   Downloaded winnow v1.0.3
[INFO] [stderr]   Downloaded portable-atomic v1.13.1
[INFO] [stderr]   Downloaded cpal v0.18.1
[INFO] [stderr]   Downloaded bindgen v0.72.1
[INFO] [stderr]   Downloaded ndarray v0.17.2
[INFO] [stderr]   Downloaded lzma-rust2 v0.15.8
[INFO] [stderr]   Downloaded simd_cesu8 v1.1.1
[INFO] running `Command { std: "docker" "create" "-v" "/var/lib/crater-agent-workspace/builds/worker-7-tc1/source:/opt/rustwide/workdir:ro,Z" "-v" "/var/lib/crater-agent-workspace/builds/worker-7-tc1/target:/opt/rustwide/target:rw,Z" "-v" "/var/lib/crater-agent-workspace/cargo-home:/opt/rustwide/cargo-home:ro,Z" "-v" "/var/lib/crater-agent-workspace/rustup-home:/opt/rustwide/rustup-home:ro,Z" "-m" "1610612736" "--network" "none" "ghcr.io/rust-lang/crates-build-env/linux@sha256:3111399a4047eeb3a02b7a90e478d715f38a8c6669b5c4b49d30a17385265909" "sleep" "infinity", kill_on_drop: false }`
[INFO] [stdout] 169427973a1f92ede9269266ff320767783bb9eefc1de06a09925848397bcee4
[INFO] running `Command { std: "docker" "start" "169427973a1f92ede9269266ff320767783bb9eefc1de06a09925848397bcee4", kill_on_drop: false }`
[INFO] running `Command { std: "docker" "inspect" "169427973a1f92ede9269266ff320767783bb9eefc1de06a09925848397bcee4", kill_on_drop: false }`
[INFO] running `Command { std: "docker" "exec" "-e" "SOURCE_DIR=/opt/rustwide/workdir" "-e" "CARGO_HOME=/opt/rustwide/cargo-home" "-e" "RUSTUP_HOME=/opt/rustwide/rustup-home" "-e" "CARGO_TARGET_DIR=/opt/rustwide/target" "-w" "/opt/rustwide/workdir" "--user" "0:0" "169427973a1f92ede9269266ff320767783bb9eefc1de06a09925848397bcee4" "/opt/rustwide/cargo-home/bin/cargo" "+1.99.0-beta.8" "metadata" "--no-deps" "--format-version=1", kill_on_drop: false }`
[INFO] running `Command { std: "docker" "inspect" "169427973a1f92ede9269266ff320767783bb9eefc1de06a09925848397bcee4", kill_on_drop: false }`
[INFO] running `Command { std: "docker" "exec" "-e" "SOURCE_DIR=/opt/rustwide/workdir" "-e" "CARGO_HOME=/opt/rustwide/cargo-home" "-e" "RUSTUP_HOME=/opt/rustwide/rustup-home" "-e" "CARGO_TARGET_DIR=/opt/rustwide/target" "-e" "CARGO_INCREMENTAL=0" "-e" "RUST_BACKTRACE=full" "-e" "RUSTFLAGS=--cap-lints=warn" "-e" "RUSTDOCFLAGS=--cap-lints=warn" "-w" "/opt/rustwide/workdir" "--user" "0:0" "169427973a1f92ede9269266ff320767783bb9eefc1de06a09925848397bcee4" "/opt/rustwide/cargo-home/bin/cargo" "+1.99.0-beta.8" "build" "--frozen" "--message-format=json", kill_on_drop: false }`
[INFO] [stderr]    Compiling cfg-if v1.0.4
[INFO] [stderr]    Compiling proc-macro2 v1.0.106
[INFO] [stderr]    Compiling unicode-ident v1.0.24
[INFO] [stderr]    Compiling log v0.4.33
[INFO] [stderr]    Compiling quote v1.0.46
[INFO] [stderr]    Compiling num-traits v0.2.19
[INFO] [stderr]    Compiling glob v0.3.3
[INFO] [stderr]    Compiling lazy_static v1.5.0
[INFO] [stderr]    Compiling bytemuck v1.25.0
[INFO] [stderr]    Compiling bitflags v1.3.2
[INFO] [stderr]    Compiling arrayvec v0.7.8
[INFO] [stderr]    Compiling libc v0.2.186
[INFO] [stderr]    Compiling prettyplease v0.2.37
[INFO] [stderr]    Compiling encoding_rs v0.8.35
[INFO] [stderr]    Compiling regex-syntax v0.8.11
[INFO] [stderr]    Compiling minimal-lexical v0.2.1
[INFO] [stderr]    Compiling clang-sys v1.8.1
[INFO] [stderr]    Compiling symphonia-core v0.5.5
[INFO] [stderr]    Compiling memchr v2.8.2
[INFO] [stderr]    Compiling libloading v0.8.9
[INFO] [stderr]    Compiling bindgen v0.72.1
[INFO] [stderr]    Compiling either v1.16.0
[INFO] [stderr]    Compiling syn v2.0.118
[INFO] [stderr]    Compiling nom v7.1.3
[INFO] [stderr]    Compiling num-integer v0.1.46
[INFO] [stderr]    Compiling itertools v0.13.0
[INFO] [stderr]    Compiling symphonia-metadata v0.5.5
[INFO] [stderr]    Compiling regex-automata v0.4.14
[INFO] [stderr]    Compiling matrixmultiply v0.3.10
[INFO] [stderr]    Compiling rustc-hash v2.1.3
[INFO] [stderr]    Compiling find-msvc-tools v0.1.9
[INFO] [stderr]    Compiling thiserror v2.0.18
[INFO] [stderr]    Compiling bitflags v2.13.0
[INFO] [stderr]    Compiling extended v0.1.0
[INFO] [stderr]    Compiling shlex v1.3.0
[INFO] [stderr]    Compiling symphonia-format-riff v0.5.5
[INFO] [stderr]    Compiling cc v1.2.65
[INFO] [stderr]    Compiling symphonia-bundle-mp3 v0.5.5
[INFO] [stderr]    Compiling symphonia-codec-pcm v0.5.5
[INFO] [stderr]    Compiling num-bigint v0.4.7
[INFO] [stderr]    Compiling rawpointer v0.2.1
[INFO] [stderr]    Compiling cexpr v0.6.0
[INFO] [stderr]    Compiling regex v1.12.4
[INFO] [stderr]    Compiling symphonia v0.5.5
[INFO] [stderr]    Compiling num-complex v0.4.6
[INFO] [stderr]    Compiling dasp_sample v0.11.0
[INFO] [stderr]    Compiling tokio v1.52.3
[INFO] [stderr]    Compiling ndarray v0.17.2
[INFO] [stderr]    Compiling num-rational v0.4.2
[INFO] [stderr]    Compiling thiserror-impl v2.0.18
[INFO] [stderr]    Compiling rodio v0.22.2
[INFO] [stderr]    Compiling voxudio v0.7.4 (/opt/rustwide/workdir)
[INFO] [stderr]     Finished `dev` profile [unoptimized + debuginfo] target(s) in 52.85s
[INFO] running `Command { std: "docker" "inspect" "169427973a1f92ede9269266ff320767783bb9eefc1de06a09925848397bcee4", kill_on_drop: false }`
[INFO] running `Command { std: "docker" "exec" "-e" "SOURCE_DIR=/opt/rustwide/workdir" "-e" "CARGO_HOME=/opt/rustwide/cargo-home" "-e" "RUSTUP_HOME=/opt/rustwide/rustup-home" "-e" "CARGO_TARGET_DIR=/opt/rustwide/target" "-e" "CARGO_INCREMENTAL=0" "-e" "RUST_BACKTRACE=full" "-e" "RUSTFLAGS=--cap-lints=warn" "-e" "RUSTDOCFLAGS=--cap-lints=warn" "-w" "/opt/rustwide/workdir" "--user" "0:0" "169427973a1f92ede9269266ff320767783bb9eefc1de06a09925848397bcee4" "/opt/rustwide/cargo-home/bin/cargo" "+1.99.0-beta.8" "test" "--frozen" "--no-run" "--message-format=json", kill_on_drop: false }`
[INFO] [stderr]    Compiling tokio-macros v2.7.0
[INFO] [stderr]    Compiling anyhow v1.0.103
[INFO] [stderr]    Compiling tokio v1.52.3
[INFO] [stderr]    Compiling voxudio v0.7.4 (/opt/rustwide/workdir)
[INFO] [stdout] error[E0432]: unresolved import `futures_util`
[INFO] [stdout]  --> tests/test_asr.rs:1:5
[INFO] [stdout]   |
[INFO] [stdout] 1 | use futures_util::StreamExt;
[INFO] [stdout]   |     ^^^^^^^^^^^^ use of unresolved module or unlinked crate `futures_util`
[INFO] [stdout]   |
[INFO] [stdout]   = help: if you wanted to use a crate named `futures_util`, use `cargo add futures_util` to add it to your `Cargo.toml`
[INFO] [stdout] 
[INFO] [stdout] 
[INFO] [stdout] warning: unused import: `voxudio::*`
[INFO] [stdout]  --> tests/test_asr.rs:3:5
[INFO] [stdout]   |
[INFO] [stdout] 3 | use voxudio::*;
[INFO] [stdout]   |     ^^^^^^^^^^
[INFO] [stdout]   |
[INFO] [stdout]   = note: `#[warn(unused_imports)]` (part of `#[warn(unused)]`) on by default
[INFO] [stdout] 
[INFO] [stdout] 
[INFO] [stdout] error[E0433]: cannot find type `AutomaticSpeechRecognizer` in this scope
[INFO] [stdout]   --> tests/test_asr.rs:16:19
[INFO] [stdout]    |
[INFO] [stdout] 16 |     let mut asr = AutomaticSpeechRecognizer::with_config(
[INFO] [stdout]    |                   ^^^^^^^^^^^^^^^^^^^^^^^^^ use of undeclared type `AutomaticSpeechRecognizer`
[INFO] [stdout] 
[INFO] [stdout] 
[INFO] [stdout] error[E0433]: cannot find type `AutomaticSpeechRecognizer` in this scope
[INFO] [stdout]   --> tests/test_asr.rs:24:30
[INFO] [stdout]    |
[INFO] [stdout] 24 |     let features = vec![0.0; AutomaticSpeechRecognizer::NUM_BINS as usize * 10];
[INFO] [stdout]    |                              ^^^^^^^^^^^^^^^^^^^^^^^^^ use of undeclared type `AutomaticSpeechRecognizer`
[INFO] [stdout] 
[INFO] [stdout] 
[INFO] [stdout] Some errors have detailed explanations: E0432, E0433.
[INFO] [stdout] 
[INFO] [stdout] For more information about an error, try `rustc --explain E0432`.
[INFO] [stdout] 
[INFO] [stderr] error: could not compile `voxudio` (test "test_asr") due to 3 previous errors; 1 warning emitted
[INFO] [stderr] warning: build failed, waiting for other jobs to finish...
[INFO] [stdout] warning: unused import: `voxudio::*`
[INFO] [stdout]  --> tests/test_device.rs:1:47
[INFO] [stdout]   |
[INFO] [stdout] 1 | use {std::time::Duration, tokio::time::sleep, voxudio::*};
[INFO] [stdout]   |                                               ^^^^^^^^^^
[INFO] [stdout]   |
[INFO] [stdout]   = note: `#[warn(unused_imports)]` (part of `#[warn(unused)]`) on by default
[INFO] [stdout] 
[INFO] [stdout] 
[INFO] [stdout] warning: unused import: `voxudio::*`
[INFO] [stdout]  --> tests/test_see.rs:1:28
[INFO] [stdout]   |
[INFO] [stdout] 1 | use {std::f32::consts::PI, voxudio::*};
[INFO] [stdout]   |                            ^^^^^^^^^^
[INFO] [stdout]   |
[INFO] [stdout]   = note: `#[warn(unused_imports)]` (part of `#[warn(unused)]`) on by default
[INFO] [stdout] 
[INFO] [stdout] 
[INFO] [stdout] error[E0433]: cannot find type `AudioPlayer` in this scope
[INFO] [stdout]  --> tests/test_device.rs:4:18
[INFO] [stdout]   |
[INFO] [stdout] 4 |     let player = AudioPlayer::new()?;
[INFO] [stdout]   |                  ^^^^^^^^^^^ use of undeclared type `AudioPlayer`
[INFO] [stdout] 
[INFO] [stdout] 
[INFO] [stdout] error[E0433]: cannot find type `AudioPlayer` in this scope
[INFO] [stdout]   --> tests/test_device.rs:12:22
[INFO] [stdout]    |
[INFO] [stdout] 12 |     let mut player = AudioPlayer::new()?;
[INFO] [stdout]    |                      ^^^^^^^^^^^ use of undeclared type `AudioPlayer`
[INFO] [stdout] 
[INFO] [stdout] 
[INFO] [stdout] error[E0433]: cannot find type `AudioCollector` in this scope
[INFO] [stdout]   --> tests/test_device.rs:35:25
[INFO] [stdout]    |
[INFO] [stdout] 35 |     let Ok(collector) = AudioCollector::new() else {
[INFO] [stdout]    |                         ^^^^^^^^^^^^^^ use of undeclared type `AudioCollector`
[INFO] [stdout] 
[INFO] [stdout] 
[INFO] [stdout] error[E0433]: cannot find type `AudioCollector` in this scope
[INFO] [stdout]   --> tests/test_device.rs:50:25
[INFO] [stdout]    |
[INFO] [stdout] 50 |     let Ok(collector) = AudioCollector::new() else {
[INFO] [stdout]    |                         ^^^^^^^^^^^^^^ use of undeclared type `AudioCollector`
[INFO] [stdout] 
[INFO] [stdout] 
[INFO] [stdout] warning: unused import: `voxudio::*`
[INFO] [stdout]  --> tests/test_vad.rs:1:28
[INFO] [stdout]   |
[INFO] [stdout] 1 | use {std::f32::consts::PI, voxudio::*};
[INFO] [stdout]   |                            ^^^^^^^^^^
[INFO] [stdout]   |
[INFO] [stdout]   = note: `#[warn(unused_imports)]` (part of `#[warn(unused)]`) on by default
[INFO] [stdout] 
[INFO] [stdout] 
[INFO] [stdout] error[E0433]: cannot find type `AudioCollector` in this scope
[INFO] [stdout]   --> tests/test_device.rs:70:29
[INFO] [stdout]    |
[INFO] [stdout] 70 |     let Ok(mut collector) = AudioCollector::new() else {
[INFO] [stdout]    |                             ^^^^^^^^^^^^^^ use of undeclared type `AudioCollector`
[INFO] [stdout] 
[INFO] [stdout] 
[INFO] [stdout] warning: method call on a diverging inference variable
[INFO] [stdout]   --> tests/test_device.rs:91:57
[INFO] [stdout]    |
[INFO] [stdout] 91 |     println!("Successfully read {} audio samples", data.len());
[INFO] [stdout]    |                                                         ^^^
[INFO] [stdout]    |
[INFO] [stdout]    = help: consider providing a type annotation
[INFO] [stdout]    = warning: this was previously accepted by the compiler but is being phased out; it will become a hard error in a future release!
[INFO] [stdout]    = note: for more information, see issue #156047 <https://github.com/rust-lang/rust/issues/156047>
[INFO] [stdout]    = note: `#[warn(method_call_on_diverging_infer_var)]` (part of `#[warn(future_incompatible)]`) on by default
[INFO] [stdout] 
[INFO] [stdout] 
[INFO] [stdout] warning: unused import: `voxudio::*`
[INFO] [stdout]  --> tests/test_tcc.rs:1:28
[INFO] [stdout]   |
[INFO] [stdout] 1 | use {std::f32::consts::PI, voxudio::*};
[INFO] [stdout]   |                            ^^^^^^^^^^
[INFO] [stdout]   |
[INFO] [stdout]   = note: `#[warn(unused_imports)]` (part of `#[warn(unused)]`) on by default
[INFO] [stdout] 
[INFO] [stdout] 
[INFO] [stdout] error[E0433]: cannot find type `ToneColorConverter` in this scope
[INFO] [stdout]  --> tests/test_tcc.rs:5:15
[INFO] [stdout]   |
[INFO] [stdout] 5 |     let tcc = ToneColorConverter::new("../checkpoint/tone_color_converter.onnx");
[INFO] [stdout]   |               ^^^^^^^^^^^^^^^^^^ use of undeclared type `ToneColorConverter`
[INFO] [stdout] 
[INFO] [stdout] 
[INFO] [stdout] error[E0433]: cannot find type `SpeakerEmbeddingExtractor` in this scope
[INFO] [stdout]  --> tests/test_see.rs:5:15
[INFO] [stdout]   |
[INFO] [stdout] 5 |     let see = SpeakerEmbeddingExtractor::new("../checkpoint/speaker_embedding_extractor.onnx");
[INFO] [stdout]   |               ^^^^^^^^^^^^^^^^^^^^^^^^^ use of undeclared type `SpeakerEmbeddingExtractor`
[INFO] [stdout] 
[INFO] [stdout] 
[INFO] [stdout] error[E0433]: cannot find type `SpeakerEmbeddingExtractor` in this scope
[INFO] [stdout]   --> tests/test_see.rs:15:15
[INFO] [stdout]    |
[INFO] [stdout] 15 |         match SpeakerEmbeddingExtractor::new("../checkpoint/speaker_embedding_extractor.onnx") {
[INFO] [stdout]    |               ^^^^^^^^^^^^^^^^^^^^^^^^^ use of undeclared type `SpeakerEmbeddingExtractor`
[INFO] [stdout] 
[INFO] [stdout] 
[INFO] [stdout] error[E0433]: cannot find type `VoiceActivityDetector` in this scope
[INFO] [stdout]  --> tests/test_vad.rs:5:15
[INFO] [stdout]   |
[INFO] [stdout] 5 |     let vad = VoiceActivityDetector::new("../checkpoint/voice_activity_detector.onnx");
[INFO] [stdout]   |               ^^^^^^^^^^^^^^^^^^^^^ use of undeclared type `VoiceActivityDetector`
[INFO] [stdout] 
[INFO] [stdout] 
[INFO] [stdout] error[E0433]: cannot find type `OpusCodec` in this scope
[INFO] [stdout]   --> tests/test_oc.rs:84:23
[INFO] [stdout]    |
[INFO] [stdout] 84 |     let mut encoder = OpusCodec::new_encoder(sample_rate, channels, OpusApplication::Audio)?;
[INFO] [stdout]    |                       ^^^^^^^^^ use of undeclared type `OpusCodec`
[INFO] [stdout] 
[INFO] [stdout] 
[INFO] [stdout] error[E0433]: cannot find type `ToneColorConverter` in this scope
[INFO] [stdout]   --> tests/test_tcc.rs:11:19
[INFO] [stdout]    |
[INFO] [stdout] 11 |     let mut tcc = ToneColorConverter::new("../checkpoint/tone_color_converter.onnx")?;
[INFO] [stdout]    |                   ^^^^^^^^^^^^^^^^^^ use of undeclared type `ToneColorConverter`
[INFO] [stdout] 
[INFO] [stdout] 
[INFO] [stdout] error[E0433]: cannot find type `OpusApplication` in this scope
[INFO] [stdout]   --> tests/test_oc.rs:84:69
[INFO] [stdout]    |
[INFO] [stdout] 84 |     let mut encoder = OpusCodec::new_encoder(sample_rate, channels, OpusApplication::Audio)?;
[INFO] [stdout]    |                                                                     ^^^^^^^^^^^^^^^ use of undeclared type `OpusApplication`
[INFO] [stdout] 
[INFO] [stdout] 
[INFO] [stdout] error[E0433]: cannot find type `OpusCodec` in this scope
[INFO] [stdout]   --> tests/test_oc.rs:87:27
[INFO] [stdout]    |
[INFO] [stdout] 87 |     encoder.set_bandwidth(OpusCodec::get_max_bandwidth_for_sample_rate(sample_rate))?;
[INFO] [stdout]    |                           ^^^^^^^^^ use of undeclared type `OpusCodec`
[INFO] [stdout] 
[INFO] [stdout] 
[INFO] [stdout] error[E0433]: cannot find type `OpusCodec` in this scope
[INFO] [stdout]   --> tests/test_oc.rs:89:19
[INFO] [stdout]    |
[INFO] [stdout] 89 |     let decoder = OpusCodec::new_decoder(sample_rate, channels)?;
[INFO] [stdout]    |                   ^^^^^^^^^ use of undeclared type `OpusCodec`
[INFO] [stdout] 
[INFO] [stdout] 
[INFO] [stdout] warning: method call on a diverging inference variable
[INFO] [stdout]   --> tests/test_see.rs:48:22
[INFO] [stdout]    |
[INFO] [stdout] 48 |     let result = see.extract(&audio_data, 1).await;
[INFO] [stdout]    |                      ^^^^^^^
[INFO] [stdout]    |
[INFO] [stdout]    = help: consider providing a type annotation
[INFO] [stdout]    = warning: this was previously accepted by the compiler but is being phased out; it will become a hard error in a future release!
[INFO] [stdout]    = note: for more information, see issue #156047 <https://github.com/rust-lang/rust/issues/156047>
[INFO] [stdout]    = note: `#[warn(method_call_on_diverging_infer_var)]` (part of `#[warn(future_incompatible)]`) on by default
[INFO] [stdout] 
[INFO] [stdout] 
[INFO] [stdout] error[E0433]: cannot find type `VoiceActivityDetector` in this scope
[INFO] [stdout]   --> tests/test_vad.rs:14:19
[INFO] [stdout]    |
[INFO] [stdout] 14 |     let mut vad = VoiceActivityDetector::new("../checkpoint/voice_activity_detector.onnx")?;
[INFO] [stdout]    |                   ^^^^^^^^^^^^^^^^^^^^^ use of undeclared type `VoiceActivityDetector`
[INFO] [stdout] 
[INFO] [stdout] 
[INFO] [stdout] error[E0433]: cannot find type `ToneColorConverter` in this scope
[INFO] [stdout]   --> tests/test_tcc.rs:61:19
[INFO] [stdout]    |
[INFO] [stdout] 61 |     let mut tcc = ToneColorConverter::new("../checkpoint/tone_color_converter.onnx")?;
[INFO] [stdout]    |                   ^^^^^^^^^^^^^^^^^^ use of undeclared type `ToneColorConverter`
[INFO] [stdout] 
[INFO] [stdout] 
[INFO] [stdout] error[E0433]: cannot find type `SpeakerEmbeddingExtractor` in this scope
[INFO] [stdout]   --> tests/test_tcc.rs:62:19
[INFO] [stdout]    |
[INFO] [stdout] 62 |     let mut see = SpeakerEmbeddingExtractor::new("../checkpoint/speaker_embedding_extractor.onnx")?;
[INFO] [stdout]    |                   ^^^^^^^^^^^^^^^^^^^^^^^^^ use of undeclared type `SpeakerEmbeddingExtractor`
[INFO] [stdout] 
[INFO] [stdout] 
[INFO] [stdout] error[E0433]: cannot find type `OpusCodec` in this scope
[INFO] [stdout]    --> tests/test_oc.rs:108:63
[INFO] [stdout]     |
[INFO] [stdout] 108 |         let encoded = encoder.encode(frame_input, frame_size, OpusCodec::MAX_PACKET_SIZE)?;
[INFO] [stdout]     |                                                               ^^^^^^^^^ use of undeclared type `OpusCodec`
[INFO] [stdout] 
[INFO] [stdout] 
[INFO] [stdout] error[E0433]: cannot find type `OpusCodec` in this scope
[INFO] [stdout]    --> tests/test_oc.rs:132:34
[INFO] [stdout]     |
[INFO] [stdout] 132 |     println!("Opus version: {}", OpusCodec::version());
[INFO] [stdout]     |                                  ^^^^^^^^^ use of undeclared type `OpusCodec`
[INFO] [stdout] 
[INFO] [stdout] 
[INFO] [stdout] error[E0433]: cannot find type `VoiceActivityDetector` in this scope
[INFO] [stdout]   --> tests/test_vad.rs:51:19
[INFO] [stdout]    |
[INFO] [stdout] 51 |     let mut vad = VoiceActivityDetector::new("../checkpoint/voice_activity_detector.onnx")?;
[INFO] [stdout]    |                   ^^^^^^^^^^^^^^^^^^^^^ use of undeclared type `VoiceActivityDetector`
[INFO] [stdout] 
[INFO] [stdout] 
[INFO] [stdout] warning: unused import: `voxudio::*`
[INFO] [stdout]  --> tests/test_sonic.rs:1:28
[INFO] [stdout]   |
[INFO] [stdout] 1 | use {std::f32::consts::PI, voxudio::*};
[INFO] [stdout]   |                            ^^^^^^^^^^
[INFO] [stdout]   |
[INFO] [stdout]   = note: `#[warn(unused_imports)]` (part of `#[warn(unused)]`) on by default
[INFO] [stdout] 
[INFO] [stdout] 
[INFO] [stdout] warning: method call on a diverging inference variable
[INFO] [stdout]   --> tests/test_vad.rs:77:19
[INFO] [stdout]    |
[INFO] [stdout] 77 |         !segments.is_empty(),
[INFO] [stdout]    |                   ^^^^^^^^
[INFO] [stdout]    |
[INFO] [stdout]    = help: consider providing a type annotation
[INFO] [stdout]    = warning: this was previously accepted by the compiler but is being phased out; it will become a hard error in a future release!
[INFO] [stdout]    = note: for more information, see issue #156047 <https://github.com/rust-lang/rust/issues/156047>
[INFO] [stdout]    = note: `#[warn(method_call_on_diverging_infer_var)]` (part of `#[warn(future_incompatible)]`) on by default
[INFO] [stdout] 
[INFO] [stdout] 
[INFO] [stdout] error[E0599]: no method named `extract` found for type `!` in the current scope
[INFO] [stdout]   --> tests/test_see.rs:48:22
[INFO] [stdout]    |
[INFO] [stdout] 48 |     let result = see.extract(&audio_data, 1).await;
[INFO] [stdout]    |                      ^^^^^^^ method not found in `!`
[INFO] [stdout] 
[INFO] [stdout] 
[INFO] [stdout] For more information about this error, try `rustc --explain E0433`.
[INFO] [stdout] 
[INFO] [stdout] error[E0433]: cannot find type `SonicStream` in this scope
[INFO] [stdout]   --> tests/test_sonic.rs:24:18
[INFO] [stdout]    |
[INFO] [stdout] 24 |     let stream = SonicStream::new(16000, 1)?;
[INFO] [stdout]    |                  ^^^^^^^^^^^ use of undeclared type `SonicStream`
[INFO] [stdout] 
[INFO] [stdout] 
[INFO] [stdout] error[E0599]: no method named `len` found for type `!` in the current scope
[INFO] [stdout]   --> tests/test_device.rs:91:57
[INFO] [stdout]    |
[INFO] [stdout] 91 |     println!("Successfully read {} audio samples", data.len());
[INFO] [stdout]    |                                                         ^^^
[INFO] [stdout]    |
[INFO] [stdout] help: there is a method `le` with a similar name, but with different arguments
[INFO] [stdout]   --> /rustc/dfb0accb7f508ae8be965d8629557221c889dd98/library/core/src/cmp.rs:1440:4
[INFO] [stdout] 
[INFO] [stdout] 
[INFO] [stdout] error[E0433]: cannot find type `ToneColorConverter` in this scope
[INFO] [stdout]    --> tests/test_tcc.rs:117:19
[INFO] [stdout]     |
[INFO] [stdout] 117 |     let mut tcc = ToneColorConverter::new("../checkpoint/tone_color_converter.onnx")?;
[INFO] [stdout]     |                   ^^^^^^^^^^^^^^^^^^ use of undeclared type `ToneColorConverter`
[INFO] [stdout] 
[INFO] [stdout] 
[INFO] [stdout] error[E0433]: cannot find type `SonicStream` in this scope
[INFO] [stdout]   --> tests/test_sonic.rs:35:22
[INFO] [stdout]    |
[INFO] [stdout] 35 |     let mut stream = SonicStream::new(16000, 1)?;
[INFO] [stdout]    |                      ^^^^^^^^^^^ use of undeclared type `SonicStream`
[INFO] [stdout] 
[INFO] [stdout] 
[INFO] [stderr] error: could not compile `voxudio` (test "test_oc") due to 6 previous errors
[INFO] [stdout] error[E0433]: cannot find type `SonicStream` in this scope
[INFO] [stdout]   --> tests/test_sonic.rs:57:22
[INFO] [stdout]    |
[INFO] [stdout] 57 |     let mut stream = SonicStream::new(16000, 1)?;
[INFO] [stdout]    |                      ^^^^^^^^^^^ use of undeclared type `SonicStream`
[INFO] [stdout] 
[INFO] [stdout] 
[INFO] [stdout] error[E0433]: cannot find type `ToneColorConverter` in this scope
[INFO] [stdout]    --> tests/test_tcc.rs:157:19
[INFO] [stdout]     |
[INFO] [stdout] 157 |     let mut tcc = ToneColorConverter::new("../checkpoint/tone_color_converter.onnx")?;
[INFO] [stdout]     |                   ^^^^^^^^^^^^^^^^^^ use of undeclared type `ToneColorConverter`
[INFO] [stdout] 
[INFO] [stdout] 
[INFO] [stdout] error[E0433]: cannot find type `SonicStream` in this scope
[INFO] [stdout]   --> tests/test_sonic.rs:87:22
[INFO] [stdout]    |
[INFO] [stdout] 87 |     let mut stream = SonicStream::new(16000, 1)?;
[INFO] [stdout]    |                      ^^^^^^^^^^^ use of undeclared type `SonicStream`
[INFO] [stdout] 
[INFO] [stdout] 
[INFO] [stdout] error[E0433]: cannot find type `SonicStream` in this scope
[INFO] [stdout]    --> tests/test_sonic.rs:111:22
[INFO] [stdout]     |
[INFO] [stdout] 111 |     let mut stream = SonicStream::new(sample_rate, channels)?;
[INFO] [stdout]     |                      ^^^^^^^^^^^ use of undeclared type `SonicStream`
[INFO] [stdout] 
[INFO] [stdout] 
[INFO] [stdout] error[E0433]: cannot find type `SpeakerEmbeddingExtractor` in this scope
[INFO] [stdout]   --> tests/test_see.rs:71:15
[INFO] [stdout]    |
[INFO] [stdout] 71 |         match SpeakerEmbeddingExtractor::new("../checkpoint/speaker_embedding_extractor.onnx") {
[INFO] [stdout]    |               ^^^^^^^^^^^^^^^^^^^^^^^^^ use of undeclared type `SpeakerEmbeddingExtractor`
[INFO] [stdout] 
[INFO] [stdout] 
[INFO] [stdout] warning: method call on a diverging inference variable
[INFO] [stdout]   --> tests/test_see.rs:81:22
[INFO] [stdout]    |
[INFO] [stdout] 81 |     let result = see.extract(&empty_data, 1).await;
[INFO] [stdout]    |                      ^^^^^^^
[INFO] [stdout]    |
[INFO] [stdout]    = help: consider providing a type annotation
[INFO] [stdout]    = warning: this was previously accepted by the compiler but is being phased out; it will become a hard error in a future release!
[INFO] [stdout]    = note: for more information, see issue #156047 <https://github.com/rust-lang/rust/issues/156047>
[INFO] [stdout] 
[INFO] [stdout] 
[INFO] [stdout] error[E0433]: cannot find type `SonicStream` in this scope
[INFO] [stdout]    --> tests/test_sonic.rs:146:22
[INFO] [stdout]     |
[INFO] [stdout] 146 |     let mut stream = SonicStream::new(16000, 2)?;
[INFO] [stdout]     |                      ^^^^^^^^^^^ use of undeclared type `SonicStream`
[INFO] [stdout] 
[INFO] [stdout] 
[INFO] [stdout] error[E0433]: cannot find type `SonicStream` in this scope
[INFO] [stdout]    --> tests/test_sonic.rs:164:22
[INFO] [stdout]     |
[INFO] [stdout] 164 |     let mut stream = SonicStream::new(16000, 1)?;
[INFO] [stdout]     |                      ^^^^^^^^^^^ use of undeclared type `SonicStream`
[INFO] [stdout] 
[INFO] [stdout] 
[INFO] [stdout] error[E0433]: cannot find type `SonicStream` in this scope
[INFO] [stdout]    --> tests/test_sonic.rs:177:22
[INFO] [stdout]     |
[INFO] [stdout] 177 |     let mut stream = SonicStream::new(16000, 1)?;
[INFO] [stdout]     |                      ^^^^^^^^^^^ use of undeclared type `SonicStream`
[INFO] [stdout] 
[INFO] [stdout] 
[INFO] [stdout] error[E0433]: cannot find type `SonicStream` in this scope
[INFO] [stdout]    --> tests/test_sonic.rs:192:22
[INFO] [stdout]     |
[INFO] [stdout] 192 |     let mut stream = SonicStream::new(sample_rate, channels)?;
[INFO] [stdout]     |                      ^^^^^^^^^^^ use of undeclared type `SonicStream`
[INFO] [stdout] 
[INFO] [stdout] 
[INFO] [stdout] error[E0433]: cannot find type `SonicStream` in this scope
[INFO] [stdout]    --> tests/test_sonic.rs:200:22
[INFO] [stdout]     |
[INFO] [stdout] 200 |     let mut stream = SonicStream::new(sample_rate, channels)?;
[INFO] [stdout]     |                      ^^^^^^^^^^^ use of undeclared type `SonicStream`
[INFO] [stdout] 
[INFO] [stdout] 
[INFO] [stdout] For more information about this error, try `rustc --explain E0433`.
[INFO] [stdout] 
[INFO] [stderr] error: could not compile `voxudio` (test "test_sonic") due to 10 previous errors; 1 warning emitted
[INFO] [stdout] error[E0599]: no method named `is_empty` found for type `!` in the current scope
[INFO] [stdout]   --> tests/test_device.rs:92:19
[INFO] [stdout]    |
[INFO] [stdout] 92 |     assert!(!data.is_empty(), "Should be able to read audio data");
[INFO] [stdout]    |                   ^^^^^^^^ method not found in `!`
[INFO] [stdout] 
[INFO] [stdout] 
[INFO] [stdout] warning: unreachable call
[INFO] [stdout]   --> tests/test_device.rs:92:19
[INFO] [stdout]    |
[INFO] [stdout] 92 |     assert!(!data.is_empty(), "Should be able to read audio data");
[INFO] [stdout]    |              ---- ^^^^^^^^ unreachable call
[INFO] [stdout]    |              |
[INFO] [stdout]    |              any code following this expression is unreachable
[INFO] [stdout]    |
[INFO] [stdout]    = note: `#[warn(unreachable_code)]` (part of `#[warn(unused)]`) on by default
[INFO] [stdout] 
[INFO] [stdout] 
[INFO] [stdout] For more information about this error, try `rustc --explain E0433`.
[INFO] [stdout] 
[INFO] [stderr] error: could not compile `voxudio` (test "test_tcc") due to 6 previous errors; 1 warning emitted
[INFO] [stdout] error[E0599]: no method named `extract` found for type `!` in the current scope
[INFO] [stdout]   --> tests/test_see.rs:81:22
[INFO] [stdout]    |
[INFO] [stdout] 81 |     let result = see.extract(&empty_data, 1).await;
[INFO] [stdout]    |                      ^^^^^^^ method not found in `!`
[INFO] [stdout] 
[INFO] [stdout] 
[INFO] [stdout] error[E0433]: cannot find type `SpeakerEmbeddingExtractor` in this scope
[INFO] [stdout]   --> tests/test_see.rs:93:15
[INFO] [stdout]    |
[INFO] [stdout] 93 |         match SpeakerEmbeddingExtractor::new("../checkpoint/speaker_embedding_extractor.onnx") {
[INFO] [stdout]    |               ^^^^^^^^^^^^^^^^^^^^^^^^^ use of undeclared type `SpeakerEmbeddingExtractor`
[INFO] [stdout] 
[INFO] [stdout] 
[INFO] [stdout] warning: method call on a diverging inference variable
[INFO] [stdout]    --> tests/test_see.rs:104:22
[INFO] [stdout]     |
[INFO] [stdout] 104 |     let result = see.extract(&short_data, 1).await;
[INFO] [stdout]     |                      ^^^^^^^
[INFO] [stdout]     |
[INFO] [stdout]     = help: consider providing a type annotation
[INFO] [stdout]     = warning: this was previously accepted by the compiler but is being phased out; it will become a hard error in a future release!
[INFO] [stdout]     = note: for more information, see issue #156047 <https://github.com/rust-lang/rust/issues/156047>
[INFO] [stdout] 
[INFO] [stdout] 
[INFO] [stdout] error[E0599]: no method named `is_empty` found for type `!` in the current scope
[INFO] [stdout]   --> tests/test_vad.rs:77:19
[INFO] [stdout]    |
[INFO] [stdout] 77 |         !segments.is_empty(),
[INFO] [stdout]    |                   ^^^^^^^^ method not found in `!`
[INFO] [stdout] 
[INFO] [stdout] 
[INFO] [stdout] Some errors have detailed explanations: E0433, E0599.
[INFO] [stdout] 
[INFO] [stdout] For more information about an error, try `rustc --explain E0433`.
[INFO] [stdout] 
[INFO] [stdout] error[E0277]: `&!` is not an iterator
[INFO] [stdout]   --> tests/test_vad.rs:85:25
[INFO] [stdout]    |
[INFO] [stdout] 85 |     for (start, end) in &segments {
[INFO] [stdout]    |                         ^^^^^^^^^ `&!` is not an iterator
[INFO] [stdout]    |
[INFO] [stdout]    = help: the trait `Iterator` is not implemented for `&!`
[INFO] [stdout]    = note: required for `&!` to implement `IntoIterator`
[INFO] [stdout] 
[INFO] [stdout] 
[INFO] [stderr] error: could not compile `voxudio` (test "test_device") due to 7 previous errors; 4 warnings emitted
[INFO] [stdout] error[E0599]: no method named `extract` found for type `!` in the current scope
[INFO] [stdout]    --> tests/test_see.rs:104:22
[INFO] [stdout]     |
[INFO] [stdout] 104 |     let result = see.extract(&short_data, 1).await;
[INFO] [stdout]     |                      ^^^^^^^ method not found in `!`
[INFO] [stdout] 
[INFO] [stdout] 
[INFO] [stdout] error[E0433]: cannot find type `SpeakerEmbeddingExtractor` in this scope
[INFO] [stdout]    --> tests/test_see.rs:114:15
[INFO] [stdout]     |
[INFO] [stdout] 114 |         match SpeakerEmbeddingExtractor::new("../checkpoint/speaker_embedding_extractor.onnx") {
[INFO] [stdout]     |               ^^^^^^^^^^^^^^^^^^^^^^^^^ use of undeclared type `SpeakerEmbeddingExtractor`
[INFO] [stdout] 
[INFO] [stdout] 
[INFO] [stdout] error[E0433]: cannot find type `VoiceActivityDetector` in this scope
[INFO] [stdout]    --> tests/test_vad.rs:115:19
[INFO] [stdout]     |
[INFO] [stdout] 115 |     let mut vad = VoiceActivityDetector::new("../checkpoint/voice_activity_detector.onnx")?;
[INFO] [stdout]     |                   ^^^^^^^^^^^^^^^^^^^^^ use of undeclared type `VoiceActivityDetector`
[INFO] [stdout] 
[INFO] [stdout] 
[INFO] [stdout] warning: method call on a diverging inference variable
[INFO] [stdout]    --> tests/test_see.rs:151:23
[INFO] [stdout]     |
[INFO] [stdout] 151 |     let result1 = see.extract(&audio_data1, 1).await;
[INFO] [stdout]     |                       ^^^^^^^
[INFO] [stdout]     |
[INFO] [stdout]     = help: consider providing a type annotation
[INFO] [stdout]     = warning: this was previously accepted by the compiler but is being phased out; it will become a hard error in a future release!
[INFO] [stdout]     = note: for more information, see issue #156047 <https://github.com/rust-lang/rust/issues/156047>
[INFO] [stdout] 
[INFO] [stdout] 
[INFO] [stdout] warning: method call on a diverging inference variable
[INFO] [stdout]    --> tests/test_vad.rs:156:26
[INFO] [stdout]     |
[INFO] [stdout] 156 |     assert!(!speech_only.is_empty(), "Result should not be empty");
[INFO] [stdout]     |                          ^^^^^^^^
[INFO] [stdout]     |
[INFO] [stdout]     = help: consider providing a type annotation
[INFO] [stdout]     = warning: this was previously accepted by the compiler but is being phased out; it will become a hard error in a future release!
[INFO] [stdout]     = note: for more information, see issue #156047 <https://github.com/rust-lang/rust/issues/156047>
[INFO] [stdout] 
[INFO] [stdout] 
[INFO] [stdout] error[E0599]: no method named `extract` found for type `!` in the current scope
[INFO] [stdout]    --> tests/test_see.rs:151:23
[INFO] [stdout]     |
[INFO] [stdout] 151 |     let result1 = see.extract(&audio_data1, 1).await;
[INFO] [stdout]     |                       ^^^^^^^ method not found in `!`
[INFO] [stdout] 
[INFO] [stdout] 
[INFO] [stdout] error[E0599]: no method named `is_empty` found for type `!` in the current scope
[INFO] [stdout]    --> tests/test_vad.rs:156:26
[INFO] [stdout]     |
[INFO] [stdout] 156 |     assert!(!speech_only.is_empty(), "Result should not be empty");
[INFO] [stdout]     |                          ^^^^^^^^ method not found in `!`
[INFO] [stdout] 
[INFO] [stdout] 
[INFO] [stdout] error[E0599]: no method named `extract` found for type `!` in the current scope
[INFO] [stdout]    --> tests/test_see.rs:152:23
[INFO] [stdout]     |
[INFO] [stdout] 152 |     let result2 = see.extract(&audio_data2, 1).await;
[INFO] [stdout]     |                       ^^^^^^^ method not found in `!`
[INFO] [stdout] 
[INFO] [stdout] 
[INFO] [stdout] warning: unreachable expression
[INFO] [stdout]    --> tests/test_see.rs:152:31
[INFO] [stdout]     |
[INFO] [stdout] 152 |     let result2 = see.extract(&audio_data2, 1).await;
[INFO] [stdout]     |                   ---         ^^^^^^^^^^^^ unreachable expression
[INFO] [stdout]     |                   |
[INFO] [stdout]     |                   any code following this expression is unreachable
[INFO] [stdout]     |
[INFO] [stdout]     = note: `#[warn(unreachable_code)]` (part of `#[warn(unused)]`) on by default
[INFO] [stdout] 
[INFO] [stdout] 
[INFO] [stdout] error[E0599]: no method named `len` found for type `!` in the current scope
[INFO] [stdout]    --> tests/test_vad.rs:158:21
[INFO] [stdout]     |
[INFO] [stdout] 158 |         speech_only.len() % channels,
[INFO] [stdout]     |                     ^^^
[INFO] [stdout]     |
[INFO] [stdout] help: there is a method `le` with a similar name, but with different arguments
[INFO] [stdout]    --> /rustc/dfb0accb7f508ae8be965d8629557221c889dd98/library/core/src/cmp.rs:1440:4
[INFO] [stdout] 
[INFO] [stdout] 
[INFO] [stdout] Some errors have detailed explanations: E0433, E0599.
[INFO] [stdout] 
[INFO] [stdout] For more information about an error, try `rustc --explain E0433`.
[INFO] [stdout] 
[INFO] [stdout] warning: unreachable call
[INFO] [stdout]    --> tests/test_vad.rs:158:21
[INFO] [stdout]     |
[INFO] [stdout] 158 |         speech_only.len() % channels,
[INFO] [stdout]     |         ----------- ^^^ unreachable call
[INFO] [stdout]     |         |
[INFO] [stdout]     |         any code following this expression is unreachable
[INFO] [stdout]     |
[INFO] [stdout]     = note: `#[warn(unreachable_code)]` (part of `#[warn(unused)]`) on by default
[INFO] [stdout] 
[INFO] [stdout] 
[INFO] [stderr] error: could not compile `voxudio` (test "test_see") due to 10 previous errors; 10 warnings emitted
[INFO] [stdout] error[E0599]: no method named `len` found for type `!` in the current scope
[INFO] [stdout]    --> tests/test_vad.rs:165:21
[INFO] [stdout]     |
[INFO] [stdout] 165 |         speech_only.len() < audio.len(),
[INFO] [stdout]     |                     ^^^
[INFO] [stdout]     |
[INFO] [stdout] help: there is a method `le` with a similar name, but with different arguments
[INFO] [stdout]    --> /rustc/dfb0accb7f508ae8be965d8629557221c889dd98/library/core/src/cmp.rs:1440:4
[INFO] [stdout] 
[INFO] [stdout] 
[INFO] [stdout] warning: unreachable call
[INFO] [stdout]    --> tests/test_vad.rs:165:21
[INFO] [stdout]     |
[INFO] [stdout] 165 |         speech_only.len() < audio.len(),
[INFO] [stdout]     |         ----------- ^^^ unreachable call
[INFO] [stdout]     |         |
[INFO] [stdout]     |         any code following this expression is unreachable
[INFO] [stdout] 
[INFO] [stdout] 
[INFO] [stdout] error[E0599]: no method named `iter` found for type `!` in the current scope
[INFO] [stdout]    --> tests/test_vad.rs:170:36
[INFO] [stdout]     |
[INFO] [stdout] 170 |     let has_non_zero = speech_only.iter().any(|&x| x != 0.0);
[INFO] [stdout]     |                                    ^^^^ method not found in `!`
[INFO] [stdout] 
[INFO] [stdout] 
[INFO] [stdout] warning: unreachable call
[INFO] [stdout]    --> tests/test_vad.rs:170:36
[INFO] [stdout]     |
[INFO] [stdout] 170 |     let has_non_zero = speech_only.iter().any(|&x| x != 0.0);
[INFO] [stdout]     |                        ----------- ^^^^ unreachable call
[INFO] [stdout]     |                        |
[INFO] [stdout]     |                        any code following this expression is unreachable
[INFO] [stdout] 
[INFO] [stdout] 
[INFO] [stdout] error[E0433]: cannot find type `VoiceActivityDetector` in this scope
[INFO] [stdout]    --> tests/test_vad.rs:178:19
[INFO] [stdout]     |
[INFO] [stdout] 178 |     let mut vad = VoiceActivityDetector::new("../checkpoint/voice_activity_detector.onnx")?;
[INFO] [stdout]     |                   ^^^^^^^^^^^^^^^^^^^^^ use of undeclared type `VoiceActivityDetector`
[INFO] [stdout] 
[INFO] [stdout] 
[INFO] [stdout] Some errors have detailed explanations: E0277, E0433, E0599.
[INFO] [stdout] 
[INFO] [stdout] For more information about an error, try `rustc --explain E0277`.
[INFO] [stdout] 
[INFO] [stderr] error: could not compile `voxudio` (test "test_vad") due to 11 previous errors; 8 warnings emitted
[INFO] running `Command { std: "docker" "inspect" "169427973a1f92ede9269266ff320767783bb9eefc1de06a09925848397bcee4", kill_on_drop: false }`
[INFO] running `Command { std: "docker" "rm" "-f" "169427973a1f92ede9269266ff320767783bb9eefc1de06a09925848397bcee4", kill_on_drop: false }`
[INFO] [stdout] 169427973a1f92ede9269266ff320767783bb9eefc1de06a09925848397bcee4
