[INFO] fetching crate voxora-bridge 0.6.3...
[INFO] testing voxora-bridge-0.6.3 against 1.100.0-beta.1 for beta-1.100-2
[INFO] extracting crate voxora-bridge 0.6.3 into /workspace/builds/worker-0-tc2/source
[INFO] started tweaking crates.io crate voxora-bridge 0.6.3
[INFO] removed 0 missing examples
[INFO] removed 0 missing tests
[INFO] finished tweaking crates.io crate voxora-bridge 0.6.3
[INFO] tweaked toml for crates.io crate voxora-bridge 0.6.3 written to /workspace/builds/worker-0-tc2/source/Cargo.toml
[INFO] validating manifest of crates.io crate voxora-bridge 0.6.3 on toolchain 1.100.0-beta.1
[INFO] running `Command { std: CARGO_HOME="/workspace/cargo-home" RUSTUP_HOME="/workspace/rustup-home" "/workspace/cargo-home/bin/cargo" "+1.100.0-beta.1" "metadata" "--manifest-path" "Cargo.toml" "--no-deps", kill_on_drop: false }`
[INFO] crate crates.io crate voxora-bridge 0.6.3 already has a lockfile, it will not be regenerated
[INFO] running `Command { std: CARGO_HOME="/workspace/cargo-home" RUSTUP_HOME="/workspace/rustup-home" "/workspace/cargo-home/bin/cargo" "+1.100.0-beta.1" "fetch" "--manifest-path" "Cargo.toml", kill_on_drop: false }`
[INFO] running `Command { std: "docker" "create" "-v" "/var/lib/crater-agent-workspace/builds/worker-0-tc2/source:/opt/rustwide/workdir:ro,Z" "-v" "/var/lib/crater-agent-workspace/builds/worker-0-tc2/target:/opt/rustwide/target:rw,Z" "-v" "/var/lib/crater-agent-workspace/cargo-home:/opt/rustwide/cargo-home:ro,Z" "-v" "/var/lib/crater-agent-workspace/rustup-home:/opt/rustwide/rustup-home:ro,Z" "-m" "1610612736" "--network" "none" "ghcr.io/rust-lang/crates-build-env/linux@sha256:3111399a4047eeb3a02b7a90e478d715f38a8c6669b5c4b49d30a17385265909" "sleep" "infinity", kill_on_drop: false }`
[INFO] [stdout] 7cc512a6ee140a50efa7c71539bf6670ac8bf8882d2b980d28068247b8c37162
[INFO] running `Command { std: "docker" "start" "7cc512a6ee140a50efa7c71539bf6670ac8bf8882d2b980d28068247b8c37162", kill_on_drop: false }`
[INFO] running `Command { std: "docker" "inspect" "7cc512a6ee140a50efa7c71539bf6670ac8bf8882d2b980d28068247b8c37162", kill_on_drop: false }`
[INFO] running `Command { std: "docker" "exec" "-e" "SOURCE_DIR=/opt/rustwide/workdir" "-e" "CARGO_HOME=/opt/rustwide/cargo-home" "-e" "RUSTUP_HOME=/opt/rustwide/rustup-home" "-e" "CARGO_TARGET_DIR=/opt/rustwide/target" "-w" "/opt/rustwide/workdir" "--user" "0:0" "7cc512a6ee140a50efa7c71539bf6670ac8bf8882d2b980d28068247b8c37162" "/opt/rustwide/cargo-home/bin/cargo" "+1.100.0-beta.1" "metadata" "--no-deps" "--format-version=1", kill_on_drop: false }`
[INFO] running `Command { std: "docker" "inspect" "7cc512a6ee140a50efa7c71539bf6670ac8bf8882d2b980d28068247b8c37162", kill_on_drop: false }`
[INFO] running `Command { std: "docker" "exec" "-e" "SOURCE_DIR=/opt/rustwide/workdir" "-e" "CARGO_HOME=/opt/rustwide/cargo-home" "-e" "RUSTUP_HOME=/opt/rustwide/rustup-home" "-e" "CARGO_TARGET_DIR=/opt/rustwide/target" "-e" "CARGO_INCREMENTAL=0" "-e" "RUST_BACKTRACE=full" "-e" "RUSTFLAGS=--cap-lints=warn" "-e" "RUSTDOCFLAGS=--cap-lints=warn" "-w" "/opt/rustwide/workdir" "--user" "0:0" "7cc512a6ee140a50efa7c71539bf6670ac8bf8882d2b980d28068247b8c37162" "/opt/rustwide/cargo-home/bin/cargo" "+1.100.0-beta.1" "build" "--frozen" "--message-format=json", kill_on_drop: false }`
[INFO] [stderr]    Compiling quote v1.0.46
[INFO] [stderr]    Compiling serde_core v1.0.228
[INFO] [stderr]    Compiling bitflags v2.13.0
[INFO] [stderr]    Compiling stable_deref_trait v1.2.1
[INFO] [stderr]    Compiling pkg-config v0.3.33
[INFO] [stderr]    Compiling serde v1.0.228
[INFO] [stderr]    Compiling proc-macro2 v1.0.106
[INFO] [stderr]    Compiling zerocopy v0.8.54
[INFO] [stderr]    Compiling fs_extra v1.3.0
[INFO] [stderr]    Compiling crossbeam-utils v0.8.22
[INFO] [stderr]    Compiling crossbeam-epoch v0.9.20
[INFO] [stderr]    Compiling crossbeam-deque v0.8.7
[INFO] [stderr]    Compiling jobserver v0.1.35
[INFO] [stderr]    Compiling getrandom v0.3.4
[INFO] [stderr]    Compiling smallvec v1.15.2
[INFO] [stderr]    Compiling dunce v1.0.5
[INFO] [stderr]    Compiling either v1.16.0
[INFO] [stderr]    Compiling minimal-lexical v0.2.1
[INFO] [stderr]    Compiling rand_core v0.9.5
[INFO] [stderr]    Compiling pulp v0.22.3
[INFO] [stderr]    Compiling raw-cpuid v11.6.0
[INFO] [stderr]    Compiling mio v1.2.1
[INFO] [stderr]    Compiling socket2 v0.6.4
[INFO] [stderr]    Compiling aws-lc-rs v1.18.1
[INFO] [stderr]    Compiling pulp-wasm-simd-flag v0.1.1
[INFO] [stderr]    Compiling serde_json v1.0.150
[INFO] [stderr]    Compiling zeroize v1.9.0
[INFO] [stderr]    Compiling writeable v0.6.3
[INFO] [stderr]    Compiling dyn-stack-macros v0.1.3
[INFO] [stderr]    Compiling cc v1.2.67
[INFO] [stderr]    Compiling reborrow v0.5.5
[INFO] [stderr]    Compiling litemap v0.8.2
[INFO] [stderr]    Compiling icu_normalizer_data v2.2.0
[INFO] [stderr]    Compiling glob v0.3.3
[INFO] [stderr]    Compiling seq-macro v0.3.6
[INFO] [stderr]    Compiling hashbrown v0.17.1
[INFO] [stderr]    Compiling icu_properties_data v2.2.0
[INFO] [stderr]    Compiling rustls-pki-types v1.15.0
[INFO] [stderr]    Compiling http v1.4.2
[INFO] [stderr]    Compiling prettyplease v0.2.37
[INFO] [stderr]    Compiling regex-syntax v0.8.11
[INFO] [stderr]    Compiling memchr v2.8.3
[INFO] [stderr]    Compiling rustls v0.23.45
[INFO] [stderr]    Compiling libloading v0.8.9
[INFO] [stderr]    Compiling typenum v1.20.1
[INFO] [stderr]    Compiling clang-sys v1.8.1
[INFO] [stderr]    Compiling syn v2.0.118
[INFO] [stderr]    Compiling bindgen v0.72.1
[INFO] [stderr]    Compiling subtle v2.6.1
[INFO] [stderr]    Compiling futures-channel v0.3.32
[INFO] [stderr]    Compiling itertools v0.13.0
[INFO] [stderr]    Compiling num-integer v0.1.46
[INFO] [stderr]    Compiling indexmap v2.14.0
[INFO] [stderr]    Compiling rustc-hash v2.1.3
[INFO] [stderr]    Compiling atomic-waker v1.1.2
[INFO] [stderr]    Compiling tracing v0.1.44
[INFO] [stderr]    Compiling sync_wrapper v1.0.2
[INFO] [stderr]    Compiling nom v7.1.3
[INFO] [stderr]    Compiling rayon-core v1.13.0
[INFO] [stderr]    Compiling portable-atomic v1.13.1
[INFO] [stderr]    Compiling cmake v0.1.58
[INFO] [stderr]    Compiling base64 v0.22.1
[INFO] [stderr]    Compiling http-body v1.0.1
[INFO] [stderr]    Compiling semver v1.0.28
[INFO] [stderr]    Compiling hybrid-array v0.4.13
[INFO] [stderr]    Compiling ipnet v2.12.0
[INFO] [stderr]    Compiling openssl-probe v0.2.1
[INFO] [stderr]    Compiling rayon v1.12.0
[INFO] [stderr]    Compiling crypto-common v0.2.2
[INFO] [stderr]    Compiling block-buffer v0.12.1
[INFO] [stderr]    Compiling dirs-sys v0.4.1
[INFO] [stderr]    Compiling transpose v0.2.3
[INFO] [stderr]    Compiling primal-check v0.3.4
[INFO] [stderr]    Compiling rustls-native-certs v0.8.4
[INFO] [stderr]    Compiling aho-corasick v1.1.4
[INFO] [stderr]    Compiling ahash v0.8.12
[INFO] [stderr]    Compiling typed-path v0.12.3
[INFO] [stderr]    Compiling aws-lc-sys v0.45.0
[INFO] [stderr]    Compiling onig_sys v69.9.3
[INFO] [stderr]    Compiling esaxx-rs v0.1.10
[INFO] [stderr]    Compiling regex-automata v0.4.15
[INFO] [stderr]    Compiling const-oid v0.10.2
[INFO] [stderr]    Compiling console v0.16.4
[INFO] [stderr]    Compiling dirs v5.0.1
[INFO] [stderr]    Compiling http-body-util v0.1.3
[INFO] [stderr]    Compiling hashbrown v0.16.1
[INFO] [stderr]    Compiling digest v0.11.3
[INFO] [stderr]    Compiling itertools v0.14.0
[INFO] [stderr]    Compiling cexpr v0.6.0
[INFO] [stderr]    Compiling num_cpus v1.17.0
[INFO] [stderr]    Compiling memmap2 v0.9.11
[INFO] [stderr]    Compiling cpufeatures v0.3.0
[INFO] [stderr]    Compiling zip v7.2.0
[INFO] [stderr]    Compiling macro_rules_attribute-proc_macro v0.2.2
[INFO] [stderr]    Compiling anyhow v1.0.103
[INFO] [stderr]    Compiling unit-prefix v0.5.2
[INFO] [stderr]    Compiling indicatif v0.18.6
[INFO] [stderr]    Compiling macro_rules_attribute v0.2.2
[INFO] [stderr]    Compiling sha2 v0.11.0
[INFO] [stderr]    Compiling unicode-normalization-alignments v0.1.12
[INFO] [stderr]    Compiling fs2 v0.4.3
[INFO] [stderr]    Compiling regex v1.13.0
[INFO] [stderr]    Compiling whisper-rs v0.16.0
[INFO] [stderr]    Compiling unicode_categories v0.1.1
[INFO] [stderr]    Compiling hound v3.5.1
[INFO] [stderr]    Compiling rayon-cond v0.4.0
[INFO] [stderr]    Compiling synstructure v0.13.2
[INFO] [stderr]    Compiling darling_core v0.20.11
[INFO] [stderr]    Compiling zerofrom-derive v0.1.7
[INFO] [stderr]    Compiling yoke-derive v0.8.2
[INFO] [stderr]    Compiling bytemuck_derive v1.11.0
[INFO] [stderr]    Compiling serde_derive v1.0.228
[INFO] [stderr]    Compiling zerocopy-derive v0.8.54
[INFO] [stderr]    Compiling zerovec-derive v0.11.3
[INFO] [stderr]    Compiling displaydoc v0.2.6
[INFO] [stderr]    Compiling tokio-macros v2.7.0
[INFO] [stderr]    Compiling thiserror-impl v2.0.18
[INFO] [stderr]    Compiling futures-macro v0.3.32
[INFO] [stderr]    Compiling async-trait v0.1.89
[INFO] [stderr]    Compiling monostate-impl v0.1.18
[INFO] [stderr]    Compiling monostate v0.1.18
[INFO] [stderr]    Compiling tokio v1.52.3
[INFO] [stderr]    Compiling futures-util v0.3.32
[INFO] [stderr]    Compiling onig v6.5.3
[INFO] [stderr]    Compiling bytemuck v1.25.1
[INFO] [stderr]    Compiling zerofrom v0.1.8
[INFO] [stderr]    Compiling num-complex v0.4.6
[INFO] [stderr]    Compiling dyn-stack v0.13.2
[INFO] [stderr]    Compiling thiserror v2.0.18
[INFO] [stderr]    Compiling yoke v0.8.3
[INFO] [stderr]    Compiling voxora-traits v0.6.3
[INFO] [stderr]    Compiling zerovec v0.11.6
[INFO] [stderr]    Compiling zerotrie v0.2.4
[INFO] [stderr]    Compiling voxora-engine v0.6.3
[INFO] [stderr]    Compiling darling_macro v0.20.11
[INFO] [stderr]    Compiling rustfft v6.4.1
[INFO] [stderr]    Compiling darling v0.20.11
[INFO] [stderr]    Compiling derive_builder_core v0.20.2
[INFO] [stderr]    Compiling tinystr v0.8.3
[INFO] [stderr]    Compiling potential_utf v0.1.5
[INFO] [stderr]    Compiling icu_locale_core v2.2.0
[INFO] [stderr]    Compiling icu_collections v2.2.0
[INFO] [stderr]    Compiling derive_builder_macro v0.20.2
[INFO] [stderr]    Compiling derive_builder v0.20.2
[INFO] [stderr]    Compiling toml_datetime v0.6.11
[INFO] [stderr]    Compiling serde_spanned v0.6.9
[INFO] [stderr]    Compiling safetensors v0.7.0
[INFO] [stderr]    Compiling spm_precompiled v0.1.4
[INFO] [stderr]    Compiling compact_str v0.9.1
[INFO] [stderr]    Compiling toml_edit v0.22.27
[INFO] [stderr]    Compiling dary_heap v0.3.9
[INFO] [stderr]    Compiling safetensors v0.4.5
[INFO] [stderr]    Compiling icu_provider v2.2.0
[INFO] [stderr]    Compiling icu_properties v2.2.0
[INFO] [stderr]    Compiling icu_normalizer v2.2.0
[INFO] [stderr]    Compiling ppv-lite86 v0.2.21
[INFO] [stderr]    Compiling toml v0.8.23
[INFO] [stderr]    Compiling idna_adapter v1.2.2
[INFO] [stderr]    Compiling idna v1.1.0
[INFO] [stderr]    Compiling rand_chacha v0.9.0
[INFO] [stderr]    Compiling hyper v1.10.1
[INFO] [stderr]    Compiling rand v0.9.5
[INFO] [stderr]    Compiling tower v0.5.3
[INFO] [stderr]    Compiling url v2.5.8
[INFO] [stderr]    Compiling tokio-util v0.7.18
[INFO] [stderr]    Compiling voxora-config v0.6.3
[INFO] [stderr]    Compiling hyper-util v0.1.20
[INFO] [stderr]    Compiling tower-http v0.6.11
[INFO] [stderr]    Compiling rand_distr v0.5.1
[INFO] [stderr]    Compiling tokenizers v0.22.2
[INFO] [stderr]    Compiling whisper-rs-sys v0.15.0
[INFO] [stderr]    Compiling realfft v3.5.0
[INFO] [stderr]    Compiling rubato v0.15.0
[INFO] [stderr]    Compiling half v2.7.1
[INFO] [stderr]    Compiling gemm-common v0.19.0
[INFO] [stderr]    Compiling float8 v0.6.1
[INFO] [stderr]    Compiling gemm-f32 v0.19.0
[INFO] [stderr]    Compiling gemm-c32 v0.19.0
[INFO] [stderr]    Compiling gemm-c64 v0.19.0
[INFO] [stderr]    Compiling gemm-f64 v0.19.0
[INFO] [stderr]    Compiling gemm-f16 v0.19.0
[INFO] [stderr]    Compiling gemm v0.19.0
[INFO] [stderr]    Compiling candle-core v0.9.2
[INFO] [stderr]    Compiling rustls-webpki v0.103.15
[INFO] [stderr]    Compiling candle-nn v0.9.2
[INFO] [stderr]    Compiling tokio-rustls v0.26.4
[INFO] [stderr]    Compiling rustls-platform-verifier v0.6.2
[INFO] [stderr]    Compiling qwen3-asr v0.2.2
[INFO] [stderr]    Compiling hyper-rustls v0.27.9
[INFO] [stderr]    Compiling reqwest v0.13.1
[INFO] [stderr] error: could not compile `candle-core` (lib)
[INFO] [stderr] 
[INFO] [stderr] Caused by:
[INFO] [stderr]   process didn't exit successfully: `/opt/rustwide/rustup-home/toolchains/1.100.0-beta.1-x86_64-unknown-linux-gnu/bin/rustc --crate-name candle_core --edition=2021 /opt/rustwide/cargo-home/registry/src/index.crates.io-1949cf8c6b5b557f/candle-core-0.9.2/src/lib.rs --error-format=json --json=diagnostic-rendered-ansi,artifacts,future-incompat,unused-externs-silent --crate-type lib --emit=dep-info,metadata,link -C embed-bitcode=no -C debuginfo=2 --cfg 'feature="default"' --check-cfg 'cfg(docsrs,test)' --check-cfg 'cfg(feature, values("accelerate", "cuda", "cudarc", "cudnn", "default", "metal", "mkl", "nccl", "ug"))' -C metadata=05b9be9b84998697 -C extra-filename=-2b86c8f6b3aaa702 --out-dir /opt/rustwide/target/debug/build/candle-core/2b86c8f6b3aaa702/out -L dependency=/opt/rustwide/target/debug/build/allocator-api2/8d9c1e895dea53bd/out -L dependency=/opt/rustwide/target/debug/build/bitflags/c11c4f5488569199/out -L dependency=/opt/rustwide/target/debug/build/bytemuck/eef68c2ddaa6b4da/out -L dependency=/opt/rustwide/target/debug/build/bytemuck_derive/b21a019e4f1e8969/out -L dependency=/opt/rustwide/target/debug/build/cfg-if/83060ec5685761ae/out -L dependency=/opt/rustwide/target/debug/build/crc32fast/77160f4e25d6fc25/out -L dependency=/opt/rustwide/target/debug/build/crossbeam-deque/ab4d4399874b641c/out -L dependency=/opt/rustwide/target/debug/build/crossbeam-epoch/2423a31cfca6a5f9/out -L dependency=/opt/rustwide/target/debug/build/crossbeam-utils/982526929d4ea68a/out -L dependency=/opt/rustwide/target/debug/build/dyn-stack-macros/b8c6a3c1a3df04af/out -L dependency=/opt/rustwide/target/debug/build/dyn-stack/056c87a9f9318c2e/out -L dependency=/opt/rustwide/target/debug/build/either/3938c0541cce4f3e/out -L dependency=/opt/rustwide/target/debug/build/equivalent/6a754676e6af62ae/out -L dependency=/opt/rustwide/target/debug/build/foldhash/3b780c428974a407/out -L dependency=/opt/rustwide/target/debug/build/gemm-c32/f7d8b744f5877fe0/out -L dependency=/opt/rustwide/target/debug/build/gemm-c64/e266e695c223400c/out -L dependency=/opt/rustwide/target/debug/build/gemm-common/a3212dc91e271fa1/out -L dependency=/opt/rustwide/target/debug/build/gemm-f16/70e57e0690b25c9c/out -L dependency=/opt/rustwide/target/debug/build/gemm-f32/3dd913b60291b541/out -L dependency=/opt/rustwide/target/debug/build/gemm-f64/5102a1e5a635beb0/out -L dependency=/opt/rustwide/target/debug/build/getrandom/a73f2f085e83d825/out -L dependency=/opt/rustwide/target/debug/build/half/01ff6872742fbb15/out -L dependency=/opt/rustwide/target/debug/build/hashbrown/d7214d631586fd51/out -L dependency=/opt/rustwide/target/debug/build/hashbrown/f031177a2084d1ad/out -L dependency=/opt/rustwide/target/debug/build/indexmap/b92bb9c25241b995/out -L dependency=/opt/rustwide/target/debug/build/itoa/5de11b3b23bfe572/out -L dependency=/opt/rustwide/target/debug/build/libc/612664c2206eec43/out -L dependency=/opt/rustwide/target/debug/build/libm/24398d5f7d3c709c/out -L dependency=/opt/rustwide/target/debug/build/memchr/a932478bde794617/out -L dependency=/opt/rustwide/target/debug/build/num-complex/ea5cc0bd9ffcc947/out -L dependency=/opt/rustwide/target/debug/build/num-traits/68e0d171d32a4dd9/out -L dependency=/opt/rustwide/target/debug/build/once_cell/b5bdc597ed9676b3/out -L dependency=/opt/rustwide/target/debug/build/paste/93bf70849a6c6f92/out -L dependency=/opt/rustwide/target/debug/build/ppv-lite86/f8d04b08d952325c/out -L dependency=/opt/rustwide/target/debug/build/pulp-wasm-simd-flag/fcf05ac03bac1311/out -L dependency=/opt/rustwide/target/debug/build/pulp/35800c217f20c0f9/out -L dependency=/opt/rustwide/target/debug/build/rand/73679ec2f22ef946/out -L dependency=/opt/rustwide/target/debug/build/rand_chacha/8f8086bd293ef80a/out -L dependency=/opt/rustwide/target/debug/build/rand_core/b115fb9b5d781658/out -L dependency=/opt/rustwide/target/debug/build/rand_distr/435ab6af63271d17/out -L dependency=/opt/rustwide/target/debug/build/raw-cpuid/0aed267f9cf0cb30/out -L dependency=/opt/rustwide/target/debug/build/rayon-core/2b05a47079fb6784/out -L dependency=/opt/rustwide/target/debug/build/rayon/dcf10f8c92fae041/out -L dependency=/opt/rustwide/target/debug/build/reborrow/095e03eb9814fb3b/out -L dependency=/opt/rustwide/target/debug/build/seq-macro/debb7ff152a3c6b5/out -L dependency=/opt/rustwide/target/debug/build/serde/83d36eee52c1f091/out -L dependency=/opt/rustwide/target/debug/build/serde_core/21f22ac7b803fb0e/out -L dependency=/opt/rustwide/target/debug/build/serde_derive/2f34aed90d37b66b/out -L dependency=/opt/rustwide/target/debug/build/serde_json/415ffdbc9eab1e6b/out -L dependency=/opt/rustwide/target/debug/build/stable_deref_trait/8f5d1ea34607785b/out -L dependency=/opt/rustwide/target/debug/build/thiserror-impl/43965ad36dacb4d9/out -L dependency=/opt/rustwide/target/debug/build/typed-path/d4bef469917403d3/out -L dependency=/opt/rustwide/target/debug/build/yoke-derive/2fbde779ef6f2212/out -L dependency=/opt/rustwide/target/debug/build/zerocopy-derive/628780ec1aa2467d/out -L dependency=/opt/rustwide/target/debug/build/zerocopy/aa4ee67be2008b19/out -L dependency=/opt/rustwide/target/debug/build/zerofrom-derive/23768e18b278403c/out -L dependency=/opt/rustwide/target/debug/build/zerofrom/b8b5abaef76b9c10/out -L dependency=/opt/rustwide/target/debug/build/zmij/ef63f1da73704b4c/out --extern byteorder=/opt/rustwide/target/debug/build/byteorder/8f59b6d1bfdaa844/out/libbyteorder-8f59b6d1bfdaa844.rmeta --extern float8=/opt/rustwide/target/debug/build/float8/ef07ec7448ecb995/out/libfloat8-ef07ec7448ecb995.rmeta --extern gemm=/opt/rustwide/target/debug/build/gemm/4a275b6c53761c43/out/libgemm-4a275b6c53761c43.rmeta --extern half=/opt/rustwide/target/debug/build/half/01ff6872742fbb15/out/libhalf-01ff6872742fbb15.rmeta --extern libm=/opt/rustwide/target/debug/build/libm/24398d5f7d3c709c/out/liblibm-24398d5f7d3c709c.rmeta --extern memmap2=/opt/rustwide/target/debug/build/memmap2/e2d5b6a979ebf99b/out/libmemmap2-e2d5b6a979ebf99b.rmeta --extern num_traits=/opt/rustwide/target/debug/build/num-traits/68e0d171d32a4dd9/out/libnum_traits-68e0d171d32a4dd9.rmeta --extern num_cpus=/opt/rustwide/target/debug/build/num_cpus/d061d0eef02b5c5b/out/libnum_cpus-d061d0eef02b5c5b.rmeta --extern rand=/opt/rustwide/target/debug/build/rand/73679ec2f22ef946/out/librand-73679ec2f22ef946.rmeta --extern rand_distr=/opt/rustwide/target/debug/build/rand_distr/435ab6af63271d17/out/librand_distr-435ab6af63271d17.rmeta --extern rayon=/opt/rustwide/target/debug/build/rayon/dcf10f8c92fae041/out/librayon-dcf10f8c92fae041.rmeta --extern safetensors=/opt/rustwide/target/debug/build/safetensors/dd3c53c125d87489/out/libsafetensors-dd3c53c125d87489.rmeta --extern thiserror=/opt/rustwide/target/debug/build/thiserror/c87dffb594157b3e/out/libthiserror-c87dffb594157b3e.rmeta --extern yoke=/opt/rustwide/target/debug/build/yoke/ed9ee60b2f39267f/out/libyoke-ed9ee60b2f39267f.rmeta --extern zip=/opt/rustwide/target/debug/build/zip/b47815902334717f/out/libzip-b47815902334717f.rmeta --cap-lints allow --cap-lints=warn --force-warn=unused_crate_dependencies` (signal: 9, SIGKILL: kill)
[INFO] [stderr] warning: build failed, waiting for other jobs to finish...
[INFO] [stderr] error: could not compile `rustls` (lib)
[INFO] [stderr] 
[INFO] [stderr] Caused by:
[INFO] [stderr]   process didn't exit successfully: `/opt/rustwide/rustup-home/toolchains/1.100.0-beta.1-x86_64-unknown-linux-gnu/bin/rustc --crate-name rustls --edition=2021 /opt/rustwide/cargo-home/registry/src/index.crates.io-1949cf8c6b5b557f/rustls-0.23.45/src/lib.rs --error-format=json --json=diagnostic-rendered-ansi,artifacts,future-incompat,unused-externs-silent --crate-type lib --emit=dep-info,metadata,link -C embed-bitcode=no -C debuginfo=2 --cfg 'feature="aws-lc-rs"' --cfg 'feature="aws_lc_rs"' --cfg 'feature="std"' --cfg 'feature="tls12"' --check-cfg 'cfg(docsrs,test)' --check-cfg 'cfg(feature, values("aws-lc-rs", "aws_lc_rs", "brotli", "custom-provider", "default", "fips", "hashbrown", "log", "logging", "prefer-post-quantum", "read_buf", "ring", "rustversion", "std", "tls12", "zlib"))' -C metadata=24850d214fb66f8a -C extra-filename=-593a6aaa2a463743 --out-dir /opt/rustwide/target/debug/build/rustls/593a6aaa2a463743/out -L dependency=/opt/rustwide/target/debug/build/aws-lc-rs/2247cd99f9e351ea/out -L dependency=/opt/rustwide/target/debug/build/aws-lc-sys/f78bc14b5f6bedc5/out -L dependency=/opt/rustwide/target/debug/build/rustls-pki-types/89bafef9e014889a/out -L dependency=/opt/rustwide/target/debug/build/untrusted/b2f816886faf2178/out -L dependency=/opt/rustwide/target/debug/build/zeroize/37b2a6e0a2742c6a/out --extern aws_lc_rs=/opt/rustwide/target/debug/build/aws-lc-rs/2247cd99f9e351ea/out/libaws_lc_rs-2247cd99f9e351ea.rmeta --extern once_cell=/opt/rustwide/target/debug/build/once_cell/b5bdc597ed9676b3/out/libonce_cell-b5bdc597ed9676b3.rmeta --extern pki_types=/opt/rustwide/target/debug/build/rustls-pki-types/89bafef9e014889a/out/librustls_pki_types-89bafef9e014889a.rmeta --extern webpki=/opt/rustwide/target/debug/build/rustls-webpki/c2c27b8ea18cd9c4/out/libwebpki-c2c27b8ea18cd9c4.rmeta --extern subtle=/opt/rustwide/target/debug/build/subtle/2ae6a7038b9a0630/out/libsubtle-2ae6a7038b9a0630.rmeta --extern zeroize=/opt/rustwide/target/debug/build/zeroize/37b2a6e0a2742c6a/out/libzeroize-37b2a6e0a2742c6a.rmeta --cap-lints allow --cap-lints=warn --force-warn=unused_crate_dependencies -L native=/opt/rustwide/target/debug/build/aws-lc-sys/d71eb04ab6684b5c/out` (signal: 9, SIGKILL: kill)
[INFO] [stderr] error: could not compile `reqwest` (lib)
[INFO] [stderr] 
[INFO] [stderr] Caused by:
[INFO] [stderr]   process didn't exit successfully: `/opt/rustwide/rustup-home/toolchains/1.100.0-beta.1-x86_64-unknown-linux-gnu/bin/rustc --crate-name reqwest --edition=2021 /opt/rustwide/cargo-home/registry/src/index.crates.io-1949cf8c6b5b557f/reqwest-0.13.1/src/lib.rs --error-format=json --json=diagnostic-rendered-ansi,artifacts,future-incompat,unused-externs-silent --crate-type lib --emit=dep-info,metadata,link -C embed-bitcode=no -C debuginfo=2 --cfg 'feature="__rustls"' --cfg 'feature="__rustls-aws-lc-rs"' --cfg 'feature="__tls"' --cfg 'feature="json"' --cfg 'feature="rustls"' --cfg 'feature="rustls-native-certs"' --cfg 'feature="stream"' --check-cfg 'cfg(docsrs,test)' --check-cfg 'cfg(feature, values("__native-tls", "__native-tls-alpn", "__rustls", "__rustls-aws-lc-rs", "__tls", "blocking", "brotli", "charset", "cookies", "default", "default-tls", "deflate", "form", "gzip", "hickory-dns", "http2", "http3", "json", "multipart", "native-tls", "native-tls-no-alpn", "native-tls-vendored", "native-tls-vendored-no-alpn", "query", "rustls", "rustls-native-certs", "rustls-no-provider", "socks", "stream", "system-proxy", "webpki-roots", "zstd"))' -C metadata=259b8a92e7b732d1 -C extra-filename=-b7d37ec95fdcf3d5 --out-dir /opt/rustwide/target/debug/build/reqwest/b7d37ec95fdcf3d5/out -L dependency=/opt/rustwide/target/debug/build/atomic-waker/06950c8c08d2b8fa/out -L dependency=/opt/rustwide/target/debug/build/aws-lc-rs/2247cd99f9e351ea/out -L dependency=/opt/rustwide/target/debug/build/aws-lc-sys/f78bc14b5f6bedc5/out -L dependency=/opt/rustwide/target/debug/build/base64/32787b0325ea6df8/out -L dependency=/opt/rustwide/target/debug/build/bitflags/c11c4f5488569199/out -L dependency=/opt/rustwide/target/debug/build/bytes/5f66263ae3d5daa8/out -L dependency=/opt/rustwide/target/debug/build/displaydoc/c60a8bfc693a77e4/out -L dependency=/opt/rustwide/target/debug/build/form_urlencoded/98cc7da289c29f13/out -L dependency=/opt/rustwide/target/debug/build/futures-channel/94289a78f74303ed/out -L dependency=/opt/rustwide/target/debug/build/futures-core/1121ff913ed87f93/out -L dependency=/opt/rustwide/target/debug/build/futures-macro/1d60e6666ceb8ab4/out -L dependency=/opt/rustwide/target/debug/build/futures-sink/3971bde37bb30e19/out -L dependency=/opt/rustwide/target/debug/build/futures-task/36f327cfab86eddc/out -L dependency=/opt/rustwide/target/debug/build/futures-util/a0337ab1fc688d8a/out -L dependency=/opt/rustwide/target/debug/build/http-body/5f8f028f846d86b1/out -L dependency=/opt/rustwide/target/debug/build/http/2ce7374fddd0469c/out -L dependency=/opt/rustwide/target/debug/build/httparse/8c9b827b8f345444/out -L dependency=/opt/rustwide/target/debug/build/hyper-util/9b6a06e2f38a3c32/out -L dependency=/opt/rustwide/target/debug/build/hyper/966ac4db2f928bdc/out -L dependency=/opt/rustwide/target/debug/build/icu_collections/bdfbd9c8232ec034/out -L dependency=/opt/rustwide/target/debug/build/icu_locale_core/8c36ef2186bbd4ce/out -L dependency=/opt/rustwide/target/debug/build/icu_normalizer/7067db1154650aa0/out -L dependency=/opt/rustwide/target/debug/build/icu_normalizer_data/8fea05bee0bb4e49/out -L dependency=/opt/rustwide/target/debug/build/icu_properties/86b987b592a2c9c8/out -L dependency=/opt/rustwide/target/debug/build/icu_properties_data/e6cf238fc98dd59d/out -L dependency=/opt/rustwide/target/debug/build/icu_provider/54a7405f8387a024/out -L dependency=/opt/rustwide/target/debug/build/idna/f85c9e81a65d90e8/out -L dependency=/opt/rustwide/target/debug/build/idna_adapter/035abaee6b4c979d/out -L dependency=/opt/rustwide/target/debug/build/ipnet/61ca7a5e1c2863d4/out -L dependency=/opt/rustwide/target/debug/build/itoa/5de11b3b23bfe572/out -L dependency=/opt/rustwide/target/debug/build/libc/612664c2206eec43/out -L dependency=/opt/rustwide/target/debug/build/litemap/dc288f07f8f61193/out -L dependency=/opt/rustwide/target/debug/build/log/64a74e931fbdff63/out -L dependency=/opt/rustwide/target/debug/build/memchr/a932478bde794617/out -L dependency=/opt/rustwide/target/debug/build/mio/43415d66e2ceb9f1/out -L dependency=/opt/rustwide/target/debug/build/once_cell/b5bdc597ed9676b3/out -L dependency=/opt/rustwide/target/debug/build/openssl-probe/6b1b371432012237/out -L dependency=/opt/rustwide/target/debug/build/percent-encoding/fa055ecaa1e57cfa/out -L dependency=/opt/rustwide/target/debug/build/pin-project-lite/0a15d51c77964692/out -L dependency=/opt/rustwide/target/debug/build/potential_utf/6461751d624bb1e6/out -L dependency=/opt/rustwide/target/debug/build/rustls-native-certs/e85883189c7b58e6/out -L dependency=/opt/rustwide/target/debug/build/rustls-pki-types/89bafef9e014889a/out -L dependency=/opt/rustwide/target/debug/build/rustls-webpki/c2c27b8ea18cd9c4/out -L dependency=/opt/rustwide/target/debug/build/rustls/593a6aaa2a463743/out -L dependency=/opt/rustwide/target/debug/build/serde_core/21f22ac7b803fb0e/out -L dependency=/opt/rustwide/target/debug/build/serde_derive/2f34aed90d37b66b/out -L dependency=/opt/rustwide/target/debug/build/slab/ed301aba3460fb05/out -L dependency=/opt/rustwide/target/debug/build/smallvec/3e75e18e66140be0/out -L dependency=/opt/rustwide/target/debug/build/socket2/73b9b85db3553b3d/out -L dependency=/opt/rustwide/target/debug/build/stable_deref_trait/8f5d1ea34607785b/out -L dependency=/opt/rustwide/target/debug/build/subtle/2ae6a7038b9a0630/out -L dependency=/opt/rustwide/target/debug/build/sync_wrapper/6bdfbc29c4269203/out -L dependency=/opt/rustwide/target/debug/build/tinystr/f39c1ed566abfc36/out -L dependency=/opt/rustwide/target/debug/build/tokio-macros/49322cbfa23d7017/out -L dependency=/opt/rustwide/target/debug/build/tokio-rustls/7357e584b65617a5/out -L dependency=/opt/rustwide/target/debug/build/tokio/b615b99e9824818c/out -L dependency=/opt/rustwide/target/debug/build/tower-layer/d908dd771b239ecd/out -L dependency=/opt/rustwide/target/debug/build/tower-service/3fb88d28c2218805/out -L dependency=/opt/rustwide/target/debug/build/tower/d2e307290bea829b/out -L dependency=/opt/rustwide/target/debug/build/tracing-core/89b602bc4a7d7f8a/out -L dependency=/opt/rustwide/target/debug/build/tracing/8891879938231fdd/out -L dependency=/opt/rustwide/target/debug/build/try-lock/8fa2f6971035be84/out -L dependency=/opt/rustwide/target/debug/build/untrusted/b2f816886faf2178/out -L dependency=/opt/rustwide/target/debug/build/url/c9a58684fc6e7011/out -L dependency=/opt/rustwide/target/debug/build/utf8_iter/51566bbad89f3a68/out -L dependency=/opt/rustwide/target/debug/build/want/7a6260b9c50f1479/out -L dependency=/opt/rustwide/target/debug/build/writeable/48b3e52227924bb5/out -L dependency=/opt/rustwide/target/debug/build/yoke-derive/2fbde779ef6f2212/out -L dependency=/opt/rustwide/target/debug/build/yoke/ed9ee60b2f39267f/out -L dependency=/opt/rustwide/target/debug/build/zerofrom-derive/23768e18b278403c/out -L dependency=/opt/rustwide/target/debug/build/zerofrom/b8b5abaef76b9c10/out -L dependency=/opt/rustwide/target/debug/build/zeroize/37b2a6e0a2742c6a/out -L dependency=/opt/rustwide/target/debug/build/zerotrie/3340084803b41f35/out -L dependency=/opt/rustwide/target/debug/build/zerovec-derive/00a79d2695c0f264/out -L dependency=/opt/rustwide/target/debug/build/zerovec/a6563be0ac4013db/out -L dependency=/opt/rustwide/target/debug/build/zmij/ef63f1da73704b4c/out --extern base64=/opt/rustwide/target/debug/build/base64/32787b0325ea6df8/out/libbase64-32787b0325ea6df8.rmeta --extern bytes=/opt/rustwide/target/debug/build/bytes/5f66263ae3d5daa8/out/libbytes-5f66263ae3d5daa8.rmeta --extern futures_core=/opt/rustwide/target/debug/build/futures-core/1121ff913ed87f93/out/libfutures_core-1121ff913ed87f93.rmeta --extern futures_util=/opt/rustwide/target/debug/build/futures-util/a0337ab1fc688d8a/out/libfutures_util-a0337ab1fc688d8a.rmeta --extern http=/opt/rustwide/target/debug/build/http/2ce7374fddd0469c/out/libhttp-2ce7374fddd0469c.rmeta --extern http_body=/opt/rustwide/target/debug/build/http-body/5f8f028f846d86b1/out/libhttp_body-5f8f028f846d86b1.rmeta --extern http_body_util=/opt/rustwide/target/debug/build/http-body-util/b675a0fc4f144fc4/out/libhttp_body_util-b675a0fc4f144fc4.rmeta --extern hyper=/opt/rustwide/target/debug/build/hyper/966ac4db2f928bdc/out/libhyper-966ac4db2f928bdc.rmeta --extern hyper_rustls=/opt/rustwide/target/debug/build/hyper-rustls/f04319e5e4773fbb/out/libhyper_rustls-f04319e5e4773fbb.rmeta --extern hyper_util=/opt/rustwide/target/debug/build/hyper-util/9b6a06e2f38a3c32/out/libhyper_util-9b6a06e2f38a3c32.rmeta --extern log=/opt/rustwide/target/debug/build/log/64a74e931fbdff63/out/liblog-64a74e931fbdff63.rmeta --extern percent_encoding=/opt/rustwide/target/debug/build/percent-encoding/fa055ecaa1e57cfa/out/libpercent_encoding-fa055ecaa1e57cfa.rmeta --extern pin_project_lite=/opt/rustwide/target/debug/build/pin-project-lite/0a15d51c77964692/out/libpin_project_lite-0a15d51c77964692.rmeta --extern rustls=/opt/rustwide/target/debug/build/rustls/593a6aaa2a463743/out/librustls-593a6aaa2a463743.rmeta --extern rustls_native_certs=/opt/rustwide/target/debug/build/rustls-native-certs/e85883189c7b58e6/out/librustls_native_certs-e85883189c7b58e6.rmeta --extern rustls_pki_types=/opt/rustwide/target/debug/build/rustls-pki-types/89bafef9e014889a/out/librustls_pki_types-89bafef9e014889a.rmeta --extern rustls_platform_verifier=/opt/rustwide/target/debug/build/rustls-platform-verifier/a0592b912a328c10/out/librustls_platform_verifier-a0592b912a328c10.rmeta --extern serde=/opt/rustwide/target/debug/build/serde/83d36eee52c1f091/out/libserde-83d36eee52c1f091.rmeta --extern serde_json=/opt/rustwide/target/debug/build/serde_json/415ffdbc9eab1e6b/out/libserde_json-415ffdbc9eab1e6b.rmeta --extern sync_wrapper=/opt/rustwide/target/debug/build/sync_wrapper/6bdfbc29c4269203/out/libsync_wrapper-6bdfbc29c4269203.rmeta --extern tokio=/opt/rustwide/target/debug/build/tokio/b615b99e9824818c/out/libtokio-b615b99e9824818c.rmeta --extern tokio_rustls=/opt/rustwide/target/debug/build/tokio-rustls/7357e584b65617a5/out/libtokio_rustls-7357e584b65617a5.rmeta --extern tokio_util=/opt/rustwide/target/debug/build/tokio-util/f50baa5fbfacd501/out/libtokio_util-f50baa5fbfacd501.rmeta --extern tower=/opt/rustwide/target/debug/build/tower/d2e307290bea829b/out/libtower-d2e307290bea829b.rmeta --extern tower_http=/opt/rustwide/target/debug/build/tower-http/d4d0ee3297178c49/out/libtower_http-d4d0ee3297178c49.rmeta --extern tower_service=/opt/rustwide/target/debug/build/tower-service/3fb88d28c2218805/out/libtower_service-3fb88d28c2218805.rmeta --extern url=/opt/rustwide/target/debug/build/url/c9a58684fc6e7011/out/liburl-c9a58684fc6e7011.rmeta --cap-lints allow --cap-lints=warn --force-warn=unused_crate_dependencies -L native=/opt/rustwide/target/debug/build/aws-lc-sys/d71eb04ab6684b5c/out` (signal: 9, SIGKILL: kill)
[INFO] [stderr] error: could not compile `qwen3-asr` (lib)
[INFO] [stderr] 
[INFO] [stderr] Caused by:
[INFO] [stderr]   process didn't exit successfully: `/opt/rustwide/rustup-home/toolchains/1.100.0-beta.1-x86_64-unknown-linux-gnu/bin/rustc --crate-name qwen3_asr --edition=2021 /opt/rustwide/cargo-home/registry/src/index.crates.io-1949cf8c6b5b557f/qwen3-asr-0.2.2/src/lib.rs --error-format=json --json=diagnostic-rendered-ansi,artifacts,future-incompat,unused-externs-silent --crate-type lib --emit=dep-info,metadata,link -C embed-bitcode=no -C debuginfo=2 --check-cfg 'cfg(docsrs,test)' --check-cfg 'cfg(feature, values("cuda", "default", "hub", "metal"))' -C metadata=b29b37acc8fede9d -C extra-filename=-6cf6ea0862ed6705 --out-dir /opt/rustwide/target/debug/build/qwen3-asr/6cf6ea0862ed6705/out -L dependency=/opt/rustwide/target/debug/build/ahash/1ca5a5be88cfa3da/out -L dependency=/opt/rustwide/target/debug/build/aho-corasick/061eca1eab9bf760/out -L dependency=/opt/rustwide/target/debug/build/allocator-api2/8d9c1e895dea53bd/out -L dependency=/opt/rustwide/target/debug/build/base64/42295ac2e0e134a3/out -L dependency=/opt/rustwide/target/debug/build/bitflags/c11c4f5488569199/out -L dependency=/opt/rustwide/target/debug/build/bytemuck/eef68c2ddaa6b4da/out -L dependency=/opt/rustwide/target/debug/build/bytemuck_derive/b21a019e4f1e8969/out -L dependency=/opt/rustwide/target/debug/build/byteorder/8f59b6d1bfdaa844/out -L dependency=/opt/rustwide/target/debug/build/candle-core/2b86c8f6b3aaa702/out -L dependency=/opt/rustwide/target/debug/build/castaway/cc9c9278369cb66d/out -L dependency=/opt/rustwide/target/debug/build/cfg-if/83060ec5685761ae/out -L dependency=/opt/rustwide/target/debug/build/compact_str/cd0e5463f33fafba/out -L dependency=/opt/rustwide/target/debug/build/console/9554065264f89fd2/out -L dependency=/opt/rustwide/target/debug/build/crc32fast/77160f4e25d6fc25/out -L dependency=/opt/rustwide/target/debug/build/crossbeam-deque/ab4d4399874b641c/out -L dependency=/opt/rustwide/target/debug/build/crossbeam-epoch/2423a31cfca6a5f9/out -L dependency=/opt/rustwide/target/debug/build/crossbeam-utils/982526929d4ea68a/out -L dependency=/opt/rustwide/target/debug/build/dary_heap/ac03b1b907a07a41/out -L dependency=/opt/rustwide/target/debug/build/derive_builder/10c612902a87952a/out -L dependency=/opt/rustwide/target/debug/build/derive_builder_macro/1ac7a8fa6b126bc9/out -L dependency=/opt/rustwide/target/debug/build/dyn-stack-macros/b8c6a3c1a3df04af/out -L dependency=/opt/rustwide/target/debug/build/dyn-stack/056c87a9f9318c2e/out -L dependency=/opt/rustwide/target/debug/build/either/3938c0541cce4f3e/out -L dependency=/opt/rustwide/target/debug/build/equivalent/6a754676e6af62ae/out -L dependency=/opt/rustwide/target/debug/build/esaxx-rs/9082105430e5eab9/out -L dependency=/opt/rustwide/target/debug/build/float8/ef07ec7448ecb995/out -L dependency=/opt/rustwide/target/debug/build/foldhash/3b780c428974a407/out -L dependency=/opt/rustwide/target/debug/build/gemm-c32/f7d8b744f5877fe0/out -L dependency=/opt/rustwide/target/debug/build/gemm-c64/e266e695c223400c/out -L dependency=/opt/rustwide/target/debug/build/gemm-common/a3212dc91e271fa1/out -L dependency=/opt/rustwide/target/debug/build/gemm-f16/70e57e0690b25c9c/out -L dependency=/opt/rustwide/target/debug/build/gemm-f32/3dd913b60291b541/out -L dependency=/opt/rustwide/target/debug/build/gemm-f64/5102a1e5a635beb0/out -L dependency=/opt/rustwide/target/debug/build/gemm/4a275b6c53761c43/out -L dependency=/opt/rustwide/target/debug/build/getrandom/a73f2f085e83d825/out -L dependency=/opt/rustwide/target/debug/build/half/01ff6872742fbb15/out -L dependency=/opt/rustwide/target/debug/build/hashbrown/d7214d631586fd51/out -L dependency=/opt/rustwide/target/debug/build/hashbrown/f031177a2084d1ad/out -L dependency=/opt/rustwide/target/debug/build/indexmap/b92bb9c25241b995/out -L dependency=/opt/rustwide/target/debug/build/indicatif/abc746b79e114926/out -L dependency=/opt/rustwide/target/debug/build/itertools/13ca69fc72c8140c/out -L dependency=/opt/rustwide/target/debug/build/itoa/5de11b3b23bfe572/out -L dependency=/opt/rustwide/target/debug/build/libc/612664c2206eec43/out -L dependency=/opt/rustwide/target/debug/build/libm/24398d5f7d3c709c/out -L dependency=/opt/rustwide/target/debug/build/log/64a74e931fbdff63/out -L dependency=/opt/rustwide/target/debug/build/macro_rules_attribute-proc_macro/8c6e96298fdfdb81/out -L dependency=/opt/rustwide/target/debug/build/macro_rules_attribute/1391094c4edb30c3/out -L dependency=/opt/rustwide/target/debug/build/memchr/a932478bde794617/out -L dependency=/opt/rustwide/target/debug/build/memmap2/e2d5b6a979ebf99b/out -L dependency=/opt/rustwide/target/debug/build/minimal-lexical/2a330914b63d672a/out -L dependency=/opt/rustwide/target/debug/build/monostate-impl/5ac3f85e21032dfe/out -L dependency=/opt/rustwide/target/debug/build/monostate/65e4daf86bba6946/out -L dependency=/opt/rustwide/target/debug/build/nom/b614b9e0a8ccc5e5/out -L dependency=/opt/rustwide/target/debug/build/num-complex/ea5cc0bd9ffcc947/out -L dependency=/opt/rustwide/target/debug/build/num-integer/839c696e9a9dc527/out -L dependency=/opt/rustwide/target/debug/build/num-traits/68e0d171d32a4dd9/out -L dependency=/opt/rustwide/target/debug/build/num_cpus/d061d0eef02b5c5b/out -L dependency=/opt/rustwide/target/debug/build/once_cell/b5bdc597ed9676b3/out -L dependency=/opt/rustwide/target/debug/build/onig/5a4f7c94f23885d4/out -L dependency=/opt/rustwide/target/debug/build/onig_sys/226eb9af525c09ec/out -L dependency=/opt/rustwide/target/debug/build/paste/93bf70849a6c6f92/out -L dependency=/opt/rustwide/target/debug/build/portable-atomic/b2c3e87a13df7d23/out -L dependency=/opt/rustwide/target/debug/build/ppv-lite86/f8d04b08d952325c/out -L dependency=/opt/rustwide/target/debug/build/primal-check/8b1061bb32081f67/out -L dependency=/opt/rustwide/target/debug/build/pulp-wasm-simd-flag/fcf05ac03bac1311/out -L dependency=/opt/rustwide/target/debug/build/pulp/35800c217f20c0f9/out -L dependency=/opt/rustwide/target/debug/build/rand/73679ec2f22ef946/out -L dependency=/opt/rustwide/target/debug/build/rand_chacha/8f8086bd293ef80a/out -L dependency=/opt/rustwide/target/debug/build/rand_core/b115fb9b5d781658/out -L dependency=/opt/rustwide/target/debug/build/rand_distr/435ab6af63271d17/out -L dependency=/opt/rustwide/target/debug/build/raw-cpuid/0aed267f9cf0cb30/out -L dependency=/opt/rustwide/target/debug/build/rayon-cond/ac787d1526b81f3a/out -L dependency=/opt/rustwide/target/debug/build/rayon-core/2b05a47079fb6784/out -L dependency=/opt/rustwide/target/debug/build/rayon/dcf10f8c92fae041/out -L dependency=/opt/rustwide/target/debug/build/realfft/3eace209b4faa6c6/out -L dependency=/opt/rustwide/target/debug/build/reborrow/095e03eb9814fb3b/out -L dependency=/opt/rustwide/target/debug/build/regex-automata/31630c42650eaba8/out -L dependency=/opt/rustwide/target/debug/build/regex-syntax/801391c65a42f645/out -L dependency=/opt/rustwide/target/debug/build/regex/e3141aa61d865ceb/out -L dependency=/opt/rustwide/target/debug/build/rustfft/4d6b827485216dba/out -L dependency=/opt/rustwide/target/debug/build/rustversion/adcfbaebc5a7ac4c/out -L dependency=/opt/rustwide/target/debug/build/ryu/1f4f40e4352371e5/out -L dependency=/opt/rustwide/target/debug/build/safetensors/dd3c53c125d87489/out -L dependency=/opt/rustwide/target/debug/build/seq-macro/debb7ff152a3c6b5/out -L dependency=/opt/rustwide/target/debug/build/serde/83d36eee52c1f091/out -L dependency=/opt/rustwide/target/debug/build/serde_core/21f22ac7b803fb0e/out -L dependency=/opt/rustwide/target/debug/build/serde_derive/2f34aed90d37b66b/out -L dependency=/opt/rustwide/target/debug/build/serde_json/415ffdbc9eab1e6b/out -L dependency=/opt/rustwide/target/debug/build/smallvec/3e75e18e66140be0/out -L dependency=/opt/rustwide/target/debug/build/spm_precompiled/d074dadf31a21d87/out -L dependency=/opt/rustwide/target/debug/build/stable_deref_trait/8f5d1ea34607785b/out -L dependency=/opt/rustwide/target/debug/build/static_assertions/f0217ecdd817a834/out -L dependency=/opt/rustwide/target/debug/build/strength_reduce/9ef82d1e89282c48/out -L dependency=/opt/rustwide/target/debug/build/thiserror-impl/43965ad36dacb4d9/out -L dependency=/opt/rustwide/target/debug/build/thiserror/c87dffb594157b3e/out -L dependency=/opt/rustwide/target/debug/build/transpose/da45e7cd6916fadc/out -L dependency=/opt/rustwide/target/debug/build/typed-path/d4bef469917403d3/out -L dependency=/opt/rustwide/target/debug/build/unicode-normalization-alignments/7e02bb0c55cedc63/out -L dependency=/opt/rustwide/target/debug/build/unicode-segmentation/7adb7faea6d97d51/out -L dependency=/opt/rustwide/target/debug/build/unicode-width/c0be3735b741df1b/out -L dependency=/opt/rustwide/target/debug/build/unicode_categories/6f2b7f5ace1e9985/out -L dependency=/opt/rustwide/target/debug/build/unit-prefix/1f322e2873265049/out -L dependency=/opt/rustwide/target/debug/build/yoke-derive/2fbde779ef6f2212/out -L dependency=/opt/rustwide/target/debug/build/yoke/ed9ee60b2f39267f/out -L dependency=/opt/rustwide/target/debug/build/zerocopy-derive/628780ec1aa2467d/out -L dependency=/opt/rustwide/target/debug/build/zerocopy/aa4ee67be2008b19/out -L dependency=/opt/rustwide/target/debug/build/zerofrom-derive/23768e18b278403c/out -L dependency=/opt/rustwide/target/debug/build/zerofrom/b8b5abaef76b9c10/out -L dependency=/opt/rustwide/target/debug/build/zip/b47815902334717f/out -L dependency=/opt/rustwide/target/debug/build/zmij/ef63f1da73704b4c/out --extern anyhow=/opt/rustwide/target/debug/build/anyhow/c9b06d8caf422803/out/libanyhow-c9b06d8caf422803.rmeta --extern candle_core=/opt/rustwide/target/debug/build/candle-core/2b86c8f6b3aaa702/out/libcandle_core-2b86c8f6b3aaa702.rmeta --extern candle_nn=/opt/rustwide/target/debug/build/candle-nn/d73523559b3e9f04/out/libcandle_nn-d73523559b3e9f04.rmeta --extern hound=/opt/rustwide/target/debug/build/hound/4c2f21de2a9e2699/out/libhound-4c2f21de2a9e2699.rmeta --extern log=/opt/rustwide/target/debug/build/log/64a74e931fbdff63/out/liblog-64a74e931fbdff63.rmeta --extern rubato=/opt/rustwide/target/debug/build/rubato/0402a01156f6a7eb/out/librubato-0402a01156f6a7eb.rmeta --extern rustfft=/opt/rustwide/target/debug/build/rustfft/4d6b827485216dba/out/librustfft-4d6b827485216dba.rmeta --extern safetensors=/opt/rustwide/target/debug/build/safetensors/537a786776664c8c/out/libsafetensors-537a786776664c8c.rmeta --extern serde=/opt/rustwide/target/debug/build/serde/83d36eee52c1f091/out/libserde-83d36eee52c1f091.rmeta --extern serde_json=/opt/rustwide/target/debug/build/serde_json/415ffdbc9eab1e6b/out/libserde_json-415ffdbc9eab1e6b.rmeta --extern thiserror=/opt/rustwide/target/debug/build/thiserror/c87dffb594157b3e/out/libthiserror-c87dffb594157b3e.rmeta --extern tokenizers=/opt/rustwide/target/debug/build/tokenizers/7dc552b626442856/out/libtokenizers-7dc552b626442856.rmeta --cap-lints allow --cap-lints=warn --force-warn=unused_crate_dependencies -L native=/opt/rustwide/target/debug/build/esaxx-rs/fd60c50a4d0f7339/out -L native=/opt/rustwide/target/debug/build/onig_sys/f3ed8d6156c50fbe/out` (signal: 9, SIGKILL: kill)
[INFO] [stderr] error: failed to run custom build command for `whisper-rs-sys v0.15.0`
[INFO] [stderr] note: To improve backtraces for build dependencies, set the CARGO_PROFILE_DEV_BUILD_OVERRIDE_DEBUG=true environment variable to enable debug information generation.
[INFO] [stderr] 
[INFO] [stderr] Caused by:
[INFO] [stderr]   process didn't exit successfully: `/opt/rustwide/target/debug/build/whisper-rs-sys/4ca446b5d4d13359/out/build_script_build` (exit status: 101)
[INFO] [stderr]   --- stdout
[INFO] [stderr]   cargo:rustc-link-lib=dylib=stdc++
[INFO] [stderr]   cargo:rerun-if-changed=wrapper.h
[INFO] [stderr]   cargo:rerun-if-env-changed=TARGET
[INFO] [stderr]   cargo:rerun-if-env-changed=BINDGEN_EXTRA_CLANG_ARGS_x86_64-unknown-linux-gnu
[INFO] [stderr]   cargo:rerun-if-env-changed=BINDGEN_EXTRA_CLANG_ARGS_x86_64_unknown_linux_gnu
[INFO] [stderr]   cargo:rerun-if-env-changed=BINDGEN_EXTRA_CLANG_ARGS
[INFO] [stderr]   cargo:rerun-if-changed=wrapper.h
[INFO] [stderr]   cargo:rerun-if-changed=./whisper.cpp/include/whisper.h
[INFO] [stderr]   cargo:rerun-if-changed=./whisper.cpp/ggml/include/ggml.h
[INFO] [stderr]   cargo:rerun-if-changed=/usr/lib/llvm-21/lib/clang/21/include/stdbool.h
[INFO] [stderr]   cargo:rerun-if-changed=/usr/lib/llvm-21/lib/clang/21/include/stddef.h
[INFO] [stderr]   cargo:rerun-if-changed=/usr/lib/llvm-21/lib/clang/21/include/__stddef_header_macro.h
[INFO] [stderr]   cargo:rerun-if-changed=/usr/lib/llvm-21/lib/clang/21/include/__stddef_ptrdiff_t.h
[INFO] [stderr]   cargo:rerun-if-changed=/usr/lib/llvm-21/lib/clang/21/include/__stddef_size_t.h
[INFO] [stderr]   cargo:rerun-if-changed=/usr/lib/llvm-21/lib/clang/21/include/__stddef_wchar_t.h
[INFO] [stderr]   cargo:rerun-if-changed=/usr/lib/llvm-21/lib/clang/21/include/__stddef_null.h
[INFO] [stderr]   cargo:rerun-if-changed=/usr/lib/llvm-21/lib/clang/21/include/__stddef_max_align_t.h
[INFO] [stderr]   cargo:rerun-if-changed=/usr/lib/llvm-21/lib/clang/21/include/__stddef_offsetof.h
[INFO] [stderr]   cargo:rerun-if-changed=/usr/lib/llvm-21/lib/clang/21/include/stdint.h
[INFO] [stderr]   cargo:rerun-if-changed=/usr/include/stdint.h
[INFO] [stderr]   cargo:rerun-if-changed=/usr/include/x86_64-linux-gnu/bits/libc-header-start.h
[INFO] [stderr]   cargo:rerun-if-changed=/usr/include/features.h
[INFO] [stderr]   cargo:rerun-if-changed=/usr/include/features-time64.h
[INFO] [stderr]   cargo:rerun-if-changed=/usr/include/x86_64-linux-gnu/bits/wordsize.h
[INFO] [stderr]   cargo:rerun-if-changed=/usr/include/x86_64-linux-gnu/bits/timesize.h
[INFO] [stderr]   cargo:rerun-if-changed=/usr/include/x86_64-linux-gnu/bits/wordsize.h
[INFO] [stderr]   cargo:rerun-if-changed=/usr/include/stdc-predef.h
[INFO] [stderr]   cargo:rerun-if-changed=/usr/include/x86_64-linux-gnu/sys/cdefs.h
[INFO] [stderr]   cargo:rerun-if-changed=/usr/include/x86_64-linux-gnu/bits/wordsize.h
[INFO] [stderr]   cargo:rerun-if-changed=/usr/include/x86_64-linux-gnu/bits/long-double.h
[INFO] [stderr]   cargo:rerun-if-changed=/usr/include/x86_64-linux-gnu/gnu/stubs.h
[INFO] [stderr]   cargo:rerun-if-changed=/usr/include/x86_64-linux-gnu/gnu/stubs-64.h
[INFO] [stderr]   cargo:rerun-if-changed=/usr/include/x86_64-linux-gnu/bits/types.h
[INFO] [stderr]   cargo:rerun-if-changed=/usr/include/features.h
[INFO] [stderr]   cargo:rerun-if-changed=/usr/include/x86_64-linux-gnu/bits/wordsize.h
[INFO] [stderr]   cargo:rerun-if-changed=/usr/include/x86_64-linux-gnu/bits/timesize.h
[INFO] [stderr]   cargo:rerun-if-changed=/usr/include/x86_64-linux-gnu/bits/wordsize.h
[INFO] [stderr]   cargo:rerun-if-changed=/usr/include/x86_64-linux-gnu/bits/typesizes.h
[INFO] [stderr]   cargo:rerun-if-changed=/usr/include/x86_64-linux-gnu/bits/time64.h
[INFO] [stderr]   cargo:rerun-if-changed=/usr/include/x86_64-linux-gnu/bits/wchar.h
[INFO] [stderr]   cargo:rerun-if-changed=/usr/include/x86_64-linux-gnu/bits/wordsize.h
[INFO] [stderr]   cargo:rerun-if-changed=/usr/include/x86_64-linux-gnu/bits/stdint-intn.h
[INFO] [stderr]   cargo:rerun-if-changed=/usr/include/x86_64-linux-gnu/bits/types.h
[INFO] [stderr]   cargo:rerun-if-changed=/usr/include/x86_64-linux-gnu/bits/stdint-uintn.h
[INFO] [stderr]   cargo:rerun-if-changed=/usr/include/x86_64-linux-gnu/bits/types.h
[INFO] [stderr]   cargo:rerun-if-changed=/usr/include/x86_64-linux-gnu/bits/stdint-least.h
[INFO] [stderr]   cargo:rerun-if-changed=/usr/include/x86_64-linux-gnu/bits/types.h
[INFO] [stderr]   cargo:rerun-if-changed=/usr/include/stdio.h
[INFO] [stderr]   cargo:rerun-if-changed=/usr/include/x86_64-linux-gnu/bits/libc-header-start.h
[INFO] [stderr]   cargo:rerun-if-changed=/usr/include/features.h
[INFO] [stderr]   cargo:rerun-if-changed=/usr/lib/llvm-21/lib/clang/21/include/stddef.h
[INFO] [stderr]   cargo:rerun-if-changed=/usr/lib/llvm-21/lib/clang/21/include/__stddef_size_t.h
[INFO] [stderr]   cargo:rerun-if-changed=/usr/lib/llvm-21/lib/clang/21/include/__stddef_null.h
[INFO] [stderr]   cargo:rerun-if-changed=/usr/lib/llvm-21/lib/clang/21/include/stdarg.h
[INFO] [stderr]   cargo:rerun-if-changed=/usr/lib/llvm-21/lib/clang/21/include/__stdarg___gnuc_va_list.h
[INFO] [stderr]   cargo:rerun-if-changed=/usr/include/x86_64-linux-gnu/bits/types.h
[INFO] [stderr]   cargo:rerun-if-changed=/usr/include/x86_64-linux-gnu/bits/types/__fpos_t.h
[INFO] [stderr]   cargo:rerun-if-changed=/usr/include/x86_64-linux-gnu/bits/types.h
[INFO] [stderr]   cargo:rerun-if-changed=/usr/include/x86_64-linux-gnu/bits/types/__mbstate_t.h
[INFO] [stderr]   cargo:rerun-if-changed=/usr/include/x86_64-linux-gnu/bits/types/__fpos64_t.h
[INFO] [stderr]   cargo:rerun-if-changed=/usr/include/x86_64-linux-gnu/bits/types.h
[INFO] [stderr]   cargo:rerun-if-changed=/usr/include/x86_64-linux-gnu/bits/types/__mbstate_t.h
[INFO] [stderr]   cargo:rerun-if-changed=/usr/include/x86_64-linux-gnu/bits/types/__FILE.h
[INFO] [stderr]   cargo:rerun-if-changed=/usr/include/x86_64-linux-gnu/bits/types/FILE.h
[INFO] [stderr]   cargo:rerun-if-changed=/usr/include/x86_64-linux-gnu/bits/types/struct_FILE.h
[INFO] [stderr]   cargo:rerun-if-changed=/usr/include/x86_64-linux-gnu/bits/types.h
[INFO] [stderr]   cargo:rerun-if-changed=/usr/include/x86_64-linux-gnu/bits/wordsize.h
[INFO] [stderr]   cargo:rerun-if-changed=/usr/include/x86_64-linux-gnu/bits/types/cookie_io_functions_t.h
[INFO] [stderr]   cargo:rerun-if-changed=/usr/include/x86_64-linux-gnu/bits/types.h
[INFO] [stderr]   cargo:rerun-if-changed=/usr/include/x86_64-linux-gnu/bits/stdio_lim.h
[INFO] [stderr]   cargo:rerun-if-changed=/usr/include/x86_64-linux-gnu/bits/floatn.h
[INFO] [stderr]   cargo:rerun-if-changed=/usr/include/features.h
[INFO] [stderr]   cargo:rerun-if-changed=/usr/include/x86_64-linux-gnu/bits/floatn-common.h
[INFO] [stderr]   cargo:rerun-if-changed=/usr/include/features.h
[INFO] [stderr]   cargo:rerun-if-changed=/usr/include/x86_64-linux-gnu/bits/long-double.h
[INFO] [stderr]   cargo:rerun-if-changed=./whisper.cpp/ggml/include/ggml-cpu.h
[INFO] [stderr]   cargo:rerun-if-changed=./whisper.cpp/ggml/include/ggml.h
[INFO] [stderr]   cargo:rerun-if-changed=./whisper.cpp/ggml/include/ggml-backend.h
[INFO] [stderr]   cargo:rerun-if-changed=./whisper.cpp/ggml/include/ggml.h
[INFO] [stderr]   cargo:rerun-if-changed=./whisper.cpp/ggml/include/ggml-alloc.h
[INFO] [stderr]   cargo:rerun-if-changed=./whisper.cpp/ggml/include/ggml.h
[INFO] [stderr]   cargo:rerun-if-changed=/usr/lib/llvm-21/lib/clang/21/include/stddef.h
[INFO] [stderr]   cargo:rerun-if-changed=/usr/lib/llvm-21/lib/clang/21/include/__stddef_header_macro.h
[INFO] [stderr]   cargo:rerun-if-changed=/usr/lib/llvm-21/lib/clang/21/include/__stddef_ptrdiff_t.h
[INFO] [stderr]   cargo:rerun-if-changed=/usr/lib/llvm-21/lib/clang/21/include/__stddef_size_t.h
[INFO] [stderr]   cargo:rerun-if-changed=/usr/lib/llvm-21/lib/clang/21/include/__stddef_wchar_t.h
[INFO] [stderr]   cargo:rerun-if-changed=/usr/lib/llvm-21/lib/clang/21/include/__stddef_max_align_t.h
[INFO] [stderr]   cargo:rerun-if-changed=/usr/lib/llvm-21/lib/clang/21/include/__stddef_offsetof.h
[INFO] [stderr]   cargo:rerun-if-changed=/usr/lib/llvm-21/lib/clang/21/include/stdint.h
[INFO] [stderr]   cargo:rerun-if-changed=/usr/lib/llvm-21/lib/clang/21/include/stdbool.h
[INFO] [stderr]   cargo:rerun-if-changed=./whisper.cpp/ggml/include/ggml.h
[INFO] [stderr]   CMAKE_TOOLCHAIN_FILE_x86_64-unknown-linux-gnu = None
[INFO] [stderr]   CMAKE_TOOLCHAIN_FILE_x86_64_unknown_linux_gnu = None
[INFO] [stderr]   HOST_CMAKE_TOOLCHAIN_FILE = None
[INFO] [stderr]   CMAKE_TOOLCHAIN_FILE = None
[INFO] [stderr]   CMAKE_GENERATOR_x86_64-unknown-linux-gnu = None
[INFO] [stderr]   CMAKE_GENERATOR_x86_64_unknown_linux_gnu = None
[INFO] [stderr]   HOST_CMAKE_GENERATOR = None
[INFO] [stderr]   CMAKE_GENERATOR = None
[INFO] [stderr]   CMAKE_PREFIX_PATH_x86_64-unknown-linux-gnu = None
[INFO] [stderr]   CMAKE_PREFIX_PATH_x86_64_unknown_linux_gnu = None
[INFO] [stderr]   HOST_CMAKE_PREFIX_PATH = None
[INFO] [stderr]   CMAKE_PREFIX_PATH = None
[INFO] [stderr]   CMAKE_x86_64-unknown-linux-gnu = None
[INFO] [stderr]   CMAKE_x86_64_unknown_linux_gnu = None
[INFO] [stderr]   HOST_CMAKE = None
[INFO] [stderr]   CMAKE = None
[INFO] [stderr]   Running with debug output on.
[INFO] [stderr]   -- The C compiler identification is GNU 15.2.0
[INFO] [stderr]      Called from: [3]	/opt/rustwide/target/debug/build/whisper-rs-sys/7cac5a7bd5052337/out/whisper.cpp/CMakeLists.txt
[INFO] [stderr]                   [2]	/usr/share/cmake-4.2/Modules/CMakeDetermineCCompiler.cmake
[INFO] [stderr]                   [1]	/usr/share/cmake-4.2/Modules/CMakeDetermineCompilerId.cmake
[INFO] [stderr]   -- The CXX compiler identification is GNU 15.2.0
[INFO] [stderr]      Called from: [3]	/opt/rustwide/target/debug/build/whisper-rs-sys/7cac5a7bd5052337/out/whisper.cpp/CMakeLists.txt
[INFO] [stderr]                   [2]	/usr/share/cmake-4.2/Modules/CMakeDetermineCXXCompiler.cmake
[INFO] [stderr]                   [1]	/usr/share/cmake-4.2/Modules/CMakeDetermineCompilerId.cmake
[INFO] [stderr]   -- Detecting C compiler ABI info
[INFO] [stderr]      Called from: [3]	/opt/rustwide/target/debug/build/whisper-rs-sys/7cac5a7bd5052337/out/whisper.cpp/CMakeLists.txt
[INFO] [stderr]                   [2]	/usr/share/cmake-4.2/Modules/CMakeTestCCompiler.cmake
[INFO] [stderr]                   [1]	/usr/share/cmake-4.2/Modules/CMakeDetermineCompilerABI.cmake
[INFO] [stderr]   -- Detecting C compiler ABI info - done
[INFO] [stderr]      Called from: [3]	/opt/rustwide/target/debug/build/whisper-rs-sys/7cac5a7bd5052337/out/whisper.cpp/CMakeLists.txt
[INFO] [stderr]                   [2]	/usr/share/cmake-4.2/Modules/CMakeTestCCompiler.cmake
[INFO] [stderr]                   [1]	/usr/share/cmake-4.2/Modules/CMakeDetermineCompilerABI.cmake
[INFO] [stderr]   -- Check for working C compiler: /usr/bin/cc - skipped
[INFO] [stderr]      Called from: [2]	/opt/rustwide/target/debug/build/whisper-rs-sys/7cac5a7bd5052337/out/whisper.cpp/CMakeLists.txt
[INFO] [stderr]                   [1]	/usr/share/cmake-4.2/Modules/CMakeTestCCompiler.cmake
[INFO] [stderr]   -- Detecting C compile features
[INFO] [stderr]      Called from: [3]	/opt/rustwide/target/debug/build/whisper-rs-sys/7cac5a7bd5052337/out/whisper.cpp/CMakeLists.txt
[INFO] [stderr]                   [2]	/usr/share/cmake-4.2/Modules/CMakeTestCCompiler.cmake
[INFO] [stderr]                   [1]	/usr/share/cmake-4.2/Modules/CMakeDetermineCompilerSupport.cmake
[INFO] [stderr]   -- Detecting C compile features - done
[INFO] [stderr]      Called from: [3]	/opt/rustwide/target/debug/build/whisper-rs-sys/7cac5a7bd5052337/out/whisper.cpp/CMakeLists.txt
[INFO] [stderr]                   [2]	/usr/share/cmake-4.2/Modules/CMakeTestCCompiler.cmake
[INFO] [stderr]                   [1]	/usr/share/cmake-4.2/Modules/CMakeDetermineCompilerSupport.cmake
[INFO] [stderr]   -- Detecting CXX compiler ABI info
[INFO] [stderr]      Called from: [3]	/opt/rustwide/target/debug/build/whisper-rs-sys/7cac5a7bd5052337/out/whisper.cpp/CMakeLists.txt
[INFO] [stderr]                   [2]	/usr/share/cmake-4.2/Modules/CMakeTestCXXCompiler.cmake
[INFO] [stderr]                   [1]	/usr/share/cmake-4.2/Modules/CMakeDetermineCompilerABI.cmake
[INFO] [stderr]   -- Detecting CXX compiler ABI info - done
[INFO] [stderr]      Called from: [3]	/opt/rustwide/target/debug/build/whisper-rs-sys/7cac5a7bd5052337/out/whisper.cpp/CMakeLists.txt
[INFO] [stderr]                   [2]	/usr/share/cmake-4.2/Modules/CMakeTestCXXCompiler.cmake
[INFO] [stderr]                   [1]	/usr/share/cmake-4.2/Modules/CMakeDetermineCompilerABI.cmake
[INFO] [stderr]   -- Check for working CXX compiler: /usr/bin/c++ - skipped
[INFO] [stderr]      Called from: [2]	/opt/rustwide/target/debug/build/whisper-rs-sys/7cac5a7bd5052337/out/whisper.cpp/CMakeLists.txt
[INFO] [stderr]                   [1]	/usr/share/cmake-4.2/Modules/CMakeTestCXXCompiler.cmake
[INFO] [stderr]   -- Detecting CXX compile features
[INFO] [stderr]      Called from: [3]	/opt/rustwide/target/debug/build/whisper-rs-sys/7cac5a7bd5052337/out/whisper.cpp/CMakeLists.txt
[INFO] [stderr]                   [2]	/usr/share/cmake-4.2/Modules/CMakeTestCXXCompiler.cmake
[INFO] [stderr]                   [1]	/usr/share/cmake-4.2/Modules/CMakeDetermineCompilerSupport.cmake
[INFO] [stderr]   -- Detecting CXX compile features - done
[INFO] [stderr]      Called from: [3]	/opt/rustwide/target/debug/build/whisper-rs-sys/7cac5a7bd5052337/out/whisper.cpp/CMakeLists.txt
[INFO] [stderr]                   [2]	/usr/share/cmake-4.2/Modules/CMakeTestCXXCompiler.cmake
[INFO] [stderr]                   [1]	/usr/share/cmake-4.2/Modules/CMakeDetermineCompilerSupport.cmake
[INFO] [stderr]   -- Found Git: /usr/bin/git (found version "2.53.0")
[INFO] [stderr]      Called from: [5]	/opt/rustwide/target/debug/build/whisper-rs-sys/7cac5a7bd5052337/out/whisper.cpp/CMakeLists.txt
[INFO] [stderr]                   [4]	/opt/rustwide/target/debug/build/whisper-rs-sys/7cac5a7bd5052337/out/whisper.cpp/cmake/git-vars.cmake
[INFO] [stderr]                   [3]	/usr/share/cmake-4.2/Modules/FindGit.cmake
[INFO] [stderr]                   [2]	/usr/share/cmake-4.2/Modules/FindPackageHandleStandardArgs.cmake
[INFO] [stderr]                   [1]	/usr/share/cmake-4.2/Modules/FindPackageMessage.cmake
[INFO] [stderr]   -- The ASM compiler identification is GNU
[INFO] [stderr]      Called from: [2]	/opt/rustwide/target/debug/build/whisper-rs-sys/7cac5a7bd5052337/out/whisper.cpp/ggml/CMakeLists.txt
[INFO] [stderr]                   [1]	/usr/share/cmake-4.2/Modules/CMakeDetermineASMCompiler.cmake
[INFO] [stderr]   -- Found assembler: /usr/bin/cc
[INFO] [stderr]      Called from: [2]	/opt/rustwide/target/debug/build/whisper-rs-sys/7cac5a7bd5052337/out/whisper.cpp/ggml/CMakeLists.txt
[INFO] [stderr]                   [1]	/usr/share/cmake-4.2/Modules/CMakeDetermineASMCompiler.cmake
[INFO] [stderr]   -- Performing Test CMAKE_HAVE_LIBC_PTHREAD
[INFO] [stderr]      Called from: [5]	/opt/rustwide/target/debug/build/whisper-rs-sys/7cac5a7bd5052337/out/whisper.cpp/ggml/CMakeLists.txt
[INFO] [stderr]                   [4]	/usr/share/cmake-4.2/Modules/FindThreads.cmake
[INFO] [stderr]                   [3]	/usr/share/cmake-4.2/Modules/FindThreads.cmake
[INFO] [stderr]                   [2]	/usr/share/cmake-4.2/Modules/CheckCSourceCompiles.cmake
[INFO] [stderr]                   [1]	/usr/share/cmake-4.2/Modules/Internal/CheckSourceCompiles.cmake
[INFO] [stderr]   -- Performing Test CMAKE_HAVE_LIBC_PTHREAD - Success
[INFO] [stderr]      Called from: [5]	/opt/rustwide/target/debug/build/whisper-rs-sys/7cac5a7bd5052337/out/whisper.cpp/ggml/CMakeLists.txt
[INFO] [stderr]                   [4]	/usr/share/cmake-4.2/Modules/FindThreads.cmake
[INFO] [stderr]                   [3]	/usr/share/cmake-4.2/Modules/FindThreads.cmake
[INFO] [stderr]                   [2]	/usr/share/cmake-4.2/Modules/CheckCSourceCompiles.cmake
[INFO] [stderr]                   [1]	/usr/share/cmake-4.2/Modules/Internal/CheckSourceCompiles.cmake
[INFO] [stderr]   -- Found Threads: TRUE
[INFO] [stderr]      Called from: [4]	/opt/rustwide/target/debug/build/whisper-rs-sys/7cac5a7bd5052337/out/whisper.cpp/ggml/CMakeLists.txt
[INFO] [stderr]                   [3]	/usr/share/cmake-4.2/Modules/FindThreads.cmake
[INFO] [stderr]                   [2]	/usr/share/cmake-4.2/Modules/FindPackageHandleStandardArgs.cmake
[INFO] [stderr]                   [1]	/usr/share/cmake-4.2/Modules/FindPackageMessage.cmake
[INFO] [stderr]   -- Warning: ccache not found - consider installing it for faster compilation or disable this warning with GGML_CCACHE=OFF
[INFO] [stderr]      Called from: [1]	/opt/rustwide/target/debug/build/whisper-rs-sys/7cac5a7bd5052337/out/whisper.cpp/ggml/src/CMakeLists.txt
[INFO] [stderr]   -- CMAKE_SYSTEM_PROCESSOR: x86_64
[INFO] [stderr]      Called from: [1]	/opt/rustwide/target/debug/build/whisper-rs-sys/7cac5a7bd5052337/out/whisper.cpp/ggml/src/CMakeLists.txt
[INFO] [stderr]   -- GGML_SYSTEM_ARCH: x86
[INFO] [stderr]      Called from: [1]	/opt/rustwide/target/debug/build/whisper-rs-sys/7cac5a7bd5052337/out/whisper.cpp/ggml/src/CMakeLists.txt
[INFO] [stderr]   -- Including CPU backend
[INFO] [stderr]      Called from: [2]	/opt/rustwide/target/debug/build/whisper-rs-sys/7cac5a7bd5052337/out/whisper.cpp/ggml/src/CMakeLists.txt
[INFO] [stderr]                   [1]	/opt/rustwide/target/debug/build/whisper-rs-sys/7cac5a7bd5052337/out/whisper.cpp/ggml/src/CMakeLists.txt
[INFO] [stderr]   -- x86 detected
[INFO] [stderr]      Called from: [2]	/opt/rustwide/target/debug/build/whisper-rs-sys/7cac5a7bd5052337/out/whisper.cpp/ggml/src/CMakeLists.txt
[INFO] [stderr]                   [1]	/opt/rustwide/target/debug/build/whisper-rs-sys/7cac5a7bd5052337/out/whisper.cpp/ggml/src/ggml-cpu/CMakeLists.txt
[INFO] [stderr]   -- Adding CPU backend variant ggml-cpu: -march=native 
[INFO] [stderr]      Called from: [2]	/opt/rustwide/target/debug/build/whisper-rs-sys/7cac5a7bd5052337/out/whisper.cpp/ggml/src/CMakeLists.txt
[INFO] [stderr]                   [1]	/opt/rustwide/target/debug/build/whisper-rs-sys/7cac5a7bd5052337/out/whisper.cpp/ggml/src/ggml-cpu/CMakeLists.txt
[INFO] [stderr]   -- ggml version: 0.9.5
[INFO] [stderr]      Called from: [1]	/opt/rustwide/target/debug/build/whisper-rs-sys/7cac5a7bd5052337/out/whisper.cpp/ggml/CMakeLists.txt
[INFO] [stderr]   -- ggml commit:  unknown
[INFO] [stderr]      Called from: [1]	/opt/rustwide/target/debug/build/whisper-rs-sys/7cac5a7bd5052337/out/whisper.cpp/ggml/CMakeLists.txt
[INFO] [stderr]   -- Configuring done (2.9s)
[INFO] [stderr]   -- Generating /opt/rustwide/target/debug/build/whisper-rs-sys/7cac5a7bd5052337/out/build
[INFO] [stderr]      Called from: [1]	/opt/rustwide/target/debug/build/whisper-rs-sys/7cac5a7bd5052337/out/whisper.cpp/CMakeLists.txt
[INFO] [stderr]   -- Generating /opt/rustwide/target/debug/build/whisper-rs-sys/7cac5a7bd5052337/out/build/ggml
[INFO] [stderr]      Called from: [1]	/opt/rustwide/target/debug/build/whisper-rs-sys/7cac5a7bd5052337/out/whisper.cpp/ggml/CMakeLists.txt
[INFO] [stderr]   -- Generating /opt/rustwide/target/debug/build/whisper-rs-sys/7cac5a7bd5052337/out/build/ggml/src
[INFO] [stderr]      Called from: [1]	/opt/rustwide/target/debug/build/whisper-rs-sys/7cac5a7bd5052337/out/whisper.cpp/ggml/src/CMakeLists.txt
[INFO] [stderr]   -- Generating /opt/rustwide/target/debug/build/whisper-rs-sys/7cac5a7bd5052337/out/build/ggml/src/ggml-cpu
[INFO] [stderr]      Called from: [1]	/opt/rustwide/target/debug/build/whisper-rs-sys/7cac5a7bd5052337/out/whisper.cpp/ggml/src/ggml-cpu/CMakeLists.txt
[INFO] [stderr]   -- Generating /opt/rustwide/target/debug/build/whisper-rs-sys/7cac5a7bd5052337/out/build/src
[INFO] [stderr]      Called from: [1]	/opt/rustwide/target/debug/build/whisper-rs-sys/7cac5a7bd5052337/out/whisper.cpp/src/CMakeLists.txt
[INFO] [stderr]   -- Generating done (0.0s)
[INFO] [stderr]   -- Build files have been written to: /opt/rustwide/target/debug/build/whisper-rs-sys/7cac5a7bd5052337/out/build
[INFO] [stderr]   Change Dir: '/opt/rustwide/target/debug/build/whisper-rs-sys/7cac5a7bd5052337/out/build'
[INFO] [stderr] 
[INFO] [stderr]   Run Build Command(s): /usr/bin/cmake -E env VERBOSE=1 /usr/bin/gmake -f Makefile install
[INFO] [stderr]   /usr/bin/cmake -S/opt/rustwide/target/debug/build/whisper-rs-sys/7cac5a7bd5052337/out/whisper.cpp -B/opt/rustwide/target/debug/build/whisper-rs-sys/7cac5a7bd5052337/out/build --check-build-system CMakeFiles/Makefile.cmake 0
[INFO] [stderr]   /usr/bin/cmake -E cmake_progress_start /opt/rustwide/target/debug/build/whisper-rs-sys/7cac5a7bd5052337/out/build/CMakeFiles /opt/rustwide/target/debug/build/whisper-rs-sys/7cac5a7bd5052337/out/build//CMakeFiles/progress.marks
[INFO] [stderr]   /usr/bin/gmake  -f CMakeFiles/Makefile2 all
[INFO] [stderr]   gmake[1]: Entering directory '/opt/rustwide/target/debug/build/whisper-rs-sys/7cac5a7bd5052337/out/build'
[INFO] [stderr]   /usr/bin/gmake  -f ggml/src/CMakeFiles/ggml-base.dir/build.make ggml/src/CMakeFiles/ggml-base.dir/depend
[INFO] [stderr]   gmake[2]: Entering directory '/opt/rustwide/target/debug/build/whisper-rs-sys/7cac5a7bd5052337/out/build'
[INFO] [stderr]   cd /opt/rustwide/target/debug/build/whisper-rs-sys/7cac5a7bd5052337/out/build && /usr/bin/cmake -E cmake_depends "Unix Makefiles" /opt/rustwide/target/debug/build/whisper-rs-sys/7cac5a7bd5052337/out/whisper.cpp /opt/rustwide/target/debug/build/whisper-rs-sys/7cac5a7bd5052337/out/whisper.cpp/ggml/src /opt/rustwide/target/debug/build/whisper-rs-sys/7cac5a7bd5052337/out/build /opt/rustwide/target/debug/build/whisper-rs-sys/7cac5a7bd5052337/out/build/ggml/src /opt/rustwide/target/debug/build/whisper-rs-sys/7cac5a7bd5052337/out/build/ggml/src/CMakeFiles/ggml-base.dir/DependInfo.cmake "--color=" ggml-base
[INFO] [stderr]   gmake[2]: Leaving directory '/opt/rustwide/target/debug/build/whisper-rs-sys/7cac5a7bd5052337/out/build'
[INFO] [stderr]   /usr/bin/gmake  -f ggml/src/CMakeFiles/ggml-base.dir/build.make ggml/src/CMakeFiles/ggml-base.dir/build
[INFO] [stderr]   gmake[2]: Entering directory '/opt/rustwide/target/debug/build/whisper-rs-sys/7cac5a7bd5052337/out/build'
[INFO] [stderr]   [  3%] Building C object ggml/src/CMakeFiles/ggml-base.dir/ggml.c.o
[INFO] [stderr]   cd /opt/rustwide/target/debug/build/whisper-rs-sys/7cac5a7bd5052337/out/build/ggml/src && /usr/bin/cc -DGGML_COMMIT=\"unknown\" -DGGML_SCHED_MAX_COPIES=4 -DGGML_VERSION=\"0.9.5\" -D_GNU_SOURCE -D_XOPEN_SOURCE=600 -I/opt/rustwide/target/debug/build/whisper-rs-sys/7cac5a7bd5052337/out/whisper.cpp/ggml/src/. -I/opt/rustwide/target/debug/build/whisper-rs-sys/7cac5a7bd5052337/out/whisper.cpp/ggml/src/../include -ffunction-sections -fdata-sections -fPIC -m64 -w -O2 -g -DNDEBUG -std=gnu11 -MD -MT ggml/src/CMakeFiles/ggml-base.dir/ggml.c.o -MF CMakeFiles/ggml-base.dir/ggml.c.o.d -o CMakeFiles/ggml-base.dir/ggml.c.o -c /opt/rustwide/target/debug/build/whisper-rs-sys/7cac5a7bd5052337/out/whisper.cpp/ggml/src/ggml.c
[INFO] [stderr]   [  7%] Building C object ggml/src/CMakeFiles/ggml-base.dir/ggml-quants.c.o
[INFO] [stderr]   [ 10%] Building CXX object ggml/src/CMakeFiles/ggml-base.dir/ggml-threading.cpp.o
[INFO] [stderr]   [ 14%] Building CXX object ggml/src/CMakeFiles/ggml-base.dir/ggml-opt.cpp.o
[INFO] [stderr]   cd /opt/rustwide/target/debug/build/whisper-rs-sys/7cac5a7bd5052337/out/build/ggml/src && /usr/bin/cc -DGGML_COMMIT=\"unknown\" -DGGML_SCHED_MAX_COPIES=4 -DGGML_VERSION=\"0.9.5\" -D_GNU_SOURCE -D_XOPEN_SOURCE=600 -I/opt/rustwide/target/debug/build/whisper-rs-sys/7cac5a7bd5052337/out/whisper.cpp/ggml/src/. -I/opt/rustwide/target/debug/build/whisper-rs-sys/7cac5a7bd5052337/out/whisper.cpp/ggml/src/../include -ffunction-sections -fdata-sections -fPIC -m64 -w -O2 -g -DNDEBUG -std=gnu11 -MD -MT ggml/src/CMakeFiles/ggml-base.dir/ggml-quants.c.o -MF CMakeFiles/ggml-base.dir/ggml-quants.c.o.d -o CMakeFiles/ggml-base.dir/ggml-quants.c.o -c /opt/rustwide/target/debug/build/whisper-rs-sys/7cac5a7bd5052337/out/whisper.cpp/ggml/src/ggml-quants.c
[INFO] [stderr]   [ 17%] Building CXX object ggml/src/CMakeFiles/ggml-base.dir/gguf.cpp.o
[INFO] [stderr]   cd /opt/rustwide/target/debug/build/whisper-rs-sys/7cac5a7bd5052337/out/build/ggml/src && /usr/bin/c++ -DGGML_COMMIT=\"unknown\" -DGGML_SCHED_MAX_COPIES=4 -DGGML_VERSION=\"0.9.5\" -D_GNU_SOURCE -D_XOPEN_SOURCE=600 -I/opt/rustwide/target/debug/build/whisper-rs-sys/7cac5a7bd5052337/out/whisper.cpp/ggml/src/. -I/opt/rustwide/target/debug/build/whisper-rs-sys/7cac5a7bd5052337/out/whisper.cpp/ggml/src/../include -DWHISPER_DEBUG -ffunction-sections -fdata-sections -fPIC -m64 -w -O2 -g -DNDEBUG -std=gnu++17 -MD -MT ggml/src/CMakeFiles/ggml-base.dir/ggml-opt.cpp.o -MF CMakeFiles/ggml-base.dir/ggml-opt.cpp.o.d -o CMakeFiles/ggml-base.dir/ggml-opt.cpp.o -c /opt/rustwide/target/debug/build/whisper-rs-sys/7cac5a7bd5052337/out/whisper.cpp/ggml/src/ggml-opt.cpp
[INFO] [stderr]   cd /opt/rustwide/target/debug/build/whisper-rs-sys/7cac5a7bd5052337/out/build/ggml/src && /usr/bin/c++ -DGGML_COMMIT=\"unknown\" -DGGML_SCHED_MAX_COPIES=4 -DGGML_VERSION=\"0.9.5\" -D_GNU_SOURCE -D_XOPEN_SOURCE=600 -I/opt/rustwide/target/debug/build/whisper-rs-sys/7cac5a7bd5052337/out/whisper.cpp/ggml/src/. -I/opt/rustwide/target/debug/build/whisper-rs-sys/7cac5a7bd5052337/out/whisper.cpp/ggml/src/../include -DWHISPER_DEBUG -ffunction-sections -fdata-sections -fPIC -m64 -w -O2 -g -DNDEBUG -std=gnu++17 -MD -MT ggml/src/CMakeFiles/ggml-base.dir/ggml-threading.cpp.o -MF CMakeFiles/ggml-base.dir/ggml-threading.cpp.o.d -o CMakeFiles/ggml-base.dir/ggml-threading.cpp.o -c /opt/rustwide/target/debug/build/whisper-rs-sys/7cac5a7bd5052337/out/whisper.cpp/ggml/src/ggml-threading.cpp
[INFO] [stderr]   cd /opt/rustwide/target/debug/build/whisper-rs-sys/7cac5a7bd5052337/out/build/ggml/src && /usr/bin/c++ -DGGML_COMMIT=\"unknown\" -DGGML_SCHED_MAX_COPIES=4 -DGGML_VERSION=\"0.9.5\" -D_GNU_SOURCE -D_XOPEN_SOURCE=600 -I/opt/rustwide/target/debug/build/whisper-rs-sys/7cac5a7bd5052337/out/whisper.cpp/ggml/src/. -I/opt/rustwide/target/debug/build/whisper-rs-sys/7cac5a7bd5052337/out/whisper.cpp/ggml/src/../include -DWHISPER_DEBUG -ffunction-sections -fdata-sections -fPIC -m64 -w -O2 -g -DNDEBUG -std=gnu++17 -MD -MT ggml/src/CMakeFiles/ggml-base.dir/gguf.cpp.o -MF CMakeFiles/ggml-base.dir/gguf.cpp.o.d -o CMakeFiles/ggml-base.dir/gguf.cpp.o -c /opt/rustwide/target/debug/build/whisper-rs-sys/7cac5a7bd5052337/out/whisper.cpp/ggml/src/gguf.cpp
[INFO] [stderr]   [ 21%] Building C object ggml/src/CMakeFiles/ggml-base.dir/ggml-alloc.c.o
[INFO] [stderr]   cd /opt/rustwide/target/debug/build/whisper-rs-sys/7cac5a7bd5052337/out/build/ggml/src && /usr/bin/cc -DGGML_COMMIT=\"unknown\" -DGGML_SCHED_MAX_COPIES=4 -DGGML_VERSION=\"0.9.5\" -D_GNU_SOURCE -D_XOPEN_SOURCE=600 -I/opt/rustwide/target/debug/build/whisper-rs-sys/7cac5a7bd5052337/out/whisper.cpp/ggml/src/. -I/opt/rustwide/target/debug/build/whisper-rs-sys/7cac5a7bd5052337/out/whisper.cpp/ggml/src/../include -ffunction-sections -fdata-sections -fPIC -m64 -w -O2 -g -DNDEBUG -std=gnu11 -MD -MT ggml/src/CMakeFiles/ggml-base.dir/ggml-alloc.c.o -MF CMakeFiles/ggml-base.dir/ggml-alloc.c.o.d -o CMakeFiles/ggml-base.dir/ggml-alloc.c.o -c /opt/rustwide/target/debug/build/whisper-rs-sys/7cac5a7bd5052337/out/whisper.cpp/ggml/src/ggml-alloc.c
[INFO] [stderr]   [ 25%] Building CXX object ggml/src/CMakeFiles/ggml-base.dir/ggml.cpp.o
[INFO] [stderr]   [ 28%] Building CXX object ggml/src/CMakeFiles/ggml-base.dir/ggml-backend.cpp.o
[INFO] [stderr]   cd /opt/rustwide/target/debug/build/whisper-rs-sys/7cac5a7bd5052337/out/build/ggml/src && /usr/bin/c++ -DGGML_COMMIT=\"unknown\" -DGGML_SCHED_MAX_COPIES=4 -DGGML_VERSION=\"0.9.5\" -D_GNU_SOURCE -D_XOPEN_SOURCE=600 -I/opt/rustwide/target/debug/build/whisper-rs-sys/7cac5a7bd5052337/out/whisper.cpp/ggml/src/. -I/opt/rustwide/target/debug/build/whisper-rs-sys/7cac5a7bd5052337/out/whisper.cpp/ggml/src/../include -DWHISPER_DEBUG -ffunction-sections -fdata-sections -fPIC -m64 -w -O2 -g -DNDEBUG -std=gnu++17 -MD -MT ggml/src/CMakeFiles/ggml-base.dir/ggml-backend.cpp.o -MF CMakeFiles/ggml-base.dir/ggml-backend.cpp.o.d -o CMakeFiles/ggml-base.dir/ggml-backend.cpp.o -c /opt/rustwide/target/debug/build/whisper-rs-sys/7cac5a7bd5052337/out/whisper.cpp/ggml/src/ggml-backend.cpp
[INFO] [stderr]   cd /opt/rustwide/target/debug/build/whisper-rs-sys/7cac5a7bd5052337/out/build/ggml/src && /usr/bin/c++ -DGGML_COMMIT=\"unknown\" -DGGML_SCHED_MAX_COPIES=4 -DGGML_VERSION=\"0.9.5\" -D_GNU_SOURCE -D_XOPEN_SOURCE=600 -I/opt/rustwide/target/debug/build/whisper-rs-sys/7cac5a7bd5052337/out/whisper.cpp/ggml/src/. -I/opt/rustwide/target/debug/build/whisper-rs-sys/7cac5a7bd5052337/out/whisper.cpp/ggml/src/../include -DWHISPER_DEBUG -ffunction-sections -fdata-sections -fPIC -m64 -w -O2 -g -DNDEBUG -std=gnu++17 -MD -MT ggml/src/CMakeFiles/ggml-base.dir/ggml.cpp.o -MF CMakeFiles/ggml-base.dir/ggml.cpp.o.d -o CMakeFiles/ggml-base.dir/ggml.cpp.o -c /opt/rustwide/target/debug/build/whisper-rs-sys/7cac5a7bd5052337/out/whisper.cpp/ggml/src/ggml.cpp
[INFO] [stderr]   [ 32%] Linking CXX static library libggml-base.a
[INFO] [stderr]   cd /opt/rustwide/target/debug/build/whisper-rs-sys/7cac5a7bd5052337/out/build/ggml/src && /usr/bin/cmake -P CMakeFiles/ggml-base.dir/cmake_clean_target.cmake
[INFO] [stderr]   cd /opt/rustwide/target/debug/build/whisper-rs-sys/7cac5a7bd5052337/out/build/ggml/src && /usr/bin/cmake -E cmake_link_script CMakeFiles/ggml-base.dir/link.txt --verbose=1
[INFO] [stderr]   /usr/bin/ar qc libggml-base.a "CMakeFiles/ggml-base.dir/ggml.c.o" "CMakeFiles/ggml-base.dir/ggml.cpp.o" "CMakeFiles/ggml-base.dir/ggml-alloc.c.o" "CMakeFiles/ggml-base.dir/ggml-backend.cpp.o" "CMakeFiles/ggml-base.dir/ggml-opt.cpp.o" "CMakeFiles/ggml-base.dir/ggml-threading.cpp.o" "CMakeFiles/ggml-base.dir/ggml-quants.c.o" "CMakeFiles/ggml-base.dir/gguf.cpp.o"
[INFO] [stderr]   /usr/bin/ranlib libggml-base.a
[INFO] [stderr]   gmake[2]: Leaving directory '/opt/rustwide/target/debug/build/whisper-rs-sys/7cac5a7bd5052337/out/build'
[INFO] [stderr]   [ 32%] Built target ggml-base
[INFO] [stderr]   /usr/bin/gmake  -f ggml/src/CMakeFiles/ggml-cpu.dir/build.make ggml/src/CMakeFiles/ggml-cpu.dir/depend
[INFO] [stderr]   gmake[2]: Entering directory '/opt/rustwide/target/debug/build/whisper-rs-sys/7cac5a7bd5052337/out/build'
[INFO] [stderr]   cd /opt/rustwide/target/debug/build/whisper-rs-sys/7cac5a7bd5052337/out/build && /usr/bin/cmake -E cmake_depends "Unix Makefiles" /opt/rustwide/target/debug/build/whisper-rs-sys/7cac5a7bd5052337/out/whisper.cpp /opt/rustwide/target/debug/build/whisper-rs-sys/7cac5a7bd5052337/out/whisper.cpp/ggml/src /opt/rustwide/target/debug/build/whisper-rs-sys/7cac5a7bd5052337/out/build /opt/rustwide/target/debug/build/whisper-rs-sys/7cac5a7bd5052337/out/build/ggml/src /opt/rustwide/target/debug/build/whisper-rs-sys/7cac5a7bd5052337/out/build/ggml/src/CMakeFiles/ggml-cpu.dir/DependInfo.cmake "--color=" ggml-cpu
[INFO] [stderr]   gmake[2]: Leaving directory '/opt/rustwide/target/debug/build/whisper-rs-sys/7cac5a7bd5052337/out/build'
[INFO] [stderr]   /usr/bin/gmake  -f ggml/src/CMakeFiles/ggml-cpu.dir/build.make ggml/src/CMakeFiles/ggml-cpu.dir/build
[INFO] [stderr]   gmake[2]: Entering directory '/opt/rustwide/target/debug/build/whisper-rs-sys/7cac5a7bd5052337/out/build'
[INFO] [stderr]   [ 35%] Building C object ggml/src/CMakeFiles/ggml-cpu.dir/ggml-cpu/ggml-cpu.c.o
[INFO] [stderr]   cd /opt/rustwide/target/debug/build/whisper-rs-sys/7cac5a7bd5052337/out/build/ggml/src && /usr/bin/cc -DGGML_SCHED_MAX_COPIES=4 -DGGML_USE_CPU_REPACK -D_GNU_SOURCE -D_XOPEN_SOURCE=600 -I/opt/rustwide/target/debug/build/whisper-rs-sys/7cac5a7bd5052337/out/whisper.cpp/ggml/src/.. -I/opt/rustwide/target/debug/build/whisper-rs-sys/7cac5a7bd5052337/out/whisper.cpp/ggml/src/. -I/opt/rustwide/target/debug/build/whisper-rs-sys/7cac5a7bd5052337/out/whisper.cpp/ggml/src/ggml-cpu -I/opt/rustwide/target/debug/build/whisper-rs-sys/7cac5a7bd5052337/out/whisper.cpp/ggml/src/../include -ffunction-sections -fdata-sections -fPIC -m64 -w -O2 -g -DNDEBUG -std=gnu11 -march=native -MD -MT ggml/src/CMakeFiles/ggml-cpu.dir/ggml-cpu/ggml-cpu.c.o -MF CMakeFiles/ggml-cpu.dir/ggml-cpu/ggml-cpu.c.o.d -o CMakeFiles/ggml-cpu.dir/ggml-cpu/ggml-cpu.c.o -c /opt/rustwide/target/debug/build/whisper-rs-sys/7cac5a7bd5052337/out/whisper.cpp/ggml/src/ggml-cpu/ggml-cpu.c
[INFO] [stderr]   [ 39%] Building C object ggml/src/CMakeFiles/ggml-cpu.dir/ggml-cpu/quants.c.o
[INFO] [stderr]   cd /opt/rustwide/target/debug/build/whisper-rs-sys/7cac5a7bd5052337/out/build/ggml/src && /usr/bin/cc -DGGML_SCHED_MAX_COPIES=4 -DGGML_USE_CPU_REPACK -D_GNU_SOURCE -D_XOPEN_SOURCE=600 -I/opt/rustwide/target/debug/build/whisper-rs-sys/7cac5a7bd5052337/out/whisper.cpp/ggml/src/.. -I/opt/rustwide/target/debug/build/whisper-rs-sys/7cac5a7bd5052337/out/whisper.cpp/ggml/src/. -I/opt/rustwide/target/debug/build/whisper-rs-sys/7cac5a7bd5052337/out/whisper.cpp/ggml/src/ggml-cpu -I/opt/rustwide/target/debug/build/whisper-rs-sys/7cac5a7bd5052337/out/whisper.cpp/ggml/src/../include -ffunction-sections -fdata-sections -fPIC -m64 -w -O2 -g -DNDEBUG -std=gnu11 -march=native -MD -MT ggml/src/CMakeFiles/ggml-cpu.dir/ggml-cpu/quants.c.o -MF CMakeFiles/ggml-cpu.dir/ggml-cpu/quants.c.o.d -o CMakeFiles/ggml-cpu.dir/ggml-cpu/quants.c.o -c /opt/rustwide/target/debug/build/whisper-rs-sys/7cac5a7bd5052337/out/whisper.cpp/ggml/src/ggml-cpu/quants.c
[INFO] [stderr]   [ 42%] Building CXX object ggml/src/CMakeFiles/ggml-cpu.dir/ggml-cpu/amx/amx.cpp.o
[INFO] [stderr]   cd /opt/rustwide/target/debug/build/whisper-rs-sys/7cac5a7bd5052337/out/build/ggml/src && /usr/bin/c++ -DGGML_SCHED_MAX_COPIES=4 -DGGML_USE_CPU_REPACK -D_GNU_SOURCE -D_XOPEN_SOURCE=600 -I/opt/rustwide/target/debug/build/whisper-rs-sys/7cac5a7bd5052337/out/whisper.cpp/ggml/src/.. -I/opt/rustwide/target/debug/build/whisper-rs-sys/7cac5a7bd5052337/out/whisper.cpp/ggml/src/. -I/opt/rustwide/target/debug/build/whisper-rs-sys/7cac5a7bd5052337/out/whisper.cpp/ggml/src/ggml-cpu -I/opt/rustwide/target/debug/build/whisper-rs-sys/7cac5a7bd5052337/out/whisper.cpp/ggml/src/../include -DWHISPER_DEBUG -ffunction-sections -fdata-sections -fPIC -m64 -w -O2 -g -DNDEBUG -std=gnu++17 -march=native -MD -MT ggml/src/CMakeFiles/ggml-cpu.dir/ggml-cpu/amx/amx.cpp.o -MF CMakeFiles/ggml-cpu.dir/ggml-cpu/amx/amx.cpp.o.d -o CMakeFiles/ggml-cpu.dir/ggml-cpu/amx/amx.cpp.o -c /opt/rustwide/target/debug/build/whisper-rs-sys/7cac5a7bd5052337/out/whisper.cpp/ggml/src/ggml-cpu/amx/amx.cpp
[INFO] [stderr]   [ 46%] Building CXX object ggml/src/CMakeFiles/ggml-cpu.dir/ggml-cpu/repack.cpp.o
[INFO] [stderr]   [ 50%] Building CXX object ggml/src/CMakeFiles/ggml-cpu.dir/ggml-cpu/ggml-cpu.cpp.o
[INFO] [stderr]   [ 53%] Building CXX object ggml/src/CMakeFiles/ggml-cpu.dir/ggml-cpu/traits.cpp.o
[INFO] [stderr]   cd /opt/rustwide/target/debug/build/whisper-rs-sys/7cac5a7bd5052337/out/build/ggml/src && /usr/bin/c++ -DGGML_SCHED_MAX_COPIES=4 -DGGML_USE_CPU_REPACK -D_GNU_SOURCE -D_XOPEN_SOURCE=600 -I/opt/rustwide/target/debug/build/whisper-rs-sys/7cac5a7bd5052337/out/whisper.cpp/ggml/src/.. -I/opt/rustwide/target/debug/build/whisper-rs-sys/7cac5a7bd5052337/out/whisper.cpp/ggml/src/. -I/opt/rustwide/target/debug/build/whisper-rs-sys/7cac5a7bd5052337/out/whisper.cpp/ggml/src/ggml-cpu -I/opt/rustwide/target/debug/build/whisper-rs-sys/7cac5a7bd5052337/out/whisper.cpp/ggml/src/../include -DWHISPER_DEBUG -ffunction-sections -fdata-sections -fPIC -m64 -w -O2 -g -DNDEBUG -std=gnu++17 -march=native -MD -MT ggml/src/CMakeFiles/ggml-cpu.dir/ggml-cpu/ggml-cpu.cpp.o -MF CMakeFiles/ggml-cpu.dir/ggml-cpu/ggml-cpu.cpp.o.d -o CMakeFiles/ggml-cpu.dir/ggml-cpu/ggml-cpu.cpp.o -c /opt/rustwide/target/debug/build/whisper-rs-sys/7cac5a7bd5052337/out/whisper.cpp/ggml/src/ggml-cpu/ggml-cpu.cpp
[INFO] [stderr]   cd /opt/rustwide/target/debug/build/whisper-rs-sys/7cac5a7bd5052337/out/build/ggml/src && /usr/bin/c++ -DGGML_SCHED_MAX_COPIES=4 -DGGML_USE_CPU_REPACK -D_GNU_SOURCE -D_XOPEN_SOURCE=600 -I/opt/rustwide/target/debug/build/whisper-rs-sys/7cac5a7bd5052337/out/whisper.cpp/ggml/src/.. -I/opt/rustwide/target/debug/build/whisper-rs-sys/7cac5a7bd5052337/out/whisper.cpp/ggml/src/. -I/opt/rustwide/target/debug/build/whisper-rs-sys/7cac5a7bd5052337/out/whisper.cpp/ggml/src/ggml-cpu -I/opt/rustwide/target/debug/build/whisper-rs-sys/7cac5a7bd5052337/out/whisper.cpp/ggml/src/../include -DWHISPER_DEBUG -ffunction-sections -fdata-sections -fPIC -m64 -w -O2 -g -DNDEBUG -std=gnu++17 -march=native -MD -MT ggml/src/CMakeFiles/ggml-cpu.dir/ggml-cpu/repack.cpp.o -MF CMakeFiles/ggml-cpu.dir/ggml-cpu/repack.cpp.o.d -o CMakeFiles/ggml-cpu.dir/ggml-cpu/repack.cpp.o -c /opt/rustwide/target/debug/build/whisper-rs-sys/7cac5a7bd5052337/out/whisper.cpp/ggml/src/ggml-cpu/repack.cpp
[INFO] [stderr]   [ 57%] Building CXX object ggml/src/CMakeFiles/ggml-cpu.dir/ggml-cpu/hbm.cpp.o
[INFO] [stderr]   cd /opt/rustwide/target/debug/build/whisper-rs-sys/7cac5a7bd5052337/out/build/ggml/src && /usr/bin/c++ -DGGML_SCHED_MAX_COPIES=4 -DGGML_USE_CPU_REPACK -D_GNU_SOURCE -D_XOPEN_SOURCE=600 -I/opt/rustwide/target/debug/build/whisper-rs-sys/7cac5a7bd5052337/out/whisper.cpp/ggml/src/.. -I/opt/rustwide/target/debug/build/whisper-rs-sys/7cac5a7bd5052337/out/whisper.cpp/ggml/src/. -I/opt/rustwide/target/debug/build/whisper-rs-sys/7cac5a7bd5052337/out/whisper.cpp/ggml/src/ggml-cpu -I/opt/rustwide/target/debug/build/whisper-rs-sys/7cac5a7bd5052337/out/whisper.cpp/ggml/src/../include -DWHISPER_DEBUG -ffunction-sections -fdata-sections -fPIC -m64 -w -O2 -g -DNDEBUG -std=gnu++17 -march=native -MD -MT ggml/src/CMakeFiles/ggml-cpu.dir/ggml-cpu/traits.cpp.o -MF CMakeFiles/ggml-cpu.dir/ggml-cpu/traits.cpp.o.d -o CMakeFiles/ggml-cpu.dir/ggml-cpu/traits.cpp.o -c /opt/rustwide/target/debug/build/whisper-rs-sys/7cac5a7bd5052337/out/whisper.cpp/ggml/src/ggml-cpu/traits.cpp
[INFO] [stderr]   cd /opt/rustwide/target/debug/build/whisper-rs-sys/7cac5a7bd5052337/out/build/ggml/src && /usr/bin/c++ -DGGML_SCHED_MAX_COPIES=4 -DGGML_USE_CPU_REPACK -D_GNU_SOURCE -D_XOPEN_SOURCE=600 -I/opt/rustwide/target/debug/build/whisper-rs-sys/7cac5a7bd5052337/out/whisper.cpp/ggml/src/.. -I/opt/rustwide/target/debug/build/whisper-rs-sys/7cac5a7bd5052337/out/whisper.cpp/ggml/src/. -I/opt/rustwide/target/debug/build/whisper-rs-sys/7cac5a7bd5052337/out/whisper.cpp/ggml/src/ggml-cpu -I/opt/rustwide/target/debug/build/whisper-rs-sys/7cac5a7bd5052337/out/whisper.cpp/ggml/src/../include -DWHISPER_DEBUG -ffunction-sections -fdata-sections -fPIC -m64 -w -O2 -g -DNDEBUG -std=gnu++17 -march=native -MD -MT ggml/src/CMakeFiles/ggml-cpu.dir/ggml-cpu/hbm.cpp.o -MF CMakeFiles/ggml-cpu.dir/ggml-cpu/hbm.cpp.o.d -o CMakeFiles/ggml-cpu.dir/ggml-cpu/hbm.cpp.o -c /opt/rustwide/target/debug/build/whisper-rs-sys/7cac5a7bd5052337/out/whisper.cpp/ggml/src/ggml-cpu/hbm.cpp
[INFO] [stderr]   [ 60%] Building CXX object ggml/src/CMakeFiles/ggml-cpu.dir/ggml-cpu/amx/mmq.cpp.o
[INFO] [stderr]   cd /opt/rustwide/target/debug/build/whisper-rs-sys/7cac5a7bd5052337/out/build/ggml/src && /usr/bin/c++ -DGGML_SCHED_MAX_COPIES=4 -DGGML_USE_CPU_REPACK -D_GNU_SOURCE -D_XOPEN_SOURCE=600 -I/opt/rustwide/target/debug/build/whisper-rs-sys/7cac5a7bd5052337/out/whisper.cpp/ggml/src/.. -I/opt/rustwide/target/debug/build/whisper-rs-sys/7cac5a7bd5052337/out/whisper.cpp/ggml/src/. -I/opt/rustwide/target/debug/build/whisper-rs-sys/7cac5a7bd5052337/out/whisper.cpp/ggml/src/ggml-cpu -I/opt/rustwide/target/debug/build/whisper-rs-sys/7cac5a7bd5052337/out/whisper.cpp/ggml/src/../include -DWHISPER_DEBUG -ffunction-sections -fdata-sections -fPIC -m64 -w -O2 -g -DNDEBUG -std=gnu++17 -march=native -MD -MT ggml/src/CMakeFiles/ggml-cpu.dir/ggml-cpu/amx/mmq.cpp.o -MF CMakeFiles/ggml-cpu.dir/ggml-cpu/amx/mmq.cpp.o.d -o CMakeFiles/ggml-cpu.dir/ggml-cpu/amx/mmq.cpp.o -c /opt/rustwide/target/debug/build/whisper-rs-sys/7cac5a7bd5052337/out/whisper.cpp/ggml/src/ggml-cpu/amx/mmq.cpp
[INFO] [stderr]   [ 64%] Building CXX object ggml/src/CMakeFiles/ggml-cpu.dir/ggml-cpu/binary-ops.cpp.o
[INFO] [stderr]   cd /opt/rustwide/target/debug/build/whisper-rs-sys/7cac5a7bd5052337/out/build/ggml/src && /usr/bin/c++ -DGGML_SCHED_MAX_COPIES=4 -DGGML_USE_CPU_REPACK -D_GNU_SOURCE -D_XOPEN_SOURCE=600 -I/opt/rustwide/target/debug/build/whisper-rs-sys/7cac5a7bd5052337/out/whisper.cpp/ggml/src/.. -I/opt/rustwide/target/debug/build/whisper-rs-sys/7cac5a7bd5052337/out/whisper.cpp/ggml/src/. -I/opt/rustwide/target/debug/build/whisper-rs-sys/7cac5a7bd5052337/out/whisper.cpp/ggml/src/ggml-cpu -I/opt/rustwide/target/debug/build/whisper-rs-sys/7cac5a7bd5052337/out/whisper.cpp/ggml/src/../include -DWHISPER_DEBUG -ffunction-sections -fdata-sections -fPIC -m64 -w -O2 -g -DNDEBUG -std=gnu++17 -march=native -MD -MT ggml/src/CMakeFiles/ggml-cpu.dir/ggml-cpu/binary-ops.cpp.o -MF CMakeFiles/ggml-cpu.dir/ggml-cpu/binary-ops.cpp.o.d -o CMakeFiles/ggml-cpu.dir/ggml-cpu/binary-ops.cpp.o -c /opt/rustwide/target/debug/build/whisper-rs-sys/7cac5a7bd5052337/out/whisper.cpp/ggml/src/ggml-cpu/binary-ops.cpp
[INFO] [stderr]   [ 71%] Building CXX object ggml/src/CMakeFiles/ggml-cpu.dir/ggml-cpu/vec.cpp.o
[INFO] [stderr]   [ 71%] Building CXX object ggml/src/CMakeFiles/ggml-cpu.dir/ggml-cpu/unary-ops.cpp.o
[INFO] [stderr]   cd /opt/rustwide/target/debug/build/whisper-rs-sys/7cac5a7bd5052337/out/build/ggml/src && /usr/bin/c++ -DGGML_SCHED_MAX_COPIES=4 -DGGML_USE_CPU_REPACK -D_GNU_SOURCE -D_XOPEN_SOURCE=600 -I/opt/rustwide/target/debug/build/whisper-rs-sys/7cac5a7bd5052337/out/whisper.cpp/ggml/src/.. -I/opt/rustwide/target/debug/build/whisper-rs-sys/7cac5a7bd5052337/out/whisper.cpp/ggml/src/. -I/opt/rustwide/target/debug/build/whisper-rs-sys/7cac5a7bd5052337/out/whisper.cpp/ggml/src/ggml-cpu -I/opt/rustwide/target/debug/build/whisper-rs-sys/7cac5a7bd5052337/out/whisper.cpp/ggml/src/../include -DWHISPER_DEBUG -ffunction-sections -fdata-sections -fPIC -m64 -w -O2 -g -DNDEBUG -std=gnu++17 -march=native -MD -MT ggml/src/CMakeFiles/ggml-cpu.dir/ggml-cpu/unary-ops.cpp.o -MF CMakeFiles/ggml-cpu.dir/ggml-cpu/unary-ops.cpp.o.d -o CMakeFiles/ggml-cpu.dir/ggml-cpu/unary-ops.cpp.o -c /opt/rustwide/target/debug/build/whisper-rs-sys/7cac5a7bd5052337/out/whisper.cpp/ggml/src/ggml-cpu/unary-ops.cpp
[INFO] [stderr]   cd /opt/rustwide/target/debug/build/whisper-rs-sys/7cac5a7bd5052337/out/build/ggml/src && /usr/bin/c++ -DGGML_SCHED_MAX_COPIES=4 -DGGML_USE_CPU_REPACK -D_GNU_SOURCE -D_XOPEN_SOURCE=600 -I/opt/rustwide/target/debug/build/whisper-rs-sys/7cac5a7bd5052337/out/whisper.cpp/ggml/src/.. -I/opt/rustwide/target/debug/build/whisper-rs-sys/7cac5a7bd5052337/out/whisper.cpp/ggml/src/. -I/opt/rustwide/target/debug/build/whisper-rs-sys/7cac5a7bd5052337/out/whisper.cpp/ggml/src/ggml-cpu -I/opt/rustwide/target/debug/build/whisper-rs-sys/7cac5a7bd5052337/out/whisper.cpp/ggml/src/../include -DWHISPER_DEBUG -ffunction-sections -fdata-sections -fPIC -m64 -w -O2 -g -DNDEBUG -std=gnu++17 -march=native -MD -MT ggml/src/CMakeFiles/ggml-cpu.dir/ggml-cpu/vec.cpp.o -MF CMakeFiles/ggml-cpu.dir/ggml-cpu/vec.cpp.o.d -o CMakeFiles/ggml-cpu.dir/ggml-cpu/vec.cpp.o -c /opt/rustwide/target/debug/build/whisper-rs-sys/7cac5a7bd5052337/out/whisper.cpp/ggml/src/ggml-cpu/vec.cpp
[INFO] [stderr]   [ 78%] Building CXX object ggml/src/CMakeFiles/ggml-cpu.dir/ggml-cpu/ops.cpp.o
[INFO] [stderr]   [ 78%] Building C object ggml/src/CMakeFiles/ggml-cpu.dir/ggml-cpu/arch/x86/quants.c.o
[INFO] [stderr]   cd /opt/rustwide/target/debug/build/whisper-rs-sys/7cac5a7bd5052337/out/build/ggml/src && /usr/bin/c++ -DGGML_SCHED_MAX_COPIES=4 -DGGML_USE_CPU_REPACK -D_GNU_SOURCE -D_XOPEN_SOURCE=600 -I/opt/rustwide/target/debug/build/whisper-rs-sys/7cac5a7bd5052337/out/whisper.cpp/ggml/src/.. -I/opt/rustwide/target/debug/build/whisper-rs-sys/7cac5a7bd5052337/out/whisper.cpp/ggml/src/. -I/opt/rustwide/target/debug/build/whisper-rs-sys/7cac5a7bd5052337/out/whisper.cpp/ggml/src/ggml-cpu -I/opt/rustwide/target/debug/build/whisper-rs-sys/7cac5a7bd5052337/out/whisper.cpp/ggml/src/../include -DWHISPER_DEBUG -ffunction-sections -fdata-sections -fPIC -m64 -w -O2 -g -DNDEBUG -std=gnu++17 -march=native -MD -MT ggml/src/CMakeFiles/ggml-cpu.dir/ggml-cpu/ops.cpp.o -MF CMakeFiles/ggml-cpu.dir/ggml-cpu/ops.cpp.o.d -o CMakeFiles/ggml-cpu.dir/ggml-cpu/ops.cpp.o -c /opt/rustwide/target/debug/build/whisper-rs-sys/7cac5a7bd5052337/out/whisper.cpp/ggml/src/ggml-cpu/ops.cpp
[INFO] [stderr]   cd /opt/rustwide/target/debug/build/whisper-rs-sys/7cac5a7bd5052337/out/build/ggml/src && /usr/bin/cc -DGGML_SCHED_MAX_COPIES=4 -DGGML_USE_CPU_REPACK -D_GNU_SOURCE -D_XOPEN_SOURCE=600 -I/opt/rustwide/target/debug/build/whisper-rs-sys/7cac5a7bd5052337/out/whisper.cpp/ggml/src/.. -I/opt/rustwide/target/debug/build/whisper-rs-sys/7cac5a7bd5052337/out/whisper.cpp/ggml/src/. -I/opt/rustwide/target/debug/build/whisper-rs-sys/7cac5a7bd5052337/out/whisper.cpp/ggml/src/ggml-cpu -I/opt/rustwide/target/debug/build/whisper-rs-sys/7cac5a7bd5052337/out/whisper.cpp/ggml/src/../include -ffunction-sections -fdata-sections -fPIC -m64 -w -O2 -g -DNDEBUG -std=gnu11 -march=native -MD -MT ggml/src/CMakeFiles/ggml-cpu.dir/ggml-cpu/arch/x86/quants.c.o -MF CMakeFiles/ggml-cpu.dir/ggml-cpu/arch/x86/quants.c.o.d -o CMakeFiles/ggml-cpu.dir/ggml-cpu/arch/x86/quants.c.o -c /opt/rustwide/target/debug/build/whisper-rs-sys/7cac5a7bd5052337/out/whisper.cpp/ggml/src/ggml-cpu/arch/x86/quants.c
[INFO] [stderr]   gmake[2]: Leaving directory '/opt/rustwide/target/debug/build/whisper-rs-sys/7cac5a7bd5052337/out/build'
[INFO] [stderr]   gmake[1]: Leaving directory '/opt/rustwide/target/debug/build/whisper-rs-sys/7cac5a7bd5052337/out/build'
[INFO] [stderr] 
[INFO] [stderr] 
[INFO] [stderr]   --- stderr
[INFO] [stderr]   error: 'rustfmt' is not installed for the toolchain '1.100.0-beta.1-x86_64-unknown-linux-gnu'.
[INFO] [stderr]   help: run `rustup component add --toolchain 1.100.0-beta.1-x86_64-unknown-linux-gnu rustfmt` to install it
[INFO] [stderr]   Failed to run rustfmt: Internal rustfmt error (non-fatal, continuing)
[INFO] [stderr]   running: cd "/opt/rustwide/target/debug/build/whisper-rs-sys/7cac5a7bd5052337/out/build" && CMAKE_PREFIX_PATH="" LC_ALL="C" "cmake" "-Wdev" "--debug-output" "/opt/rustwide/target/debug/build/whisper-rs-sys/7cac5a7bd5052337/out/whisper.cpp" "-B" "/opt/rustwide/target/debug/build/whisper-rs-sys/7cac5a7bd5052337/out/build" "-DBUILD_SHARED_LIBS=OFF" "-DWHISPER_ALL_WARNINGS=OFF" "-DWHISPER_ALL_WARNINGS_3RD_PARTY=OFF" "-DWHISPER_BUILD_TESTS=OFF" "-DWHISPER_BUILD_EXAMPLES=OFF" "-DGGML_METAL=OFF" "-DCMAKE_BUILD_TYPE=RelWithDebInfo" "-DGGML_OPENMP=OFF" "-DCMAKE_INSTALL_PREFIX=/opt/rustwide/target/debug/build/whisper-rs-sys/7cac5a7bd5052337/out" "-DCMAKE_C_FLAGS= -ffunction-sections -fdata-sections -fPIC -m64 -w" "-DCMAKE_C_COMPILER=/usr/bin/cc" "-DCMAKE_CXX_FLAGS= -DWHISPER_DEBUG -ffunction-sections -fdata-sections -fPIC -m64 -w" "-DCMAKE_CXX_COMPILER=/usr/bin/c++" "-DCMAKE_ASM_FLAGS= -ffunction-sections -fdata-sections -fPIC -m64 -w" "-DCMAKE_ASM_COMPILER=/usr/bin/cc" "-DCMAKE_VERBOSE_MAKEFILE:BOOL=ON"
[INFO] [stderr]   CMake Deprecation Warning at CMakeLists.txt:1 (cmake_minimum_required):
[INFO] [stderr]     Compatibility with CMake < 3.10 will be removed from a future version of
[INFO] [stderr]     CMake.
[INFO] [stderr] 
[INFO] [stderr]     Update the VERSION argument <min> value.  Or, use the <min>...<max> syntax
[INFO] [stderr]     to tell CMake that the project requires at least <min> but has been updated
[INFO] [stderr]     to work with policies introduced by <max> or earlier.
[INFO] [stderr] 
[INFO] [stderr] 
[INFO] [stderr]      Called from: [1]	/opt/rustwide/target/debug/build/whisper-rs-sys/7cac5a7bd5052337/out/whisper.cpp/CMakeLists.txt
[INFO] [stderr]   CMake Warning (dev) at /usr/share/cmake-4.2/Modules/CMakeDetermineCompiler.cmake:128 (set):
[INFO] [stderr]     Policy CMP0126 is not set: set(CACHE) does not remove a normal variable of
[INFO] [stderr]     the same name.  Run "cmake --help-policy CMP0126" for policy details.  Use
[INFO] [stderr]     the cmake_policy command to set the policy and suppress this warning.
[INFO] [stderr] 
[INFO] [stderr]     For compatibility with older versions of CMake, normal variable
[INFO] [stderr]     "CMAKE_C_COMPILER" will be removed from the current scope.
[INFO] [stderr]   Call Stack (most recent call first):
[INFO] [stderr]     /usr/share/cmake-4.2/Modules/CMakeDetermineCCompiler.cmake:67 (_cmake_find_compiler_path)
[INFO] [stderr]     CMakeLists.txt:2 (project)
[INFO] [stderr]   This warning is for project developers.  Use -Wno-dev to suppress it.
[INFO] [stderr] 
[INFO] [stderr]      Called from: [3]	/opt/rustwide/target/debug/build/whisper-rs-sys/7cac5a7bd5052337/out/whisper.cpp/CMakeLists.txt
[INFO] [stderr]                   [2]	/usr/share/cmake-4.2/Modules/CMakeDetermineCCompiler.cmake
[INFO] [stderr]                   [1]	/usr/share/cmake-4.2/Modules/CMakeDetermineCompiler.cmake
[INFO] [stderr]   CMake Warning (dev) at /usr/share/cmake-4.2/Modules/CMakeDetermineCompiler.cmake:128 (set):
[INFO] [stderr]     Policy CMP0126 is not set: set(CACHE) does not remove a normal variable of
[INFO] [stderr]     the same name.  Run "cmake --help-policy CMP0126" for policy details.  Use
[INFO] [stderr]     the cmake_policy command to set the policy and suppress this warning.
[INFO] [stderr] 
[INFO] [stderr]     For compatibility with older versions of CMake, normal variable
[INFO] [stderr]     "CMAKE_CXX_COMPILER" will be removed from the current scope.
[INFO] [stderr]   Call Stack (most recent call first):
[INFO] [stderr]     /usr/share/cmake-4.2/Modules/CMakeDetermineCXXCompiler.cmake:71 (_cmake_find_compiler_path)
[INFO] [stderr]     CMakeLists.txt:2 (project)
[INFO] [stderr]   This warning is for project developers.  Use -Wno-dev to suppress it.
[INFO] [stderr] 
[INFO] [stderr]      Called from: [3]	/opt/rustwide/target/debug/build/whisper-rs-sys/7cac5a7bd5052337/out/whisper.cpp/CMakeLists.txt
[INFO] [stderr]                   [2]	/usr/share/cmake-4.2/Modules/CMakeDetermineCXXCompiler.cmake
[INFO] [stderr]                   [1]	/usr/share/cmake-4.2/Modules/CMakeDetermineCompiler.cmake
[INFO] [stderr]   CMake Warning (dev) at /usr/share/cmake-4.2/Modules/CMakeFindBinUtils.cmake:243 (find_program):
[INFO] [stderr]     Policy CMP0126 is not set: set(CACHE) does not remove a normal variable of
[INFO] [stderr]     the same name.  Run "cmake --help-policy CMP0126" for policy details.  Use
[INFO] [stderr]     the cmake_policy command to set the policy and suppress this warning.
[INFO] [stderr] 
[INFO] [stderr]     For compatibility with older versions of CMake, normal variable
[INFO] [stderr]     "CMAKE_TAPI" will be removed from the current scope.
[INFO] [stderr]   Call Stack (most recent call first):
[INFO] [stderr]     /usr/share/cmake-4.2/Modules/CMakeDetermineCXXCompiler.cmake:206 (include)
[INFO] [stderr]     CMakeLists.txt:2 (project)
[INFO] [stderr]   This warning is for project developers.  Use -Wno-dev to suppress it.
[INFO] [stderr] 
[INFO] [stderr]      Called from: [3]	/opt/rustwide/target/debug/build/whisper-rs-sys/7cac5a7bd5052337/out/whisper.cpp/CMakeLists.txt
[INFO] [stderr]                   [2]	/usr/share/cmake-4.2/Modules/CMakeDetermineCXXCompiler.cmake
[INFO] [stderr]                   [1]	/usr/share/cmake-4.2/Modules/CMakeFindBinUtils.cmake
[INFO] [stderr]   CMake Warning (dev) at /usr/share/cmake-4.2/Modules/CMakeDetermineCompilerABI.cmake:83 (try_compile):
[INFO] [stderr]     Policy CMP0066 is not set: Honor per-config flags in try_compile()
[INFO] [stderr]     source-file signature.  Run "cmake --help-policy CMP0066" for policy
[INFO] [stderr]     details.  Use the cmake_policy command to set the policy and suppress this
[INFO] [stderr]     warning.
[INFO] [stderr] 
[INFO] [stderr]     For compatibility with older versions of CMake, try_compile is not honoring
[INFO] [stderr]     caller config-specific compiler flags (e.g.  CMAKE_C_FLAGS_DEBUG) in the
[INFO] [stderr]     test project.
[INFO] [stderr]   Call Stack (most recent call first):
[INFO] [stderr]     /usr/share/cmake-4.2/Modules/CMakeTestCCompiler.cmake:26 (CMAKE_DETERMINE_COMPILER_ABI)
[INFO] [stderr]     CMakeLists.txt:2 (project)
[INFO] [stderr]   This warning is for project developers.  Use -Wno-dev to suppress it.
[INFO] [stderr] 
[INFO] [stderr]      Called from: [3]	/opt/rustwide/target/debug/build/whisper-rs-sys/7cac5a7bd5052337/out/whisper.cpp/CMakeLists.txt
[INFO] [stderr]                   [2]	/usr/share/cmake-4.2/Modules/CMakeTestCCompiler.cmake
[INFO] [stderr]                   [1]	/usr/share/cmake-4.2/Modules/CMakeDetermineCompilerABI.cmake
[INFO] [stderr]   CMake Warning (dev) at /usr/share/cmake-4.2/Modules/CMakeDetermineCompilerABI.cmake:83 (try_compile):
[INFO] [stderr]     Policy CMP0066 is not set: Honor per-config flags in try_compile()
[INFO] [stderr]     source-file signature.  Run "cmake --help-policy CMP0066" for policy
[INFO] [stderr]     details.  Use the cmake_policy command to set the policy and suppress this
[INFO] [stderr]     warning.
[INFO] [stderr] 
[INFO] [stderr]     For compatibility with older versions of CMake, try_compile is not honoring
[INFO] [stderr]     caller config-specific compiler flags (e.g.  CMAKE_C_FLAGS_DEBUG) in the
[INFO] [stderr]     test project.
[INFO] [stderr]   Call Stack (most recent call first):
[INFO] [stderr]     /usr/share/cmake-4.2/Modules/CMakeTestCXXCompiler.cmake:26 (CMAKE_DETERMINE_COMPILER_ABI)
[INFO] [stderr]     CMakeLists.txt:2 (project)
[INFO] [stderr]   This warning is for project developers.  Use -Wno-dev to suppress it.
[INFO] [stderr] 
[INFO] [stderr]      Called from: [3]	/opt/rustwide/target/debug/build/whisper-rs-sys/7cac5a7bd5052337/out/whisper.cpp/CMakeLists.txt
[INFO] [stderr]                   [2]	/usr/share/cmake-4.2/Modules/CMakeTestCXXCompiler.cmake
[INFO] [stderr]                   [1]	/usr/share/cmake-4.2/Modules/CMakeDetermineCompilerABI.cmake
[INFO] [stderr]   fatal: not a git repository (or any parent up to mount point /opt/rustwide)
[INFO] [stderr]   Stopping at filesystem boundary (GIT_DISCOVERY_ACROSS_FILESYSTEM not set).
[INFO] [stderr]   fatal: not a git repository (or any parent up to mount point /opt/rustwide)
[INFO] [stderr]   Stopping at filesystem boundary (GIT_DISCOVERY_ACROSS_FILESYSTEM not set).
[INFO] [stderr]      Entering             /opt/rustwide/target/debug/build/whisper-rs-sys/7cac5a7bd5052337/out/whisper.cpp/ggml
[INFO] [stderr]      Called from: [1]	/opt/rustwide/target/debug/build/whisper-rs-sys/7cac5a7bd5052337/out/whisper.cpp/CMakeLists.txt
[INFO] [stderr]   CMake Warning (dev) at /usr/share/cmake-4.2/Modules/CMakeDetermineCompiler.cmake:128 (set):
[INFO] [stderr]     Policy CMP0126 is not set: set(CACHE) does not remove a normal variable of
[INFO] [stderr]     the same name.  Run "cmake --help-policy CMP0126" for policy details.  Use
[INFO] [stderr]     the cmake_policy command to set the policy and suppress this warning.
[INFO] [stderr] 
[INFO] [stderr]     For compatibility with older versions of CMake, normal variable
[INFO] [stderr]     "CMAKE_ASM_COMPILER" will be removed from the current scope.
[INFO] [stderr]   Call Stack (most recent call first):
[INFO] [stderr]     /usr/share/cmake-4.2/Modules/CMakeDetermineASMCompiler.cmake:64 (_cmake_find_compiler_path)
[INFO] [stderr]     ggml/CMakeLists.txt:2 (project)
[INFO] [stderr]   This warning is for project developers.  Use -Wno-dev to suppress it.
[INFO] [stderr] 
[INFO] [stderr]      Called from: [3]	/opt/rustwide/target/debug/build/whisper-rs-sys/7cac5a7bd5052337/out/whisper.cpp/ggml/CMakeLists.txt
[INFO] [stderr]                   [2]	/usr/share/cmake-4.2/Modules/CMakeDetermineASMCompiler.cmake
[INFO] [stderr]                   [1]	/usr/share/cmake-4.2/Modules/CMakeDetermineCompiler.cmake
[INFO] [stderr]   CMake Warning (dev) at /usr/share/cmake-4.2/Modules/CMakeFindBinUtils.cmake:243 (find_program):
[INFO] [stderr]     Policy CMP0126 is not set: set(CACHE) does not remove a normal variable of
[INFO] [stderr]     the same name.  Run "cmake --help-policy CMP0126" for policy details.  Use
[INFO] [stderr]     the cmake_policy command to set the policy and suppress this warning.
[INFO] [stderr] 
[INFO] [stderr]     For compatibility with older versions of CMake, normal variable
[INFO] [stderr]     "CMAKE_TAPI" will be removed from the current scope.
[INFO] [stderr]   Call Stack (most recent call first):
[INFO] [stderr]     /usr/share/cmake-4.2/Modules/CMakeDetermineASMCompiler.cmake:267 (include)
[INFO] [stderr]     ggml/CMakeLists.txt:2 (project)
[INFO] [stderr]   This warning is for project developers.  Use -Wno-dev to suppress it.
[INFO] [stderr] 
[INFO] [stderr]      Called from: [3]	/opt/rustwide/target/debug/build/whisper-rs-sys/7cac5a7bd5052337/out/whisper.cpp/ggml/CMakeLists.txt
[INFO] [stderr]                   [2]	/usr/share/cmake-4.2/Modules/CMakeDetermineASMCompiler.cmake
[INFO] [stderr]                   [1]	/usr/share/cmake-4.2/Modules/CMakeFindBinUtils.cmake
[INFO] [stderr]      Entering             /opt/rustwide/target/debug/build/whisper-rs-sys/7cac5a7bd5052337/out/whisper.cpp/ggml/src
[INFO] [stderr]      Called from: [1]	/opt/rustwide/target/debug/build/whisper-rs-sys/7cac5a7bd5052337/out/whisper.cpp/ggml/CMakeLists.txt
[INFO] [stderr]      Entering             /opt/rustwide/target/debug/build/whisper-rs-sys/7cac5a7bd5052337/out/whisper.cpp/ggml/src/ggml-cpu
[INFO] [stderr]      Called from: [2]	/opt/rustwide/target/debug/build/whisper-rs-sys/7cac5a7bd5052337/out/whisper.cpp/ggml/src/CMakeLists.txt
[INFO] [stderr]                   [1]	/opt/rustwide/target/debug/build/whisper-rs-sys/7cac5a7bd5052337/out/whisper.cpp/ggml/src/CMakeLists.txt
[INFO] [stderr]      Returning to         /opt/rustwide/target/debug/build/whisper-rs-sys/7cac5a7bd5052337/out/whisper.cpp/ggml/src
[INFO] [stderr]      Called from: [2]	/opt/rustwide/target/debug/build/whisper-rs-sys/7cac5a7bd5052337/out/whisper.cpp/ggml/src/CMakeLists.txt
[INFO] [stderr]                   [1]	/opt/rustwide/target/debug/build/whisper-rs-sys/7cac5a7bd5052337/out/whisper.cpp/ggml/src/CMakeLists.txt
[INFO] [stderr]      Returning to         /opt/rustwide/target/debug/build/whisper-rs-sys/7cac5a7bd5052337/out/whisper.cpp/ggml
[INFO] [stderr]      Called from: [1]	/opt/rustwide/target/debug/build/whisper-rs-sys/7cac5a7bd5052337/out/whisper.cpp/ggml/CMakeLists.txt
[INFO] [stderr]      Returning to         /opt/rustwide/target/debug/build/whisper-rs-sys/7cac5a7bd5052337/out/whisper.cpp
[INFO] [stderr]      Called from: [1]	/opt/rustwide/target/debug/build/whisper-rs-sys/7cac5a7bd5052337/out/whisper.cpp/CMakeLists.txt
[INFO] [stderr]      Entering             /opt/rustwide/target/debug/build/whisper-rs-sys/7cac5a7bd5052337/out/whisper.cpp/src
[INFO] [stderr]      Called from: [1]	/opt/rustwide/target/debug/build/whisper-rs-sys/7cac5a7bd5052337/out/whisper.cpp/CMakeLists.txt
[INFO] [stderr]      Returning to         /opt/rustwide/target/debug/build/whisper-rs-sys/7cac5a7bd5052337/out/whisper.cpp
[INFO] [stderr]      Called from: [1]	/opt/rustwide/target/debug/build/whisper-rs-sys/7cac5a7bd5052337/out/whisper.cpp/CMakeLists.txt
[INFO] [stderr]   CMake Warning (dev) in ggml/CMakeLists.txt:
[INFO] [stderr]     Policy CMP0200 is not set: Location and configuration selection for
[INFO] [stderr]     imported targets is more consistent.  Run "cmake --help-policy CMP0200" for
[INFO] [stderr]     policy details.  Use the cmake_policy command to set the policy and
[INFO] [stderr]     suppress this warning.
[INFO] [stderr] 
[INFO] [stderr]     Configuration selection for imported target "Threads::Threads" selected
[INFO] [stderr]     configuration "(none)", but would select configuration "RELWITHDEBINFO"
[INFO] [stderr]     under the NEW policy.
[INFO] [stderr] 
[INFO] [stderr]   This warning is for project developers.  Use -Wno-dev to suppress it.
[INFO] [stderr] 
[INFO] [stderr]   CMake Warning (dev) in src/CMakeLists.txt:
[INFO] [stderr]     Policy CMP0200 is not set: Location and configuration selection for
[INFO] [stderr]     imported targets is more consistent.  Run "cmake --help-policy CMP0200" for
[INFO] [stderr]     policy details.  Use the cmake_policy command to set the policy and
[INFO] [stderr]     suppress this warning.
[INFO] [stderr] 
[INFO] [stderr]     Configuration selection for imported target "Threads::Threads" selected
[INFO] [stderr]     configuration "(none)", but would select configuration "RELWITHDEBINFO"
[INFO] [stderr]     under the NEW policy.
[INFO] [stderr] 
[INFO] [stderr]   This warning is for project developers.  Use -Wno-dev to suppress it.
[INFO] [stderr] 
[INFO] [stderr]   CMake Warning (dev) in CMakeLists.txt:
[INFO] [stderr]     Policy CMP0082 is not set: Install rules from add_subdirectory() are
[INFO] [stderr]     interleaved with those in caller.  Run "cmake --help-policy CMP0082" for
[INFO] [stderr]     policy details.  Use the cmake_policy command to set the policy and
[INFO] [stderr]     suppress this warning.
[INFO] [stderr] 
[INFO] [stderr]   This warning is for project developers.  Use -Wno-dev to suppress it.
[INFO] [stderr] 
[INFO] [stderr]      Called from: [1]	/opt/rustwide/target/debug/build/whisper-rs-sys/7cac5a7bd5052337/out/whisper.cpp/CMakeLists.txt
[INFO] [stderr]   CMake Warning (dev) at ggml/src/CMakeLists.txt:192 (add_library):
[INFO] [stderr]     Policy CMP0156 is not set: De-duplicate libraries on link lines based on
[INFO] [stderr]     linker capabilities.  Run "cmake --help-policy CMP0156" for policy details.
[INFO] [stderr]     Use the cmake_policy command to set the policy and suppress this warning.
[INFO] [stderr] 
[INFO] [stderr]     Since the policy is not set, legacy libraries de-duplication strategy will
[INFO] [stderr]     be applied.
[INFO] [stderr]   This warning is for project developers.  Use -Wno-dev to suppress it.
[INFO] [stderr] 
[INFO] [stderr]      Called from: [1]	/opt/rustwide/target/debug/build/whisper-rs-sys/7cac5a7bd5052337/out/whisper.cpp/ggml/src/CMakeLists.txt
[INFO] [stderr]   CMake Warning (dev) at ggml/src/CMakeLists.txt:259 (add_library):
[INFO] [stderr]     Policy CMP0156 is not set: De-duplicate libraries on link lines based on
[INFO] [stderr]     linker capabilities.  Run "cmake --help-policy CMP0156" for policy details.
[INFO] [stderr]     Use the cmake_policy command to set the policy and suppress this warning.
[INFO] [stderr] 
[INFO] [stderr]     Since the policy is not set, legacy libraries de-duplication strategy will
[INFO] [stderr]     be applied.
[INFO] [stderr]   Call Stack (most recent call first):
[INFO] [stderr]     ggml/src/ggml-cpu/CMakeLists.txt:22 (ggml_add_backend_library)
[INFO] [stderr]     ggml/src/CMakeLists.txt:444 (ggml_add_cpu_backend_variant_impl)
[INFO] [stderr]   This warning is for project developers.  Use -Wno-dev to suppress it.
[INFO] [stderr] 
[INFO] [stderr]      Called from: [1]	/opt/rustwide/target/debug/build/whisper-rs-sys/7cac5a7bd5052337/out/whisper.cpp/ggml/src/CMakeLists.txt
[INFO] [stderr]   CMake Warning (dev) at ggml/src/CMakeLists.txt:224 (add_library):
[INFO] [stderr]     Policy CMP0156 is not set: De-duplicate libraries on link lines based on
[INFO] [stderr]     linker capabilities.  Run "cmake --help-policy CMP0156" for policy details.
[INFO] [stderr]     Use the cmake_policy command to set the policy and suppress this warning.
[INFO] [stderr] 
[INFO] [stderr]     Since the policy is not set, legacy libraries de-duplication strategy will
[INFO] [stderr]     be applied.
[INFO] [stderr]   This warning is for project developers.  Use -Wno-dev to suppress it.
[INFO] [stderr] 
[INFO] [stderr]      Called from: [1]	/opt/rustwide/target/debug/build/whisper-rs-sys/7cac5a7bd5052337/out/whisper.cpp/ggml/src/CMakeLists.txt
[INFO] [stderr]   CMake Warning (dev) at src/CMakeLists.txt:106 (add_library):
[INFO] [stderr]     Policy CMP0156 is not set: De-duplicate libraries on link lines based on
[INFO] [stderr]     linker capabilities.  Run "cmake --help-policy CMP0156" for policy details.
[INFO] [stderr]     Use the cmake_policy command to set the policy and suppress this warning.
[INFO] [stderr] 
[INFO] [stderr]     Since the policy is not set, legacy libraries de-duplication strategy will
[INFO] [stderr]     be applied.
[INFO] [stderr]   This warning is for project developers.  Use -Wno-dev to suppress it.
[INFO] [stderr] 
[INFO] [stderr]      Called from: [1]	/opt/rustwide/target/debug/build/whisper-rs-sys/7cac5a7bd5052337/out/whisper.cpp/src/CMakeLists.txt
[INFO] [stderr]   running: cd "/opt/rustwide/target/debug/build/whisper-rs-sys/7cac5a7bd5052337/out/build" && LC_ALL="C" MAKEFLAGS="-j --jobserver-fds=4,5 --jobserver-auth=4,5" "cmake" "--build" "/opt/rustwide/target/debug/build/whisper-rs-sys/7cac5a7bd5052337/out/build" "--target" "install" "--config" "Release"
[INFO] [stderr]   c++: fatal error: Killed signal terminated program cc1plus
[INFO] [stderr]   compilation terminated.
[INFO] [stderr]   gmake[2]: *** [ggml/src/CMakeFiles/ggml-cpu.dir/build.make:166: ggml/src/CMakeFiles/ggml-cpu.dir/ggml-cpu/amx/amx.cpp.o] Error 1
[INFO] [stderr]   gmake[2]: *** Waiting for unfinished jobs....
[INFO] [stderr]   c++: fatal error: Killed signal terminated program cc1plus
[INFO] [stderr]   compilation terminated.
[INFO] [stderr]   gmake[2]: *** [ggml/src/CMakeFiles/ggml-cpu.dir/build.make:110: ggml/src/CMakeFiles/ggml-cpu.dir/ggml-cpu/repack.cpp.o] Error 1
[INFO] [stderr]   gmake[1]: *** [CMakeFiles/Makefile2:244: ggml/src/CMakeFiles/ggml-cpu.dir/all] Error 2
[INFO] [stderr]   gmake: *** [Makefile:139: all] Error 2
[INFO] [stderr] 
[INFO] [stderr]   thread 'main' (3725) panicked at /opt/rustwide/cargo-home/registry/src/index.crates.io-1949cf8c6b5b557f/cmake-0.1.58/src/lib.rs:1132:5:
[INFO] [stderr] 
[INFO] [stderr]   command did not execute successfully, got: exit status: 2
[INFO] [stderr] 
[INFO] [stderr]   build script failed, must exit now
[INFO] [stderr]   stack backtrace:
[INFO] [stderr]      0:     0x5e6c22acd351 - std[617be2ca0a6fd877]::backtrace_rs::backtrace::libunwind::trace
[INFO] [stderr]                                  at /rustc/e3feeb59cd1bdd011a2bfcc0747b55125d9b8527/library/std/src/../../backtrace/src/backtrace/libunwind.rs:117:9
[INFO] [stderr]      1:     0x5e6c22acd351 - std[617be2ca0a6fd877]::backtrace_rs::backtrace::trace_unsynchronized::<std[617be2ca0a6fd877]::sys::backtrace::_print_fmt::{closure#1}>
[INFO] [stderr]                                  at /rustc/e3feeb59cd1bdd011a2bfcc0747b55125d9b8527/library/std/src/../../backtrace/src/backtrace/mod.rs:66:14
[INFO] [stderr]      2:     0x5e6c22acd351 - std[617be2ca0a6fd877]::sys::backtrace::_print_fmt
[INFO] [stderr]                                  at /rustc/e3feeb59cd1bdd011a2bfcc0747b55125d9b8527/library/std/src/sys/backtrace.rs:74:9
[INFO] [stderr]      3:     0x5e6c22acd351 - <<std[617be2ca0a6fd877]::sys::backtrace::BacktraceLock>::print::DisplayBacktrace as core[a373ad73a504971]::fmt::Display>::fmt
[INFO] [stderr]                                  at /rustc/e3feeb59cd1bdd011a2bfcc0747b55125d9b8527/library/std/src/sys/backtrace.rs:44:26
[INFO] [stderr]      4:     0x5e6c22ae533a - <core[a373ad73a504971]::fmt::rt::Argument>::fmt
[INFO] [stderr]                                  at /rustc/e3feeb59cd1bdd011a2bfcc0747b55125d9b8527/library/core/src/fmt/rt.rs:152:76
[INFO] [stderr]      5:     0x5e6c22ae533a - core[a373ad73a504971]::fmt::write
[INFO] [stderr]      6:     0x5e6c22ad36fc - core[a373ad73a504971]::io::write::default_write_fmt::<std[617be2ca0a6fd877]::sys::stdio::unix::Stderr>
[INFO] [stderr]                                  at /rustc/e3feeb59cd1bdd011a2bfcc0747b55125d9b8527/library/core/src/io/write.rs:402:11
[INFO] [stderr]      7:     0x5e6c22ad36fc - <std[617be2ca0a6fd877]::sys::stdio::unix::Stderr as core[a373ad73a504971]::io::write::Write>::write_fmt
[INFO] [stderr]                                  at /rustc/e3feeb59cd1bdd011a2bfcc0747b55125d9b8527/library/core/src/io/write.rs:335:13
[INFO] [stderr]      8:     0x5e6c22aa9356 - <std[617be2ca0a6fd877]::sys::backtrace::BacktraceLock>::print
[INFO] [stderr]                                  at /rustc/e3feeb59cd1bdd011a2bfcc0747b55125d9b8527/library/std/src/sys/backtrace.rs:47:9
[INFO] [stderr]      9:     0x5e6c22aa9356 - std[617be2ca0a6fd877]::panicking::default_hook::{closure#0}
[INFO] [stderr]                                  at /rustc/e3feeb59cd1bdd011a2bfcc0747b55125d9b8527/library/std/src/panicking.rs:289:27
[INFO] [stderr]     10:     0x5e6c22ac6381 - std[617be2ca0a6fd877]::panicking::default_hook
[INFO] [stderr]                                  at /rustc/e3feeb59cd1bdd011a2bfcc0747b55125d9b8527/library/std/src/panicking.rs:316:9
[INFO] [stderr]     11:     0x5e6c22ac66ab - std[617be2ca0a6fd877]::panicking::panic_with_hook
[INFO] [stderr]                                  at /rustc/e3feeb59cd1bdd011a2bfcc0747b55125d9b8527/library/std/src/panicking.rs:811:13
[INFO] [stderr]     12:     0x5e6c22aa9402 - std[617be2ca0a6fd877]::panicking::panic_handler::{closure#0}
[INFO] [stderr]                                  at /rustc/e3feeb59cd1bdd011a2bfcc0747b55125d9b8527/library/std/src/panicking.rs:685:13
[INFO] [stderr]     13:     0x5e6c22aa1f29 - std[617be2ca0a6fd877]::sys::backtrace::__rust_end_short_backtrace::<std[617be2ca0a6fd877]::panicking::panic_handler::{closure#0}, !>
[INFO] [stderr]                                  at /rustc/e3feeb59cd1bdd011a2bfcc0747b55125d9b8527/library/std/src/sys/backtrace.rs:182:18
[INFO] [stderr]     14:     0x5e6c22aa9c3d - __rustc[ea4f61d10b84890b]::rust_begin_unwind
[INFO] [stderr]                                  at /rustc/e3feeb59cd1bdd011a2bfcc0747b55125d9b8527/library/std/src/panicking.rs:676:5
[INFO] [stderr]     15:     0x5e6c22ae5bdc - core[a373ad73a504971]::panicking::panic_fmt
[INFO] [stderr]                                  at /rustc/e3feeb59cd1bdd011a2bfcc0747b55125d9b8527/library/core/src/panicking.rs:80:14
[INFO] [stderr]     16:     0x5e6c2251a747 - cmake[d79a8537bc9ff5e2]::fail
[INFO] [stderr]     17:     0x5e6c2251a3d3 - cmake[d79a8537bc9ff5e2]::run
[INFO] [stderr]     18:     0x5e6c225203d5 - <cmake[d79a8537bc9ff5e2]::Config>::build
[INFO] [stderr]     19:     0x5e6c22507c1a - build_script_build[67fc7f22d8a9d679]::main
[INFO] [stderr]     20:     0x5e6c2250b3f3 - <fn() as core[a373ad73a504971]::ops::function::FnOnce<()>>::call_once
[INFO] [stderr]     21:     0x5e6c22505ac6 - std[617be2ca0a6fd877]::sys::backtrace::__rust_begin_short_backtrace::<fn(), ()>
[INFO] [stderr]     22:     0x5e6c22505c49 - std[617be2ca0a6fd877]::rt::lang_start::<()>::{closure#0}
[INFO] [stderr]     23:     0x5e6c22ac5678 - <&dyn core[a373ad73a504971]::ops::function::Fn<(), Output = i32> + core[a373ad73a504971]::marker::Sync + core[a373ad73a504971]::panic::unwind_safe::RefUnwindSafe as core[a373ad73a504971]::ops::function::FnOnce<()>>::call_once
[INFO] [stderr]                                  at /rustc/e3feeb59cd1bdd011a2bfcc0747b55125d9b8527/library/core/src/ops/function.rs:287:21
[INFO] [stderr]     24:     0x5e6c22ac5678 - std[617be2ca0a6fd877]::panicking::catch_unwind::do_call::<&dyn core[a373ad73a504971]::ops::function::Fn<(), Output = i32> + core[a373ad73a504971]::marker::Sync + core[a373ad73a504971]::panic::unwind_safe::RefUnwindSafe, i32>
[INFO] [stderr]                                  at /rustc/e3feeb59cd1bdd011a2bfcc0747b55125d9b8527/library/std/src/panicking.rs:573:43
[INFO] [stderr]     25:     0x5e6c22ac5678 - std[617be2ca0a6fd877]::panicking::catch_unwind::<i32, &dyn core[a373ad73a504971]::ops::function::Fn<(), Output = i32> + core[a373ad73a504971]::marker::Sync + core[a373ad73a504971]::panic::unwind_safe::RefUnwindSafe>
[INFO] [stderr]                                  at /rustc/e3feeb59cd1bdd011a2bfcc0747b55125d9b8527/library/std/src/panicking.rs:541:19
[INFO] [stderr]     26:     0x5e6c22ac5678 - std[617be2ca0a6fd877]::panic::catch_unwind::<&dyn core[a373ad73a504971]::ops::function::Fn<(), Output = i32> + core[a373ad73a504971]::marker::Sync + core[a373ad73a504971]::panic::unwind_safe::RefUnwindSafe, i32>
[INFO] [stderr]                                  at /rustc/e3feeb59cd1bdd011a2bfcc0747b55125d9b8527/library/std/src/panic.rs:359:14
[INFO] [stderr]     27:     0x5e6c22ac5678 - std[617be2ca0a6fd877]::rt::lang_start_internal::{closure#0}
[INFO] [stderr]                                  at /rustc/e3feeb59cd1bdd011a2bfcc0747b55125d9b8527/library/std/src/rt.rs:175:24
[INFO] [stderr]     28:     0x5e6c22ac5678 - std[617be2ca0a6fd877]::panicking::catch_unwind::do_call::<std[617be2ca0a6fd877]::rt::lang_start_internal::{closure#0}, isize>
[INFO] [stderr]                                  at /rustc/e3feeb59cd1bdd011a2bfcc0747b55125d9b8527/library/std/src/panicking.rs:573:43
[INFO] [stderr]     29:     0x5e6c22ac5678 - std[617be2ca0a6fd877]::panicking::catch_unwind::<isize, std[617be2ca0a6fd877]::rt::lang_start_internal::{closure#0}>
[INFO] [stderr]                                  at /rustc/e3feeb59cd1bdd011a2bfcc0747b55125d9b8527/library/std/src/panicking.rs:541:19
[INFO] [stderr]     30:     0x5e6c22ac5678 - std[617be2ca0a6fd877]::panic::catch_unwind::<std[617be2ca0a6fd877]::rt::lang_start_internal::{closure#0}, isize>
[INFO] [stderr]                                  at /rustc/e3feeb59cd1bdd011a2bfcc0747b55125d9b8527/library/std/src/panic.rs:359:14
[INFO] [stderr]     31:     0x5e6c22ac5678 - std[617be2ca0a6fd877]::rt::lang_start_internal
[INFO] [stderr]                                  at /rustc/e3feeb59cd1bdd011a2bfcc0747b55125d9b8527/library/std/src/rt.rs:171:5
[INFO] [stderr]     32:     0x5e6c22501051 - std[617be2ca0a6fd877]::rt::lang_start::<()>
[INFO] [stderr]     33:     0x5e6c2250b735 - main
[INFO] [stderr]     34:     0x7514e52c1601 - <unknown>
[INFO] [stderr]     35:     0x7514e52c1718 - __libc_start_main
[INFO] [stderr]     36:     0x5e6c224ff3e5 - _start
[INFO] [stderr]     37:                0x0 - <unknown>
[INFO] running `Command { std: "docker" "inspect" "7cc512a6ee140a50efa7c71539bf6670ac8bf8882d2b980d28068247b8c37162", kill_on_drop: false }`
[INFO] running `Command { std: "docker" "rm" "-f" "7cc512a6ee140a50efa7c71539bf6670ac8bf8882d2b980d28068247b8c37162", kill_on_drop: false }`
[INFO] [stdout] 7cc512a6ee140a50efa7c71539bf6670ac8bf8882d2b980d28068247b8c37162
