[INFO] fetching crate voxkit 0.7.2...
[INFO] testing voxkit-0.7.2 against 1.99.0-beta.8 for beta-1.100-2
[INFO] extracting crate voxkit 0.7.2 into /workspace/builds/worker-0-tc1/source
[INFO] started tweaking crates.io crate voxkit 0.7.2
[INFO] removed 0 missing tests
[INFO] finished tweaking crates.io crate voxkit 0.7.2
[INFO] tweaked toml for crates.io crate voxkit 0.7.2 written to /workspace/builds/worker-0-tc1/source/Cargo.toml
[INFO] validating manifest of crates.io crate voxkit 0.7.2 on toolchain 1.99.0-beta.8
[INFO] running `Command { std: CARGO_HOME="/workspace/cargo-home" RUSTUP_HOME="/workspace/rustup-home" "/workspace/cargo-home/bin/cargo" "+1.99.0-beta.8" "metadata" "--manifest-path" "Cargo.toml" "--no-deps", kill_on_drop: false }`
[INFO] crate crates.io crate voxkit 0.7.2 already has a lockfile, it will not be regenerated
[INFO] running `Command { std: CARGO_HOME="/workspace/cargo-home" RUSTUP_HOME="/workspace/rustup-home" "/workspace/cargo-home/bin/cargo" "+1.99.0-beta.8" "fetch" "--manifest-path" "Cargo.toml", kill_on_drop: false }`
[INFO] [stderr]     Updating crates.io index
[INFO] [stderr]  Downloading crates ...
[INFO] [stderr]   Downloaded openssl-sys v0.9.112
[INFO] [stderr]   Downloaded whisper-rs v0.16.0
[INFO] [stderr]   Downloaded toml_parser v1.0.10+spec-1.1.0
[INFO] [stderr]   Downloaded coreaudio-sys v0.2.17
[INFO] [stderr]   Downloaded toml_edit v0.25.5+spec-1.1.0
[INFO] [stderr]   Downloaded toml_datetime v1.0.1+spec-1.1.0
[INFO] [stderr]   Downloaded openssl v0.10.76
[INFO] [stderr]   Downloaded parakeet-rs v0.3.4
[INFO] [stderr]   Downloaded realfft v3.5.0
[INFO] [stderr]   Downloaded ureq v3.2.0
[INFO] [stderr]   Downloaded webpki-root-certs v1.0.6
[INFO] [stderr]   Downloaded whisper-rs-sys v0.15.0
[INFO] running `Command { std: "docker" "create" "-v" "/var/lib/crater-agent-workspace/builds/worker-0-tc1/source:/opt/rustwide/workdir:ro,Z" "-v" "/var/lib/crater-agent-workspace/builds/worker-0-tc1/target:/opt/rustwide/target:rw,Z" "-v" "/var/lib/crater-agent-workspace/cargo-home:/opt/rustwide/cargo-home:ro,Z" "-v" "/var/lib/crater-agent-workspace/rustup-home:/opt/rustwide/rustup-home:ro,Z" "-m" "1610612736" "--network" "none" "ghcr.io/rust-lang/crates-build-env/linux@sha256:3111399a4047eeb3a02b7a90e478d715f38a8c6669b5c4b49d30a17385265909" "sleep" "infinity", kill_on_drop: false }`
[INFO] [stdout] 041e7a5eb4a3fe54f346b890ac5b4bdbf19d63aaa199b9e5a0bb286d359817d4
[INFO] running `Command { std: "docker" "start" "041e7a5eb4a3fe54f346b890ac5b4bdbf19d63aaa199b9e5a0bb286d359817d4", kill_on_drop: false }`
[INFO] running `Command { std: "docker" "inspect" "041e7a5eb4a3fe54f346b890ac5b4bdbf19d63aaa199b9e5a0bb286d359817d4", kill_on_drop: false }`
[INFO] running `Command { std: "docker" "exec" "-e" "SOURCE_DIR=/opt/rustwide/workdir" "-e" "CARGO_HOME=/opt/rustwide/cargo-home" "-e" "RUSTUP_HOME=/opt/rustwide/rustup-home" "-e" "CARGO_TARGET_DIR=/opt/rustwide/target" "-w" "/opt/rustwide/workdir" "--user" "0:0" "041e7a5eb4a3fe54f346b890ac5b4bdbf19d63aaa199b9e5a0bb286d359817d4" "/opt/rustwide/cargo-home/bin/cargo" "+1.99.0-beta.8" "metadata" "--no-deps" "--format-version=1", kill_on_drop: false }`
[INFO] running `Command { std: "docker" "inspect" "041e7a5eb4a3fe54f346b890ac5b4bdbf19d63aaa199b9e5a0bb286d359817d4", kill_on_drop: false }`
[INFO] running `Command { std: "docker" "exec" "-e" "SOURCE_DIR=/opt/rustwide/workdir" "-e" "CARGO_HOME=/opt/rustwide/cargo-home" "-e" "RUSTUP_HOME=/opt/rustwide/rustup-home" "-e" "CARGO_TARGET_DIR=/opt/rustwide/target" "-e" "CARGO_INCREMENTAL=0" "-e" "RUST_BACKTRACE=full" "-e" "RUSTFLAGS=--cap-lints=warn" "-e" "RUSTDOCFLAGS=--cap-lints=warn" "-w" "/opt/rustwide/workdir" "--user" "0:0" "041e7a5eb4a3fe54f346b890ac5b4bdbf19d63aaa199b9e5a0bb286d359817d4" "/opt/rustwide/cargo-home/bin/cargo" "+1.99.0-beta.8" "build" "--frozen" "--message-format=json", kill_on_drop: false }`
[INFO] [stderr]    Compiling syn v2.0.117
[INFO] [stderr]    Compiling serde_json v1.0.149
[INFO] [stderr]    Compiling thiserror-impl v2.0.18
[INFO] [stderr]    Compiling tokio-macros v2.6.1
[INFO] [stderr]    Compiling serde_derive v1.0.228
[INFO] [stderr]    Compiling tracing-attributes v0.1.31
[INFO] [stderr]    Compiling async-trait v0.1.89
[INFO] [stderr]    Compiling tokio v1.50.0
[INFO] [stderr]    Compiling tracing v0.1.44
[INFO] [stderr]    Compiling thiserror v2.0.18
[INFO] [stderr]    Compiling serde v1.0.228
[INFO] [stderr]    Compiling voxkit v0.7.2 (/opt/rustwide/workdir)
[INFO] [stderr]     Finished `dev` profile [unoptimized + debuginfo] target(s) in 20.46s
[INFO] running `Command { std: "docker" "inspect" "041e7a5eb4a3fe54f346b890ac5b4bdbf19d63aaa199b9e5a0bb286d359817d4", kill_on_drop: false }`
[INFO] running `Command { std: "docker" "exec" "-e" "SOURCE_DIR=/opt/rustwide/workdir" "-e" "CARGO_HOME=/opt/rustwide/cargo-home" "-e" "RUSTUP_HOME=/opt/rustwide/rustup-home" "-e" "CARGO_TARGET_DIR=/opt/rustwide/target" "-e" "CARGO_INCREMENTAL=0" "-e" "RUST_BACKTRACE=full" "-e" "RUSTFLAGS=--cap-lints=warn" "-e" "RUSTDOCFLAGS=--cap-lints=warn" "-w" "/opt/rustwide/workdir" "--user" "0:0" "041e7a5eb4a3fe54f346b890ac5b4bdbf19d63aaa199b9e5a0bb286d359817d4" "/opt/rustwide/cargo-home/bin/cargo" "+1.99.0-beta.8" "test" "--frozen" "--no-run" "--message-format=json", kill_on_drop: false }`
[INFO] [stderr]    Compiling libc v0.2.183
[INFO] [stderr]    Compiling bitflags v2.11.0
[INFO] [stderr]    Compiling tokio v1.50.0
[INFO] [stderr]    Compiling rustix v1.1.4
[INFO] [stderr]    Compiling getrandom v0.4.2
[INFO] [stderr]    Compiling tempfile v3.27.0
[INFO] [stderr]    Compiling voxkit v0.7.2 (/opt/rustwide/workdir)
[INFO] [stdout] error[E0433]: cannot find `openai_stt` in `voxkit`
[INFO] [stdout]    --> tests/audio_integration.rs:108:23
[INFO] [stdout]     |
[INFO] [stdout] 108 |     let stt = voxkit::openai_stt::OpenAiStt::new(&api_key).with_language("en");
[INFO] [stdout]     |                       ^^^^^^^^^^ could not find `openai_stt` in `voxkit`
[INFO] [stdout]     |
[INFO] [stdout] note: found an item that was configured out
[INFO] [stdout]    --> src/lib.rs:21:9
[INFO] [stdout]     |
[INFO] [stdout]  20 | #[cfg(feature = "openai")]
[INFO] [stdout]     |       ------------------ the item is gated behind the `openai` feature
[INFO] [stdout]  21 | pub mod openai_stt;
[INFO] [stdout]     |         ^^^^^^^^^^
[INFO] [stdout] 
[INFO] [stdout] 
[INFO] [stdout] error[E0425]: cannot find function `read_wav_file` in module `voxkit::types`
[INFO] [stdout]    --> tests/audio_integration.rs:19:32
[INFO] [stdout]     |
[INFO] [stdout]  19 |     let chunk = voxkit::types::read_wav_file(&fixture_path()).unwrap();
[INFO] [stdout]     |                                ^^^^^^^^^^^^^ not found in `voxkit::types`
[INFO] [stdout]     |
[INFO] [stdout] note: found an item that was configured out
[INFO] [stdout]    --> src/types.rs:156:8
[INFO] [stdout]     |
[INFO] [stdout] 155 | #[cfg(feature = "wav")]
[INFO] [stdout]     |       --------------- the item is gated behind the `wav` feature
[INFO] [stdout] 156 | pub fn read_wav_file(path: &std::path::Path) -> Result<AudioChunk, crate::stt::SttError> {
[INFO] [stdout]     |        ^^^^^^^^^^^^^
[INFO] [stdout] 
[INFO] [stdout] 
[INFO] [stdout] error[E0425]: cannot find function `read_wav_file` in module `voxkit::types`
[INFO] [stdout]    --> tests/audio_integration.rs:35:32
[INFO] [stdout]     |
[INFO] [stdout]  35 |     let chunk = voxkit::types::read_wav_file(&fixture_path()).unwrap();
[INFO] [stdout]     |                                ^^^^^^^^^^^^^ not found in `voxkit::types`
[INFO] [stdout]     |
[INFO] [stdout] note: found an item that was configured out
[INFO] [stdout]    --> src/types.rs:156:8
[INFO] [stdout]     |
[INFO] [stdout] 155 | #[cfg(feature = "wav")]
[INFO] [stdout]     |       --------------- the item is gated behind the `wav` feature
[INFO] [stdout] 156 | pub fn read_wav_file(path: &std::path::Path) -> Result<AudioChunk, crate::stt::SttError> {
[INFO] [stdout]     |        ^^^^^^^^^^^^^
[INFO] [stdout] 
[INFO] [stdout] 
[INFO] [stdout] error[E0425]: cannot find function `read_wav_file` in module `voxkit::types`
[INFO] [stdout]    --> tests/audio_integration.rs:45:32
[INFO] [stdout]     |
[INFO] [stdout]  45 |     let chunk = voxkit::types::read_wav_file(&fixture_path()).unwrap();
[INFO] [stdout]     |                                ^^^^^^^^^^^^^ not found in `voxkit::types`
[INFO] [stdout]     |
[INFO] [stdout] note: found an item that was configured out
[INFO] [stdout]    --> src/types.rs:156:8
[INFO] [stdout]     |
[INFO] [stdout] 155 | #[cfg(feature = "wav")]
[INFO] [stdout]     |       --------------- the item is gated behind the `wav` feature
[INFO] [stdout] 156 | pub fn read_wav_file(path: &std::path::Path) -> Result<AudioChunk, crate::stt::SttError> {
[INFO] [stdout]     |        ^^^^^^^^^^^^^
[INFO] [stdout] 
[INFO] [stdout] 
[INFO] [stdout] Some errors have detailed explanations: E0425, E0433.
[INFO] [stdout] 
[INFO] [stdout] For more information about an error, try `rustc --explain E0425`.
[INFO] [stdout] 
[INFO] [stderr] error: could not compile `voxkit` (test "audio_integration") due to 4 previous errors
[INFO] [stderr] warning: build failed, waiting for other jobs to finish...
[INFO] running `Command { std: "docker" "inspect" "041e7a5eb4a3fe54f346b890ac5b4bdbf19d63aaa199b9e5a0bb286d359817d4", kill_on_drop: false }`
[INFO] running `Command { std: "docker" "rm" "-f" "041e7a5eb4a3fe54f346b890ac5b4bdbf19d63aaa199b9e5a0bb286d359817d4", kill_on_drop: false }`
[INFO] [stdout] 041e7a5eb4a3fe54f346b890ac5b4bdbf19d63aaa199b9e5a0bb286d359817d4
