[INFO] fetching crate voice-stt 0.1.0...
[INFO] testing voice-stt-0.1.0 against 1.99.0-beta.8 for beta-1.100-2
[INFO] extracting crate voice-stt 0.1.0 into /workspace/builds/worker-0-tc1/source
[INFO] started tweaking crates.io crate voice-stt 0.1.0
[INFO] removed 0 missing examples
[INFO] finished tweaking crates.io crate voice-stt 0.1.0
[INFO] tweaked toml for crates.io crate voice-stt 0.1.0 written to /workspace/builds/worker-0-tc1/source/Cargo.toml
[INFO] validating manifest of crates.io crate voice-stt 0.1.0 on toolchain 1.99.0-beta.8
[INFO] running `Command { std: CARGO_HOME="/workspace/cargo-home" RUSTUP_HOME="/workspace/rustup-home" "/workspace/cargo-home/bin/cargo" "+1.99.0-beta.8" "metadata" "--manifest-path" "Cargo.toml" "--no-deps", kill_on_drop: false }`
[INFO] crate crates.io crate voice-stt 0.1.0 already has a lockfile, it will not be regenerated
[INFO] running `Command { std: CARGO_HOME="/workspace/cargo-home" RUSTUP_HOME="/workspace/rustup-home" "/workspace/cargo-home/bin/cargo" "+1.99.0-beta.8" "fetch" "--manifest-path" "Cargo.toml", kill_on_drop: false }`
[INFO] [stderr]     Updating crates.io index
[INFO] [stderr]  Downloading crates ...
[INFO] [stderr]   Downloaded unicode-normalization-alignments v0.1.12
[INFO] [stderr]   Downloaded monostate v0.1.18
[INFO] [stderr]   Downloaded wasm-bindgen-shared v0.2.114
[INFO] [stderr]   Downloaded audioadapter-sample v2.0.0
[INFO] [stderr]   Downloaded audio-core v0.2.1
[INFO] [stderr]   Downloaded audioadapter v2.0.0
[INFO] [stderr]   Downloaded mlx-macros v0.25.3
[INFO] [stderr]   Downloaded socks v0.3.4
[INFO] [stderr]   Downloaded rayon-cond v0.4.0
[INFO] [stderr]   Downloaded macro_rules_attribute v0.2.2
[INFO] [stderr]   Downloaded mlx-internal-macros v0.25.3
[INFO] [stderr]   Downloaded monostate-impl v0.1.18
[INFO] [stderr]   Downloaded macro_rules_attribute-proc_macro v0.2.2
[INFO] [stderr]   Downloaded derive_builder_macro v0.20.2
[INFO] [stderr]   Downloaded windowfunctions v0.1.1
[INFO] [stderr]   Downloaded visibility v0.1.1
[INFO] [stderr]   Downloaded transpose v0.2.3
[INFO] [stderr]   Downloaded primal-check v0.3.4
[INFO] [stderr]   Downloaded darling_macro v0.21.3
[INFO] [stderr]   Downloaded potential_utf v0.1.4
[INFO] [stderr]   Downloaded wasm-bindgen-macro v0.2.114
[INFO] [stderr]   Downloaded realfft v3.5.0
[INFO] [stderr]   Downloaded safetensors v0.6.2
[INFO] [stderr]   Downloaded num_enum_derive v0.7.6
[INFO] [stderr]   Downloaded toml_datetime v1.0.1+spec-1.1.0
[INFO] [stderr]   Downloaded cmake v0.1.57
[INFO] [stderr]   Downloaded zerofrom v0.1.6
[INFO] [stderr]   Downloaded zerofrom-derive v0.1.6
[INFO] [stderr]   Downloaded yoke-derive v0.8.1
[INFO] [stderr]   Downloaded num-conv v0.2.0
[INFO] [stderr]   Downloaded onig v6.5.1
[INFO] [stderr]   Downloaded derive_builder v0.20.2
[INFO] [stderr]   Downloaded dary_heap v0.3.8
[INFO] [stderr]   Downloaded audioadapter-buffers v2.0.0
[INFO] [stderr]   Downloaded num_enum v0.7.6
[INFO] [stderr]   Downloaded darling v0.21.3
[INFO] [stderr]   Downloaded hf-hub v0.5.0
[INFO] [stderr]   Downloaded hound v3.5.1
[INFO] [stderr]   Downloaded simd-adler32 v0.3.8
[INFO] [stderr]   Downloaded zerovec-derive v0.11.2
[INFO] [stderr]   Downloaded yoke v0.8.1
[INFO] [stderr]   Downloaded writeable v0.6.2
[INFO] [stderr]   Downloaded tinystr v0.8.2
[INFO] [stderr]   Downloaded wasm-bindgen-futures v0.4.64
[INFO] [stderr]   Downloaded dirs-sys v0.5.0
[INFO] [stderr]   Downloaded libredox v0.1.14
[INFO] [stderr]   Downloaded option-ext v0.2.0
[INFO] [stderr]   Downloaded base64 v0.13.1
[INFO] [stderr]   Downloaded wasm-bindgen v0.2.114
[INFO] [stderr]   Downloaded wasm-bindgen-macro-support v0.2.114
[INFO] [stderr]   Downloaded derive_builder_core v0.20.2
[INFO] [stderr]   Downloaded toml_parser v1.0.10+spec-1.1.0
[INFO] [stderr]   Downloaded clang-sys v1.8.1
[INFO] [stderr]   Downloaded cookie_store v0.22.1
[INFO] [stderr]   Downloaded icu_properties v2.1.2
[INFO] [stderr]   Downloaded litemap v0.8.1
[INFO] [stderr]   Downloaded cookie v0.18.1
[INFO] [stderr]   Downloaded tokio-macros v2.6.1
[INFO] [stderr]   Downloaded dirs v6.0.0
[INFO] [stderr]   Downloaded toml_edit v0.25.5+spec-1.1.0
[INFO] [stderr]   Downloaded darling_core v0.21.3
[INFO] [stderr]   Downloaded mach-sys v0.5.4
[INFO] [stderr]   Downloaded ureq-proto v0.5.3
[INFO] [stderr]   Downloaded icu_locale_core v2.1.1
[INFO] [stderr]   Downloaded icu_normalizer v2.1.1
[INFO] [stderr]   Downloaded redox_users v0.5.2
[INFO] [stderr]   Downloaded unicode_categories v0.1.1
[INFO] [stderr]   Downloaded zerocopy-derive v0.8.42
[INFO] [stderr]   Downloaded cc v1.2.57
[INFO] [stderr]   Downloaded js-sys v0.3.91
[INFO] [stderr]   Downloaded rubato v1.0.1
[INFO] [stderr]   Downloaded rustls-webpki v0.103.9
[INFO] [stderr]   Downloaded zerotrie v0.2.3
[INFO] [stderr]   Downloaded icu_provider v2.1.1
[INFO] [stderr]   Downloaded icu_normalizer_data v2.1.1
[INFO] [stderr]   Downloaded indicatif v0.18.4
[INFO] [stderr]   Downloaded unicode-segmentation v1.12.0
[INFO] [stderr]   Downloaded indexmap v2.13.0
[INFO] [stderr]   Downloaded icu_collections v2.1.1
[INFO] [stderr]   Downloaded rand v0.9.2
[INFO] [stderr]   Downloaded zerovec v0.11.5
[INFO] [stderr]   Downloaded mio v1.1.1
[INFO] [stderr]   Downloaded ureq v3.2.0
[INFO] [stderr]   Downloaded webpki-root-certs v1.0.6
[INFO] [stderr]   Downloaded iri-string v0.7.10
[INFO] [stderr]   Downloaded esaxx-rs v0.1.10
[INFO] [stderr]   Downloaded mlx-sys v0.2.0
[INFO] [stderr]   Downloaded hyper v1.8.1
[INFO] [stderr]   Downloaded rayon v1.11.0
[INFO] [stderr]   Downloaded mlx-rs v0.25.3
[INFO] [stderr]   Downloaded icu_properties_data v2.1.2
[INFO] [stderr]   Downloaded winnow v1.0.0
[INFO] [stderr]   Downloaded tokenizers v0.21.4
[INFO] [stderr]   Downloaded webpki-roots v1.0.6
[INFO] [stderr]   Downloaded zerocopy v0.8.42
[INFO] [stderr]   Downloaded rustfft v6.4.1
[INFO] [stderr]   Downloaded spm_precompiled v0.1.4
[INFO] [stderr]   Downloaded onig_sys v69.9.1
[INFO] [stderr]   Downloaded web-sys v0.3.91
[INFO] [stderr]   Downloaded libc v0.2.183
[INFO] [stderr]   Downloaded tokio v1.50.0
[INFO] running `Command { std: "docker" "create" "-v" "/var/lib/crater-agent-workspace/builds/worker-0-tc1/source:/opt/rustwide/workdir:ro,Z" "-v" "/var/lib/crater-agent-workspace/builds/worker-0-tc1/target:/opt/rustwide/target:rw,Z" "-v" "/var/lib/crater-agent-workspace/cargo-home:/opt/rustwide/cargo-home:ro,Z" "-v" "/var/lib/crater-agent-workspace/rustup-home:/opt/rustwide/rustup-home:ro,Z" "-m" "1610612736" "--network" "none" "ghcr.io/rust-lang/crates-build-env/linux@sha256:3111399a4047eeb3a02b7a90e478d715f38a8c6669b5c4b49d30a17385265909" "sleep" "infinity", kill_on_drop: false }`
[INFO] [stdout] c2421ee60a1127b62002b80768eb96f163ed274cf55e3bbf756000b697f90127
[INFO] running `Command { std: "docker" "start" "c2421ee60a1127b62002b80768eb96f163ed274cf55e3bbf756000b697f90127", kill_on_drop: false }`
[INFO] running `Command { std: "docker" "inspect" "c2421ee60a1127b62002b80768eb96f163ed274cf55e3bbf756000b697f90127", kill_on_drop: false }`
[INFO] running `Command { std: "docker" "exec" "-e" "SOURCE_DIR=/opt/rustwide/workdir" "-e" "CARGO_HOME=/opt/rustwide/cargo-home" "-e" "RUSTUP_HOME=/opt/rustwide/rustup-home" "-e" "CARGO_TARGET_DIR=/opt/rustwide/target" "-w" "/opt/rustwide/workdir" "--user" "0:0" "c2421ee60a1127b62002b80768eb96f163ed274cf55e3bbf756000b697f90127" "/opt/rustwide/cargo-home/bin/cargo" "+1.99.0-beta.8" "metadata" "--no-deps" "--format-version=1", kill_on_drop: false }`
[INFO] running `Command { std: "docker" "inspect" "c2421ee60a1127b62002b80768eb96f163ed274cf55e3bbf756000b697f90127", kill_on_drop: false }`
[INFO] running `Command { std: "docker" "exec" "-e" "SOURCE_DIR=/opt/rustwide/workdir" "-e" "CARGO_HOME=/opt/rustwide/cargo-home" "-e" "RUSTUP_HOME=/opt/rustwide/rustup-home" "-e" "CARGO_TARGET_DIR=/opt/rustwide/target" "-e" "CARGO_INCREMENTAL=0" "-e" "RUST_BACKTRACE=full" "-e" "RUSTFLAGS=--cap-lints=warn" "-e" "RUSTDOCFLAGS=--cap-lints=warn" "-w" "/opt/rustwide/workdir" "--user" "0:0" "c2421ee60a1127b62002b80768eb96f163ed274cf55e3bbf756000b697f90127" "/opt/rustwide/cargo-home/bin/cargo" "+1.99.0-beta.8" "build" "--frozen" "--message-format=json", kill_on_drop: false }`
[INFO] [stderr]    Compiling proc-macro2 v1.0.106
[INFO] [stderr]    Compiling unicode-ident v1.0.24
[INFO] [stderr]    Compiling quote v1.0.45
[INFO] [stderr]    Compiling libc v0.2.183
[INFO] [stderr]    Compiling shlex v1.3.0
[INFO] [stderr]    Compiling find-msvc-tools v0.1.9
[INFO] [stderr]    Compiling cfg-if v1.0.4
[INFO] [stderr]    Compiling memchr v2.8.0
[INFO] [stderr]    Compiling once_cell v1.21.4
[INFO] [stderr]    Compiling itoa v1.0.17
[INFO] [stderr]    Compiling pkg-config v0.3.32
[INFO] [stderr]    Compiling serde_core v1.0.228
[INFO] [stderr]    Compiling cc v1.2.57
[INFO] [stderr]    Compiling pin-project-lite v0.2.17
[INFO] [stderr]    Compiling bytes v1.11.1
[INFO] [stderr]    Compiling stable_deref_trait v1.2.1
[INFO] [stderr]    Compiling futures-core v0.3.32
[INFO] [stderr]    Compiling autocfg v1.5.0
[INFO] [stderr]    Compiling bitflags v2.11.0
[INFO] [stderr]    Compiling num-traits v0.2.19
[INFO] [stderr]    Compiling smallvec v1.15.1
[INFO] [stderr]    Compiling log v0.4.29
[INFO] [stderr]    Compiling syn v2.0.117
[INFO] [stderr]    Compiling ident_case v1.0.1
[INFO] [stderr]    Compiling serde v1.0.228
[INFO] [stderr]    Compiling futures-sink v0.3.32
[INFO] [stderr]    Compiling strsim v0.11.1
[INFO] [stderr]    Compiling equivalent v1.0.2
[INFO] [stderr]    Compiling hashbrown v0.16.1
[INFO] [stderr]    Compiling http v1.4.0
[INFO] [stderr]    Compiling slab v0.4.12
[INFO] [stderr]    Compiling mio v1.1.1
[INFO] [stderr]    Compiling socket2 v0.6.3
[INFO] [stderr]    Compiling indexmap v2.13.0
[INFO] [stderr]    Compiling openssl-sys v0.9.112
[INFO] [stderr]    Compiling futures-channel v0.3.32
[INFO] [stderr]    Compiling minimal-lexical v0.2.1
[INFO] [stderr]    Compiling zerocopy v0.8.42
[INFO] [stderr]    Compiling writeable v0.6.2
[INFO] [stderr]    Compiling futures-task v0.3.32
[INFO] [stderr]    Compiling litemap v0.8.1
[INFO] [stderr]    Compiling glob v0.3.3
[INFO] [stderr]    Compiling httparse v1.10.1
[INFO] [stderr]    Compiling zmij v1.0.21
[INFO] [stderr]    Compiling zeroize v1.8.2
[INFO] [stderr]    Compiling futures-io v0.3.32
[INFO] [stderr]    Compiling getrandom v0.3.4
[INFO] [stderr]    Compiling serde_json v1.0.149
[INFO] [stderr]    Compiling icu_normalizer_data v2.1.1
[INFO] [stderr]    Compiling icu_properties_data v2.1.2
[INFO] [stderr]    Compiling clang-sys v1.8.1
[INFO] [stderr]    Compiling crossbeam-utils v0.8.21
[INFO] [stderr]    Compiling either v1.15.0
[INFO] [stderr]    Compiling openssl v0.10.76
[INFO] [stderr]    Compiling percent-encoding v2.3.2
[INFO] [stderr]    Compiling prettyplease v0.2.37
[INFO] [stderr]    Compiling rustls-pki-types v1.14.0
[INFO] [stderr]    Compiling http-body v1.0.1
[INFO] [stderr]    Compiling ring v0.17.14
[INFO] [stderr]    Compiling tracing-core v0.1.36
[INFO] [stderr]    Compiling regex-syntax v0.8.10
[INFO] [stderr]    Compiling native-tls v0.2.18
[INFO] [stderr]    Compiling rustversion v1.0.22
[INFO] [stderr]    Compiling tracing v0.1.44
[INFO] [stderr]    Compiling nom v7.1.3
[INFO] [stderr]    Compiling libloading v0.8.9
[INFO] [stderr]    Compiling openssl-probe v0.2.1
[INFO] [stderr]    Compiling portable-atomic v1.13.1
[INFO] [stderr]    Compiling regex-automata v0.4.14
[INFO] [stderr]    Compiling base64 v0.22.1
[INFO] [stderr]    Compiling tower-service v0.3.3
[INFO] [stderr]    Compiling atomic-waker v1.1.2
[INFO] [stderr]    Compiling winnow v1.0.0
[INFO] [stderr]    Compiling unicode-width v0.2.2
[INFO] [stderr]    Compiling bindgen v0.70.1
[INFO] [stderr]    Compiling crossbeam-epoch v0.9.18
[INFO] [stderr]    Compiling itertools v0.13.0
[INFO] [stderr]    Compiling num-integer v0.1.46
[INFO] [stderr]    Compiling synstructure v0.13.2
[INFO] [stderr]    Compiling darling_core v0.20.11
[INFO] [stderr]    Compiling toml_parser v1.0.10+spec-1.1.0
[INFO] [stderr]    Compiling cexpr v0.6.0
[INFO] [stderr]    Compiling darling_core v0.21.3
[INFO] [stderr]    Compiling regex v1.12.3
[INFO] [stderr]    Compiling getrandom v0.2.17
[INFO] [stderr]    Compiling untrusted v0.9.0
[INFO] [stderr]    Compiling rayon-core v1.13.0
[INFO] [stderr]    Compiling paste v1.0.15
[INFO] [stderr]    Compiling toml_datetime v1.0.1+spec-1.1.0
[INFO] [stderr]    Compiling crc32fast v1.5.0
[INFO] [stderr]    Compiling ryu v1.0.23
[INFO] [stderr]    Compiling rustc-hash v1.1.0
[INFO] [stderr]    Compiling thiserror v2.0.18
[INFO] [stderr]    Compiling toml_edit v0.25.5+spec-1.1.0
[INFO] [stderr]    Compiling zerofrom-derive v0.1.6
[INFO] [stderr]    Compiling yoke-derive v0.8.1
[INFO] [stderr]    Compiling zerovec-derive v0.11.2
[INFO] [stderr]    Compiling displaydoc v0.2.5
[INFO] [stderr]    Compiling serde_derive v1.0.228
[INFO] [stderr]    Compiling zerofrom v0.1.6
[INFO] [stderr]    Compiling yoke v0.8.1
[INFO] [stderr]    Compiling tokio-macros v2.6.1
[INFO] [stderr]    Compiling futures-macro v0.3.32
[INFO] [stderr]    Compiling zerocopy-derive v0.8.42
[INFO] [stderr]    Compiling zerotrie v0.2.3
[INFO] [stderr]    Compiling zerovec v0.11.5
[INFO] [stderr]    Compiling openssl-macros v0.1.1
[INFO] [stderr]    Compiling tokio v1.50.0
[INFO] [stderr]    Compiling darling_macro v0.20.11
[INFO] [stderr]    Compiling futures-util v0.3.32
[INFO] [stderr]    Compiling tinystr v0.8.2
[INFO] [stderr]    Compiling potential_utf v0.1.4
[INFO] [stderr]    Compiling icu_collections v2.1.1
[INFO] [stderr]    Compiling icu_locale_core v2.1.1
[INFO] [stderr]    Compiling darling v0.20.11
[INFO] [stderr]    Compiling darling_macro v0.21.3
[INFO] [stderr]    Compiling thiserror-impl v2.0.18
[INFO] [stderr]    Compiling icu_provider v2.1.1
[INFO] [stderr]    Compiling icu_properties v2.1.2
[INFO] [stderr]    Compiling icu_normalizer v2.1.1
[INFO] [stderr]    Compiling crossbeam-deque v0.8.6
[INFO] [stderr]    Compiling idna_adapter v1.2.1
[INFO] [stderr]    Compiling rand_core v0.9.5
[INFO] [stderr]    Compiling form_urlencoded v1.2.2
[INFO] [stderr]    Compiling num-complex v0.4.6
[INFO] [stderr]    Compiling onig_sys v69.9.1
[INFO] [stderr]    Compiling cmake v0.1.57
[INFO] [stderr]    Compiling sync_wrapper v1.0.2
[INFO] [stderr]    Compiling ipnet v2.12.0
[INFO] [stderr]    Compiling strength_reduce v0.2.4
[INFO] [stderr]    Compiling adler2 v2.0.1
[INFO] [stderr]    Compiling rustls v0.23.37
[INFO] [stderr]    Compiling fastrand v2.3.0
[INFO] [stderr]    Compiling tower-layer v0.3.3
[INFO] [stderr]    Compiling base64ct v1.8.3
[INFO] [stderr]    Compiling parking_lot_core v0.9.12
[INFO] [stderr]    Compiling simd-adler32 v0.3.8
[INFO] [stderr]    Compiling utf8_iter v1.0.4
[INFO] [stderr]    Compiling audio-core v0.2.1
[INFO] [stderr]    Compiling version_check v0.9.5
[INFO] [stderr]    Compiling miniz_oxide v0.8.9
[INFO] [stderr]    Compiling idna v1.1.0
[INFO] [stderr]    Compiling pem-rfc7468 v0.7.0
[INFO] [stderr]    Compiling ahash v0.8.12
[INFO] [stderr]    Compiling mach-sys v0.5.4
[INFO] [stderr]    Compiling transpose v0.2.3
[INFO] [stderr]    Compiling darling v0.21.3
[INFO] [stderr]    Compiling derive_builder_core v0.20.2
[INFO] [stderr]    Compiling tokio-util v0.7.18
[INFO] [stderr]    Compiling tower v0.5.3
[INFO] [stderr]    Compiling tokio-native-tls v0.3.1
[INFO] [stderr]    Compiling rustls-webpki v0.103.9
[INFO] [stderr]    Compiling h2 v0.4.13
[INFO] [stderr]    Compiling proc-macro-crate v3.5.0
[INFO] [stderr]    Compiling ppv-lite86 v0.2.21
[INFO] [stderr]    Compiling itertools v0.14.0
[INFO] [stderr]    Compiling primal-check v0.3.4
[INFO] [stderr]    Compiling http-body-util v0.1.3
[INFO] [stderr]    Compiling rand_chacha v0.9.0
[INFO] [stderr]    Compiling esaxx-rs v0.1.10
[INFO] [stderr]    Compiling aho-corasick v1.1.4
[INFO] [stderr]    Compiling subtle v2.6.1
[INFO] [stderr]    Compiling iri-string v0.7.10
[INFO] [stderr]    Compiling option-ext v0.2.0
[INFO] [stderr]    Compiling scopeguard v1.2.0
[INFO] [stderr]    Compiling mlx-sys v0.2.0
[INFO] [stderr]    Compiling heck v0.5.0
[INFO] [stderr]    Compiling socks v0.3.4
[INFO] [stderr]    Compiling strum_macros v0.27.2
[INFO] [stderr]    Compiling lock_api v0.4.14
[INFO] [stderr]    Compiling dirs-sys v0.5.0
[INFO] [stderr]    Compiling hyper v1.8.1
[INFO] [stderr] error: failed to run custom build command for `mlx-sys v0.2.0`
[INFO] [stderr] note: To improve backtraces for build dependencies, set the CARGO_PROFILE_DEV_BUILD_OVERRIDE_DEBUG=true environment variable to enable debug information generation.
[INFO] [stderr] 
[INFO] [stderr] Caused by:
[INFO] [stderr]   process didn't exit successfully: `/opt/rustwide/target/debug/build/mlx-sys-a7eae452ece66243/build-script-build` (exit status: 101)
[INFO] [stderr]   --- stdout
[INFO] [stderr]   CMAKE_TOOLCHAIN_FILE_x86_64-unknown-linux-gnu = None
[INFO] [stderr]   CMAKE_TOOLCHAIN_FILE_x86_64_unknown_linux_gnu = None
[INFO] [stderr]   HOST_CMAKE_TOOLCHAIN_FILE = None
[INFO] [stderr]   CMAKE_TOOLCHAIN_FILE = None
[INFO] [stderr]   CMAKE_GENERATOR_x86_64-unknown-linux-gnu = None
[INFO] [stderr]   CMAKE_GENERATOR_x86_64_unknown_linux_gnu = None
[INFO] [stderr]   HOST_CMAKE_GENERATOR = None
[INFO] [stderr]   CMAKE_GENERATOR = None
[INFO] [stderr]   CMAKE_PREFIX_PATH_x86_64-unknown-linux-gnu = None
[INFO] [stderr]   CMAKE_PREFIX_PATH_x86_64_unknown_linux_gnu = None
[INFO] [stderr]   HOST_CMAKE_PREFIX_PATH = None
[INFO] [stderr]   CMAKE_PREFIX_PATH = None
[INFO] [stderr]   CMAKE_x86_64-unknown-linux-gnu = None
[INFO] [stderr]   CMAKE_x86_64_unknown_linux_gnu = None
[INFO] [stderr]   HOST_CMAKE = None
[INFO] [stderr]   CMAKE = None
[INFO] [stderr]   Running with debug output on.
[INFO] [stderr]   -- The CXX compiler identification is GNU 15.2.0
[INFO] [stderr]      Called from: [3]	/opt/rustwide/cargo-home/registry/src/index.crates.io-1949cf8c6b5b557f/mlx-sys-0.2.0/src/mlx-c/CMakeLists.txt
[INFO] [stderr]                   [2]	/usr/share/cmake-4.2/Modules/CMakeDetermineCXXCompiler.cmake
[INFO] [stderr]                   [1]	/usr/share/cmake-4.2/Modules/CMakeDetermineCompilerId.cmake
[INFO] [stderr]   -- The C compiler identification is GNU 15.2.0
[INFO] [stderr]      Called from: [3]	/opt/rustwide/cargo-home/registry/src/index.crates.io-1949cf8c6b5b557f/mlx-sys-0.2.0/src/mlx-c/CMakeLists.txt
[INFO] [stderr]                   [2]	/usr/share/cmake-4.2/Modules/CMakeDetermineCCompiler.cmake
[INFO] [stderr]                   [1]	/usr/share/cmake-4.2/Modules/CMakeDetermineCompilerId.cmake
[INFO] [stderr]   -- Detecting CXX compiler ABI info
[INFO] [stderr]      Called from: [3]	/opt/rustwide/cargo-home/registry/src/index.crates.io-1949cf8c6b5b557f/mlx-sys-0.2.0/src/mlx-c/CMakeLists.txt
[INFO] [stderr]                   [2]	/usr/share/cmake-4.2/Modules/CMakeTestCXXCompiler.cmake
[INFO] [stderr]                   [1]	/usr/share/cmake-4.2/Modules/CMakeDetermineCompilerABI.cmake
[INFO] [stderr]   -- Detecting CXX compiler ABI info - done
[INFO] [stderr]      Called from: [3]	/opt/rustwide/cargo-home/registry/src/index.crates.io-1949cf8c6b5b557f/mlx-sys-0.2.0/src/mlx-c/CMakeLists.txt
[INFO] [stderr]                   [2]	/usr/share/cmake-4.2/Modules/CMakeTestCXXCompiler.cmake
[INFO] [stderr]                   [1]	/usr/share/cmake-4.2/Modules/CMakeDetermineCompilerABI.cmake
[INFO] [stderr]   -- Check for working CXX compiler: /usr/bin/c++ - skipped
[INFO] [stderr]      Called from: [2]	/opt/rustwide/cargo-home/registry/src/index.crates.io-1949cf8c6b5b557f/mlx-sys-0.2.0/src/mlx-c/CMakeLists.txt
[INFO] [stderr]                   [1]	/usr/share/cmake-4.2/Modules/CMakeTestCXXCompiler.cmake
[INFO] [stderr]   -- Detecting CXX compile features
[INFO] [stderr]      Called from: [3]	/opt/rustwide/cargo-home/registry/src/index.crates.io-1949cf8c6b5b557f/mlx-sys-0.2.0/src/mlx-c/CMakeLists.txt
[INFO] [stderr]                   [2]	/usr/share/cmake-4.2/Modules/CMakeTestCXXCompiler.cmake
[INFO] [stderr]                   [1]	/usr/share/cmake-4.2/Modules/CMakeDetermineCompilerSupport.cmake
[INFO] [stderr]   -- Detecting CXX compile features - done
[INFO] [stderr]      Called from: [3]	/opt/rustwide/cargo-home/registry/src/index.crates.io-1949cf8c6b5b557f/mlx-sys-0.2.0/src/mlx-c/CMakeLists.txt
[INFO] [stderr]                   [2]	/usr/share/cmake-4.2/Modules/CMakeTestCXXCompiler.cmake
[INFO] [stderr]                   [1]	/usr/share/cmake-4.2/Modules/CMakeDetermineCompilerSupport.cmake
[INFO] [stderr]   -- Detecting C compiler ABI info
[INFO] [stderr]      Called from: [3]	/opt/rustwide/cargo-home/registry/src/index.crates.io-1949cf8c6b5b557f/mlx-sys-0.2.0/src/mlx-c/CMakeLists.txt
[INFO] [stderr]                   [2]	/usr/share/cmake-4.2/Modules/CMakeTestCCompiler.cmake
[INFO] [stderr]                   [1]	/usr/share/cmake-4.2/Modules/CMakeDetermineCompilerABI.cmake
[INFO] [stderr]   -- Detecting C compiler ABI info - done
[INFO] [stderr]      Called from: [3]	/opt/rustwide/cargo-home/registry/src/index.crates.io-1949cf8c6b5b557f/mlx-sys-0.2.0/src/mlx-c/CMakeLists.txt
[INFO] [stderr]                   [2]	/usr/share/cmake-4.2/Modules/CMakeTestCCompiler.cmake
[INFO] [stderr]                   [1]	/usr/share/cmake-4.2/Modules/CMakeDetermineCompilerABI.cmake
[INFO] [stderr]   -- Check for working C compiler: /usr/bin/cc - skipped
[INFO] [stderr]      Called from: [2]	/opt/rustwide/cargo-home/registry/src/index.crates.io-1949cf8c6b5b557f/mlx-sys-0.2.0/src/mlx-c/CMakeLists.txt
[INFO] [stderr]                   [1]	/usr/share/cmake-4.2/Modules/CMakeTestCCompiler.cmake
[INFO] [stderr]   -- Detecting C compile features
[INFO] [stderr]      Called from: [3]	/opt/rustwide/cargo-home/registry/src/index.crates.io-1949cf8c6b5b557f/mlx-sys-0.2.0/src/mlx-c/CMakeLists.txt
[INFO] [stderr]                   [2]	/usr/share/cmake-4.2/Modules/CMakeTestCCompiler.cmake
[INFO] [stderr]                   [1]	/usr/share/cmake-4.2/Modules/CMakeDetermineCompilerSupport.cmake
[INFO] [stderr]   -- Detecting C compile features - done
[INFO] [stderr]      Called from: [3]	/opt/rustwide/cargo-home/registry/src/index.crates.io-1949cf8c6b5b557f/mlx-sys-0.2.0/src/mlx-c/CMakeLists.txt
[INFO] [stderr]                   [2]	/usr/share/cmake-4.2/Modules/CMakeTestCCompiler.cmake
[INFO] [stderr]                   [1]	/usr/share/cmake-4.2/Modules/CMakeDetermineCompilerSupport.cmake
[INFO] [stderr]   -- Configuring incomplete, errors occurred!
[INFO] [stderr] 
[INFO] [stderr]   --- stderr
[INFO] [stderr]   running: cd "/opt/rustwide/target/debug/build/mlx-sys-0e30609fd671dc1e/out/build" && CMAKE_PREFIX_PATH="" LC_ALL="C" "cmake" "-Wdev" "--debug-output" "/opt/rustwide/cargo-home/registry/src/index.crates.io-1949cf8c6b5b557f/mlx-sys-0.2.0/src/mlx-c" "-B" "/opt/rustwide/target/debug/build/mlx-sys-0e30609fd671dc1e/out/build" "-DCMAKE_INSTALL_PREFIX=." "-DCMAKE_BUILD_TYPE=Debug" "-DMLX_BUILD_METAL=OFF" "-DMLX_BUILD_ACCELERATE=OFF" "-DMLX_BUILD_METAL=ON" "-DMLX_BUILD_ACCELERATE=ON" "-DCMAKE_C_FLAGS= -ffunction-sections -fdata-sections -fPIC -m64 -w" "-DCMAKE_C_COMPILER=/usr/bin/cc" "-DCMAKE_CXX_FLAGS= -ffunction-sections -fdata-sections -fPIC -m64 -w" "-DCMAKE_CXX_COMPILER=/usr/bin/c++" "-DCMAKE_ASM_FLAGS= -ffunction-sections -fdata-sections -fPIC -m64 -w" "-DCMAKE_ASM_COMPILER=/usr/bin/cc" "-DCMAKE_VERBOSE_MAKEFILE:BOOL=ON"
[INFO] [stderr]   CMake Warning (dev) at /usr/share/cmake-4.2/Modules/CMakeDetermineCompiler.cmake:128 (set):
[INFO] [stderr]     Policy CMP0126 is not set: set(CACHE) does not remove a normal variable of
[INFO] [stderr]     the same name.  Run "cmake --help-policy CMP0126" for policy details.  Use
[INFO] [stderr]     the cmake_policy command to set the policy and suppress this warning.
[INFO] [stderr] 
[INFO] [stderr]     For compatibility with older versions of CMake, normal variable
[INFO] [stderr]     "CMAKE_CXX_COMPILER" will be removed from the current scope.
[INFO] [stderr]   Call Stack (most recent call first):
[INFO] [stderr]     /usr/share/cmake-4.2/Modules/CMakeDetermineCXXCompiler.cmake:71 (_cmake_find_compiler_path)
[INFO] [stderr]     CMakeLists.txt:6 (project)
[INFO] [stderr]   This warning is for project developers.  Use -Wno-dev to suppress it.
[INFO] [stderr] 
[INFO] [stderr]      Called from: [3]	/opt/rustwide/cargo-home/registry/src/index.crates.io-1949cf8c6b5b557f/mlx-sys-0.2.0/src/mlx-c/CMakeLists.txt
[INFO] [stderr]                   [2]	/usr/share/cmake-4.2/Modules/CMakeDetermineCXXCompiler.cmake
[INFO] [stderr]                   [1]	/usr/share/cmake-4.2/Modules/CMakeDetermineCompiler.cmake
[INFO] [stderr]   CMake Warning (dev) at /usr/share/cmake-4.2/Modules/CMakeDetermineCompiler.cmake:128 (set):
[INFO] [stderr]     Policy CMP0126 is not set: set(CACHE) does not remove a normal variable of
[INFO] [stderr]     the same name.  Run "cmake --help-policy CMP0126" for policy details.  Use
[INFO] [stderr]     the cmake_policy command to set the policy and suppress this warning.
[INFO] [stderr] 
[INFO] [stderr]     For compatibility with older versions of CMake, normal variable
[INFO] [stderr]     "CMAKE_C_COMPILER" will be removed from the current scope.
[INFO] [stderr]   Call Stack (most recent call first):
[INFO] [stderr]     /usr/share/cmake-4.2/Modules/CMakeDetermineCCompiler.cmake:67 (_cmake_find_compiler_path)
[INFO] [stderr]     CMakeLists.txt:6 (project)
[INFO] [stderr]   This warning is for project developers.  Use -Wno-dev to suppress it.
[INFO] [stderr] 
[INFO] [stderr]      Called from: [3]	/opt/rustwide/cargo-home/registry/src/index.crates.io-1949cf8c6b5b557f/mlx-sys-0.2.0/src/mlx-c/CMakeLists.txt
[INFO] [stderr]                   [2]	/usr/share/cmake-4.2/Modules/CMakeDetermineCCompiler.cmake
[INFO] [stderr]                   [1]	/usr/share/cmake-4.2/Modules/CMakeDetermineCompiler.cmake
[INFO] [stderr]   CMake Warning (dev) at /usr/share/cmake-4.2/Modules/CMakeFindBinUtils.cmake:243 (find_program):
[INFO] [stderr]     Policy CMP0126 is not set: set(CACHE) does not remove a normal variable of
[INFO] [stderr]     the same name.  Run "cmake --help-policy CMP0126" for policy details.  Use
[INFO] [stderr]     the cmake_policy command to set the policy and suppress this warning.
[INFO] [stderr] 
[INFO] [stderr]     For compatibility with older versions of CMake, normal variable
[INFO] [stderr]     "CMAKE_TAPI" will be removed from the current scope.
[INFO] [stderr]   Call Stack (most recent call first):
[INFO] [stderr]     /usr/share/cmake-4.2/Modules/CMakeDetermineCCompiler.cmake:200 (include)
[INFO] [stderr]     CMakeLists.txt:6 (project)
[INFO] [stderr]   This warning is for project developers.  Use -Wno-dev to suppress it.
[INFO] [stderr] 
[INFO] [stderr]      Called from: [3]	/opt/rustwide/cargo-home/registry/src/index.crates.io-1949cf8c6b5b557f/mlx-sys-0.2.0/src/mlx-c/CMakeLists.txt
[INFO] [stderr]                   [2]	/usr/share/cmake-4.2/Modules/CMakeDetermineCCompiler.cmake
[INFO] [stderr]                   [1]	/usr/share/cmake-4.2/Modules/CMakeFindBinUtils.cmake
[INFO] [stderr]   [ 11%] Creating directories for 'mlx-populate'
[INFO] [stderr]   [ 22%] Performing download step (git clone) for 'mlx-populate'
[INFO] [stderr]   Cloning into 'mlx-src'...
[INFO] [stderr]   fatal: unable to access 'https://github.com/ml-explore/mlx.git/': Could not resolve host: github.com
[INFO] [stderr]   Cloning into 'mlx-src'...
[INFO] [stderr]   fatal: unable to access 'https://github.com/ml-explore/mlx.git/': Could not resolve host: github.com
[INFO] [stderr]   Cloning into 'mlx-src'...
[INFO] [stderr]   fatal: unable to access 'https://github.com/ml-explore/mlx.git/': Could not resolve host: github.com
[INFO] [stderr]   Had to git clone more than once: 3 times.
[INFO] [stderr]   CMake Error at mlx-subbuild/mlx-populate-prefix/tmp/mlx-populate-gitclone.cmake:50 (message):
[INFO] [stderr]     Failed to clone repository: 'https://github.com/ml-explore/mlx.git'
[INFO] [stderr] 
[INFO] [stderr] 
[INFO] [stderr]   gmake[2]: *** [CMakeFiles/mlx-populate.dir/build.make:102: mlx-populate-prefix/src/mlx-populate-stamp/mlx-populate-download] Error 1
[INFO] [stderr]   gmake[1]: *** [CMakeFiles/Makefile2:87: CMakeFiles/mlx-populate.dir/all] Error 2
[INFO] [stderr]   gmake: *** [Makefile:91: all] Error 2
[INFO] [stderr] 
[INFO] [stderr]      Called from: [6]	/opt/rustwide/cargo-home/registry/src/index.crates.io-1949cf8c6b5b557f/mlx-sys-0.2.0/src/mlx-c/CMakeLists.txt
[INFO] [stderr]                   [5]	/usr/share/cmake-4.2/Modules/FetchContent.cmake
[INFO] [stderr]                   [4]	/usr/share/cmake-4.2/Modules/FetchContent.cmake
[INFO] [stderr]                   [3]	/usr/share/cmake-4.2/Modules/FetchContent.cmake:2155:EVAL
[INFO] [stderr]                   [2]	/usr/share/cmake-4.2/Modules/FetchContent.cmake
[INFO] [stderr]                   [1]	/usr/share/cmake-4.2/Modules/FetchContent.cmake
[INFO] [stderr]   CMake Error at /usr/share/cmake-4.2/Modules/FetchContent.cmake:1928 (message):
[INFO] [stderr]     Build step for mlx failed: 2
[INFO] [stderr]   Call Stack (most recent call first):
[INFO] [stderr]     /usr/share/cmake-4.2/Modules/FetchContent.cmake:1619 (__FetchContent_populateSubbuild)
[INFO] [stderr]     /usr/share/cmake-4.2/Modules/FetchContent.cmake:2155:EVAL:2 (__FetchContent_doPopulation)
[INFO] [stderr]     /usr/share/cmake-4.2/Modules/FetchContent.cmake:2155 (cmake_language)
[INFO] [stderr]     /usr/share/cmake-4.2/Modules/FetchContent.cmake:2394 (__FetchContent_Populate)
[INFO] [stderr]     CMakeLists.txt:39 (FetchContent_MakeAvailable)
[INFO] [stderr] 
[INFO] [stderr] 
[INFO] [stderr]      Called from: [6]	/opt/rustwide/cargo-home/registry/src/index.crates.io-1949cf8c6b5b557f/mlx-sys-0.2.0/src/mlx-c/CMakeLists.txt
[INFO] [stderr]                   [5]	/usr/share/cmake-4.2/Modules/FetchContent.cmake
[INFO] [stderr]                   [4]	/usr/share/cmake-4.2/Modules/FetchContent.cmake
[INFO] [stderr]                   [3]	/usr/share/cmake-4.2/Modules/FetchContent.cmake:2155:EVAL
[INFO] [stderr]                   [2]	/usr/share/cmake-4.2/Modules/FetchContent.cmake
[INFO] [stderr]                   [1]	/usr/share/cmake-4.2/Modules/FetchContent.cmake
[INFO] [stderr] 
[INFO] [stderr]   thread 'main' (2617) panicked at /opt/rustwide/cargo-home/registry/src/index.crates.io-1949cf8c6b5b557f/cmake-0.1.57/src/lib.rs:1132:5:
[INFO] [stderr] 
[INFO] [stderr]   command did not execute successfully, got: exit status: 1
[INFO] [stderr] 
[INFO] [stderr]   build script failed, must exit now
[INFO] [stderr]   stack backtrace:
[INFO] [stderr]      0:     0x60b30037f001 - std[70759c8f55707aa4]::backtrace_rs::backtrace::libunwind::trace
[INFO] [stderr]                                  at /rustc/dfb0accb7f508ae8be965d8629557221c889dd98/library/std/src/../../backtrace/src/backtrace/libunwind.rs:117:9
[INFO] [stderr]      1:     0x60b30037f001 - std[70759c8f55707aa4]::backtrace_rs::backtrace::trace_unsynchronized::<std[70759c8f55707aa4]::sys::backtrace::_print_fmt::{closure#1}>
[INFO] [stderr]                                  at /rustc/dfb0accb7f508ae8be965d8629557221c889dd98/library/std/src/../../backtrace/src/backtrace/mod.rs:66:14
[INFO] [stderr]      2:     0x60b30037f001 - std[70759c8f55707aa4]::sys::backtrace::_print_fmt
[INFO] [stderr]                                  at /rustc/dfb0accb7f508ae8be965d8629557221c889dd98/library/std/src/sys/backtrace.rs:74:9
[INFO] [stderr]      3:     0x60b30037f001 - <<std[70759c8f55707aa4]::sys::backtrace::BacktraceLock>::print::DisplayBacktrace as core[df12db4294e9bfd3]::fmt::Display>::fmt
[INFO] [stderr]                                  at /rustc/dfb0accb7f508ae8be965d8629557221c889dd98/library/std/src/sys/backtrace.rs:44:26
[INFO] [stderr]      4:     0x60b300396fca - <core[df12db4294e9bfd3]::fmt::rt::Argument>::fmt
[INFO] [stderr]                                  at /rustc/dfb0accb7f508ae8be965d8629557221c889dd98/library/core/src/fmt/rt.rs:152:76
[INFO] [stderr]      5:     0x60b300396fca - core[df12db4294e9bfd3]::fmt::write
[INFO] [stderr]      6:     0x60b30038550c - core[df12db4294e9bfd3]::io::write::default_write_fmt::<std[70759c8f55707aa4]::sys::stdio::unix::Stderr>
[INFO] [stderr]                                  at /rustc/dfb0accb7f508ae8be965d8629557221c889dd98/library/core/src/io/write.rs:402:11
[INFO] [stderr]      7:     0x60b30038550c - <std[70759c8f55707aa4]::sys::stdio::unix::Stderr as core[df12db4294e9bfd3]::io::write::Write>::write_fmt
[INFO] [stderr]                                  at /rustc/dfb0accb7f508ae8be965d8629557221c889dd98/library/core/src/io/write.rs:335:13
[INFO] [stderr]      8:     0x60b30035c086 - <std[70759c8f55707aa4]::sys::backtrace::BacktraceLock>::print
[INFO] [stderr]                                  at /rustc/dfb0accb7f508ae8be965d8629557221c889dd98/library/std/src/sys/backtrace.rs:47:9
[INFO] [stderr]      9:     0x60b30035c086 - std[70759c8f55707aa4]::panicking::default_hook::{closure#0}
[INFO] [stderr]                                  at /rustc/dfb0accb7f508ae8be965d8629557221c889dd98/library/std/src/panicking.rs:292:27
[INFO] [stderr]     10:     0x60b300378ea1 - std[70759c8f55707aa4]::panicking::default_hook
[INFO] [stderr]                                  at /rustc/dfb0accb7f508ae8be965d8629557221c889dd98/library/std/src/panicking.rs:319:9
[INFO] [stderr]     11:     0x60b3003791cb - std[70759c8f55707aa4]::panicking::panic_with_hook
[INFO] [stderr]                                  at /rustc/dfb0accb7f508ae8be965d8629557221c889dd98/library/std/src/panicking.rs:815:13
[INFO] [stderr]     12:     0x60b30035c132 - std[70759c8f55707aa4]::panicking::panic_handler::{closure#0}
[INFO] [stderr]                                  at /rustc/dfb0accb7f508ae8be965d8629557221c889dd98/library/std/src/panicking.rs:688:13
[INFO] [stderr]     13:     0x60b300354cc9 - std[70759c8f55707aa4]::sys::backtrace::__rust_end_short_backtrace::<std[70759c8f55707aa4]::panicking::panic_handler::{closure#0}, !>
[INFO] [stderr]                                  at /rustc/dfb0accb7f508ae8be965d8629557221c889dd98/library/std/src/sys/backtrace.rs:182:18
[INFO] [stderr]     14:     0x60b30035c94d - __rustc[8fa7c3cbc660c2b3]::rust_begin_unwind
[INFO] [stderr]                                  at /rustc/dfb0accb7f508ae8be965d8629557221c889dd98/library/std/src/panicking.rs:679:5
[INFO] [stderr]     15:     0x60b30039786c - core[df12db4294e9bfd3]::panicking::panic_fmt
[INFO] [stderr]                                  at /rustc/dfb0accb7f508ae8be965d8629557221c889dd98/library/core/src/panicking.rs:80:14
[INFO] [stderr]     16:     0x60b3002e6ce7 - cmake[f55903a7d011ec1c]::fail
[INFO] [stderr]     17:     0x60b3002e6973 - cmake[f55903a7d011ec1c]::run
[INFO] [stderr]     18:     0x60b3002ec252 - <cmake[f55903a7d011ec1c]::Config>::build
[INFO] [stderr]     19:     0x60b2ffddbf19 - build_script_build[604206460e419a66]::build_and_link_mlx_c
[INFO] [stderr]     20:     0x60b2ffddc22d - build_script_build[604206460e419a66]::main
[INFO] [stderr]     21:     0x60b2ffddd873 - <fn() as core[df12db4294e9bfd3]::ops::function::FnOnce<()>>::call_once
[INFO] [stderr]     22:     0x60b2ffddbd5e - std[70759c8f55707aa4]::sys::backtrace::__rust_begin_short_backtrace::<fn(), ()>
[INFO] [stderr]     23:     0x60b2ffddbd69 - std[70759c8f55707aa4]::rt::lang_start::<()>::{closure#0}
[INFO] [stderr]     24:     0x60b300378159 - <&dyn core[df12db4294e9bfd3]::ops::function::Fn<(), Output = i32> + core[df12db4294e9bfd3]::panic::unwind_safe::RefUnwindSafe + core[df12db4294e9bfd3]::marker::Sync as core[df12db4294e9bfd3]::ops::function::FnOnce<()>>::call_once
[INFO] [stderr]                                  at /rustc/dfb0accb7f508ae8be965d8629557221c889dd98/library/core/src/ops/function.rs:287:21
[INFO] [stderr]     25:     0x60b300378159 - std[70759c8f55707aa4]::panicking::catch_unwind::do_call::<&dyn core[df12db4294e9bfd3]::ops::function::Fn<(), Output = i32> + core[df12db4294e9bfd3]::panic::unwind_safe::RefUnwindSafe + core[df12db4294e9bfd3]::marker::Sync, i32>
[INFO] [stderr]                                  at /rustc/dfb0accb7f508ae8be965d8629557221c889dd98/library/std/src/panicking.rs:576:43
[INFO] [stderr]     26:     0x60b300378159 - std[70759c8f55707aa4]::panicking::catch_unwind::<i32, &dyn core[df12db4294e9bfd3]::ops::function::Fn<(), Output = i32> + core[df12db4294e9bfd3]::panic::unwind_safe::RefUnwindSafe + core[df12db4294e9bfd3]::marker::Sync>
[INFO] [stderr]                                  at /rustc/dfb0accb7f508ae8be965d8629557221c889dd98/library/std/src/panicking.rs:544:19
[INFO] [stderr]     27:     0x60b300378159 - std[70759c8f55707aa4]::panic::catch_unwind::<&dyn core[df12db4294e9bfd3]::ops::function::Fn<(), Output = i32> + core[df12db4294e9bfd3]::panic::unwind_safe::RefUnwindSafe + core[df12db4294e9bfd3]::marker::Sync, i32>
[INFO] [stderr]                                  at /rustc/dfb0accb7f508ae8be965d8629557221c889dd98/library/std/src/panic.rs:359:14
[INFO] [stderr]     28:     0x60b300378159 - std[70759c8f55707aa4]::rt::lang_start_internal::{closure#0}
[INFO] [stderr]                                  at /rustc/dfb0accb7f508ae8be965d8629557221c889dd98/library/std/src/rt.rs:175:24
[INFO] [stderr]     29:     0x60b300378159 - std[70759c8f55707aa4]::panicking::catch_unwind::do_call::<std[70759c8f55707aa4]::rt::lang_start_internal::{closure#0}, isize>
[INFO] [stderr]                                  at /rustc/dfb0accb7f508ae8be965d8629557221c889dd98/library/std/src/panicking.rs:576:43
[INFO] [stderr]     30:     0x60b300378159 - std[70759c8f55707aa4]::panicking::catch_unwind::<isize, std[70759c8f55707aa4]::rt::lang_start_internal::{closure#0}>
[INFO] [stderr]                                  at /rustc/dfb0accb7f508ae8be965d8629557221c889dd98/library/std/src/panicking.rs:544:19
[INFO] [stderr]     31:     0x60b300378159 - std[70759c8f55707aa4]::panic::catch_unwind::<std[70759c8f55707aa4]::rt::lang_start_internal::{closure#0}, isize>
[INFO] [stderr]                                  at /rustc/dfb0accb7f508ae8be965d8629557221c889dd98/library/std/src/panic.rs:359:14
[INFO] [stderr]     32:     0x60b300378159 - std[70759c8f55707aa4]::rt::lang_start_internal
[INFO] [stderr]                                  at /rustc/dfb0accb7f508ae8be965d8629557221c889dd98/library/std/src/rt.rs:171:5
[INFO] [stderr]     33:     0x60b2ffddb751 - std[70759c8f55707aa4]::rt::lang_start::<()>
[INFO] [stderr]     34:     0x60b2ffddda95 - main
[INFO] [stderr]     35:     0x7f618cc75601 - <unknown>
[INFO] [stderr]     36:     0x7f618cc75718 - __libc_start_main
[INFO] [stderr]     37:     0x60b2ffdda425 - _start
[INFO] [stderr]     38:                0x0 - <unknown>
[INFO] [stderr] warning: build failed, waiting for other jobs to finish...
[INFO] running `Command { std: "docker" "inspect" "c2421ee60a1127b62002b80768eb96f163ed274cf55e3bbf756000b697f90127", kill_on_drop: false }`
[INFO] running `Command { std: "docker" "rm" "-f" "c2421ee60a1127b62002b80768eb96f163ed274cf55e3bbf756000b697f90127", kill_on_drop: false }`
[INFO] [stdout] c2421ee60a1127b62002b80768eb96f163ed274cf55e3bbf756000b697f90127
