[INFO] fetching crate vl53l1x 1.2.0...
[INFO] testing vl53l1x-1.2.0 against 1.100.0-beta.1 for beta-1.100-2
[INFO] extracting crate vl53l1x 1.2.0 into /workspace/builds/worker-6-tc2/source
[INFO] started tweaking crates.io crate vl53l1x 1.2.0
[INFO] removed 0 missing examples
[INFO] finished tweaking crates.io crate vl53l1x 1.2.0
[INFO] tweaked toml for crates.io crate vl53l1x 1.2.0 written to /workspace/builds/worker-6-tc2/source/Cargo.toml
[INFO] validating manifest of crates.io crate vl53l1x 1.2.0 on toolchain 1.100.0-beta.1
[INFO] running `Command { std: CARGO_HOME="/workspace/cargo-home" RUSTUP_HOME="/workspace/rustup-home" "/workspace/cargo-home/bin/cargo" "+1.100.0-beta.1" "metadata" "--manifest-path" "Cargo.toml" "--no-deps", kill_on_drop: false }`
[INFO] running `Command { std: CARGO_HOME="/workspace/cargo-home" RUSTUP_HOME="/workspace/rustup-home" "/workspace/cargo-home/bin/cargo" "+1.100.0-beta.1" "generate-lockfile" "--manifest-path" "Cargo.toml", kill_on_drop: false }`
[INFO] [stderr]     Updating crates.io index
[INFO] [stderr]      Locking 8 packages to highest compatible versions
[INFO] [stderr]       Adding enum-primitive-derive v0.1.2 (available: v0.3.0)
[INFO] [stderr]       Adding num-traits v0.1.43 (available: v0.2.19)
[INFO] running `Command { std: CARGO_HOME="/workspace/cargo-home" RUSTUP_HOME="/workspace/rustup-home" "/workspace/cargo-home/bin/cargo" "+1.100.0-beta.1" "fetch" "--manifest-path" "Cargo.toml", kill_on_drop: false }`
[INFO] [stderr] warning: Cargo.toml: `package.edition` is unspecified, defaulting to `2015` while the latest is `2024`
[INFO] [stderr] warning: `vl53l1x` (manifest) generated 1 warning
[INFO] running `Command { std: "docker" "create" "-v" "/var/lib/crater-agent-workspace/builds/worker-6-tc2/source:/opt/rustwide/workdir:ro,Z" "-v" "/var/lib/crater-agent-workspace/builds/worker-6-tc2/target:/opt/rustwide/target:rw,Z" "-v" "/var/lib/crater-agent-workspace/cargo-home:/opt/rustwide/cargo-home:ro,Z" "-v" "/var/lib/crater-agent-workspace/rustup-home:/opt/rustwide/rustup-home:ro,Z" "-m" "1610612736" "--network" "none" "ghcr.io/rust-lang/crates-build-env/linux@sha256:3111399a4047eeb3a02b7a90e478d715f38a8c6669b5c4b49d30a17385265909" "sleep" "infinity", kill_on_drop: false }`
[INFO] [stdout] b0dfa18a0051ed5165c12014e8e52daafb461e8aa70bab32af2eb8c106020ee8
[INFO] running `Command { std: "docker" "start" "b0dfa18a0051ed5165c12014e8e52daafb461e8aa70bab32af2eb8c106020ee8", kill_on_drop: false }`
[INFO] running `Command { std: "docker" "inspect" "b0dfa18a0051ed5165c12014e8e52daafb461e8aa70bab32af2eb8c106020ee8", kill_on_drop: false }`
[INFO] running `Command { std: "docker" "exec" "-e" "SOURCE_DIR=/opt/rustwide/workdir" "-e" "CARGO_HOME=/opt/rustwide/cargo-home" "-e" "RUSTUP_HOME=/opt/rustwide/rustup-home" "-e" "CARGO_TARGET_DIR=/opt/rustwide/target" "-w" "/opt/rustwide/workdir" "--user" "0:0" "b0dfa18a0051ed5165c12014e8e52daafb461e8aa70bab32af2eb8c106020ee8" "/opt/rustwide/cargo-home/bin/cargo" "+1.100.0-beta.1" "metadata" "--no-deps" "--format-version=1", kill_on_drop: false }`
[INFO] running `Command { std: "docker" "inspect" "b0dfa18a0051ed5165c12014e8e52daafb461e8aa70bab32af2eb8c106020ee8", kill_on_drop: false }`
[INFO] running `Command { std: "docker" "exec" "-e" "SOURCE_DIR=/opt/rustwide/workdir" "-e" "CARGO_HOME=/opt/rustwide/cargo-home" "-e" "RUSTUP_HOME=/opt/rustwide/rustup-home" "-e" "CARGO_TARGET_DIR=/opt/rustwide/target" "-e" "CARGO_INCREMENTAL=0" "-e" "RUST_BACKTRACE=full" "-e" "RUSTFLAGS=--cap-lints=warn" "-e" "RUSTDOCFLAGS=--cap-lints=warn" "-w" "/opt/rustwide/workdir" "--user" "0:0" "b0dfa18a0051ed5165c12014e8e52daafb461e8aa70bab32af2eb8c106020ee8" "/opt/rustwide/cargo-home/bin/cargo" "+1.100.0-beta.1" "build" "--frozen" "--message-format=json", kill_on_drop: false }`
[INFO] [stderr] warning: Cargo.toml: `package.edition` is unspecified, defaulting to `2015` while the latest is `2024`
[INFO] [stderr] warning: `vl53l1x` (manifest) generated 1 warning
[INFO] [stderr]    Compiling unicode-xid v0.0.4
[INFO] [stderr]    Compiling quote v0.3.15
[INFO] [stderr]    Compiling vl53l1x v1.2.0 (/opt/rustwide/workdir)
[INFO] [stderr]    Compiling synom v0.11.3
[INFO] [stderr]    Compiling syn v0.11.11
[INFO] [stderr]    Compiling enum-primitive-derive v0.1.2
[INFO] [stderr] error: failed to run custom build command for `vl53l1x v1.2.0 (/opt/rustwide/workdir)`
[INFO] [stderr] note: To improve backtraces for build dependencies, set the CARGO_PROFILE_DEV_BUILD_OVERRIDE_DEBUG=true environment variable to enable debug information generation.
[INFO] [stderr] 
[INFO] [stderr] Caused by:
[INFO] [stderr]   process didn't exit successfully: `/opt/rustwide/target/debug/build/vl53l1x/81e0a90980431a2e/out/build_script_build` (exit status: 101)
[INFO] [stderr]   --- stdout
[INFO] [stderr]   mkdir -p /opt/rustwide/target/debug/build/vl53l1x/75b4cddb93054751/out/st-api/core/
[INFO] [stderr]   cc  -Ist-api/core -Ist-api/platform -std=c99 -fPIC -c -o /opt/rustwide/target/debug/build/vl53l1x/75b4cddb93054751/out/st-api/core/vl53l1_api.o st-api/core/vl53l1_api.c
[INFO] [stderr]   mkdir -p /opt/rustwide/target/debug/build/vl53l1x/75b4cddb93054751/out/st-api/core/
[INFO] [stderr]   cc  -Ist-api/core -Ist-api/platform -std=c99 -fPIC -c -o /opt/rustwide/target/debug/build/vl53l1x/75b4cddb93054751/out/st-api/core/vl53l1_api_calibration.o st-api/core/vl53l1_api_calibration.c
[INFO] [stderr]   mkdir -p /opt/rustwide/target/debug/build/vl53l1x/75b4cddb93054751/out/st-api/core/
[INFO] [stderr]   cc  -Ist-api/core -Ist-api/platform -std=c99 -fPIC -c -o /opt/rustwide/target/debug/build/vl53l1x/75b4cddb93054751/out/st-api/core/vl53l1_api_core.o st-api/core/vl53l1_api_core.c
[INFO] [stderr]   mkdir -p /opt/rustwide/target/debug/build/vl53l1x/75b4cddb93054751/out/st-api/core/
[INFO] [stderr]   cc  -Ist-api/core -Ist-api/platform -std=c99 -fPIC -c -o /opt/rustwide/target/debug/build/vl53l1x/75b4cddb93054751/out/st-api/core/vl53l1_api_debug.o st-api/core/vl53l1_api_debug.c
[INFO] [stderr]   mkdir -p /opt/rustwide/target/debug/build/vl53l1x/75b4cddb93054751/out/st-api/core/
[INFO] [stderr]   cc  -Ist-api/core -Ist-api/platform -std=c99 -fPIC -c -o /opt/rustwide/target/debug/build/vl53l1x/75b4cddb93054751/out/st-api/core/vl53l1_api_preset_modes.o st-api/core/vl53l1_api_preset_modes.c
[INFO] [stderr]   mkdir -p /opt/rustwide/target/debug/build/vl53l1x/75b4cddb93054751/out/st-api/core/
[INFO] [stderr]   cc  -Ist-api/core -Ist-api/platform -std=c99 -fPIC -c -o /opt/rustwide/target/debug/build/vl53l1x/75b4cddb93054751/out/st-api/core/vl53l1_api_strings.o st-api/core/vl53l1_api_strings.c
[INFO] [stderr]   mkdir -p /opt/rustwide/target/debug/build/vl53l1x/75b4cddb93054751/out/st-api/core/
[INFO] [stderr]   cc  -Ist-api/core -Ist-api/platform -std=c99 -fPIC -c -o /opt/rustwide/target/debug/build/vl53l1x/75b4cddb93054751/out/st-api/core/vl53l1_core.o st-api/core/vl53l1_core.c
[INFO] [stderr]   mkdir -p /opt/rustwide/target/debug/build/vl53l1x/75b4cddb93054751/out/st-api/core/
[INFO] [stderr]   cc  -Ist-api/core -Ist-api/platform -std=c99 -fPIC -c -o /opt/rustwide/target/debug/build/vl53l1x/75b4cddb93054751/out/st-api/core/vl53l1_core_support.o st-api/core/vl53l1_core_support.c
[INFO] [stderr]   mkdir -p /opt/rustwide/target/debug/build/vl53l1x/75b4cddb93054751/out/st-api/core/
[INFO] [stderr]   cc  -Ist-api/core -Ist-api/platform -std=c99 -fPIC -c -o /opt/rustwide/target/debug/build/vl53l1x/75b4cddb93054751/out/st-api/core/vl53l1_error_strings.o st-api/core/vl53l1_error_strings.c
[INFO] [stderr]   mkdir -p /opt/rustwide/target/debug/build/vl53l1x/75b4cddb93054751/out/st-api/core/
[INFO] [stderr]   cc  -Ist-api/core -Ist-api/platform -std=c99 -fPIC -c -o /opt/rustwide/target/debug/build/vl53l1x/75b4cddb93054751/out/st-api/core/vl53l1_register_funcs.o st-api/core/vl53l1_register_funcs.c
[INFO] [stderr]   mkdir -p /opt/rustwide/target/debug/build/vl53l1x/75b4cddb93054751/out/st-api/core/
[INFO] [stderr]   cc  -Ist-api/core -Ist-api/platform -std=c99 -fPIC -c -o /opt/rustwide/target/debug/build/vl53l1x/75b4cddb93054751/out/st-api/core/vl53l1_silicon_core.o st-api/core/vl53l1_silicon_core.c
[INFO] [stderr]   mkdir -p /opt/rustwide/target/debug/build/vl53l1x/75b4cddb93054751/out/st-api/core/
[INFO] [stderr]   cc  -Ist-api/core -Ist-api/platform -std=c99 -fPIC -c -o /opt/rustwide/target/debug/build/vl53l1x/75b4cddb93054751/out/st-api/core/vl53l1_wait.o st-api/core/vl53l1_wait.c
[INFO] [stderr]   mkdir -p /opt/rustwide/target/debug/build/vl53l1x/75b4cddb93054751/out/st-api/platform/
[INFO] [stderr]   cc  -Ist-api/core -Ist-api/platform -std=c99 -fPIC -c -o /opt/rustwide/target/debug/build/vl53l1x/75b4cddb93054751/out/st-api/platform/vl53l1_platform.o st-api/platform/vl53l1_platform.c
[INFO] [stderr] 
[INFO] [stderr]   --- stderr
[INFO] [stderr]   st-api/platform/vl53l1_platform.c: In function 'VL53L1_WaitUs':
[INFO] [stderr]   st-api/platform/vl53l1_platform.c:268:5: error: implicit declaration of function 'usleep'; did you mean 'sleep'? [-Wimplicit-function-declaration]
[INFO] [stderr]     268 |     usleep(wait_us);
[INFO] [stderr]         |     ^~~~~~
[INFO] [stderr]         |     sleep
[INFO] [stderr]   make: *** [Makefile:26: /opt/rustwide/target/debug/build/vl53l1x/75b4cddb93054751/out/st-api/platform/vl53l1_platform.o] Error 1
[INFO] [stderr] 
[INFO] [stderr]   thread 'main' (100) panicked at build.rs:29:17:
[INFO] [stderr]   Failed: `"make" "libvl53l1x_api.a"` (exit status: 2)
[INFO] [stderr]   stack backtrace:
[INFO] [stderr]      0:     0x604c49efebb1 - std[617be2ca0a6fd877]::backtrace_rs::backtrace::libunwind::trace
[INFO] [stderr]                                  at /rustc/e3feeb59cd1bdd011a2bfcc0747b55125d9b8527/library/std/src/../../backtrace/src/backtrace/libunwind.rs:117:9
[INFO] [stderr]      1:     0x604c49efebb1 - std[617be2ca0a6fd877]::backtrace_rs::backtrace::trace_unsynchronized::<std[617be2ca0a6fd877]::sys::backtrace::_print_fmt::{closure#1}>
[INFO] [stderr]                                  at /rustc/e3feeb59cd1bdd011a2bfcc0747b55125d9b8527/library/std/src/../../backtrace/src/backtrace/mod.rs:66:14
[INFO] [stderr]      2:     0x604c49efebb1 - std[617be2ca0a6fd877]::sys::backtrace::_print_fmt
[INFO] [stderr]                                  at /rustc/e3feeb59cd1bdd011a2bfcc0747b55125d9b8527/library/std/src/sys/backtrace.rs:74:9
[INFO] [stderr]      3:     0x604c49efebb1 - <<std[617be2ca0a6fd877]::sys::backtrace::BacktraceLock>::print::DisplayBacktrace as core[a373ad73a504971]::fmt::Display>::fmt
[INFO] [stderr]                                  at /rustc/e3feeb59cd1bdd011a2bfcc0747b55125d9b8527/library/std/src/sys/backtrace.rs:44:26
[INFO] [stderr]      4:     0x604c49f1139a - <core[a373ad73a504971]::fmt::rt::Argument>::fmt
[INFO] [stderr]                                  at /rustc/e3feeb59cd1bdd011a2bfcc0747b55125d9b8527/library/core/src/fmt/rt.rs:152:76
[INFO] [stderr]      5:     0x604c49f1139a - core[a373ad73a504971]::fmt::write
[INFO] [stderr]      6:     0x604c49f0396c - core[a373ad73a504971]::io::write::default_write_fmt::<std[617be2ca0a6fd877]::sys::stdio::unix::Stderr>
[INFO] [stderr]                                  at /rustc/e3feeb59cd1bdd011a2bfcc0747b55125d9b8527/library/core/src/io/write.rs:402:11
[INFO] [stderr]      7:     0x604c49f0396c - <std[617be2ca0a6fd877]::sys::stdio::unix::Stderr as core[a373ad73a504971]::io::write::Write>::write_fmt
[INFO] [stderr]                                  at /rustc/e3feeb59cd1bdd011a2bfcc0747b55125d9b8527/library/core/src/io/write.rs:335:13
[INFO] [stderr]      8:     0x604c49ee1676 - <std[617be2ca0a6fd877]::sys::backtrace::BacktraceLock>::print
[INFO] [stderr]                                  at /rustc/e3feeb59cd1bdd011a2bfcc0747b55125d9b8527/library/std/src/sys/backtrace.rs:47:9
[INFO] [stderr]      9:     0x604c49ee1676 - std[617be2ca0a6fd877]::panicking::default_hook::{closure#0}
[INFO] [stderr]                                  at /rustc/e3feeb59cd1bdd011a2bfcc0747b55125d9b8527/library/std/src/panicking.rs:289:27
[INFO] [stderr]     10:     0x604c49efac91 - std[617be2ca0a6fd877]::panicking::default_hook
[INFO] [stderr]                                  at /rustc/e3feeb59cd1bdd011a2bfcc0747b55125d9b8527/library/std/src/panicking.rs:316:9
[INFO] [stderr]     11:     0x604c49efae4b - std[617be2ca0a6fd877]::panicking::panic_with_hook
[INFO] [stderr]                                  at /rustc/e3feeb59cd1bdd011a2bfcc0747b55125d9b8527/library/std/src/panicking.rs:811:13
[INFO] [stderr]     12:     0x604c49ee1722 - std[617be2ca0a6fd877]::panicking::panic_handler::{closure#0}
[INFO] [stderr]                                  at /rustc/e3feeb59cd1bdd011a2bfcc0747b55125d9b8527/library/std/src/panicking.rs:685:13
[INFO] [stderr]     13:     0x604c49eda799 - std[617be2ca0a6fd877]::sys::backtrace::__rust_end_short_backtrace::<std[617be2ca0a6fd877]::panicking::panic_handler::{closure#0}, !>
[INFO] [stderr]                                  at /rustc/e3feeb59cd1bdd011a2bfcc0747b55125d9b8527/library/std/src/sys/backtrace.rs:182:18
[INFO] [stderr]     14:     0x604c49ee1eed - __rustc[ea4f61d10b84890b]::rust_begin_unwind
[INFO] [stderr]                                  at /rustc/e3feeb59cd1bdd011a2bfcc0747b55125d9b8527/library/std/src/panicking.rs:676:5
[INFO] [stderr]     15:     0x604c49f11acc - core[a373ad73a504971]::panicking::panic_fmt
[INFO] [stderr]                                  at /rustc/e3feeb59cd1bdd011a2bfcc0747b55125d9b8527/library/core/src/panicking.rs:80:14
[INFO] [stderr]     16:     0x604c49ecc639 - build_script_build[5b3c353bf8b884ef]::run
[INFO] [stderr]     17:     0x604c49ecc939 - build_script_build[5b3c353bf8b884ef]::main
[INFO] [stderr]     18:     0x604c49eceeb3 - <fn() as core[a373ad73a504971]::ops::function::FnOnce<()>>::call_once
[INFO] [stderr]     19:     0x604c49ecbfa6 - std[617be2ca0a6fd877]::sys::backtrace::__rust_begin_short_backtrace::<fn(), ()>
[INFO] [stderr]     20:     0x604c49ecc509 - std[617be2ca0a6fd877]::rt::lang_start::<()>::{closure#0}
[INFO] [stderr]     21:     0x604c49efa108 - <&dyn core[a373ad73a504971]::ops::function::Fn<(), Output = i32> + core[a373ad73a504971]::marker::Sync + core[a373ad73a504971]::panic::unwind_safe::RefUnwindSafe as core[a373ad73a504971]::ops::function::FnOnce<()>>::call_once
[INFO] [stderr]                                  at /rustc/e3feeb59cd1bdd011a2bfcc0747b55125d9b8527/library/core/src/ops/function.rs:287:21
[INFO] [stderr]     22:     0x604c49efa108 - std[617be2ca0a6fd877]::panicking::catch_unwind::do_call::<&dyn core[a373ad73a504971]::ops::function::Fn<(), Output = i32> + core[a373ad73a504971]::marker::Sync + core[a373ad73a504971]::panic::unwind_safe::RefUnwindSafe, i32>
[INFO] [stderr]                                  at /rustc/e3feeb59cd1bdd011a2bfcc0747b55125d9b8527/library/std/src/panicking.rs:573:43
[INFO] [stderr]     23:     0x604c49efa108 - std[617be2ca0a6fd877]::panicking::catch_unwind::<i32, &dyn core[a373ad73a504971]::ops::function::Fn<(), Output = i32> + core[a373ad73a504971]::marker::Sync + core[a373ad73a504971]::panic::unwind_safe::RefUnwindSafe>
[INFO] [stderr]                                  at /rustc/e3feeb59cd1bdd011a2bfcc0747b55125d9b8527/library/std/src/panicking.rs:541:19
[INFO] [stderr]     24:     0x604c49efa108 - std[617be2ca0a6fd877]::panic::catch_unwind::<&dyn core[a373ad73a504971]::ops::function::Fn<(), Output = i32> + core[a373ad73a504971]::marker::Sync + core[a373ad73a504971]::panic::unwind_safe::RefUnwindSafe, i32>
[INFO] [stderr]                                  at /rustc/e3feeb59cd1bdd011a2bfcc0747b55125d9b8527/library/std/src/panic.rs:359:14
[INFO] [stderr]     25:     0x604c49efa108 - std[617be2ca0a6fd877]::rt::lang_start_internal::{closure#0}
[INFO] [stderr]                                  at /rustc/e3feeb59cd1bdd011a2bfcc0747b55125d9b8527/library/std/src/rt.rs:175:24
[INFO] [stderr]     26:     0x604c49efa108 - std[617be2ca0a6fd877]::panicking::catch_unwind::do_call::<std[617be2ca0a6fd877]::rt::lang_start_internal::{closure#0}, isize>
[INFO] [stderr]                                  at /rustc/e3feeb59cd1bdd011a2bfcc0747b55125d9b8527/library/std/src/panicking.rs:573:43
[INFO] [stderr]     27:     0x604c49efa108 - std[617be2ca0a6fd877]::panicking::catch_unwind::<isize, std[617be2ca0a6fd877]::rt::lang_start_internal::{closure#0}>
[INFO] [stderr]                                  at /rustc/e3feeb59cd1bdd011a2bfcc0747b55125d9b8527/library/std/src/panicking.rs:541:19
[INFO] [stderr]     28:     0x604c49efa108 - std[617be2ca0a6fd877]::panic::catch_unwind::<std[617be2ca0a6fd877]::rt::lang_start_internal::{closure#0}, isize>
[INFO] [stderr]                                  at /rustc/e3feeb59cd1bdd011a2bfcc0747b55125d9b8527/library/std/src/panic.rs:359:14
[INFO] [stderr]     29:     0x604c49efa108 - std[617be2ca0a6fd877]::rt::lang_start_internal
[INFO] [stderr]                                  at /rustc/e3feeb59cd1bdd011a2bfcc0747b55125d9b8527/library/std/src/rt.rs:171:5
[INFO] [stderr]     30:     0x604c49ecb841 - std[617be2ca0a6fd877]::rt::lang_start::<()>
[INFO] [stderr]     31:     0x604c49ecf165 - main
[INFO] [stderr]     32:     0x772889fd1601 - <unknown>
[INFO] [stderr]     33:     0x772889fd1718 - __libc_start_main
[INFO] [stderr]     34:     0x604c49ecafc5 - _start
[INFO] [stderr]     35:                0x0 - <unknown>
[INFO] [stderr] warning: build failed, waiting for other jobs to finish...
[INFO] running `Command { std: "docker" "inspect" "b0dfa18a0051ed5165c12014e8e52daafb461e8aa70bab32af2eb8c106020ee8", kill_on_drop: false }`
[INFO] running `Command { std: "docker" "rm" "-f" "b0dfa18a0051ed5165c12014e8e52daafb461e8aa70bab32af2eb8c106020ee8", kill_on_drop: false }`
[INFO] [stdout] b0dfa18a0051ed5165c12014e8e52daafb461e8aa70bab32af2eb8c106020ee8
