[INFO] fetching crate vize_s2_to_s3 0.428.1...
[INFO] testing vize_s2_to_s3-0.428.1 against 1.99.0-beta.8 for beta-1.100-2
[INFO] extracting crate vize_s2_to_s3 0.428.1 into /workspace/builds/worker-5-tc1/source
[INFO] started tweaking crates.io crate vize_s2_to_s3 0.428.1
[INFO] removed 0 missing tests
[INFO] finished tweaking crates.io crate vize_s2_to_s3 0.428.1
[INFO] tweaked toml for crates.io crate vize_s2_to_s3 0.428.1 written to /workspace/builds/worker-5-tc1/source/Cargo.toml
[INFO] validating manifest of crates.io crate vize_s2_to_s3 0.428.1 on toolchain 1.99.0-beta.8
[INFO] running `Command { std: CARGO_HOME="/workspace/cargo-home" RUSTUP_HOME="/workspace/rustup-home" "/workspace/cargo-home/bin/cargo" "+1.99.0-beta.8" "metadata" "--manifest-path" "Cargo.toml" "--no-deps", kill_on_drop: false }`
[INFO] crate crates.io crate vize_s2_to_s3 0.428.1 already has a lockfile, it will not be regenerated
[INFO] running `Command { std: CARGO_HOME="/workspace/cargo-home" RUSTUP_HOME="/workspace/rustup-home" "/workspace/cargo-home/bin/cargo" "+1.99.0-beta.8" "fetch" "--manifest-path" "Cargo.toml", kill_on_drop: false }`
[INFO] [stderr]     Blocking waiting for file lock on package cache
[INFO] [stderr]     Updating crates.io index
[INFO] [stderr]  Downloading crates ...
[INFO] [stderr]   Downloaded vize_davinci_derive v0.428.1
[INFO] [stderr]   Downloaded vize_carton v0.428.1
[INFO] [stderr]   Downloaded vize_impeto v0.428.1
[INFO] [stderr]   Downloaded vize_s2 v0.428.1
[INFO] [stderr]   Downloaded vize_davinci v0.428.1
[INFO] running `Command { std: "docker" "create" "-v" "/var/lib/crater-agent-workspace/builds/worker-5-tc1/source:/opt/rustwide/workdir:ro,Z" "-v" "/var/lib/crater-agent-workspace/builds/worker-5-tc1/target:/opt/rustwide/target:rw,Z" "-v" "/var/lib/crater-agent-workspace/cargo-home:/opt/rustwide/cargo-home:ro,Z" "-v" "/var/lib/crater-agent-workspace/rustup-home:/opt/rustwide/rustup-home:ro,Z" "-m" "1610612736" "--network" "none" "ghcr.io/rust-lang/crates-build-env/linux@sha256:3111399a4047eeb3a02b7a90e478d715f38a8c6669b5c4b49d30a17385265909" "sleep" "infinity", kill_on_drop: false }`
[INFO] [stdout] d4c6228461d2446762dc83e20c56746a2a225a88d226df9b2b35c9575d7bad54
[INFO] running `Command { std: "docker" "start" "d4c6228461d2446762dc83e20c56746a2a225a88d226df9b2b35c9575d7bad54", kill_on_drop: false }`
[INFO] running `Command { std: "docker" "inspect" "d4c6228461d2446762dc83e20c56746a2a225a88d226df9b2b35c9575d7bad54", kill_on_drop: false }`
[INFO] running `Command { std: "docker" "exec" "-e" "SOURCE_DIR=/opt/rustwide/workdir" "-e" "CARGO_HOME=/opt/rustwide/cargo-home" "-e" "RUSTUP_HOME=/opt/rustwide/rustup-home" "-e" "CARGO_TARGET_DIR=/opt/rustwide/target" "-w" "/opt/rustwide/workdir" "--user" "0:0" "d4c6228461d2446762dc83e20c56746a2a225a88d226df9b2b35c9575d7bad54" "/opt/rustwide/cargo-home/bin/cargo" "+1.99.0-beta.8" "metadata" "--no-deps" "--format-version=1", kill_on_drop: false }`
[INFO] running `Command { std: "docker" "inspect" "d4c6228461d2446762dc83e20c56746a2a225a88d226df9b2b35c9575d7bad54", kill_on_drop: false }`
[INFO] running `Command { std: "docker" "exec" "-e" "SOURCE_DIR=/opt/rustwide/workdir" "-e" "CARGO_HOME=/opt/rustwide/cargo-home" "-e" "RUSTUP_HOME=/opt/rustwide/rustup-home" "-e" "CARGO_TARGET_DIR=/opt/rustwide/target" "-e" "CARGO_INCREMENTAL=0" "-e" "RUST_BACKTRACE=full" "-e" "RUSTFLAGS=--cap-lints=warn" "-e" "RUSTDOCFLAGS=--cap-lints=warn" "-w" "/opt/rustwide/workdir" "--user" "0:0" "d4c6228461d2446762dc83e20c56746a2a225a88d226df9b2b35c9575d7bad54" "/opt/rustwide/cargo-home/bin/cargo" "+1.99.0-beta.8" "build" "--frozen" "--message-format=json", kill_on_drop: false }`
[INFO] [stderr]    Compiling syn v2.0.117
[INFO] [stderr]    Compiling syn v3.0.5
[INFO] [stderr]    Compiling fastrand v2.4.1
[INFO] [stderr]    Compiling owo-colors v4.3.0
[INFO] [stderr]    Compiling allocator-api2 v0.2.21
[INFO] [stderr]    Compiling unicode-linebreak v0.1.5
[INFO] [stderr]    Compiling phf_shared v0.14.0
[INFO] [stderr]    Compiling smawk v0.3.2
[INFO] [stderr]    Compiling unicode-width v0.2.2
[INFO] [stderr]    Compiling unicode-segmentation v1.13.3
[INFO] [stderr]    Compiling oxc_data_structures v0.142.0
[INFO] [stderr]    Compiling oxc_estree v0.142.0
[INFO] [stderr]    Compiling object v0.39.1
[INFO] [stderr]    Compiling dragonbox_ecma v0.1.12
[INFO] [stderr]    Compiling cc v1.2.62
[INFO] [stderr]    Compiling cow-utils v0.1.3
[INFO] [stderr]    Compiling bitflags v2.13.1
[INFO] [stderr]    Compiling nonmax v0.5.5
[INFO] [stderr]    Compiling textwrap v0.16.2
[INFO] [stderr]    Compiling phf v0.14.0
[INFO] [stderr]    Compiling phf_generator v0.14.0
[INFO] [stderr]    Compiling unicode-id-start v1.4.0
[INFO] [stderr]    Compiling rmp v0.8.15
[INFO] [stderr]    Compiling phf_shared v0.13.1
[INFO] [stderr]    Compiling serde_bytes v0.11.19
[INFO] [stderr]    Compiling serde_json v1.0.149
[INFO] [stderr]    Compiling which v8.0.5
[INFO] [stderr]    Compiling phf_generator v0.13.1
[INFO] [stderr]    Compiling smallvec v1.15.2
[INFO] [stderr]    Compiling xxhash-rust v0.8.18
[INFO] [stderr]    Compiling num-bigint v0.5.1
[INFO] [stderr]    Compiling hashbrown v0.17.1
[INFO] [stderr]    Compiling seq-macro v0.3.6
[INFO] [stderr]    Compiling oxc_allocator v0.142.0
[INFO] [stderr]    Compiling stacker v0.1.25
[INFO] [stderr]    Compiling thiserror-impl v2.0.20
[INFO] [stderr]    Compiling oxc_ast_macros v0.142.0
[INFO] [stderr]    Compiling serde_derive v1.0.228
[INFO] [stderr]    Compiling oxc-miette-derive v3.0.1
[INFO] [stderr]    Compiling phf_macros v0.14.0
[INFO] [stderr]    Compiling pklrust-derive v0.9.0
[INFO] [stderr]    Compiling phf_macros v0.13.1
[INFO] [stderr]    Compiling vize_davinci_derive v0.428.1
[INFO] [stderr]    Compiling thiserror v2.0.20
[INFO] [stderr]    Compiling phf v0.13.1
[INFO] [stderr]    Compiling ar_archive_writer v0.5.3
[INFO] [stderr]    Compiling oxc-miette v3.0.1
[INFO] [stderr]    Compiling psm v0.1.31
[INFO] [stderr]    Compiling oxc_diagnostics v0.142.0
[INFO] [stderr]    Compiling serde v1.0.228
[INFO] [stderr]    Compiling compact_str v0.10.0
[INFO] [stderr]    Compiling oxc_index v5.0.0
[INFO] [stderr]    Compiling rmp-serde v1.3.1
[INFO] [stderr]    Compiling rmpv v1.3.1
[INFO] [stderr]    Compiling oxc_str v0.142.0
[INFO] [stderr]    Compiling pklrust v0.9.0
[INFO] [stderr]    Compiling oxc_span v0.142.0
[INFO] [stderr]    Compiling oxc_syntax v0.142.0
[INFO] [stderr]    Compiling oxc_regular_expression v0.142.0
[INFO] [stderr]    Compiling vize_carton v0.428.1
[INFO] [stderr]    Compiling oxc_ast v0.142.0
[INFO] [stderr]    Compiling vize_davinci v0.428.1
[INFO] [stderr]    Compiling vize_impeto v0.428.1
[INFO] [stderr]    Compiling oxc_ecmascript v0.142.0
[INFO] [stderr]    Compiling oxc_parser v0.142.0
[INFO] [stderr]    Compiling vize_s2 v0.428.1
[INFO] [stderr]    Compiling vize_s2_to_s3 v0.428.1 (/opt/rustwide/workdir)
[INFO] [stderr]     Finished `dev` profile [unoptimized + debuginfo] target(s) in 22.72s
[INFO] running `Command { std: "docker" "inspect" "d4c6228461d2446762dc83e20c56746a2a225a88d226df9b2b35c9575d7bad54", kill_on_drop: false }`
[INFO] running `Command { std: "docker" "exec" "-e" "SOURCE_DIR=/opt/rustwide/workdir" "-e" "CARGO_HOME=/opt/rustwide/cargo-home" "-e" "RUSTUP_HOME=/opt/rustwide/rustup-home" "-e" "CARGO_TARGET_DIR=/opt/rustwide/target" "-e" "CARGO_INCREMENTAL=0" "-e" "RUST_BACKTRACE=full" "-e" "RUSTFLAGS=--cap-lints=warn" "-e" "RUSTDOCFLAGS=--cap-lints=warn" "-w" "/opt/rustwide/workdir" "--user" "0:0" "d4c6228461d2446762dc83e20c56746a2a225a88d226df9b2b35c9575d7bad54" "/opt/rustwide/cargo-home/bin/cargo" "+1.99.0-beta.8" "test" "--frozen" "--no-run" "--message-format=json", kill_on_drop: false }`
[INFO] [stderr]    Compiling vize_s2_to_s3 v0.428.1 (/opt/rustwide/workdir)
[INFO] [stdout] error[E0433]: cannot find module or crate `davinci_test_support` in this scope
[INFO] [stdout]    --> tests/extraction_snapshots.rs:118:9
[INFO] [stdout]     |
[INFO] [stdout] 118 |     use davinci_test_support::surface_fixture::{MALFORMED, WELL_FORMED};
[INFO] [stdout]     |         ^^^^^^^^^^^^^^^^^^^^ use of unresolved module or unlinked crate `davinci_test_support`
[INFO] [stdout]     |
[INFO] [stdout]     = help: if you wanted to use a crate named `davinci_test_support`, use `cargo add davinci_test_support` to add it to your `Cargo.toml`
[INFO] [stdout] 
[INFO] [stdout] 
[INFO] [stdout] error[E0433]: cannot find `insta` in the list of imported crates
[INFO] [stdout]    --> tests/extraction_snapshots.rs:24:15
[INFO] [stdout]     |
[INFO] [stdout]  24 |             ::insta::assert_snapshot!($value);
[INFO] [stdout]     |               ^^^^^ could not find `insta` in the list of imported crates
[INFO] [stdout] ...
[INFO] [stdout] 126 |     assert_extraction_snapshot!(output);
[INFO] [stdout]     |     ----------------------------------- in this macro invocation
[INFO] [stdout]     |
[INFO] [stdout]     = note: this error originates in the macro `assert_extraction_snapshot` (in Nightly builds, run with -Z macro-backtrace for more info)
[INFO] [stdout] 
[INFO] [stdout] 
[INFO] [stdout] error[E0433]: cannot find `insta` in the list of imported crates
[INFO] [stdout]    --> tests/extraction_snapshots.rs:24:15
[INFO] [stdout]     |
[INFO] [stdout]  24 |             ::insta::assert_snapshot!($value);
[INFO] [stdout]     |               ^^^^^ could not find `insta` in the list of imported crates
[INFO] [stdout] ...
[INFO] [stdout] 111 |     assert_extraction_snapshot!(decisions(ELEVEN_TITLES, OptTier::O2));
[INFO] [stdout]     |     ------------------------------------------------------------------ in this macro invocation
[INFO] [stdout]     |
[INFO] [stdout]     = note: this error originates in the macro `assert_extraction_snapshot` (in Nightly builds, run with -Z macro-backtrace for more info)
[INFO] [stdout] 
[INFO] [stdout] 
[INFO] [stdout] error[E0433]: cannot find `insta` in the list of imported crates
[INFO] [stdout]    --> tests/extraction_snapshots.rs:24:15
[INFO] [stdout]     |
[INFO] [stdout]  24 |             ::insta::assert_snapshot!($value);
[INFO] [stdout]     |               ^^^^^ could not find `insta` in the list of imported crates
[INFO] [stdout] ...
[INFO] [stdout] 106 |     assert_extraction_snapshot!(decisions(ELEVEN_TITLES, OptTier::O1));
[INFO] [stdout]     |     ------------------------------------------------------------------ in this macro invocation
[INFO] [stdout]     |
[INFO] [stdout]     = note: this error originates in the macro `assert_extraction_snapshot` (in Nightly builds, run with -Z macro-backtrace for more info)
[INFO] [stdout] 
[INFO] [stdout] 
[INFO] [stdout] error[E0433]: cannot find `insta` in the list of imported crates
[INFO] [stdout]   --> tests/extraction_snapshots.rs:24:15
[INFO] [stdout]    |
[INFO] [stdout] 24 |               ::insta::assert_snapshot!($value);
[INFO] [stdout]    |                 ^^^^^ could not find `insta` in the list of imported crates
[INFO] [stdout] ...
[INFO] [stdout] 96 | /     assert_extraction_snapshot!(decisions(
[INFO] [stdout] 97 | |         r#"<div><template v-if="ok"><br></template></div>"#,
[INFO] [stdout] 98 | |         OptTier::O1
[INFO] [stdout] 99 | |     ));
[INFO] [stdout]    | |______- in this macro invocation
[INFO] [stdout]    |
[INFO] [stdout]    = note: this error originates in the macro `assert_extraction_snapshot` (in Nightly builds, run with -Z macro-backtrace for more info)
[INFO] [stdout] 
[INFO] [stdout] 
[INFO] [stdout] error[E0433]: cannot find `insta` in the list of imported crates
[INFO] [stdout]   --> tests/extraction_snapshots.rs:24:15
[INFO] [stdout]    |
[INFO] [stdout] 24 |               ::insta::assert_snapshot!($value);
[INFO] [stdout]    |                 ^^^^^ could not find `insta` in the list of imported crates
[INFO] [stdout] ...
[INFO] [stdout] 88 | /     assert_extraction_snapshot!(decisions(
[INFO] [stdout] 89 | |         r#"<ul><li v-for="item in items" @click="pick(item)" :title="item.name">{{ item.name }}</li></ul>"#,
[INFO] [stdout] 90 | |         OptTier::O1
[INFO] [stdout] 91 | |     ));
[INFO] [stdout]    | |______- in this macro invocation
[INFO] [stdout]    |
[INFO] [stdout]    = note: this error originates in the macro `assert_extraction_snapshot` (in Nightly builds, run with -Z macro-backtrace for more info)
[INFO] [stdout] 
[INFO] [stdout] 
[INFO] [stdout] error[E0433]: cannot find `insta` in the list of imported crates
[INFO] [stdout]   --> tests/extraction_snapshots.rs:24:15
[INFO] [stdout]    |
[INFO] [stdout] 24 |             ::insta::assert_snapshot!($value);
[INFO] [stdout]    |               ^^^^^ could not find `insta` in the list of imported crates
[INFO] [stdout] ...
[INFO] [stdout] 83 |     assert_extraction_snapshot!(decisions(BRANCH_AND_HANDLER, OptTier::O0));
[INFO] [stdout]    |     ----------------------------------------------------------------------- in this macro invocation
[INFO] [stdout]    |
[INFO] [stdout]    = note: this error originates in the macro `assert_extraction_snapshot` (in Nightly builds, run with -Z macro-backtrace for more info)
[INFO] [stdout] 
[INFO] [stdout] 
[INFO] [stdout] error[E0433]: cannot find `insta` in the list of imported crates
[INFO] [stdout]   --> tests/extraction_snapshots.rs:24:15
[INFO] [stdout]    |
[INFO] [stdout] 24 |             ::insta::assert_snapshot!($value);
[INFO] [stdout]    |               ^^^^^ could not find `insta` in the list of imported crates
[INFO] [stdout] ...
[INFO] [stdout] 78 |     assert_extraction_snapshot!(decisions(BRANCH_AND_HANDLER, OptTier::O1));
[INFO] [stdout]    |     ----------------------------------------------------------------------- in this macro invocation
[INFO] [stdout]    |
[INFO] [stdout]    = note: this error originates in the macro `assert_extraction_snapshot` (in Nightly builds, run with -Z macro-backtrace for more info)
[INFO] [stdout] 
[INFO] [stdout] 
[INFO] [stdout] error[E0433]: cannot find `insta` in the list of imported crates
[INFO] [stdout]   --> tests/extraction_snapshots.rs:24:15
[INFO] [stdout]    |
[INFO] [stdout] 24 |               ::insta::assert_snapshot!($value);
[INFO] [stdout]    |                 ^^^^^ could not find `insta` in the list of imported crates
[INFO] [stdout] ...
[INFO] [stdout] 70 | /     assert_extraction_snapshot!(decisions(
[INFO] [stdout] 71 | |         r#"<div :title="msg">{{ msg }}</div>"#,
[INFO] [stdout] 72 | |         OptTier::O1
[INFO] [stdout] 73 | |     ));
[INFO] [stdout]    | |______- in this macro invocation
[INFO] [stdout]    |
[INFO] [stdout]    = note: this error originates in the macro `assert_extraction_snapshot` (in Nightly builds, run with -Z macro-backtrace for more info)
[INFO] [stdout] 
[INFO] [stdout] 
[INFO] [stdout] error[E0433]: cannot find `insta` in the list of imported crates
[INFO] [stdout]   --> tests/s3_snapshots.rs:17:15
[INFO] [stdout]    |
[INFO] [stdout] 17 |               ::insta::assert_snapshot!($value);
[INFO] [stdout]    |                 ^^^^^ could not find `insta` in the list of imported crates
[INFO] [stdout] ...
[INFO] [stdout] 47 | /     assert_s3_snapshot!(snapshot(
[INFO] [stdout] 48 | |         r#"<section><p v-if="ready">ready</p><slot name="body"><span v-text="fallback" /></slot></section>"#
[INFO] [stdout] 49 | |     ));
[INFO] [stdout]    | |______- in this macro invocation
[INFO] [stdout]    |
[INFO] [stdout]    = note: this error originates in the macro `assert_s3_snapshot` (in Nightly builds, run with -Z macro-backtrace for more info)
[INFO] [stdout] 
[INFO] [stdout] 
[INFO] [stdout] error[E0433]: cannot find `insta` in the list of imported crates
[INFO] [stdout]   --> tests/s3_snapshots.rs:17:15
[INFO] [stdout]    |
[INFO] [stdout] 17 |               ::insta::assert_snapshot!($value);
[INFO] [stdout]    |                 ^^^^^ could not find `insta` in the list of imported crates
[INFO] [stdout] ...
[INFO] [stdout] 40 | /     assert_s3_snapshot!(snapshot(
[INFO] [stdout] 41 | |         r#"<main class="shell"><button :disabled="locked" @click="save">{{ label }}</button></main>"#
[INFO] [stdout] 42 | |     ));
[INFO] [stdout]    | |______- in this macro invocation
[INFO] [stdout]    |
[INFO] [stdout]    = note: this error originates in the macro `assert_s3_snapshot` (in Nightly builds, run with -Z macro-backtrace for more info)
[INFO] [stdout] 
[INFO] [stdout] 
[INFO] [stdout] error[E0433]: cannot find module or crate `davinci_test_support` in this scope
[INFO] [stdout]   --> tests/placement_snapshots.rs:76:9
[INFO] [stdout]    |
[INFO] [stdout] 76 |     use davinci_test_support::surface_fixture::{MALFORMED, WELL_FORMED};
[INFO] [stdout]    |         ^^^^^^^^^^^^^^^^^^^^ use of unresolved module or unlinked crate `davinci_test_support`
[INFO] [stdout]    |
[INFO] [stdout]    = help: if you wanted to use a crate named `davinci_test_support`, use `cargo add davinci_test_support` to add it to your `Cargo.toml`
[INFO] [stdout] 
[INFO] [stdout] 
[INFO] [stdout] error[E0433]: cannot find `insta` in the list of imported crates
[INFO] [stdout]   --> tests/placement_snapshots.rs:18:15
[INFO] [stdout]    |
[INFO] [stdout] 18 |               ::insta::assert_snapshot!($value);
[INFO] [stdout]    |                 ^^^^^ could not find `insta` in the list of imported crates
[INFO] [stdout] ...
[INFO] [stdout] 89 | /     assert_placement_snapshot!(snapshot(
[INFO] [stdout] 90 | |         r#"<main class="shell"><h1>Title</h1><p :lang="locale">{{ label }}</p></main>"#
[INFO] [stdout] 91 | |     ));
[INFO] [stdout]    | |______- in this macro invocation
[INFO] [stdout]    |
[INFO] [stdout]    = note: this error originates in the macro `assert_placement_snapshot` (in Nightly builds, run with -Z macro-backtrace for more info)
[INFO] [stdout] 
[INFO] [stdout] 
[INFO] [stdout] error[E0433]: cannot find `insta` in the list of imported crates
[INFO] [stdout]   --> tests/placement_snapshots.rs:18:15
[INFO] [stdout]    |
[INFO] [stdout] 18 |             ::insta::assert_snapshot!($value);
[INFO] [stdout]    |               ^^^^^ could not find `insta` in the list of imported crates
[INFO] [stdout] ...
[INFO] [stdout] 84 |     assert_placement_snapshot!(output);
[INFO] [stdout]    |     ---------------------------------- in this macro invocation
[INFO] [stdout]    |
[INFO] [stdout]    = note: this error originates in the macro `assert_placement_snapshot` (in Nightly builds, run with -Z macro-backtrace for more info)
[INFO] [stdout] 
[INFO] [stdout] 
[INFO] [stdout] error[E0433]: cannot find `insta` in the list of imported crates
[INFO] [stdout]   --> tests/placement_snapshots.rs:18:15
[INFO] [stdout]    |
[INFO] [stdout] 18 |               ::insta::assert_snapshot!($value);
[INFO] [stdout]    |                 ^^^^^ could not find `insta` in the list of imported crates
[INFO] [stdout] ...
[INFO] [stdout] 67 | /     assert_placement_snapshot!(snapshot(
[INFO] [stdout] 68 | |         r#"<ul><li v-for="item in items" @click="pick(item)" :title="item.name">{{ item.name }}</li></ul>"#
[INFO] [stdout] 69 | |     ));
[INFO] [stdout]    | |______- in this macro invocation
[INFO] [stdout]    |
[INFO] [stdout]    = note: this error originates in the macro `assert_placement_snapshot` (in Nightly builds, run with -Z macro-backtrace for more info)
[INFO] [stdout] 
[INFO] [stdout] 
[INFO] [stdout] error[E0433]: cannot find `insta` in the list of imported crates
[INFO] [stdout]   --> tests/placement_snapshots.rs:18:15
[INFO] [stdout]    |
[INFO] [stdout] 18 |               ::insta::assert_snapshot!($value);
[INFO] [stdout]    |                 ^^^^^ could not find `insta` in the list of imported crates
[INFO] [stdout] ...
[INFO] [stdout] 60 | /     assert_placement_snapshot!(snapshot(
[INFO] [stdout] 61 | |         r#"<section><p v-if="ready"><b>ok</b> done</p><button @click="save">go</button></section>"#
[INFO] [stdout] 62 | |     ));
[INFO] [stdout]    | |______- in this macro invocation
[INFO] [stdout]    |
[INFO] [stdout]    = note: this error originates in the macro `assert_placement_snapshot` (in Nightly builds, run with -Z macro-backtrace for more info)
[INFO] [stdout] 
[INFO] [stdout] 
[INFO] [stdout] error[E0433]: cannot find `insta` in the list of imported crates
[INFO] [stdout]   --> tests/placement_snapshots.rs:18:15
[INFO] [stdout]    |
[INFO] [stdout] 18 |             ::insta::assert_snapshot!($value);
[INFO] [stdout]    |               ^^^^^ could not find `insta` in the list of imported crates
[INFO] [stdout] ...
[INFO] [stdout] 55 |     assert_placement_snapshot!(snapshot(r#"<div :title="msg">{{ msg }}</div>"#));
[INFO] [stdout]    |     ---------------------------------------------------------------------------- in this macro invocation
[INFO] [stdout]    |
[INFO] [stdout]    = note: this error originates in the macro `assert_placement_snapshot` (in Nightly builds, run with -Z macro-backtrace for more info)
[INFO] [stdout] 
[INFO] [stdout] 
[INFO] [stdout] error: couldn't read `tests/../../../tests/formal/impeto/fixtures/rust-lowered-control-slots.template.txt`: No such file or directory (os error 2)
[INFO] [stdout]   --> tests/lean_reference_fixture.rs:22:5
[INFO] [stdout]    |
[INFO] [stdout] 22 |     include_str!("../../../tests/formal/impeto/fixtures/rust-lowered-control-slots.template.txt");
[INFO] [stdout]    |     ^^^^^^^^^^^^^^^^^^^^^^^^^^^^^^^^^^^^^^^^^^^^^^^^^^^^^^^^^^^^^^^^^^^^^^^^^^^^^^^^^^^^^^^^^^^^^
[INFO] [stdout] 
[INFO] [stdout] 
[INFO] [stdout] error: couldn't read `tests/../../../tests/formal/impeto/fixtures/rust-lowered-static-dynamic.values.folio`: No such file or directory (os error 2)
[INFO] [stdout]   --> tests/lean_reference_fixture.rs:29:13
[INFO] [stdout]    |
[INFO] [stdout] 29 | /             include_str!(
[INFO] [stdout] 30 | |                 "../../../tests/formal/impeto/fixtures/rust-lowered-static-dynamic.values.folio"
[INFO] [stdout] 31 | |             ),
[INFO] [stdout]    | |_____________^
[INFO] [stdout] 
[INFO] [stdout] 
[INFO] [stdout] error: couldn't read `tests/../../../tests/formal/impeto/fixtures/rust-lowered-control-slots.values.folio`: No such file or directory (os error 2)
[INFO] [stdout]   --> tests/lean_reference_fixture.rs:35:13
[INFO] [stdout]    |
[INFO] [stdout] 35 | /             include_str!(
[INFO] [stdout] 36 | |                 "../../../tests/formal/impeto/fixtures/rust-lowered-control-slots.values.folio"
[INFO] [stdout] 37 | |             ),
[INFO] [stdout]    | |_____________^
[INFO] [stdout] 
[INFO] [stdout] 
[INFO] [stdout] error: couldn't read `tests/../../../tests/formal/impeto/fixtures/rust-lowered-static-dynamic.s3.folio`: No such file or directory (os error 2)
[INFO] [stdout]   --> tests/lean_reference_fixture.rs:59:13
[INFO] [stdout]    |
[INFO] [stdout] 59 | /             include_str!(
[INFO] [stdout] 60 | |                 "../../../tests/formal/impeto/fixtures/rust-lowered-static-dynamic.s3.folio"
[INFO] [stdout] 61 | |             ),
[INFO] [stdout]    | |_____________^
[INFO] [stdout] 
[INFO] [stdout] 
[INFO] [stdout] error: couldn't read `tests/../../../tests/formal/impeto/fixtures/rust-lowered-static-dynamic.trace`: No such file or directory (os error 2)
[INFO] [stdout]   --> tests/lean_reference_fixture.rs:62:13
[INFO] [stdout]    |
[INFO] [stdout] 62 |             include_str!("../../../tests/formal/impeto/fixtures/rust-lowered-static-dynamic.trace"),
[INFO] [stdout]    |             ^^^^^^^^^^^^^^^^^^^^^^^^^^^^^^^^^^^^^^^^^^^^^^^^^^^^^^^^^^^^^^^^^^^^^^^^^^^^^^^^^^^^^^^
[INFO] [stdout] 
[INFO] [stdout] 
[INFO] [stdout] error: couldn't read `tests/../../../tests/formal/impeto/fixtures/rust-lowered-static-dynamic.vdom.trace`: No such file or directory (os error 2)
[INFO] [stdout]   --> tests/lean_reference_fixture.rs:63:13
[INFO] [stdout]    |
[INFO] [stdout] 63 | /             include_str!(
[INFO] [stdout] 64 | |                 "../../../tests/formal/impeto/fixtures/rust-lowered-static-dynamic.vdom.trace"
[INFO] [stdout] 65 | |             ),
[INFO] [stdout]    | |_____________^
[INFO] [stdout] 
[INFO] [stdout] 
[INFO] [stdout] error: couldn't read `tests/../../../tests/formal/impeto/fixtures/rust-lowered-static-dynamic.vapor.trace`: No such file or directory (os error 2)
[INFO] [stdout]   --> tests/lean_reference_fixture.rs:66:13
[INFO] [stdout]    |
[INFO] [stdout] 66 | /             include_str!(
[INFO] [stdout] 67 | |                 "../../../tests/formal/impeto/fixtures/rust-lowered-static-dynamic.vapor.trace"
[INFO] [stdout] 68 | |             ),
[INFO] [stdout]    | |_____________^
[INFO] [stdout] 
[INFO] [stdout] 
[INFO] [stdout] error: couldn't read `tests/../../../tests/formal/impeto/fixtures/rust-lowered-control-slots.s3.folio`: No such file or directory (os error 2)
[INFO] [stdout]   --> tests/lean_reference_fixture.rs:72:13
[INFO] [stdout]    |
[INFO] [stdout] 72 | /             include_str!(
[INFO] [stdout] 73 | |                 "../../../tests/formal/impeto/fixtures/rust-lowered-control-slots.s3.folio"
[INFO] [stdout] 74 | |             ),
[INFO] [stdout]    | |_____________^
[INFO] [stdout] 
[INFO] [stdout] 
[INFO] [stdout] error: couldn't read `tests/../../../tests/formal/impeto/fixtures/rust-lowered-control-slots.trace`: No such file or directory (os error 2)
[INFO] [stdout]   --> tests/lean_reference_fixture.rs:75:13
[INFO] [stdout]    |
[INFO] [stdout] 75 |             include_str!("../../../tests/formal/impeto/fixtures/rust-lowered-control-slots.trace"),
[INFO] [stdout]    |             ^^^^^^^^^^^^^^^^^^^^^^^^^^^^^^^^^^^^^^^^^^^^^^^^^^^^^^^^^^^^^^^^^^^^^^^^^^^^^^^^^^^^^^
[INFO] [stdout] 
[INFO] [stdout] 
[INFO] [stdout] error: couldn't read `tests/../../../tests/formal/impeto/fixtures/rust-lowered-control-slots.vdom.trace`: No such file or directory (os error 2)
[INFO] [stdout]   --> tests/lean_reference_fixture.rs:76:13
[INFO] [stdout]    |
[INFO] [stdout] 76 | /             include_str!(
[INFO] [stdout] 77 | |                 "../../../tests/formal/impeto/fixtures/rust-lowered-control-slots.vdom.trace"
[INFO] [stdout] 78 | |             ),
[INFO] [stdout]    | |_____________^
[INFO] [stdout] 
[INFO] [stdout] 
[INFO] [stdout] error: couldn't read `tests/../../../tests/formal/impeto/fixtures/rust-lowered-control-slots.vapor.trace`: No such file or directory (os error 2)
[INFO] [stdout]   --> tests/lean_reference_fixture.rs:79:13
[INFO] [stdout]    |
[INFO] [stdout] 79 | /             include_str!(
[INFO] [stdout] 80 | |                 "../../../tests/formal/impeto/fixtures/rust-lowered-control-slots.vapor.trace"
[INFO] [stdout] 81 | |             ),
[INFO] [stdout]    | |_____________^
[INFO] [stdout] 
[INFO] [stdout] 
[INFO] [stdout] error[E0432]: unresolved import `serde_json`
[INFO] [stdout]   --> tests/lean_reference_fixture/matrix.rs:18:5
[INFO] [stdout]    |
[INFO] [stdout] 18 | use serde_json::{Value, json};
[INFO] [stdout]    |     ^^^^^^^^^^ use of unresolved module or unlinked crate `serde_json`
[INFO] [stdout]    |
[INFO] [stdout]    = help: if you wanted to use a crate named `serde_json`, use `cargo add serde_json` to add it to your `Cargo.toml`
[INFO] [stdout] 
[INFO] [stdout] 
[INFO] [stdout] error[E0432]: unresolved import `serde_json`
[INFO] [stdout]   --> tests/lean_reference_fixture/models.rs:18:5
[INFO] [stdout]    |
[INFO] [stdout] 18 | use serde_json::{Value, json};
[INFO] [stdout]    |     ^^^^^^^^^^ use of unresolved module or unlinked crate `serde_json`
[INFO] [stdout]    |
[INFO] [stdout]    = help: if you wanted to use a crate named `serde_json`, use `cargo add serde_json` to add it to your `Cargo.toml`
[INFO] [stdout] 
[INFO] [stdout] 
[INFO] [stdout] error[E0432]: unresolved import `serde_json`
[INFO] [stdout]   --> tests/lean_reference_fixture/slots.rs:17:5
[INFO] [stdout]    |
[INFO] [stdout] 17 | use serde_json::{Value, json};
[INFO] [stdout]    |     ^^^^^^^^^^ use of unresolved module or unlinked crate `serde_json`
[INFO] [stdout]    |
[INFO] [stdout]    = help: if you wanted to use a crate named `serde_json`, use `cargo add serde_json` to add it to your `Cargo.toml`
[INFO] [stdout] 
[INFO] [stdout] 
[INFO] [stdout] error[E0433]: cannot find module or crate `vize_s1` in this scope
[INFO] [stdout]   --> tests/extraction_snapshots.rs:31:26
[INFO] [stdout]    |
[INFO] [stdout] 31 |     let (tree, errors) = vize_s1::parse(&allocator, source);
[INFO] [stdout]    |                          ^^^^^^^ use of unresolved module or unlinked crate `vize_s1`
[INFO] [stdout]    |
[INFO] [stdout] help: there is a crate or module with a similar name
[INFO] [stdout]    |
[INFO] [stdout] 31 -     let (tree, errors) = vize_s1::parse(&allocator, source);
[INFO] [stdout] 31 +     let (tree, errors) = vize_s0::parse(&allocator, source);
[INFO] [stdout]    |
[INFO] [stdout] 
[INFO] [stdout] 
[INFO] [stdout] error[E0433]: cannot find module or crate `vize_s1_to_s2` in this scope
[INFO] [stdout]   --> tests/extraction_snapshots.rs:32:14
[INFO] [stdout]    |
[INFO] [stdout] 32 |     let s2 = vize_s1_to_s2::lower(&allocator, &tree, &errors);
[INFO] [stdout]    |              ^^^^^^^^^^^^^ use of unresolved module or unlinked crate `vize_s1_to_s2`
[INFO] [stdout]    |
[INFO] [stdout] help: there is a crate or module with a similar name
[INFO] [stdout]    |
[INFO] [stdout] 32 -     let s2 = vize_s1_to_s2::lower(&allocator, &tree, &errors);
[INFO] [stdout] 32 +     let s2 = vize_s2_to_s3::lower(&allocator, &tree, &errors);
[INFO] [stdout]    |
[INFO] [stdout] 
[INFO] [stdout] 
[INFO] [stdout] error[E0433]: cannot find module or crate `vize_s1` in this scope
[INFO] [stdout]   --> tests/value_operands.rs:16:30
[INFO] [stdout]    |
[INFO] [stdout] 16 |         let (tree, errors) = vize_s1::parse(&s2_arena, &source);
[INFO] [stdout]    |                              ^^^^^^^ use of unresolved module or unlinked crate `vize_s1`
[INFO] [stdout]    |
[INFO] [stdout] help: there is a crate or module with a similar name
[INFO] [stdout]    |
[INFO] [stdout] 16 -         let (tree, errors) = vize_s1::parse(&s2_arena, &source);
[INFO] [stdout] 16 +         let (tree, errors) = vize_s0::parse(&s2_arena, &source);
[INFO] [stdout]    |
[INFO] [stdout] 
[INFO] [stdout] 
[INFO] [stdout] error[E0433]: cannot find module or crate `vize_s1_to_s2` in this scope
[INFO] [stdout]   --> tests/value_operands.rs:18:18
[INFO] [stdout]    |
[INFO] [stdout] 18 |         let s2 = vize_s1_to_s2::lower(&s2_arena, &tree, &errors);
[INFO] [stdout]    |                  ^^^^^^^^^^^^^ use of unresolved module or unlinked crate `vize_s1_to_s2`
[INFO] [stdout]    |
[INFO] [stdout] help: there is a crate or module with a similar name
[INFO] [stdout]    |
[INFO] [stdout] 18 -         let s2 = vize_s1_to_s2::lower(&s2_arena, &tree, &errors);
[INFO] [stdout] 18 +         let s2 = vize_s2_to_s3::lower(&s2_arena, &tree, &errors);
[INFO] [stdout]    |
[INFO] [stdout] 
[INFO] [stdout] 
[INFO] [stdout] error[E0433]: cannot find module or crate `vize_s1` in this scope
[INFO] [stdout]  --> tests/lowering.rs:8:26
[INFO] [stdout]   |
[INFO] [stdout] 8 |     let (tree, errors) = vize_s1::parse(&allocator, source);
[INFO] [stdout]   |                          ^^^^^^^ use of unresolved module or unlinked crate `vize_s1`
[INFO] [stdout]   |
[INFO] [stdout] help: there is a crate or module with a similar name
[INFO] [stdout]   |
[INFO] [stdout] 8 -     let (tree, errors) = vize_s1::parse(&allocator, source);
[INFO] [stdout] 8 +     let (tree, errors) = vize_s0::parse(&allocator, source);
[INFO] [stdout]   |
[INFO] [stdout] 
[INFO] [stdout] 
[INFO] [stdout] error[E0433]: cannot find module or crate `vize_s1` in this scope
[INFO] [stdout]   --> tests/partition_folio.rs:35:26
[INFO] [stdout]    |
[INFO] [stdout] 35 |     let (tree, errors) = vize_s1::parse(&allocator, source);
[INFO] [stdout]    |                          ^^^^^^^ use of unresolved module or unlinked crate `vize_s1`
[INFO] [stdout]    |
[INFO] [stdout] help: there is a crate or module with a similar name
[INFO] [stdout]    |
[INFO] [stdout] 35 -     let (tree, errors) = vize_s1::parse(&allocator, source);
[INFO] [stdout] 35 +     let (tree, errors) = vize_s0::parse(&allocator, source);
[INFO] [stdout]    |
[INFO] [stdout] 
[INFO] [stdout] 
[INFO] [stdout] error[E0433]: cannot find module or crate `vize_s1_to_s2` in this scope
[INFO] [stdout]  --> tests/lowering.rs:9:14
[INFO] [stdout]   |
[INFO] [stdout] 9 |     let s2 = vize_s1_to_s2::lower(&allocator, &tree, &errors);
[INFO] [stdout]   |              ^^^^^^^^^^^^^ use of unresolved module or unlinked crate `vize_s1_to_s2`
[INFO] [stdout]   |
[INFO] [stdout] help: there is a crate or module with a similar name
[INFO] [stdout]   |
[INFO] [stdout] 9 -     let s2 = vize_s1_to_s2::lower(&allocator, &tree, &errors);
[INFO] [stdout] 9 +     let s2 = vize_s2_to_s3::lower(&allocator, &tree, &errors);
[INFO] [stdout]   |
[INFO] [stdout] 
[INFO] [stdout] 
[INFO] [stdout] error[E0433]: cannot find module or crate `vize_s1_to_s2` in this scope
[INFO] [stdout]   --> tests/partition_folio.rs:36:14
[INFO] [stdout]    |
[INFO] [stdout] 36 |     let s2 = vize_s1_to_s2::lower(&allocator, &tree, &errors);
[INFO] [stdout]    |              ^^^^^^^^^^^^^ use of unresolved module or unlinked crate `vize_s1_to_s2`
[INFO] [stdout]    |
[INFO] [stdout] help: there is a crate or module with a similar name
[INFO] [stdout]    |
[INFO] [stdout] 36 -     let s2 = vize_s1_to_s2::lower(&allocator, &tree, &errors);
[INFO] [stdout] 36 +     let s2 = vize_s2_to_s3::lower(&allocator, &tree, &errors);
[INFO] [stdout]    |
[INFO] [stdout] 
[INFO] [stdout] 
[INFO] [stdout] For more information about this error, try `rustc --explain E0433`.
[INFO] [stdout] 
[INFO] [stdout] error[E0433]: cannot find module or crate `vize_s1` in this scope
[INFO] [stdout]   --> tests/s3_snapshots.rs:24:26
[INFO] [stdout]    |
[INFO] [stdout] 24 |     let (tree, errors) = vize_s1::parse(&allocator, source);
[INFO] [stdout]    |                          ^^^^^^^ use of unresolved module or unlinked crate `vize_s1`
[INFO] [stdout]    |
[INFO] [stdout] help: there is a crate or module with a similar name
[INFO] [stdout]    |
[INFO] [stdout] 24 -     let (tree, errors) = vize_s1::parse(&allocator, source);
[INFO] [stdout] 24 +     let (tree, errors) = vize_s0::parse(&allocator, source);
[INFO] [stdout]    |
[INFO] [stdout] 
[INFO] [stdout] 
[INFO] [stdout] error[E0433]: cannot find module or crate `vize_s1_to_s2` in this scope
[INFO] [stdout]   --> tests/s3_snapshots.rs:25:14
[INFO] [stdout]    |
[INFO] [stdout] 25 |     let s2 = vize_s1_to_s2::lower(&allocator, &tree, &errors);
[INFO] [stdout]    |              ^^^^^^^^^^^^^ use of unresolved module or unlinked crate `vize_s1_to_s2`
[INFO] [stdout]    |
[INFO] [stdout] help: there is a crate or module with a similar name
[INFO] [stdout]    |
[INFO] [stdout] 25 -     let s2 = vize_s1_to_s2::lower(&allocator, &tree, &errors);
[INFO] [stdout] 25 +     let s2 = vize_s2_to_s3::lower(&allocator, &tree, &errors);
[INFO] [stdout]    |
[INFO] [stdout] 
[INFO] [stdout] 
[INFO] [stdout] For more information about this error, try `rustc --explain E0433`.
[INFO] [stdout] 
[INFO] [stderr] error: could not compile `vize_s2_to_s3` (test "extraction_snapshots") due to 11 previous errors
[INFO] [stderr] warning: build failed, waiting for other jobs to finish...
[INFO] [stdout] For more information about this error, try `rustc --explain E0433`.
[INFO] [stdout] 
[INFO] [stdout] For more information about this error, try `rustc --explain E0433`.
[INFO] [stdout] 
[INFO] [stderr] error: could not compile `vize_s2_to_s3` (test "s3_snapshots") due to 4 previous errors
[INFO] [stdout] For more information about this error, try `rustc --explain E0433`.
[INFO] [stdout] 
[INFO] [stderr] error: could not compile `vize_s2_to_s3` (test "partition_folio") due to 2 previous errors
[INFO] [stderr] error: could not compile `vize_s2_to_s3` (test "value_operands") due to 2 previous errors
[INFO] [stderr] error: could not compile `vize_s2_to_s3` (test "lowering") due to 2 previous errors
[INFO] [stdout] error[E0433]: cannot find module or crate `vize_s1` in this scope
[INFO] [stdout]   --> tests/partition_stale.rs:15:26
[INFO] [stdout]    |
[INFO] [stdout] 15 |     let (tree, errors) = vize_s1::parse(&allocator, SOURCE);
[INFO] [stdout]    |                          ^^^^^^^ use of unresolved module or unlinked crate `vize_s1`
[INFO] [stdout]    |
[INFO] [stdout] help: there is a crate or module with a similar name
[INFO] [stdout]    |
[INFO] [stdout] 15 -     let (tree, errors) = vize_s1::parse(&allocator, SOURCE);
[INFO] [stdout] 15 +     let (tree, errors) = vize_s0::parse(&allocator, SOURCE);
[INFO] [stdout]    |
[INFO] [stdout] 
[INFO] [stdout] 
[INFO] [stdout] error[E0433]: cannot find module or crate `vize_s1_to_s2` in this scope
[INFO] [stdout]   --> tests/partition_stale.rs:16:14
[INFO] [stdout]    |
[INFO] [stdout] 16 |     let s2 = vize_s1_to_s2::lower(&allocator, &tree, &errors);
[INFO] [stdout]    |              ^^^^^^^^^^^^^ use of unresolved module or unlinked crate `vize_s1_to_s2`
[INFO] [stdout]    |
[INFO] [stdout] help: there is a crate or module with a similar name
[INFO] [stdout]    |
[INFO] [stdout] 16 -     let s2 = vize_s1_to_s2::lower(&allocator, &tree, &errors);
[INFO] [stdout] 16 +     let s2 = vize_s2_to_s3::lower(&allocator, &tree, &errors);
[INFO] [stdout]    |
[INFO] [stdout] 
[INFO] [stdout] 
[INFO] [stdout] error[E0433]: cannot find module or crate `vize_s1` in this scope
[INFO] [stdout]   --> tests/placement_snapshots.rs:30:26
[INFO] [stdout]    |
[INFO] [stdout] 30 |     let (tree, errors) = vize_s1::parse(&allocator, source);
[INFO] [stdout]    |                          ^^^^^^^ use of unresolved module or unlinked crate `vize_s1`
[INFO] [stdout]    |
[INFO] [stdout] help: there is a crate or module with a similar name
[INFO] [stdout]    |
[INFO] [stdout] 30 -     let (tree, errors) = vize_s1::parse(&allocator, source);
[INFO] [stdout] 30 +     let (tree, errors) = vize_s0::parse(&allocator, source);
[INFO] [stdout]    |
[INFO] [stdout] 
[INFO] [stdout] 
[INFO] [stdout] error[E0433]: cannot find module or crate `vize_s1_to_s2` in this scope
[INFO] [stdout]   --> tests/placement_snapshots.rs:31:14
[INFO] [stdout]    |
[INFO] [stdout] 31 |     let s2 = vize_s1_to_s2::lower(&allocator, &tree, &errors);
[INFO] [stdout]    |              ^^^^^^^^^^^^^ use of unresolved module or unlinked crate `vize_s1_to_s2`
[INFO] [stdout]    |
[INFO] [stdout] help: there is a crate or module with a similar name
[INFO] [stdout]    |
[INFO] [stdout] 31 -     let s2 = vize_s1_to_s2::lower(&allocator, &tree, &errors);
[INFO] [stdout] 31 +     let s2 = vize_s2_to_s3::lower(&allocator, &tree, &errors);
[INFO] [stdout]    |
[INFO] [stdout] 
[INFO] [stdout] 
[INFO] [stdout] error[E0432]: unresolved import `vize_atelier_sfc`
[INFO] [stdout]   --> tests/davinci_s3_remarks_corpus.rs:18:5
[INFO] [stdout]    |
[INFO] [stdout] 18 | use vize_atelier_sfc::{SfcParseOptions, parse_sfc};
[INFO] [stdout]    |     ^^^^^^^^^^^^^^^^ use of unresolved module or unlinked crate `vize_atelier_sfc`
[INFO] [stdout]    |
[INFO] [stdout]    = help: if you wanted to use a crate named `vize_atelier_sfc`, use `cargo add vize_atelier_sfc` to add it to your `Cargo.toml`
[INFO] [stdout] 
[INFO] [stdout] 
[INFO] [stdout] For more information about this error, try `rustc --explain E0433`.
[INFO] [stdout] 
[INFO] [stderr] error: could not compile `vize_s2_to_s3` (test "placement_snapshots") due to 8 previous errors
[INFO] [stdout] For more information about this error, try `rustc --explain E0433`.
[INFO] [stdout] 
[INFO] [stderr] error: could not compile `vize_s2_to_s3` (test "partition_stale") due to 2 previous errors
[INFO] [stdout] error[E0433]: cannot find module or crate `vize_s1` in this scope
[INFO] [stdout]   --> tests/lean_reference_fixture/loops.rs:22:30
[INFO] [stdout]    |
[INFO] [stdout] 22 |         let (tree, errors) = vize_s1::parse(&allocator, source.trim_end());
[INFO] [stdout]    |                              ^^^^^^^ use of unresolved module or unlinked crate `vize_s1`
[INFO] [stdout]    |
[INFO] [stdout] help: there is a crate or module with a similar name
[INFO] [stdout]    |
[INFO] [stdout] 22 -         let (tree, errors) = vize_s1::parse(&allocator, source.trim_end());
[INFO] [stdout] 22 +         let (tree, errors) = vize_s0::parse(&allocator, source.trim_end());
[INFO] [stdout]    |
[INFO] [stdout] 
[INFO] [stdout] 
[INFO] [stdout] error[E0433]: cannot find module or crate `vize_s1_to_s2` in this scope
[INFO] [stdout]   --> tests/lean_reference_fixture/loops.rs:24:18
[INFO] [stdout]    |
[INFO] [stdout] 24 |         let s2 = vize_s1_to_s2::lower(&allocator, &tree, &errors);
[INFO] [stdout]    |                  ^^^^^^^^^^^^^ use of unresolved module or unlinked crate `vize_s1_to_s2`
[INFO] [stdout]    |
[INFO] [stdout] help: there is a crate or module with a similar name
[INFO] [stdout]    |
[INFO] [stdout] 24 -         let s2 = vize_s1_to_s2::lower(&allocator, &tree, &errors);
[INFO] [stdout] 24 +         let s2 = vize_s2_to_s3::lower(&allocator, &tree, &errors);
[INFO] [stdout]    |
[INFO] [stdout] 
[INFO] [stdout] 
[INFO] [stdout] error[E0433]: cannot find module or crate `vize_s1` in this scope
[INFO] [stdout]   --> tests/davinci_s3_remarks_corpus.rs:83:26
[INFO] [stdout]    |
[INFO] [stdout] 83 |     let (tree, errors) = vize_s1::parse(&allocator, &template.content);
[INFO] [stdout]    |                          ^^^^^^^ use of unresolved module or unlinked crate `vize_s1`
[INFO] [stdout]    |
[INFO] [stdout] help: there is a crate or module with a similar name
[INFO] [stdout]    |
[INFO] [stdout] 83 -     let (tree, errors) = vize_s1::parse(&allocator, &template.content);
[INFO] [stdout] 83 +     let (tree, errors) = vize_s0::parse(&allocator, &template.content);
[INFO] [stdout]    |
[INFO] [stdout] 
[INFO] [stdout] 
[INFO] [stdout] error[E0433]: cannot find module or crate `vize_s1_to_s2` in this scope
[INFO] [stdout]   --> tests/davinci_s3_remarks_corpus.rs:84:14
[INFO] [stdout]    |
[INFO] [stdout] 84 |     let s2 = vize_s1_to_s2::lower(&allocator, &tree, &errors);
[INFO] [stdout]    |              ^^^^^^^^^^^^^ use of unresolved module or unlinked crate `vize_s1_to_s2`
[INFO] [stdout]    |
[INFO] [stdout] help: there is a crate or module with a similar name
[INFO] [stdout]    |
[INFO] [stdout] 84 -     let s2 = vize_s1_to_s2::lower(&allocator, &tree, &errors);
[INFO] [stdout] 84 +     let s2 = vize_s2_to_s3::lower(&allocator, &tree, &errors);
[INFO] [stdout]    |
[INFO] [stdout] 
[INFO] [stdout] 
[INFO] [stdout] error[E0433]: cannot find module or crate `vize_s1` in this scope
[INFO] [stdout]    --> tests/lean_reference_fixture/matrix.rs:167:26
[INFO] [stdout]     |
[INFO] [stdout] 167 |     let (tree, errors) = vize_s1::parse(&allocator, source);
[INFO] [stdout]     |                          ^^^^^^^ use of unresolved module or unlinked crate `vize_s1`
[INFO] [stdout]     |
[INFO] [stdout] help: there is a crate or module with a similar name
[INFO] [stdout]     |
[INFO] [stdout] 167 -     let (tree, errors) = vize_s1::parse(&allocator, source);
[INFO] [stdout] 167 +     let (tree, errors) = vize_s0::parse(&allocator, source);
[INFO] [stdout]     |
[INFO] [stdout] 
[INFO] [stdout] 
[INFO] [stdout] error[E0433]: cannot find module or crate `vize_s1_to_s2` in this scope
[INFO] [stdout]    --> tests/lean_reference_fixture/matrix.rs:169:14
[INFO] [stdout]     |
[INFO] [stdout] 169 |     let s2 = vize_s1_to_s2::lower(&allocator, &tree, &errors);
[INFO] [stdout]     |              ^^^^^^^^^^^^^ use of unresolved module or unlinked crate `vize_s1_to_s2`
[INFO] [stdout]     |
[INFO] [stdout] help: there is a crate or module with a similar name
[INFO] [stdout]     |
[INFO] [stdout] 169 -     let s2 = vize_s1_to_s2::lower(&allocator, &tree, &errors);
[INFO] [stdout] 169 +     let s2 = vize_s2_to_s3::lower(&allocator, &tree, &errors);
[INFO] [stdout]     |
[INFO] [stdout] 
[INFO] [stdout] 
[INFO] [stdout] Some errors have detailed explanations: E0432, E0433.
[INFO] [stdout] 
[INFO] [stdout] For more information about an error, try `rustc --explain E0432`.
[INFO] [stdout] 
[INFO] [stderr] error: could not compile `vize_s2_to_s3` (test "davinci_s3_remarks_corpus") due to 3 previous errors
[INFO] [stdout] error[E0433]: cannot find module or crate `vize_s1` in this scope
[INFO] [stdout]    --> tests/lean_reference_fixture/models.rs:173:26
[INFO] [stdout]     |
[INFO] [stdout] 173 |     let (tree, errors) = vize_s1::parse(&allocator, source);
[INFO] [stdout]     |                          ^^^^^^^ use of unresolved module or unlinked crate `vize_s1`
[INFO] [stdout]     |
[INFO] [stdout] help: there is a crate or module with a similar name
[INFO] [stdout]     |
[INFO] [stdout] 173 -     let (tree, errors) = vize_s1::parse(&allocator, source);
[INFO] [stdout] 173 +     let (tree, errors) = vize_s0::parse(&allocator, source);
[INFO] [stdout]     |
[INFO] [stdout] 
[INFO] [stdout] 
[INFO] [stdout] error[E0433]: cannot find module or crate `vize_s1_to_s2` in this scope
[INFO] [stdout]    --> tests/lean_reference_fixture/models.rs:175:14
[INFO] [stdout]     |
[INFO] [stdout] 175 |     let s2 = vize_s1_to_s2::lower(&allocator, &tree, &errors);
[INFO] [stdout]     |              ^^^^^^^^^^^^^ use of unresolved module or unlinked crate `vize_s1_to_s2`
[INFO] [stdout]     |
[INFO] [stdout] help: there is a crate or module with a similar name
[INFO] [stdout]     |
[INFO] [stdout] 175 -     let s2 = vize_s1_to_s2::lower(&allocator, &tree, &errors);
[INFO] [stdout] 175 +     let s2 = vize_s2_to_s3::lower(&allocator, &tree, &errors);
[INFO] [stdout]     |
[INFO] [stdout] 
[INFO] [stdout] 
[INFO] [stdout] error[E0277]: the size for values of type `str` cannot be known at compilation time
[INFO] [stdout]    --> tests/lean_reference_fixture/models.rs:276:16
[INFO] [stdout]     |
[INFO] [stdout] 276 |     for (name, template, context, steps) in cases {
[INFO] [stdout]     |                ^^^^^^^^ doesn't have a size known at compile-time
[INFO] [stdout]     |
[INFO] [stdout]     = help: the trait `Sized` is not implemented for `str`
[INFO] [stdout]     = note: all local variables must have a statically known size
[INFO] [stdout] 
[INFO] [stdout] 
[INFO] [stdout] error[E0277]: the size for values of type `str` cannot be known at compilation time
[INFO] [stdout]    --> tests/lean_reference_fixture/models.rs:276:45
[INFO] [stdout]     |
[INFO] [stdout] 276 |     for (name, template, context, steps) in cases {
[INFO] [stdout]     |                                             ^^^^^ doesn't have a size known at compile-time
[INFO] [stdout]     |
[INFO] [stdout]     = help: the trait `Sized` is not implemented for `str`
[INFO] [stdout]     = note: only the last element of a tuple may have a dynamically sized type
[INFO] [stdout] 
[INFO] [stdout] 
[INFO] [stdout] error[E0433]: cannot find module or crate `vize_s1` in this scope
[INFO] [stdout]    --> tests/lean_reference_fixture/schedule.rs:127:34
[INFO] [stdout]     |
[INFO] [stdout] 127 |             let (tree, errors) = vize_s1::parse(&allocator, source.trim_end());
[INFO] [stdout]     |                                  ^^^^^^^ use of unresolved module or unlinked crate `vize_s1`
[INFO] [stdout]     |
[INFO] [stdout] help: there is a crate or module with a similar name
[INFO] [stdout]     |
[INFO] [stdout] 127 -             let (tree, errors) = vize_s1::parse(&allocator, source.trim_end());
[INFO] [stdout] 127 +             let (tree, errors) = vize_s0::parse(&allocator, source.trim_end());
[INFO] [stdout]     |
[INFO] [stdout] 
[INFO] [stdout] 
[INFO] [stdout] error[E0433]: cannot find module or crate `vize_s1_to_s2` in this scope
[INFO] [stdout]    --> tests/lean_reference_fixture/schedule.rs:129:22
[INFO] [stdout]     |
[INFO] [stdout] 129 |             let s2 = vize_s1_to_s2::lower(&allocator, &tree, &errors);
[INFO] [stdout]     |                      ^^^^^^^^^^^^^ use of unresolved module or unlinked crate `vize_s1_to_s2`
[INFO] [stdout]     |
[INFO] [stdout] help: there is a crate or module with a similar name
[INFO] [stdout]     |
[INFO] [stdout] 129 -             let s2 = vize_s1_to_s2::lower(&allocator, &tree, &errors);
[INFO] [stdout] 129 +             let s2 = vize_s2_to_s3::lower(&allocator, &tree, &errors);
[INFO] [stdout]     |
[INFO] [stdout] 
[INFO] [stdout] 
[INFO] [stdout] error[E0433]: cannot find module or crate `vize_s1` in this scope
[INFO] [stdout]    --> tests/lean_reference_fixture/slots.rs:113:26
[INFO] [stdout]     |
[INFO] [stdout] 113 |     let (tree, errors) = vize_s1::parse(&allocator, source);
[INFO] [stdout]     |                          ^^^^^^^ use of unresolved module or unlinked crate `vize_s1`
[INFO] [stdout]     |
[INFO] [stdout] help: there is a crate or module with a similar name
[INFO] [stdout]     |
[INFO] [stdout] 113 -     let (tree, errors) = vize_s1::parse(&allocator, source);
[INFO] [stdout] 113 +     let (tree, errors) = vize_s0::parse(&allocator, source);
[INFO] [stdout]     |
[INFO] [stdout] 
[INFO] [stdout] 
[INFO] [stdout] error[E0433]: cannot find module or crate `vize_s1_to_s2` in this scope
[INFO] [stdout]    --> tests/lean_reference_fixture/slots.rs:115:14
[INFO] [stdout]     |
[INFO] [stdout] 115 |     let s2 = vize_s1_to_s2::lower(&allocator, &tree, &errors);
[INFO] [stdout]     |              ^^^^^^^^^^^^^ use of unresolved module or unlinked crate `vize_s1_to_s2`
[INFO] [stdout]     |
[INFO] [stdout] help: there is a crate or module with a similar name
[INFO] [stdout]     |
[INFO] [stdout] 115 -     let s2 = vize_s1_to_s2::lower(&allocator, &tree, &errors);
[INFO] [stdout] 115 +     let s2 = vize_s2_to_s3::lower(&allocator, &tree, &errors);
[INFO] [stdout]     |
[INFO] [stdout] 
[INFO] [stdout] 
[INFO] [stdout] error[E0433]: cannot find module or crate `vize_s1` in this scope
[INFO] [stdout]   --> tests/lean_reference_fixture.rs:41:30
[INFO] [stdout]    |
[INFO] [stdout] 41 |         let (tree, errors) = vize_s1::parse(&allocator, source.trim_end());
[INFO] [stdout]    |                              ^^^^^^^ use of unresolved module or unlinked crate `vize_s1`
[INFO] [stdout]    |
[INFO] [stdout] help: there is a crate or module with a similar name
[INFO] [stdout]    |
[INFO] [stdout] 41 -         let (tree, errors) = vize_s1::parse(&allocator, source.trim_end());
[INFO] [stdout] 41 +         let (tree, errors) = vize_s0::parse(&allocator, source.trim_end());
[INFO] [stdout]    |
[INFO] [stdout] 
[INFO] [stdout] 
[INFO] [stdout] error[E0433]: cannot find module or crate `vize_s1_to_s2` in this scope
[INFO] [stdout]   --> tests/lean_reference_fixture.rs:43:18
[INFO] [stdout]    |
[INFO] [stdout] 43 |         let s2 = vize_s1_to_s2::lower(&allocator, &tree, &errors);
[INFO] [stdout]    |                  ^^^^^^^^^^^^^ use of unresolved module or unlinked crate `vize_s1_to_s2`
[INFO] [stdout]    |
[INFO] [stdout] help: there is a crate or module with a similar name
[INFO] [stdout]    |
[INFO] [stdout] 43 -         let s2 = vize_s1_to_s2::lower(&allocator, &tree, &errors);
[INFO] [stdout] 43 +         let s2 = vize_s2_to_s3::lower(&allocator, &tree, &errors);
[INFO] [stdout]    |
[INFO] [stdout] 
[INFO] [stdout] 
[INFO] [stdout] error[E0433]: cannot find module or crate `vize_s1` in this scope
[INFO] [stdout]    --> tests/lean_reference_fixture.rs:104:26
[INFO] [stdout]     |
[INFO] [stdout] 104 |     let (tree, errors) = vize_s1::parse(&allocator, source.trim_end());
[INFO] [stdout]     |                          ^^^^^^^ use of unresolved module or unlinked crate `vize_s1`
[INFO] [stdout]     |
[INFO] [stdout] help: there is a crate or module with a similar name
[INFO] [stdout]     |
[INFO] [stdout] 104 -     let (tree, errors) = vize_s1::parse(&allocator, source.trim_end());
[INFO] [stdout] 104 +     let (tree, errors) = vize_s0::parse(&allocator, source.trim_end());
[INFO] [stdout]     |
[INFO] [stdout] 
[INFO] [stdout] 
[INFO] [stdout] error[E0433]: cannot find module or crate `vize_s1_to_s2` in this scope
[INFO] [stdout]    --> tests/lean_reference_fixture.rs:106:14
[INFO] [stdout]     |
[INFO] [stdout] 106 |     let s2 = vize_s1_to_s2::lower(&allocator, &tree, &errors);
[INFO] [stdout]     |              ^^^^^^^^^^^^^ use of unresolved module or unlinked crate `vize_s1_to_s2`
[INFO] [stdout]     |
[INFO] [stdout] help: there is a crate or module with a similar name
[INFO] [stdout]     |
[INFO] [stdout] 106 -     let s2 = vize_s1_to_s2::lower(&allocator, &tree, &errors);
[INFO] [stdout] 106 +     let s2 = vize_s2_to_s3::lower(&allocator, &tree, &errors);
[INFO] [stdout]     |
[INFO] [stdout] 
[INFO] [stdout] 
[INFO] [stdout] error[E0433]: cannot find module or crate `serde_json` in this scope
[INFO] [stdout]    --> tests/lean_reference_fixture/matrix.rs:115:24
[INFO] [stdout]     |
[INFO] [stdout] 115 |             let table: serde_json::Map<String, Value> = rows
[INFO] [stdout]     |                        ^^^^^^^^^^ use of unresolved module or unlinked crate `serde_json`
[INFO] [stdout]     |
[INFO] [stdout]     = help: if you wanted to use a crate named `serde_json`, use `cargo add serde_json` to add it to your `Cargo.toml`
[INFO] [stdout] 
[INFO] [stdout] 
[INFO] [stdout] Some errors have detailed explanations: E0277, E0432, E0433.
[INFO] [stdout] 
[INFO] [stdout] For more information about an error, try `rustc --explain E0277`.
[INFO] [stdout] 
[INFO] [stderr] error: could not compile `vize_s2_to_s3` (test "lean_reference_fixture") due to 31 previous errors
[INFO] running `Command { std: "docker" "inspect" "d4c6228461d2446762dc83e20c56746a2a225a88d226df9b2b35c9575d7bad54", kill_on_drop: false }`
[INFO] running `Command { std: "docker" "rm" "-f" "d4c6228461d2446762dc83e20c56746a2a225a88d226df9b2b35c9575d7bad54", kill_on_drop: false }`
[INFO] [stdout] d4c6228461d2446762dc83e20c56746a2a225a88d226df9b2b35c9575d7bad54
