[INFO] fetching crate vitui-runtime 0.1.0...
[INFO] testing vitui-runtime-0.1.0 against 1.100.0-beta.1 for beta-1.100-2
[INFO] extracting crate vitui-runtime 0.1.0 into /workspace/builds/worker-6-tc2/source
[INFO] started tweaking crates.io crate vitui-runtime 0.1.0
[INFO] removed 0 missing examples
[INFO] removed 0 missing tests
[INFO] finished tweaking crates.io crate vitui-runtime 0.1.0
[INFO] tweaked toml for crates.io crate vitui-runtime 0.1.0 written to /workspace/builds/worker-6-tc2/source/Cargo.toml
[INFO] validating manifest of crates.io crate vitui-runtime 0.1.0 on toolchain 1.100.0-beta.1
[INFO] running `Command { std: CARGO_HOME="/workspace/cargo-home" RUSTUP_HOME="/workspace/rustup-home" "/workspace/cargo-home/bin/cargo" "+1.100.0-beta.1" "metadata" "--manifest-path" "Cargo.toml" "--no-deps", kill_on_drop: false }`
[INFO] crate crates.io crate vitui-runtime 0.1.0 already has a lockfile, it will not be regenerated
[INFO] running `Command { std: CARGO_HOME="/workspace/cargo-home" RUSTUP_HOME="/workspace/rustup-home" "/workspace/cargo-home/bin/cargo" "+1.100.0-beta.1" "fetch" "--manifest-path" "Cargo.toml", kill_on_drop: false }`
[INFO] [stderr]     Blocking waiting for file lock on package cache
[INFO] running `Command { std: "docker" "create" "-v" "/var/lib/crater-agent-workspace/builds/worker-6-tc2/source:/opt/rustwide/workdir:ro,Z" "-v" "/var/lib/crater-agent-workspace/builds/worker-6-tc2/target:/opt/rustwide/target:rw,Z" "-v" "/var/lib/crater-agent-workspace/cargo-home:/opt/rustwide/cargo-home:ro,Z" "-v" "/var/lib/crater-agent-workspace/rustup-home:/opt/rustwide/rustup-home:ro,Z" "-m" "1610612736" "--network" "none" "ghcr.io/rust-lang/crates-build-env/linux@sha256:3111399a4047eeb3a02b7a90e478d715f38a8c6669b5c4b49d30a17385265909" "sleep" "infinity", kill_on_drop: false }`
[INFO] [stdout] c6195ef7a76e32886211180ac5144e5a3acaddcba35e1d8e680a7607318f52dc
[INFO] running `Command { std: "docker" "start" "c6195ef7a76e32886211180ac5144e5a3acaddcba35e1d8e680a7607318f52dc", kill_on_drop: false }`
[INFO] running `Command { std: "docker" "inspect" "c6195ef7a76e32886211180ac5144e5a3acaddcba35e1d8e680a7607318f52dc", kill_on_drop: false }`
[INFO] running `Command { std: "docker" "exec" "-e" "SOURCE_DIR=/opt/rustwide/workdir" "-e" "CARGO_HOME=/opt/rustwide/cargo-home" "-e" "RUSTUP_HOME=/opt/rustwide/rustup-home" "-e" "CARGO_TARGET_DIR=/opt/rustwide/target" "-w" "/opt/rustwide/workdir" "--user" "0:0" "c6195ef7a76e32886211180ac5144e5a3acaddcba35e1d8e680a7607318f52dc" "/opt/rustwide/cargo-home/bin/cargo" "+1.100.0-beta.1" "metadata" "--no-deps" "--format-version=1", kill_on_drop: false }`
[INFO] running `Command { std: "docker" "inspect" "c6195ef7a76e32886211180ac5144e5a3acaddcba35e1d8e680a7607318f52dc", kill_on_drop: false }`
[INFO] running `Command { std: "docker" "exec" "-e" "SOURCE_DIR=/opt/rustwide/workdir" "-e" "CARGO_HOME=/opt/rustwide/cargo-home" "-e" "RUSTUP_HOME=/opt/rustwide/rustup-home" "-e" "CARGO_TARGET_DIR=/opt/rustwide/target" "-e" "CARGO_INCREMENTAL=0" "-e" "RUST_BACKTRACE=full" "-e" "RUSTFLAGS=--cap-lints=warn" "-e" "RUSTDOCFLAGS=--cap-lints=warn" "-w" "/opt/rustwide/workdir" "--user" "0:0" "c6195ef7a76e32886211180ac5144e5a3acaddcba35e1d8e680a7607318f52dc" "/opt/rustwide/cargo-home/bin/cargo" "+1.100.0-beta.1" "build" "--frozen" "--message-format=json", kill_on_drop: false }`
[INFO] [stderr]    Compiling rustix v1.1.4
[INFO] [stderr]    Compiling smallvec v1.15.2
[INFO] [stderr]    Compiling linux-raw-sys v0.12.1
[INFO] [stderr]    Compiling vitui-engine v0.1.0
[INFO] [stderr]    Compiling mio v1.2.2
[INFO] [stderr]    Compiling parking_lot_core v0.9.12
[INFO] [stderr]    Compiling signal-hook-mio v0.2.5
[INFO] [stderr]    Compiling parking_lot v0.12.5
[INFO] [stderr]    Compiling crossterm v0.29.0
[INFO] [stderr]    Compiling vitui-runtime v0.1.0 (/opt/rustwide/workdir)
[INFO] [stderr]     Finished `dev` profile [unoptimized + debuginfo] target(s) in 9.80s
[INFO] running `Command { std: "docker" "inspect" "c6195ef7a76e32886211180ac5144e5a3acaddcba35e1d8e680a7607318f52dc", kill_on_drop: false }`
[INFO] running `Command { std: "docker" "exec" "-e" "SOURCE_DIR=/opt/rustwide/workdir" "-e" "CARGO_HOME=/opt/rustwide/cargo-home" "-e" "RUSTUP_HOME=/opt/rustwide/rustup-home" "-e" "CARGO_TARGET_DIR=/opt/rustwide/target" "-e" "CARGO_INCREMENTAL=0" "-e" "RUST_BACKTRACE=full" "-e" "RUSTFLAGS=--cap-lints=warn" "-e" "RUSTDOCFLAGS=--cap-lints=warn" "-w" "/opt/rustwide/workdir" "--user" "0:0" "c6195ef7a76e32886211180ac5144e5a3acaddcba35e1d8e680a7607318f52dc" "/opt/rustwide/cargo-home/bin/cargo" "+1.100.0-beta.1" "test" "--frozen" "--no-run" "--message-format=json", kill_on_drop: false }`
[INFO] [stderr]    Compiling vitui-runtime v0.1.0 (/opt/rustwide/workdir)
[INFO] [stdout] error[E0432]: unresolved import `vitui_bench`
[INFO] [stdout]   --> examples/scroll_numbers.rs:45:5
[INFO] [stdout]    |
[INFO] [stdout] 45 | use vitui_bench::Bench;
[INFO] [stdout]    |     ^^^^^^^^^^^ use of unresolved module or unlinked crate `vitui_bench`
[INFO] [stdout]    |
[INFO] [stdout]    = help: if you wanted to use a crate named `vitui_bench`, use `cargo add vitui_bench` to add it to your `Cargo.toml`
[INFO] [stdout] 
[INFO] [stdout] 
[INFO] [stdout] error[E0432]: unresolved import `vitui_bench`
[INFO] [stdout]   --> examples/theme_numbers.rs:38:5
[INFO] [stdout]    |
[INFO] [stdout] 38 | use vitui_bench::Bench;
[INFO] [stdout]    |     ^^^^^^^^^^^ use of unresolved module or unlinked crate `vitui_bench`
[INFO] [stdout]    |
[INFO] [stdout]    = help: if you wanted to use a crate named `vitui_bench`, use `cargo add vitui_bench` to add it to your `Cargo.toml`
[INFO] [stdout] 
[INFO] [stdout] 
[INFO] [stdout] error[E0432]: unresolved import `vitui_bench`
[INFO] [stdout]   --> examples/focus_numbers.rs:36:5
[INFO] [stdout]    |
[INFO] [stdout] 36 | use vitui_bench::Bench;
[INFO] [stdout]    |     ^^^^^^^^^^^ use of unresolved module or unlinked crate `vitui_bench`
[INFO] [stdout]    |
[INFO] [stdout]    = help: if you wanted to use a crate named `vitui_bench`, use `cargo add vitui_bench` to add it to your `Cargo.toml`
[INFO] [stdout] 
[INFO] [stdout] 
[INFO] [stdout] error[E0432]: unresolved import `vitui_bench`
[INFO] [stdout]   --> examples/frame.rs:69:5
[INFO] [stdout]    |
[INFO] [stdout] 69 | use vitui_bench::Bench;
[INFO] [stdout]    |     ^^^^^^^^^^^ use of unresolved module or unlinked crate `vitui_bench`
[INFO] [stdout]    |
[INFO] [stdout]    = help: if you wanted to use a crate named `vitui_bench`, use `cargo add vitui_bench` to add it to your `Cargo.toml`
[INFO] [stdout] 
[INFO] [stdout] 
[INFO] [stdout] error[E0432]: unresolved import `vitui_bench`
[INFO] [stdout]   --> examples/anim_numbers.rs:56:5
[INFO] [stdout]    |
[INFO] [stdout] 56 | use vitui_bench::Bench;
[INFO] [stdout]    |     ^^^^^^^^^^^ use of unresolved module or unlinked crate `vitui_bench`
[INFO] [stdout]    |
[INFO] [stdout]    = help: if you wanted to use a crate named `vitui_bench`, use `cargo add vitui_bench` to add it to your `Cargo.toml`
[INFO] [stdout] 
[INFO] [stdout] 
[INFO] [stdout] For more information about this error, try `rustc --explain E0432`.
[INFO] [stdout] 
[INFO] [stderr] error: could not compile `vitui-runtime` (example "theme_numbers") due to 1 previous error
[INFO] [stderr] warning: build failed, waiting for other jobs to finish...
[INFO] [stdout] error[E0432]: unresolved import `vitui_bench`
[INFO] [stdout]   --> examples/text_numbers.rs:37:5
[INFO] [stdout]    |
[INFO] [stdout] 37 | use vitui_bench::Bench;
[INFO] [stdout]    |     ^^^^^^^^^^^ use of unresolved module or unlinked crate `vitui_bench`
[INFO] [stdout]    |
[INFO] [stdout]    = help: if you wanted to use a crate named `vitui_bench`, use `cargo add vitui_bench` to add it to your `Cargo.toml`
[INFO] [stdout] 
[INFO] [stdout] 
[INFO] [stdout] error[E0432]: unresolved import `vitui_bench`
[INFO] [stdout]   --> examples/crate_line_numbers.rs:76:5
[INFO] [stdout]    |
[INFO] [stdout] 76 | use vitui_bench::Bench;
[INFO] [stdout]    |     ^^^^^^^^^^^ use of unresolved module or unlinked crate `vitui_bench`
[INFO] [stdout]    |
[INFO] [stdout]    = help: if you wanted to use a crate named `vitui_bench`, use `cargo add vitui_bench` to add it to your `Cargo.toml`
[INFO] [stdout] 
[INFO] [stdout] 
[INFO] [stdout] error[E0432]: unresolved import `vitui_bench`
[INFO] [stdout]   --> examples/sizing_numbers.rs:47:5
[INFO] [stdout]    |
[INFO] [stdout] 47 | use vitui_bench::Bench;
[INFO] [stdout]    |     ^^^^^^^^^^^ use of unresolved module or unlinked crate `vitui_bench`
[INFO] [stdout]    |
[INFO] [stdout]    = help: if you wanted to use a crate named `vitui_bench`, use `cargo add vitui_bench` to add it to your `Cargo.toml`
[INFO] [stdout] 
[INFO] [stdout] 
[INFO] [stdout] error[E0432]: unresolved import `vitui_bench`
[INFO] [stdout]   --> examples/hit_numbers.rs:31:5
[INFO] [stdout]    |
[INFO] [stdout] 31 | use vitui_bench::Bench;
[INFO] [stdout]    |     ^^^^^^^^^^^ use of unresolved module or unlinked crate `vitui_bench`
[INFO] [stdout]    |
[INFO] [stdout]    = help: if you wanted to use a crate named `vitui_bench`, use `cargo add vitui_bench` to add it to your `Cargo.toml`
[INFO] [stdout] 
[INFO] [stdout] 
[INFO] [stdout] error[E0432]: unresolved import `vitui_bench`
[INFO] [stdout]   --> examples/keys_numbers.rs:36:5
[INFO] [stdout]    |
[INFO] [stdout] 36 | use vitui_bench::Bench;
[INFO] [stdout]    |     ^^^^^^^^^^^ use of unresolved module or unlinked crate `vitui_bench`
[INFO] [stdout]    |
[INFO] [stdout]    = help: if you wanted to use a crate named `vitui_bench`, use `cargo add vitui_bench` to add it to your `Cargo.toml`
[INFO] [stdout] 
[INFO] [stdout] 
[INFO] [stdout] error[E0432]: unresolved import `vitui_bench`
[INFO] [stdout]   --> examples/id_numbers.rs:36:5
[INFO] [stdout]    |
[INFO] [stdout] 36 | use vitui_bench::Bench;
[INFO] [stdout]    |     ^^^^^^^^^^^ use of unresolved module or unlinked crate `vitui_bench`
[INFO] [stdout]    |
[INFO] [stdout]    = help: if you wanted to use a crate named `vitui_bench`, use `cargo add vitui_bench` to add it to your `Cargo.toml`
[INFO] [stdout] 
[INFO] [stdout] 
[INFO] [stdout] error[E0432]: unresolved import `vitui_alloc_probe`
[INFO] [stdout]   --> tests/work_alloc.rs:30:5
[INFO] [stdout]    |
[INFO] [stdout] 30 | use vitui_alloc_probe::{CountingAllocator, count_allocations, steady};
[INFO] [stdout]    |     ^^^^^^^^^^^^^^^^^ use of unresolved module or unlinked crate `vitui_alloc_probe`
[INFO] [stdout]    |
[INFO] [stdout]    = help: if you wanted to use a crate named `vitui_alloc_probe`, use `cargo add vitui_alloc_probe` to add it to your `Cargo.toml`
[INFO] [stdout] 
[INFO] [stdout] 
[INFO] [stdout] error[E0432]: unresolved import `vitui_alloc_probe`
[INFO] [stdout]   --> tests/alloc.rs:51:5
[INFO] [stdout]    |
[INFO] [stdout] 51 | use vitui_alloc_probe::{CountingAllocator, steady};
[INFO] [stdout]    |     ^^^^^^^^^^^^^^^^^ use of unresolved module or unlinked crate `vitui_alloc_probe`
[INFO] [stdout]    |
[INFO] [stdout]    = help: if you wanted to use a crate named `vitui_alloc_probe`, use `cargo add vitui_alloc_probe` to add it to your `Cargo.toml`
[INFO] [stdout] 
[INFO] [stdout] 
[INFO] [stdout] error[E0432]: unresolved import `vitui_bench`
[INFO] [stdout]   --> examples/data_numbers.rs:57:5
[INFO] [stdout]    |
[INFO] [stdout] 57 | use vitui_bench::Bench;
[INFO] [stdout]    |     ^^^^^^^^^^^ use of unresolved module or unlinked crate `vitui_bench`
[INFO] [stdout]    |
[INFO] [stdout]    = help: if you wanted to use a crate named `vitui_bench`, use `cargo add vitui_bench` to add it to your `Cargo.toml`
[INFO] [stdout] 
[INFO] [stdout] 
[INFO] [stdout] For more information about this error, try `rustc --explain E0432`.
[INFO] [stdout] 
[INFO] [stdout] For more information about this error, try `rustc --explain E0432`.
[INFO] [stdout] 
[INFO] [stderr] error: could not compile `vitui-runtime` (example "text_numbers") due to 1 previous error
[INFO] [stdout] For more information about this error, try `rustc --explain E0432`.
[INFO] [stdout] 
[INFO] [stderr] error: could not compile `vitui-runtime` (example "scroll_numbers") due to 1 previous error
[INFO] [stderr] error: could not compile `vitui-runtime` (example "id_numbers") due to 1 previous error
[INFO] [stdout] For more information about this error, try `rustc --explain E0432`.
[INFO] [stdout] 
[INFO] [stderr] error: could not compile `vitui-runtime` (example "frame") due to 1 previous error
[INFO] [stdout] For more information about this error, try `rustc --explain E0432`.
[INFO] [stdout] 
[INFO] [stdout] For more information about this error, try `rustc --explain E0432`.
[INFO] [stdout] 
[INFO] [stdout] For more information about this error, try `rustc --explain E0432`.
[INFO] [stdout] 
[INFO] [stderr] error: could not compile `vitui-runtime` (example "hit_numbers") due to 1 previous error
[INFO] [stderr] error: could not compile `vitui-runtime` (test "work_alloc") due to 1 previous error
[INFO] [stderr] error: could not compile `vitui-runtime` (example "crate_line_numbers") due to 1 previous error
[INFO] [stdout] For more information about this error, try `rustc --explain E0432`.
[INFO] [stdout] 
[INFO] [stdout] For more information about this error, try `rustc --explain E0432`.
[INFO] [stdout] 
[INFO] [stderr] error: could not compile `vitui-runtime` (example "data_numbers") due to 1 previous error
[INFO] [stderr] error: could not compile `vitui-runtime` (example "focus_numbers") due to 1 previous error
[INFO] [stdout] For more information about this error, try `rustc --explain E0432`.
[INFO] [stdout] 
[INFO] [stdout] For more information about this error, try `rustc --explain E0432`.
[INFO] [stdout] 
[INFO] [stderr] error: could not compile `vitui-runtime` (example "sizing_numbers") due to 1 previous error
[INFO] [stderr] error: could not compile `vitui-runtime` (example "keys_numbers") due to 1 previous error
[INFO] [stdout] error[E0433]: cannot find module or crate `vitui_alloc_probe` in this scope
[INFO] [stdout]    --> tests/alloc.rs:905:22
[INFO] [stdout]     |
[INFO] [stdout] 905 |         let before = vitui_alloc_probe::attributed_allocation_count();
[INFO] [stdout]     |                      ^^^^^^^^^^^^^^^^^ use of unresolved module or unlinked crate `vitui_alloc_probe`
[INFO] [stdout]     |
[INFO] [stdout]     = help: if you wanted to use a crate named `vitui_alloc_probe`, use `cargo add vitui_alloc_probe` to add it to your `Cargo.toml`
[INFO] [stdout] 
[INFO] [stdout] 
[INFO] [stdout] error[E0433]: cannot find module or crate `vitui_alloc_probe` in this scope
[INFO] [stdout]    --> tests/alloc.rs:909:21
[INFO] [stdout]     |
[INFO] [stdout] 909 |         let after = vitui_alloc_probe::attributed_allocation_count();
[INFO] [stdout]     |                     ^^^^^^^^^^^^^^^^^ use of unresolved module or unlinked crate `vitui_alloc_probe`
[INFO] [stdout]     |
[INFO] [stdout]     = help: if you wanted to use a crate named `vitui_alloc_probe`, use `cargo add vitui_alloc_probe` to add it to your `Cargo.toml`
[INFO] [stdout] 
[INFO] [stdout] 
[INFO] [stdout] error[E0433]: cannot find module or crate `vitui_alloc_probe` in this scope
[INFO] [stdout]    --> tests/alloc.rs:983:24
[INFO] [stdout]     |
[INFO] [stdout] 983 |     let before_alloc = vitui_alloc_probe::attributed_allocation_count();
[INFO] [stdout]     |                        ^^^^^^^^^^^^^^^^^ use of unresolved module or unlinked crate `vitui_alloc_probe`
[INFO] [stdout]     |
[INFO] [stdout]     = help: if you wanted to use a crate named `vitui_alloc_probe`, use `cargo add vitui_alloc_probe` to add it to your `Cargo.toml`
[INFO] [stdout] 
[INFO] [stdout] 
[INFO] [stdout] error[E0433]: cannot find module or crate `vitui_alloc_probe` in this scope
[INFO] [stdout]    --> tests/alloc.rs:984:23
[INFO] [stdout]     |
[INFO] [stdout] 984 |     let before_free = vitui_alloc_probe::attributed_deallocation_count();
[INFO] [stdout]     |                       ^^^^^^^^^^^^^^^^^ use of unresolved module or unlinked crate `vitui_alloc_probe`
[INFO] [stdout]     |
[INFO] [stdout]     = help: if you wanted to use a crate named `vitui_alloc_probe`, use `cargo add vitui_alloc_probe` to add it to your `Cargo.toml`
[INFO] [stdout] 
[INFO] [stdout] 
[INFO] [stdout] error[E0433]: cannot find module or crate `vitui_alloc_probe` in this scope
[INFO] [stdout]    --> tests/alloc.rs:988:21
[INFO] [stdout]     |
[INFO] [stdout] 988 |     let allocated = vitui_alloc_probe::attributed_allocation_count() - before_alloc;
[INFO] [stdout]     |                     ^^^^^^^^^^^^^^^^^ use of unresolved module or unlinked crate `vitui_alloc_probe`
[INFO] [stdout]     |
[INFO] [stdout]     = help: if you wanted to use a crate named `vitui_alloc_probe`, use `cargo add vitui_alloc_probe` to add it to your `Cargo.toml`
[INFO] [stdout] 
[INFO] [stdout] 
[INFO] [stdout] error[E0433]: cannot find module or crate `vitui_alloc_probe` in this scope
[INFO] [stdout]    --> tests/alloc.rs:989:17
[INFO] [stdout]     |
[INFO] [stdout] 989 |     let freed = vitui_alloc_probe::attributed_deallocation_count() - before_free;
[INFO] [stdout]     |                 ^^^^^^^^^^^^^^^^^ use of unresolved module or unlinked crate `vitui_alloc_probe`
[INFO] [stdout]     |
[INFO] [stdout]     = help: if you wanted to use a crate named `vitui_alloc_probe`, use `cargo add vitui_alloc_probe` to add it to your `Cargo.toml`
[INFO] [stdout] 
[INFO] [stdout] 
[INFO] [stdout] Some errors have detailed explanations: E0432, E0433.
[INFO] [stdout] 
[INFO] [stdout] For more information about an error, try `rustc --explain E0432`.
[INFO] [stdout] 
[INFO] [stdout] For more information about this error, try `rustc --explain E0432`.
[INFO] [stdout] 
[INFO] [stderr] error: could not compile `vitui-runtime` (test "alloc") due to 7 previous errors
[INFO] [stderr] error: could not compile `vitui-runtime` (example "anim_numbers") due to 1 previous error
[INFO] [stdout] error[E0433]: cannot find module or crate `vitui_bench` in this scope
[INFO] [stdout]    --> src/line.rs:819:22
[INFO] [stdout]     |
[INFO] [stdout] 819 |         let report = vitui_bench::Bench::new(40)
[INFO] [stdout]     |                      ^^^^^^^^^^^ use of unresolved module or unlinked crate `vitui_bench`
[INFO] [stdout]     |
[INFO] [stdout]     = help: if you wanted to use a crate named `vitui_bench`, use `cargo add vitui_bench` to add it to your `Cargo.toml`
[INFO] [stdout] 
[INFO] [stdout] 
[INFO] [stdout] For more information about this error, try `rustc --explain E0433`.
[INFO] [stdout] 
[INFO] [stderr] error: could not compile `vitui-runtime` (lib test) due to 1 previous error
[INFO] running `Command { std: "docker" "inspect" "c6195ef7a76e32886211180ac5144e5a3acaddcba35e1d8e680a7607318f52dc", kill_on_drop: false }`
[INFO] running `Command { std: "docker" "rm" "-f" "c6195ef7a76e32886211180ac5144e5a3acaddcba35e1d8e680a7607318f52dc", kill_on_drop: false }`
[INFO] [stdout] c6195ef7a76e32886211180ac5144e5a3acaddcba35e1d8e680a7607318f52dc
