[INFO] fetching crate vimputti 0.1.8...
[INFO] testing vimputti-0.1.8 against 1.99.0-beta.8 for beta-1.100-2
[INFO] extracting crate vimputti 0.1.8 into /workspace/builds/worker-7-tc1/source
[INFO] removed /workspace/builds/worker-7-tc1/source/rust-toolchain.toml
[INFO] started tweaking crates.io crate vimputti 0.1.8
[INFO] removed 0 missing examples
[INFO] finished tweaking crates.io crate vimputti 0.1.8
[INFO] tweaked toml for crates.io crate vimputti 0.1.8 written to /workspace/builds/worker-7-tc1/source/Cargo.toml
[INFO] validating manifest of crates.io crate vimputti 0.1.8 on toolchain 1.99.0-beta.8
[INFO] running `Command { std: CARGO_HOME="/workspace/cargo-home" RUSTUP_HOME="/workspace/rustup-home" "/workspace/cargo-home/bin/cargo" "+1.99.0-beta.8" "metadata" "--manifest-path" "Cargo.toml" "--no-deps", kill_on_drop: false }`
[INFO] crate crates.io crate vimputti 0.1.8 already has a lockfile, it will not be regenerated
[INFO] running `Command { std: CARGO_HOME="/workspace/cargo-home" RUSTUP_HOME="/workspace/rustup-home" "/workspace/cargo-home/bin/cargo" "+1.99.0-beta.8" "fetch" "--manifest-path" "Cargo.toml", kill_on_drop: false }`
[INFO] [stderr]     Blocking waiting for file lock on package cache
[INFO] [stderr]     Updating crates.io index
[INFO] [stderr]     Blocking waiting for file lock on package cache
[INFO] [stderr]  Downloading crates ...
[INFO] [stderr]   Downloaded wasm-bindgen-shared v0.2.104
[INFO] [stderr]   Downloaded ulid v1.2.1
[INFO] [stderr]   Downloaded web-time v1.1.0
[INFO] [stderr]   Downloaded unicode-ident v1.0.20
[INFO] [stderr]   Downloaded wasm-bindgen v0.2.104
[INFO] [stderr]   Downloaded once_cell v1.21.3
[INFO] [stderr]   Downloaded serde_core v1.0.228
[INFO] [stderr]   Downloaded windows-targets v0.53.5
[INFO] [stderr]   Downloaded itoa v1.0.15
[INFO] [stderr]   Downloaded wasm-bindgen-backend v0.2.104
[INFO] [stderr]   Downloaded rustversion v1.0.22
[INFO] [stderr]   Downloaded rand_core v0.9.3
[INFO] [stderr]   Downloaded wasm-bindgen-macro v0.2.104
[INFO] [stderr]   Downloaded quote v1.0.41
[INFO] [stderr]   Downloaded tracing-attributes v0.1.30
[INFO] [stderr]   Downloaded tokio-macros v2.6.0
[INFO] [stderr]   Downloaded wasm-bindgen-macro-support v0.2.104
[INFO] [stderr]   Downloaded signal-hook-registry v1.4.6
[INFO] [stderr]   Downloaded pin-project-lite v0.2.16
[INFO] [stderr]   Downloaded smallvec v1.15.1
[INFO] [stderr]   Downloaded proc-macro2 v1.0.103
[INFO] [stderr]   Downloaded bitflags v2.10.0
[INFO] [stderr]   Downloaded js-sys v0.3.81
[INFO] [stderr]   Downloaded tracing-core v0.1.34
[INFO] [stderr]   Downloaded log v0.4.28
[INFO] [stderr]   Downloaded socket2 v0.6.1
[INFO] [stderr]   Downloaded serde_derive v1.0.228
[INFO] [stderr]   Downloaded ryu v1.0.20
[INFO] [stderr]   Downloaded wit-bindgen v0.46.0
[INFO] [stderr]   Downloaded tracing v0.1.41
[INFO] [stderr]   Downloaded anyhow v1.0.100
[INFO] [stderr]   Downloaded serde v1.0.228
[INFO] [stderr]   Downloaded zerocopy-derive v0.8.27
[INFO] [stderr]   Downloaded bumpalo v3.19.0
[INFO] [stderr]   Downloaded bytes v1.10.1
[INFO] [stderr]   Downloaded rand v0.9.2
[INFO] [stderr]   Downloaded mio v1.1.0
[INFO] [stderr]   Downloaded memchr v2.7.6
[INFO] [stderr]   Downloaded wasip2 v1.0.1+wasi-0.2.4
[INFO] [stderr]   Downloaded serde_json v1.0.145
[INFO] [stderr]   Downloaded zerocopy v0.8.27
[INFO] [stderr]   Downloaded syn v2.0.108
[INFO] [stderr]   Downloaded windows_aarch64_gnullvm v0.53.1
[INFO] [stderr]   Downloaded libc v0.2.177
[INFO] [stderr]   Downloaded windows_aarch64_msvc v0.53.1
[INFO] [stderr]   Downloaded windows_x86_64_gnullvm v0.53.1
[INFO] [stderr]   Downloaded windows_x86_64_msvc v0.53.1
[INFO] [stderr]   Downloaded tokio v1.48.0
[INFO] [stderr]   Downloaded windows_i686_gnullvm v0.53.1
[INFO] [stderr]   Downloaded windows_x86_64_gnu v0.53.1
[INFO] [stderr]   Downloaded windows_i686_msvc v0.53.1
[INFO] [stderr]   Downloaded windows_i686_gnu v0.53.1
[INFO] [stderr]   Downloaded windows-sys v0.60.2
[INFO] running `Command { std: "docker" "create" "-v" "/var/lib/crater-agent-workspace/builds/worker-7-tc1/source:/opt/rustwide/workdir:ro,Z" "-v" "/var/lib/crater-agent-workspace/builds/worker-7-tc1/target:/opt/rustwide/target:rw,Z" "-v" "/var/lib/crater-agent-workspace/cargo-home:/opt/rustwide/cargo-home:ro,Z" "-v" "/var/lib/crater-agent-workspace/rustup-home:/opt/rustwide/rustup-home:ro,Z" "-m" "1610612736" "--network" "none" "ghcr.io/rust-lang/crates-build-env/linux@sha256:3111399a4047eeb3a02b7a90e478d715f38a8c6669b5c4b49d30a17385265909" "sleep" "infinity", kill_on_drop: false }`
[INFO] [stdout] c379fa9dc6116c08a0713d89ae2b63c796ba3f528380b729a08033ebd93f10be
[INFO] running `Command { std: "docker" "start" "c379fa9dc6116c08a0713d89ae2b63c796ba3f528380b729a08033ebd93f10be", kill_on_drop: false }`
[INFO] running `Command { std: "docker" "inspect" "c379fa9dc6116c08a0713d89ae2b63c796ba3f528380b729a08033ebd93f10be", kill_on_drop: false }`
[INFO] running `Command { std: "docker" "exec" "-e" "SOURCE_DIR=/opt/rustwide/workdir" "-e" "CARGO_HOME=/opt/rustwide/cargo-home" "-e" "RUSTUP_HOME=/opt/rustwide/rustup-home" "-e" "CARGO_TARGET_DIR=/opt/rustwide/target" "-w" "/opt/rustwide/workdir" "--user" "0:0" "c379fa9dc6116c08a0713d89ae2b63c796ba3f528380b729a08033ebd93f10be" "/opt/rustwide/cargo-home/bin/cargo" "+1.99.0-beta.8" "metadata" "--no-deps" "--format-version=1", kill_on_drop: false }`
[INFO] running `Command { std: "docker" "inspect" "c379fa9dc6116c08a0713d89ae2b63c796ba3f528380b729a08033ebd93f10be", kill_on_drop: false }`
[INFO] running `Command { std: "docker" "exec" "-e" "SOURCE_DIR=/opt/rustwide/workdir" "-e" "CARGO_HOME=/opt/rustwide/cargo-home" "-e" "RUSTUP_HOME=/opt/rustwide/rustup-home" "-e" "CARGO_TARGET_DIR=/opt/rustwide/target" "-e" "CARGO_INCREMENTAL=0" "-e" "RUST_BACKTRACE=full" "-e" "RUSTFLAGS=--cap-lints=warn" "-e" "RUSTDOCFLAGS=--cap-lints=warn" "-w" "/opt/rustwide/workdir" "--user" "0:0" "c379fa9dc6116c08a0713d89ae2b63c796ba3f528380b729a08033ebd93f10be" "/opt/rustwide/cargo-home/bin/cargo" "+1.99.0-beta.8" "build" "--frozen" "--message-format=json", kill_on_drop: false }`
[INFO] [stderr]    Compiling libc v0.2.177
[INFO] [stderr]    Compiling proc-macro2 v1.0.103
[INFO] [stderr]    Compiling unicode-ident v1.0.20
[INFO] [stderr]    Compiling quote v1.0.41
[INFO] [stderr]    Compiling cfg-if v1.0.4
[INFO] [stderr]    Compiling getrandom v0.3.4
[INFO] [stderr]    Compiling zerocopy v0.8.27
[INFO] [stderr]    Compiling parking_lot_core v0.9.12
[INFO] [stderr]    Compiling serde_core v1.0.228
[INFO] [stderr]    Compiling smallvec v1.15.1
[INFO] [stderr]    Compiling scopeguard v1.2.0
[INFO] [stderr]    Compiling anyhow v1.0.100
[INFO] [stderr]    Compiling serde v1.0.228
[INFO] [stderr]    Compiling serde_json v1.0.145
[INFO] [stderr]    Compiling once_cell v1.21.3
[INFO] [stderr]    Compiling pin-project-lite v0.2.16
[INFO] [stderr]    Compiling lock_api v0.4.14
[INFO] [stderr]    Compiling bytes v1.10.1
[INFO] [stderr]    Compiling itoa v1.0.15
[INFO] [stderr]    Compiling ryu v1.0.20
[INFO] [stderr]    Compiling memchr v2.7.6
[INFO] [stderr]    Compiling tracing-core v0.1.34
[INFO] [stderr]    Compiling syn v2.0.108
[INFO] [stderr]    Compiling mio v1.1.0
[INFO] [stderr]    Compiling socket2 v0.6.1
[INFO] [stderr]    Compiling signal-hook-registry v1.4.6
[INFO] [stderr]    Compiling rand_core v0.9.3
[INFO] [stderr]    Compiling parking_lot v0.12.5
[INFO] [stderr]    Compiling ppv-lite86 v0.2.21
[INFO] [stderr]    Compiling rand_chacha v0.9.0
[INFO] [stderr]    Compiling rand v0.9.2
[INFO] [stderr]    Compiling ulid v1.2.1
[INFO] [stderr]    Compiling tokio-macros v2.6.0
[INFO] [stderr]    Compiling serde_derive v1.0.228
[INFO] [stderr]    Compiling tracing-attributes v0.1.30
[INFO] [stderr]    Compiling tokio v1.48.0
[INFO] [stderr]    Compiling tracing v0.1.41
[INFO] [stderr]    Compiling vimputti v0.1.8 (/opt/rustwide/workdir)
[INFO] [stdout] warning: value assigned to `pending_duration` is never read
[INFO] [stdout]    --> src/client/device.rs:145:40
[INFO] [stdout]     |
[INFO] [stdout] 145 |             let mut pending_duration = 0u16;
[INFO] [stdout]     |                                        ^^^^ this value is reassigned later and never used
[INFO] [stdout] ...
[INFO] [stdout] 172 |                                 pending_duration = event.value as u16;
[INFO] [stdout]     |                                 ------------------------------------- `pending_duration` is overwritten here before the previous value is read
[INFO] [stdout]     |
[INFO] [stdout]     = note: `#[warn(unused_assignments)]` (part of `#[warn(unused)]`) on by default
[INFO] [stdout] 
[INFO] [stdout] 
[INFO] [stdout] warning: field `feedback_clients` is never read
[INFO] [stdout]   --> src/manager/device.rs:21:5
[INFO] [stdout]    |
[INFO] [stdout] 11 | pub struct VirtualDevice {
[INFO] [stdout]    |            ------------- field in this struct
[INFO] [stdout] ...
[INFO] [stdout] 21 |     feedback_clients: Arc<Mutex<Vec<UnixStream>>>,
[INFO] [stdout]    |     ^^^^^^^^^^^^^^^^
[INFO] [stdout]    |
[INFO] [stdout]    = note: `#[warn(dead_code)]` (part of `#[warn(unused)]`) on by default
[INFO] [stdout] 
[INFO] [stdout] 
[INFO] [stderr]     Finished `dev` profile [unoptimized + debuginfo] target(s) in 17.22s
[INFO] running `Command { std: "docker" "inspect" "c379fa9dc6116c08a0713d89ae2b63c796ba3f528380b729a08033ebd93f10be", kill_on_drop: false }`
[INFO] running `Command { std: "docker" "exec" "-e" "SOURCE_DIR=/opt/rustwide/workdir" "-e" "CARGO_HOME=/opt/rustwide/cargo-home" "-e" "RUSTUP_HOME=/opt/rustwide/rustup-home" "-e" "CARGO_TARGET_DIR=/opt/rustwide/target" "-e" "CARGO_INCREMENTAL=0" "-e" "RUST_BACKTRACE=full" "-e" "RUSTFLAGS=--cap-lints=warn" "-e" "RUSTDOCFLAGS=--cap-lints=warn" "-w" "/opt/rustwide/workdir" "--user" "0:0" "c379fa9dc6116c08a0713d89ae2b63c796ba3f528380b729a08033ebd93f10be" "/opt/rustwide/cargo-home/bin/cargo" "+1.99.0-beta.8" "test" "--frozen" "--no-run" "--message-format=json", kill_on_drop: false }`
[INFO] [stdout] warning: value assigned to `pending_duration` is never read
[INFO] [stdout]    --> src/client/device.rs:145:40
[INFO] [stdout]     |
[INFO] [stdout] 145 |             let mut pending_duration = 0u16;
[INFO] [stdout]     |                                        ^^^^ this value is reassigned later and never used
[INFO] [stdout] ...
[INFO] [stdout] 172 |                                 pending_duration = event.value as u16;
[INFO] [stdout]     |                                 ------------------------------------- `pending_duration` is overwritten here before the previous value is read
[INFO] [stdout]     |
[INFO] [stdout]     = note: `#[warn(unused_assignments)]` (part of `#[warn(unused)]`) on by default
[INFO] [stdout] 
[INFO] [stdout] 
[INFO] [stdout] warning: field `feedback_clients` is never read
[INFO] [stdout]   --> src/manager/device.rs:21:5
[INFO] [stdout]    |
[INFO] [stdout] 11 | pub struct VirtualDevice {
[INFO] [stdout]    |            ------------- field in this struct
[INFO] [stdout] ...
[INFO] [stdout] 21 |     feedback_clients: Arc<Mutex<Vec<UnixStream>>>,
[INFO] [stdout]    |     ^^^^^^^^^^^^^^^^
[INFO] [stdout]    |
[INFO] [stdout]    = note: `#[warn(dead_code)]` (part of `#[warn(unused)]`) on by default
[INFO] [stdout] 
[INFO] [stdout] 
[INFO] [stderr]    Compiling vimputti v0.1.8 (/opt/rustwide/workdir)
[INFO] [stdout] error[E0599]: no method named `flush` found for struct `VirtualController` in the current scope
[INFO] [stdout]   --> examples/controller_templates.rs:17:10
[INFO] [stdout]    |
[INFO] [stdout] 17 |     xbox.flush().await?;
[INFO] [stdout]    |          ^^^^^ method not found in `VirtualController`
[INFO] [stdout] 
[INFO] [stdout] 
[INFO] [stdout] error[E0599]: no method named `flush` found for struct `VirtualController` in the current scope
[INFO] [stdout]   --> examples/simple_controller.rs:37:12
[INFO] [stdout]    |
[INFO] [stdout] 37 |     device.flush().await?;
[INFO] [stdout]    |            ^^^^^ method not found in `VirtualController`
[INFO] [stdout] 
[INFO] [stdout] 
[INFO] [stdout] For more information about this error, try `rustc --explain E0599`.
[INFO] [stdout] 
[INFO] [stderr] error: could not compile `vimputti` (example "simple_controller") due to 1 previous error
[INFO] [stderr] warning: build failed, waiting for other jobs to finish...
[INFO] [stdout] error[E0599]: no method named `flush` found for struct `VirtualController` in the current scope
[INFO] [stdout]   --> examples/controller_templates.rs:32:9
[INFO] [stdout]    |
[INFO] [stdout] 32 |     ps5.flush().await?;
[INFO] [stdout]    |         ^^^^^ method not found in `VirtualController`
[INFO] [stdout] 
[INFO] [stdout] 
[INFO] [stdout] error[E0599]: no method named `flush` found for struct `VirtualController` in the current scope
[INFO] [stdout]   --> examples/controller_templates.rs:49:12
[INFO] [stdout]    |
[INFO] [stdout] 49 |     switch.flush().await?;
[INFO] [stdout]    |            ^^^^^ method not found in `VirtualController`
[INFO] [stdout] 
[INFO] [stdout] 
[INFO] [stdout] error[E0599]: no method named `flush` found for struct `VirtualController` in the current scope
[INFO] [stdout]   --> examples/controller_templates.rs:75:12
[INFO] [stdout]    |
[INFO] [stdout] 75 |     custom.flush().await?;
[INFO] [stdout]    |            ^^^^^ method not found in `VirtualController`
[INFO] [stdout] 
[INFO] [stdout] 
[INFO] [stdout] For more information about this error, try `rustc --explain E0599`.
[INFO] [stdout] 
[INFO] [stderr] error: could not compile `vimputti` (example "controller_templates") due to 4 previous errors
[INFO] [stdout] warning: value assigned to `pending_duration` is never read
[INFO] [stdout]    --> src/client/device.rs:145:40
[INFO] [stdout]     |
[INFO] [stdout] 145 |             let mut pending_duration = 0u16;
[INFO] [stdout]     |                                        ^^^^ this value is reassigned later and never used
[INFO] [stdout] ...
[INFO] [stdout] 172 |                                 pending_duration = event.value as u16;
[INFO] [stdout]     |                                 ------------------------------------- `pending_duration` is overwritten here before the previous value is read
[INFO] [stdout]     |
[INFO] [stdout]     = note: `#[warn(unused_assignments)]` (part of `#[warn(unused)]`) on by default
[INFO] [stdout] 
[INFO] [stdout] 
[INFO] [stdout] warning: field `feedback_clients` is never read
[INFO] [stdout]   --> src/manager/device.rs:21:5
[INFO] [stdout]    |
[INFO] [stdout] 11 | pub struct VirtualDevice {
[INFO] [stdout]    |            ------------- field in this struct
[INFO] [stdout] ...
[INFO] [stdout] 21 |     feedback_clients: Arc<Mutex<Vec<UnixStream>>>,
[INFO] [stdout]    |     ^^^^^^^^^^^^^^^^
[INFO] [stdout]    |
[INFO] [stdout]    = note: `#[warn(dead_code)]` (part of `#[warn(unused)]`) on by default
[INFO] [stdout] 
[INFO] [stdout] 
[INFO] running `Command { std: "docker" "inspect" "c379fa9dc6116c08a0713d89ae2b63c796ba3f528380b729a08033ebd93f10be", kill_on_drop: false }`
[INFO] running `Command { std: "docker" "rm" "-f" "c379fa9dc6116c08a0713d89ae2b63c796ba3f528380b729a08033ebd93f10be", kill_on_drop: false }`
[INFO] [stdout] c379fa9dc6116c08a0713d89ae2b63c796ba3f528380b729a08033ebd93f10be
