[INFO] fetching crate vibewindow-aisdk-macros 0.3.0...
[INFO] testing vibewindow-aisdk-macros-0.3.0 against 1.100.0-beta.1 for beta-1.100-2
[INFO] extracting crate vibewindow-aisdk-macros 0.3.0 into /workspace/builds/worker-5-tc2/source
[INFO] started tweaking crates.io crate vibewindow-aisdk-macros 0.3.0
[INFO] removed 0 missing tests
[INFO] finished tweaking crates.io crate vibewindow-aisdk-macros 0.3.0
[INFO] tweaked toml for crates.io crate vibewindow-aisdk-macros 0.3.0 written to /workspace/builds/worker-5-tc2/source/Cargo.toml
[INFO] validating manifest of crates.io crate vibewindow-aisdk-macros 0.3.0 on toolchain 1.100.0-beta.1
[INFO] running `Command { std: CARGO_HOME="/workspace/cargo-home" RUSTUP_HOME="/workspace/rustup-home" "/workspace/cargo-home/bin/cargo" "+1.100.0-beta.1" "metadata" "--manifest-path" "Cargo.toml" "--no-deps", kill_on_drop: false }`
[INFO] crate crates.io crate vibewindow-aisdk-macros 0.3.0 already has a lockfile, it will not be regenerated
[INFO] running `Command { std: CARGO_HOME="/workspace/cargo-home" RUSTUP_HOME="/workspace/rustup-home" "/workspace/cargo-home/bin/cargo" "+1.100.0-beta.1" "fetch" "--manifest-path" "Cargo.toml", kill_on_drop: false }`
[INFO] [stderr] warning: `package.homepage` is redundant with `package.repository`
[INFO] [stderr]   --> Cargo.toml:35:12
[INFO] [stderr]    |
[INFO] [stderr] 35 | homepage = "https://github.com/hunzhiwange/aisdk"
[INFO] [stderr]    |            ^^^^^^^^^^^^^^^^^^^^^^^^^^^^^^^^^^^^^^
[INFO] [stderr] ...
[INFO] [stderr] 39 | repository = "https://github.com/hunzhiwange/aisdk"
[INFO] [stderr]    |              --------------------------------------
[INFO] [stderr]    |
[INFO] [stderr]    = note: `cargo::redundant_homepage` is set to `warn` by default
[INFO] [stderr] help: consider removing `package.homepage`
[INFO] [stderr] warning: `vibewindow-aisdk-macros` (manifest) generated 1 warning
[INFO] running `Command { std: "docker" "create" "-v" "/var/lib/crater-agent-workspace/builds/worker-5-tc2/source:/opt/rustwide/workdir:ro,Z" "-v" "/var/lib/crater-agent-workspace/builds/worker-5-tc2/target:/opt/rustwide/target:rw,Z" "-v" "/var/lib/crater-agent-workspace/cargo-home:/opt/rustwide/cargo-home:ro,Z" "-v" "/var/lib/crater-agent-workspace/rustup-home:/opt/rustwide/rustup-home:ro,Z" "-m" "1610612736" "--network" "none" "ghcr.io/rust-lang/crates-build-env/linux@sha256:3111399a4047eeb3a02b7a90e478d715f38a8c6669b5c4b49d30a17385265909" "sleep" "infinity", kill_on_drop: false }`
[INFO] [stdout] 58cb6c609ea974f18621d9d60d5544583d50d31a8bdc09ae594b9898e60fb4ff
[INFO] running `Command { std: "docker" "start" "58cb6c609ea974f18621d9d60d5544583d50d31a8bdc09ae594b9898e60fb4ff", kill_on_drop: false }`
[INFO] running `Command { std: "docker" "inspect" "58cb6c609ea974f18621d9d60d5544583d50d31a8bdc09ae594b9898e60fb4ff", kill_on_drop: false }`
[INFO] running `Command { std: "docker" "exec" "-e" "SOURCE_DIR=/opt/rustwide/workdir" "-e" "CARGO_HOME=/opt/rustwide/cargo-home" "-e" "RUSTUP_HOME=/opt/rustwide/rustup-home" "-e" "CARGO_TARGET_DIR=/opt/rustwide/target" "-w" "/opt/rustwide/workdir" "--user" "0:0" "58cb6c609ea974f18621d9d60d5544583d50d31a8bdc09ae594b9898e60fb4ff" "/opt/rustwide/cargo-home/bin/cargo" "+1.100.0-beta.1" "metadata" "--no-deps" "--format-version=1", kill_on_drop: false }`
[INFO] running `Command { std: "docker" "inspect" "58cb6c609ea974f18621d9d60d5544583d50d31a8bdc09ae594b9898e60fb4ff", kill_on_drop: false }`
[INFO] running `Command { std: "docker" "exec" "-e" "SOURCE_DIR=/opt/rustwide/workdir" "-e" "CARGO_HOME=/opt/rustwide/cargo-home" "-e" "RUSTUP_HOME=/opt/rustwide/rustup-home" "-e" "CARGO_TARGET_DIR=/opt/rustwide/target" "-e" "CARGO_INCREMENTAL=0" "-e" "RUST_BACKTRACE=full" "-e" "RUSTFLAGS=--cap-lints=warn" "-e" "RUSTDOCFLAGS=--cap-lints=warn" "-w" "/opt/rustwide/workdir" "--user" "0:0" "58cb6c609ea974f18621d9d60d5544583d50d31a8bdc09ae594b9898e60fb4ff" "/opt/rustwide/cargo-home/bin/cargo" "+1.100.0-beta.1" "build" "--frozen" "--message-format=json", kill_on_drop: false }`
[INFO] [stderr] warning: `package.homepage` is redundant with `package.repository`
[INFO] [stderr]   --> Cargo.toml:35:12
[INFO] [stderr]    |
[INFO] [stderr] 35 | homepage = "https://github.com/hunzhiwange/aisdk"
[INFO] [stderr]    |            ^^^^^^^^^^^^^^^^^^^^^^^^^^^^^^^^^^^^^^
[INFO] [stderr] ...
[INFO] [stderr] 39 | repository = "https://github.com/hunzhiwange/aisdk"
[INFO] [stderr]    |              --------------------------------------
[INFO] [stderr]    |
[INFO] [stderr]    = note: `cargo::redundant_homepage` is set to `warn` by default
[INFO] [stderr] help: consider removing `package.homepage`
[INFO] [stderr] warning: `vibewindow-aisdk-macros` (manifest) generated 1 warning
[INFO] [stderr]    Compiling proc-macro2 v1.0.103
[INFO] [stderr]    Compiling unicode-ident v1.0.22
[INFO] [stderr]    Compiling quote v1.0.42
[INFO] [stderr]    Compiling syn v2.0.111
[INFO] [stderr]    Compiling vibewindow-aisdk-macros v0.3.0 (/opt/rustwide/workdir)
[INFO] [stderr]     Finished `dev` profile [unoptimized + debuginfo] target(s) in 3.85s
[INFO] running `Command { std: "docker" "inspect" "58cb6c609ea974f18621d9d60d5544583d50d31a8bdc09ae594b9898e60fb4ff", kill_on_drop: false }`
[INFO] running `Command { std: "docker" "exec" "-e" "SOURCE_DIR=/opt/rustwide/workdir" "-e" "CARGO_HOME=/opt/rustwide/cargo-home" "-e" "RUSTUP_HOME=/opt/rustwide/rustup-home" "-e" "CARGO_TARGET_DIR=/opt/rustwide/target" "-e" "CARGO_INCREMENTAL=0" "-e" "RUST_BACKTRACE=full" "-e" "RUSTFLAGS=--cap-lints=warn" "-e" "RUSTDOCFLAGS=--cap-lints=warn" "-w" "/opt/rustwide/workdir" "--user" "0:0" "58cb6c609ea974f18621d9d60d5544583d50d31a8bdc09ae594b9898e60fb4ff" "/opt/rustwide/cargo-home/bin/cargo" "+1.100.0-beta.1" "test" "--frozen" "--no-run" "--message-format=json", kill_on_drop: false }`
[INFO] [stderr] warning: `package.homepage` is redundant with `package.repository`
[INFO] [stderr]   --> Cargo.toml:35:12
[INFO] [stderr]    |
[INFO] [stderr] 35 | homepage = "https://github.com/hunzhiwange/aisdk"
[INFO] [stderr]    |            ^^^^^^^^^^^^^^^^^^^^^^^^^^^^^^^^^^^^^^
[INFO] [stderr] ...
[INFO] [stderr] 39 | repository = "https://github.com/hunzhiwange/aisdk"
[INFO] [stderr]    |              --------------------------------------
[INFO] [stderr]    |
[INFO] [stderr]    = note: `cargo::redundant_homepage` is set to `warn` by default
[INFO] [stderr] help: consider removing `package.homepage`
[INFO] [stderr] warning: `vibewindow-aisdk-macros` (manifest) generated 1 warning
[INFO] [stderr]    Compiling proc-macro2 v1.0.103
[INFO] [stderr]    Compiling unicode-ident v1.0.22
[INFO] [stderr]    Compiling libc v0.2.178
[INFO] [stderr]    Compiling memchr v2.7.6
[INFO] [stderr]    Compiling pin-project-lite v0.2.16
[INFO] [stderr]    Compiling futures-core v0.3.31
[INFO] [stderr]    Compiling futures-sink v0.3.31
[INFO] [stderr]    Compiling futures-task v0.3.31
[INFO] [stderr]    Compiling futures-io v0.3.31
[INFO] [stderr]    Compiling slab v0.4.11
[INFO] [stderr]    Compiling quote v1.0.42
[INFO] [stderr]    Compiling serde_json v1.0.145
[INFO] [stderr]    Compiling itoa v1.0.15
[INFO] [stderr]    Compiling serde_core v1.0.228
[INFO] [stderr]    Compiling ryu v1.0.20
[INFO] [stderr]    Compiling bytes v1.11.0
[INFO] [stderr]    Compiling futures-channel v0.3.31
[INFO] [stderr]    Compiling syn v2.0.111
[INFO] [stderr]    Compiling parking_lot_core v0.9.12
[INFO] [stderr]    Compiling signal-hook-registry v1.4.7
[INFO] [stderr]    Compiling mio v1.1.0
[INFO] [stderr]    Compiling socket2 v0.6.1
[INFO] [stderr]    Compiling parking_lot v0.12.5
[INFO] [stderr]    Compiling futures-macro v0.3.31
[INFO] [stderr]    Compiling tokio-macros v2.6.0
[INFO] [stderr]    Compiling vibewindow-aisdk-macros v0.3.0 (/opt/rustwide/workdir)
[INFO] [stderr]    Compiling tokio v1.48.0
[INFO] [stderr]    Compiling futures-util v0.3.31
[INFO] [stderr]    Compiling futures-executor v0.3.31
[INFO] [stderr]    Compiling futures v0.3.31
[INFO] [stdout] error[E0433]: cannot find module or crate `aisdk` in this scope
[INFO] [stdout]  --> tests/test_tools.rs:5:9
[INFO] [stdout]   |
[INFO] [stdout] 5 |     use aisdk::__private::schemars::{self, schema_for};
[INFO] [stdout]   |         ^^^^^ use of unresolved module or unlinked crate `aisdk`
[INFO] [stdout]   |
[INFO] [stdout]   = help: if you wanted to use a crate named `aisdk`, use `cargo add aisdk` to add it to your `Cargo.toml`
[INFO] [stdout] 
[INFO] [stdout] 
[INFO] [stdout] error[E0433]: cannot find module or crate `aisdk` in this scope
[INFO] [stdout]  --> tests/test_tools.rs:6:9
[INFO] [stdout]   |
[INFO] [stdout] 6 |     use aisdk::core::language_model::{
[INFO] [stdout]   |         ^^^^^ use of unresolved module or unlinked crate `aisdk`
[INFO] [stdout]   |
[INFO] [stdout]   = help: if you wanted to use a crate named `aisdk`, use `cargo add aisdk` to add it to your `Cargo.toml`
[INFO] [stdout] 
[INFO] [stdout] 
[INFO] [stdout] error[E0433]: cannot find module or crate `aisdk` in this scope
[INFO] [stdout]  --> tests/test_tools.rs:9:9
[INFO] [stdout]   |
[INFO] [stdout] 9 |     use aisdk::core::tools::{Tool, ToolContext, ToolExecute};
[INFO] [stdout]   |         ^^^^^ use of unresolved module or unlinked crate `aisdk`
[INFO] [stdout]   |
[INFO] [stdout]   = help: if you wanted to use a crate named `aisdk`, use `cargo add aisdk` to add it to your `Cargo.toml`
[INFO] [stdout] 
[INFO] [stdout] 
[INFO] [stdout] error[E0433]: cannot find module or crate `aisdk` in this scope
[INFO] [stdout]   --> tests/test_tools.rs:10:9
[INFO] [stdout]    |
[INFO] [stdout] 10 |     use aisdk::macros::tool;
[INFO] [stdout]    |         ^^^^^ use of unresolved module or unlinked crate `aisdk`
[INFO] [stdout]    |
[INFO] [stdout]    = help: if you wanted to use a crate named `aisdk`, use `cargo add aisdk` to add it to your `Cargo.toml`
[INFO] [stdout] 
[INFO] [stdout] 
[INFO] [stdout] error[E0061]: this function takes 2 arguments but 0 arguments were supplied
[INFO] [stdout]   --> tests/test_tools.rs:55:20
[INFO] [stdout]    |
[INFO] [stdout] 55 |         let tool = my_example_tool();
[INFO] [stdout]    |                    ^^^^^^^^^^^^^^^-- two arguments of type `u8` and `Option<u8>` are missing
[INFO] [stdout]    |
[INFO] [stdout] note: function defined here
[INFO] [stdout]   --> tests/test_tools.rs:17:12
[INFO] [stdout]    |
[INFO] [stdout] 17 |     pub fn my_example_tool(a: u8, b: Option<u8>) -> Tool {
[INFO] [stdout]    |            ^^^^^^^^^^^^^^^ -----  -------------
[INFO] [stdout] help: provide the arguments
[INFO] [stdout]    |
[INFO] [stdout] 55 |         let tool = my_example_tool(/* u8 */, /* Option<u8> */);
[INFO] [stdout]    |                                    ++++++++++++++++++++++++++
[INFO] [stdout] 
[INFO] [stdout] 
[INFO] [stdout] error[E0609]: no field `name` on type `impl futures::Future<Output = {type error}>`
[INFO] [stdout]    --> tests/test_tools.rs:106:25
[INFO] [stdout]     |
[INFO] [stdout] 106 |         assert_eq!(tool.name, "example_async_tool");
[INFO] [stdout]     |                         ^^^^ unknown field
[INFO] [stdout] 
[INFO] [stdout] 
[INFO] [stdout] error[E0609]: no field `description` on type `impl futures::Future<Output = {type error}>`
[INFO] [stdout]    --> tests/test_tools.rs:107:25
[INFO] [stdout]     |
[INFO] [stdout] 107 |         assert_eq!(tool.description, " Tool that have async body");
[INFO] [stdout]     |                         ^^^^^^^^^^^ unknown field
[INFO] [stdout] 
[INFO] [stdout] 
[INFO] [stdout] error[E0609]: no field `execute` on type `impl futures::Future<Output = {type error}>`
[INFO] [stdout]    --> tests/test_tools.rs:109:18
[INFO] [stdout]     |
[INFO] [stdout] 109 |             tool.execute
[INFO] [stdout]     |                  ^^^^^^^ unknown field
[INFO] [stdout] 
[INFO] [stdout] 
[INFO] [stdout] error[E0061]: this function takes 2 arguments but 0 arguments were supplied
[INFO] [stdout]    --> tests/test_tools.rs:122:20
[INFO] [stdout]     |
[INFO] [stdout] 122 |         let tool = context_tool();
[INFO] [stdout]     |                    ^^^^^^^^^^^^-- two arguments are missing
[INFO] [stdout]     |
[INFO] [stdout] note: function defined here
[INFO] [stdout]    --> tests/test_tools.rs:32:12
[INFO] [stdout]     |
[INFO] [stdout]  32 |     pub fn context_tool(ctx: ToolContext, value: String) -> Tool {
[INFO] [stdout]     |            ^^^^^^^^^^^^ ----------------  -------------
[INFO] [stdout] help: provide the arguments
[INFO] [stdout]     |
[INFO] [stdout] 122 |         let tool = context_tool(/* ctx */, /* String */);
[INFO] [stdout]     |                                 +++++++++++++++++++++++
[INFO] [stdout] 
[INFO] [stdout] 
[INFO] [stdout] error[E0061]: this function takes 2 arguments but 0 arguments were supplied
[INFO] [stdout]    --> tests/test_tools.rs:157:20
[INFO] [stdout]     |
[INFO] [stdout] 157 |         let tool = context_stream_tool();
[INFO] [stdout]     |                    ^^^^^^^^^^^^^^^^^^^-- two arguments are missing
[INFO] [stdout]     |
[INFO] [stdout] note: function defined here
[INFO] [stdout]    --> tests/test_tools.rs:39:18
[INFO] [stdout]     |
[INFO] [stdout]  39 |     pub async fn context_stream_tool(ctx: ToolContext, value: String) -> Tool {
[INFO] [stdout]     |                  ^^^^^^^^^^^^^^^^^^^ ----------------  -------------
[INFO] [stdout] help: provide the arguments
[INFO] [stdout]     |
[INFO] [stdout] 157 |         let tool = context_stream_tool(/* ctx */, /* String */);
[INFO] [stdout]     |                                        +++++++++++++++++++++++
[INFO] [stdout] 
[INFO] [stdout] 
[INFO] [stdout] error[E0609]: no field `execute` on type `impl futures::Future<Output = {type error}>`
[INFO] [stdout]    --> tests/test_tools.rs:162:18
[INFO] [stdout]     |
[INFO] [stdout] 162 |             tool.execute
[INFO] [stdout]     |                  ^^^^^^^ unknown field
[INFO] [stdout] 
[INFO] [stdout] 
[INFO] [stdout] error[E0061]: this function takes 2 arguments but 0 arguments were supplied
[INFO] [stdout]    --> tests/test_tools.rs:184:20
[INFO] [stdout]     |
[INFO] [stdout] 184 |         let tool = trailing_context_tool();
[INFO] [stdout]     |                    ^^^^^^^^^^^^^^^^^^^^^-- two arguments are missing
[INFO] [stdout]     |
[INFO] [stdout] note: function defined here
[INFO] [stdout]    --> tests/test_tools.rs:48:12
[INFO] [stdout]     |
[INFO] [stdout]  48 |     pub fn trailing_context_tool(value: String, ctx: ToolContext) -> Tool {
[INFO] [stdout]     |            ^^^^^^^^^^^^^^^^^^^^^ -------------  ----------------
[INFO] [stdout] help: provide the arguments
[INFO] [stdout]     |
[INFO] [stdout] 184 |         let tool = trailing_context_tool(/* String */, /* ctx */);
[INFO] [stdout]     |                                          +++++++++++++++++++++++
[INFO] [stdout] 
[INFO] [stdout] 
[INFO] [stdout] error[E0061]: this function takes 3 arguments but 0 arguments were supplied
[INFO] [stdout]    --> tests/test_tools.rs:224:20
[INFO] [stdout]     |
[INFO] [stdout] 224 |         let tool = my_example_tool_with_name();
[INFO] [stdout]     |                    ^^^^^^^^^^^^^^^^^^^^^^^^^-- three arguments of type `std::string::String`, `u8`, and `Option<u8>` are missing
[INFO] [stdout]     |
[INFO] [stdout] note: function defined here
[INFO] [stdout]    --> tests/test_tools.rs:218:12
[INFO] [stdout]     |
[INFO] [stdout] 218 |     pub fn my_example_tool_with_name(_name: String, a: u8, b: Option<u8>) -> Tool {
[INFO] [stdout]     |            ^^^^^^^^^^^^^^^^^^^^^^^^^ -------------  -----  -------------
[INFO] [stdout] help: provide the arguments
[INFO] [stdout]     |
[INFO] [stdout] 224 |         let tool = my_example_tool_with_name(/* String */, /* u8 */, /* Option<u8> */);
[INFO] [stdout]     |                                              ++++++++++++++++++++++++++++++++++++++++
[INFO] [stdout] 
[INFO] [stdout] 
[INFO] [stdout] error[E0061]: this function takes 3 arguments but 0 arguments were supplied
[INFO] [stdout]    --> tests/test_tools.rs:238:20
[INFO] [stdout]     |
[INFO] [stdout] 238 |         let tool = my_example_tool_with_description();
[INFO] [stdout]     |                    ^^^^^^^^^^^^^^^^^^^^^^^^^^^^^^^^-- three arguments of type `std::string::String`, `u8`, and `Option<u8>` are missing
[INFO] [stdout]     |
[INFO] [stdout] note: function defined here
[INFO] [stdout]    --> tests/test_tools.rs:231:12
[INFO] [stdout]     |
[INFO] [stdout] 231 |     pub fn my_example_tool_with_description(_name: String, a: u8, b: Option<u8>) -> Tool {
[INFO] [stdout]     |            ^^^^^^^^^^^^^^^^^^^^^^^^^^^^^^^^ -------------  -----  -------------
[INFO] [stdout] help: provide the arguments
[INFO] [stdout]     |
[INFO] [stdout] 238 |         let tool = my_example_tool_with_description(/* String */, /* u8 */, /* Option<u8> */);
[INFO] [stdout]     |                                                     ++++++++++++++++++++++++++++++++++++++++
[INFO] [stdout] 
[INFO] [stdout] 
[INFO] [stdout] error[E0061]: this function takes 3 arguments but 0 arguments were supplied
[INFO] [stdout]    --> tests/test_tools.rs:254:20
[INFO] [stdout]     |
[INFO] [stdout] 254 |         let tool = my_example_tool_with_name_and_description();
[INFO] [stdout]     |                    ^^^^^^^^^^^^^^^^^^^^^^^^^^^^^^^^^^^^^^^^^-- three arguments of type `std::string::String`, `u8`, and `Option<u8>` are missing
[INFO] [stdout]     |
[INFO] [stdout] note: function defined here
[INFO] [stdout]    --> tests/test_tools.rs:248:12
[INFO] [stdout]     |
[INFO] [stdout] 248 |     pub fn my_example_tool_with_name_and_description(_name: String, a: u8, b: Option<u8>) -> Tool {
[INFO] [stdout]     |            ^^^^^^^^^^^^^^^^^^^^^^^^^^^^^^^^^^^^^^^^^ -------------  -----  -------------
[INFO] [stdout] help: provide the arguments
[INFO] [stdout]     |
[INFO] [stdout] 254 |         let tool = my_example_tool_with_name_and_description(/* String */, /* u8 */, /* Option<u8> */);
[INFO] [stdout]     |                                                              ++++++++++++++++++++++++++++++++++++++++
[INFO] [stdout] 
[INFO] [stdout] 
[INFO] [stdout] error[E0061]: this function takes 3 arguments but 0 arguments were supplied
[INFO] [stdout]    --> tests/test_tools.rs:272:20
[INFO] [stdout]     |
[INFO] [stdout] 272 |         let tool = my_example_tool_with_description_and_name();
[INFO] [stdout]     |                    ^^^^^^^^^^^^^^^^^^^^^^^^^^^^^^^^^^^^^^^^^-- three arguments of type `std::string::String`, `u8`, and `Option<u8>` are missing
[INFO] [stdout]     |
[INFO] [stdout] note: function defined here
[INFO] [stdout]    --> tests/test_tools.rs:266:12
[INFO] [stdout]     |
[INFO] [stdout] 266 |     pub fn my_example_tool_with_description_and_name(_name: String, a: u8, b: Option<u8>) -> Tool {
[INFO] [stdout]     |            ^^^^^^^^^^^^^^^^^^^^^^^^^^^^^^^^^^^^^^^^^ -------------  -----  -------------
[INFO] [stdout] help: provide the arguments
[INFO] [stdout]     |
[INFO] [stdout] 272 |         let tool = my_example_tool_with_description_and_name(/* String */, /* u8 */, /* Option<u8> */);
[INFO] [stdout]     |                                                              ++++++++++++++++++++++++++++++++++++++++
[INFO] [stdout] 
[INFO] [stdout] 
[INFO] [stdout] Some errors have detailed explanations: E0061, E0433, E0609.
[INFO] [stdout] 
[INFO] [stdout] For more information about an error, try `rustc --explain E0061`.
[INFO] [stdout] 
[INFO] [stderr] error: could not compile `vibewindow-aisdk-macros` (test "test_tools") due to 16 previous errors
[INFO] [stderr] warning: build failed, waiting for other jobs to finish...
[INFO] running `Command { std: "docker" "inspect" "58cb6c609ea974f18621d9d60d5544583d50d31a8bdc09ae594b9898e60fb4ff", kill_on_drop: false }`
[INFO] running `Command { std: "docker" "rm" "-f" "58cb6c609ea974f18621d9d60d5544583d50d31a8bdc09ae594b9898e60fb4ff", kill_on_drop: false }`
[INFO] [stdout] 58cb6c609ea974f18621d9d60d5544583d50d31a8bdc09ae594b9898e60fb4ff
