[INFO] fetching crate vexil-codegen-rust 0.5.0...
[INFO] testing vexil-codegen-rust-0.5.0 against 1.99.0-beta.8 for beta-1.100-2
[INFO] extracting crate vexil-codegen-rust 0.5.0 into /workspace/builds/worker-3-tc1/source
[INFO] started tweaking crates.io crate vexil-codegen-rust 0.5.0
[INFO] removed 0 missing tests
[INFO] finished tweaking crates.io crate vexil-codegen-rust 0.5.0
[INFO] tweaked toml for crates.io crate vexil-codegen-rust 0.5.0 written to /workspace/builds/worker-3-tc1/source/Cargo.toml
[INFO] validating manifest of crates.io crate vexil-codegen-rust 0.5.0 on toolchain 1.99.0-beta.8
[INFO] running `Command { std: CARGO_HOME="/workspace/cargo-home" RUSTUP_HOME="/workspace/rustup-home" "/workspace/cargo-home/bin/cargo" "+1.99.0-beta.8" "metadata" "--manifest-path" "Cargo.toml" "--no-deps", kill_on_drop: false }`
[INFO] crate crates.io crate vexil-codegen-rust 0.5.0 already has a lockfile, it will not be regenerated
[INFO] running `Command { std: CARGO_HOME="/workspace/cargo-home" RUSTUP_HOME="/workspace/rustup-home" "/workspace/cargo-home/bin/cargo" "+1.99.0-beta.8" "fetch" "--manifest-path" "Cargo.toml", kill_on_drop: false }`
[INFO] [stderr]     Updating crates.io index
[INFO] [stderr]  Downloading crates ...
[INFO] [stderr]   Downloaded test-case v3.3.1
[INFO] [stderr]   Downloaded cc v1.2.58
[INFO] [stderr]   Downloaded test-case-macros v3.3.1
[INFO] [stderr]   Downloaded test-case-core v3.3.1
[INFO] [stderr]   Downloaded vexil-lang v0.5.0
[INFO] [stderr]   Downloaded blake3 v1.8.5
[INFO] running `Command { std: "docker" "create" "-v" "/var/lib/crater-agent-workspace/builds/worker-3-tc1/source:/opt/rustwide/workdir:ro,Z" "-v" "/var/lib/crater-agent-workspace/builds/worker-3-tc1/target:/opt/rustwide/target:rw,Z" "-v" "/var/lib/crater-agent-workspace/cargo-home:/opt/rustwide/cargo-home:ro,Z" "-v" "/var/lib/crater-agent-workspace/rustup-home:/opt/rustwide/rustup-home:ro,Z" "-m" "1610612736" "--network" "none" "ghcr.io/rust-lang/crates-build-env/linux@sha256:3111399a4047eeb3a02b7a90e478d715f38a8c6669b5c4b49d30a17385265909" "sleep" "infinity", kill_on_drop: false }`
[INFO] [stdout] c51c55a90e2d2593ec39018288b28193de3b7e077033e283e15030e05e9ed916
[INFO] running `Command { std: "docker" "start" "c51c55a90e2d2593ec39018288b28193de3b7e077033e283e15030e05e9ed916", kill_on_drop: false }`
[INFO] running `Command { std: "docker" "inspect" "c51c55a90e2d2593ec39018288b28193de3b7e077033e283e15030e05e9ed916", kill_on_drop: false }`
[INFO] running `Command { std: "docker" "exec" "-e" "SOURCE_DIR=/opt/rustwide/workdir" "-e" "CARGO_HOME=/opt/rustwide/cargo-home" "-e" "RUSTUP_HOME=/opt/rustwide/rustup-home" "-e" "CARGO_TARGET_DIR=/opt/rustwide/target" "-w" "/opt/rustwide/workdir" "--user" "0:0" "c51c55a90e2d2593ec39018288b28193de3b7e077033e283e15030e05e9ed916" "/opt/rustwide/cargo-home/bin/cargo" "+1.99.0-beta.8" "metadata" "--no-deps" "--format-version=1", kill_on_drop: false }`
[INFO] running `Command { std: "docker" "inspect" "c51c55a90e2d2593ec39018288b28193de3b7e077033e283e15030e05e9ed916", kill_on_drop: false }`
[INFO] running `Command { std: "docker" "exec" "-e" "SOURCE_DIR=/opt/rustwide/workdir" "-e" "CARGO_HOME=/opt/rustwide/cargo-home" "-e" "RUSTUP_HOME=/opt/rustwide/rustup-home" "-e" "CARGO_TARGET_DIR=/opt/rustwide/target" "-e" "CARGO_INCREMENTAL=0" "-e" "RUST_BACKTRACE=full" "-e" "RUSTFLAGS=--cap-lints=warn" "-e" "RUSTDOCFLAGS=--cap-lints=warn" "-w" "/opt/rustwide/workdir" "--user" "0:0" "c51c55a90e2d2593ec39018288b28193de3b7e077033e283e15030e05e9ed916" "/opt/rustwide/cargo-home/bin/cargo" "+1.99.0-beta.8" "build" "--frozen" "--message-format=json", kill_on_drop: false }`
[INFO] [stderr]    Compiling cc v1.2.58
[INFO] [stderr]    Compiling arrayvec v0.7.6
[INFO] [stderr]    Compiling constant_time_eq v0.4.2
[INFO] [stderr]    Compiling semver v1.0.28
[INFO] [stderr]    Compiling smol_str v0.3.6
[INFO] [stderr]    Compiling syn v3.0.3
[INFO] [stderr]    Compiling blake3 v1.8.5
[INFO] [stderr]    Compiling thiserror-impl v2.0.19
[INFO] [stderr]    Compiling thiserror v2.0.19
[INFO] [stderr]    Compiling vexil-lang v0.5.0
[INFO] [stderr]    Compiling vexil-codegen-rust v0.5.0 (/opt/rustwide/workdir)
[INFO] [stderr]     Finished `dev` profile [unoptimized + debuginfo] target(s) in 12.00s
[INFO] running `Command { std: "docker" "inspect" "c51c55a90e2d2593ec39018288b28193de3b7e077033e283e15030e05e9ed916", kill_on_drop: false }`
[INFO] running `Command { std: "docker" "exec" "-e" "SOURCE_DIR=/opt/rustwide/workdir" "-e" "CARGO_HOME=/opt/rustwide/cargo-home" "-e" "RUSTUP_HOME=/opt/rustwide/rustup-home" "-e" "CARGO_TARGET_DIR=/opt/rustwide/target" "-e" "CARGO_INCREMENTAL=0" "-e" "RUST_BACKTRACE=full" "-e" "RUSTFLAGS=--cap-lints=warn" "-e" "RUSTDOCFLAGS=--cap-lints=warn" "-w" "/opt/rustwide/workdir" "--user" "0:0" "c51c55a90e2d2593ec39018288b28193de3b7e077033e283e15030e05e9ed916" "/opt/rustwide/cargo-home/bin/cargo" "+1.99.0-beta.8" "test" "--frozen" "--no-run" "--message-format=json", kill_on_drop: false }`
[INFO] [stderr]    Compiling syn v2.0.117
[INFO] [stderr]    Compiling test-case-core v3.3.1
[INFO] [stderr]    Compiling test-case-macros v3.3.1
[INFO] [stderr]    Compiling test-case v3.3.1
[INFO] [stderr]    Compiling vexil-codegen-rust v0.5.0 (/opt/rustwide/workdir)
[INFO] [stdout] error[E0432]: unresolved import `vexil_runtime`
[INFO] [stdout]  --> tests/union_array_roundtrip.rs:4:5
[INFO] [stdout]   |
[INFO] [stdout] 4 | use vexil_runtime::{BitReader, BitWriter};
[INFO] [stdout]   |     ^^^^^^^^^^^^^ use of unresolved module or unlinked crate `vexil_runtime`
[INFO] [stdout]   |
[INFO] [stdout]   = help: if you wanted to use a crate named `vexil_runtime`, use `cargo add vexil_runtime` to add it to your `Cargo.toml`
[INFO] [stdout] 
[INFO] [stdout] 
[INFO] [stdout] error[E0432]: unresolved import `vexil_runtime`
[INFO] [stdout]  --> tests/golden_bytes.rs:5:5
[INFO] [stdout]   |
[INFO] [stdout] 5 | use vexil_runtime::BitWriter;
[INFO] [stdout]   |     ^^^^^^^^^^^^^ use of unresolved module or unlinked crate `vexil_runtime`
[INFO] [stdout]   |
[INFO] [stdout]   = help: if you wanted to use a crate named `vexil_runtime`, use `cargo add vexil_runtime` to add it to your `Cargo.toml`
[INFO] [stdout] 
[INFO] [stdout] 
[INFO] [stdout] error[E0432]: unresolved import `vexil_runtime`
[INFO] [stdout]  --> tests/delta_compliance.rs:7:5
[INFO] [stdout]   |
[INFO] [stdout] 7 | use vexil_runtime::BitWriter;
[INFO] [stdout]   |     ^^^^^^^^^^^^^ use of unresolved module or unlinked crate `vexil_runtime`
[INFO] [stdout]   |
[INFO] [stdout]   = help: if you wanted to use a crate named `vexil_runtime`, use `cargo add vexil_runtime` to add it to your `Cargo.toml`
[INFO] [stdout] 
[INFO] [stdout] 
[INFO] [stdout] For more information about this error, try `rustc --explain E0432`.
[INFO] [stdout] 
[INFO] [stderr] error: could not compile `vexil-codegen-rust` (test "union_array_roundtrip") due to 1 previous error
[INFO] [stderr] warning: build failed, waiting for other jobs to finish...
[INFO] [stdout] error[E0432]: unresolved import `vexil_runtime`
[INFO] [stdout]  --> tests/evolution_roundtrip.rs:3:5
[INFO] [stdout]   |
[INFO] [stdout] 3 | use vexil_runtime::{BitReader, BitWriter};
[INFO] [stdout]   |     ^^^^^^^^^^^^^ use of unresolved module or unlinked crate `vexil_runtime`
[INFO] [stdout]   |
[INFO] [stdout]   = help: if you wanted to use a crate named `vexil_runtime`, use `cargo add vexil_runtime` to add it to your `Cargo.toml`
[INFO] [stdout] 
[INFO] [stdout] 
[INFO] [stdout] For more information about this error, try `rustc --explain E0432`.
[INFO] [stdout] 
[INFO] [stdout] For more information about this error, try `rustc --explain E0432`.
[INFO] [stdout] 
[INFO] [stdout] For more information about this error, try `rustc --explain E0432`.
[INFO] [stdout] 
[INFO] [stderr] error: could not compile `vexil-codegen-rust` (test "golden_bytes") due to 1 previous error
[INFO] [stderr] error: could not compile `vexil-codegen-rust` (test "evolution_roundtrip") due to 1 previous error
[INFO] [stderr] error: could not compile `vexil-codegen-rust` (test "delta_compliance") due to 1 previous error
[INFO] running `Command { std: "docker" "inspect" "c51c55a90e2d2593ec39018288b28193de3b7e077033e283e15030e05e9ed916", kill_on_drop: false }`
[INFO] running `Command { std: "docker" "rm" "-f" "c51c55a90e2d2593ec39018288b28193de3b7e077033e283e15030e05e9ed916", kill_on_drop: false }`
[INFO] [stdout] c51c55a90e2d2593ec39018288b28193de3b7e077033e283e15030e05e9ed916
