[INFO] fetching crate vetis-rhai 0.1.0...
[INFO] testing vetis-rhai-0.1.0 against 1.99.0-beta.8 for beta-1.100-2
[INFO] extracting crate vetis-rhai 0.1.0 into /workspace/builds/worker-0-tc1/source
[INFO] started tweaking crates.io crate vetis-rhai 0.1.0
[INFO] removed 0 missing tests
[INFO] finished tweaking crates.io crate vetis-rhai 0.1.0
[INFO] tweaked toml for crates.io crate vetis-rhai 0.1.0 written to /workspace/builds/worker-0-tc1/source/Cargo.toml
[INFO] validating manifest of crates.io crate vetis-rhai 0.1.0 on toolchain 1.99.0-beta.8
[INFO] running `Command { std: CARGO_HOME="/workspace/cargo-home" RUSTUP_HOME="/workspace/rustup-home" "/workspace/cargo-home/bin/cargo" "+1.99.0-beta.8" "metadata" "--manifest-path" "Cargo.toml" "--no-deps", kill_on_drop: false }`
[INFO] crate crates.io crate vetis-rhai 0.1.0 already has a lockfile, it will not be regenerated
[INFO] running `Command { std: CARGO_HOME="/workspace/cargo-home" RUSTUP_HOME="/workspace/rustup-home" "/workspace/cargo-home/bin/cargo" "+1.99.0-beta.8" "fetch" "--manifest-path" "Cargo.toml", kill_on_drop: false }`
[INFO] [stderr]     Updating crates.io index
[INFO] [stderr]  Downloading crates ...
[INFO] [stderr]   Downloaded vetis v0.1.7-beta.4
[INFO] [stderr]   Downloaded serde_yaml_ng v0.10.0
[INFO] [stderr]   Downloaded mod_use v0.2.3
[INFO] [stderr]   Downloaded async-fn-stream v0.3.2
[INFO] [stderr]   Downloaded logforth-bridge-log v0.4.1
[INFO] [stderr]   Downloaded http-serde-ext v1.0.2
[INFO] [stderr]   Downloaded vetis-tokio v0.1.2-beta.5
[INFO] [stderr]   Downloaded compio-buf v0.8.3
[INFO] [stderr]   Downloaded local-event v0.1.3
[INFO] [stderr]   Downloaded compio-send-wrapper v0.7.2
[INFO] [stderr]   Downloaded compio-log v0.2.1
[INFO] [stderr]   Downloaded logforth-filter-rustlog v0.4.0
[INFO] [stderr]   Downloaded logforth-layout-json v0.4.0
[INFO] [stderr]   Downloaded logforth-append-file v0.4.0
[INFO] [stderr]   Downloaded logforth-layout-text v0.4.0
[INFO] [stderr]   Downloaded patricia_tree v0.10.2
[INFO] [stderr]   Downloaded thin-cell v0.2.1
[INFO] [stderr]   Downloaded compio-runtime v0.12.6
[INFO] [stderr]   Downloaded pointers v0.1.0
[INFO] [stderr]   Downloaded vetis-macros v0.1.3-beta.5
[INFO] [stderr]   Downloaded logforth v0.30.1
[INFO] [stderr]   Downloaded caramelo v0.1.5
[INFO] [stderr]   Downloaded duration-str v0.21.0
[INFO] [stderr]   Downloaded logforth-core v0.4.0
[INFO] [stderr]   Downloaded hyper-body-utils v0.1.17
[INFO] [stderr]   Downloaded seize v0.5.1
[INFO] [stderr]   Downloaded rhai_codegen v3.2.0
[INFO] [stderr]   Downloaded compio-fs v0.12.1
[INFO] [stderr]   Downloaded synchrony v0.1.9
[INFO] [stderr]   Downloaded compio-executor v0.1.4
[INFO] [stderr]   Downloaded thin-vec v0.2.20
[INFO] [stderr]   Downloaded jsonpath-rust v1.0.11
[INFO] [stderr]   Downloaded compio v0.19.2
[INFO] [stderr]   Downloaded sonic-number v0.1.3
[INFO] [stderr]   Downloaded compio-io v0.10.1
[INFO] [stderr]   Downloaded papaya v0.2.5
[INFO] [stderr]   Downloaded xml v1.4.0
[INFO] [stderr]   Downloaded compio-driver v0.12.5
[INFO] [stderr]   Downloaded serde-xml-rs v0.8.2
[INFO] [stderr]   Downloaded simdxml v0.2.1
[INFO] [stderr]   Downloaded crossfire v3.1.20
[INFO] [stderr]   Downloaded sonic-rs v0.5.10
[INFO] [stderr]   Downloaded quinn-proto v0.11.18
[INFO] [stderr]   Downloaded rhai v1.26.1
[INFO] running `Command { std: "docker" "create" "-v" "/var/lib/crater-agent-workspace/builds/worker-0-tc1/source:/opt/rustwide/workdir:ro,Z" "-v" "/var/lib/crater-agent-workspace/builds/worker-0-tc1/target:/opt/rustwide/target:rw,Z" "-v" "/var/lib/crater-agent-workspace/cargo-home:/opt/rustwide/cargo-home:ro,Z" "-v" "/var/lib/crater-agent-workspace/rustup-home:/opt/rustwide/rustup-home:ro,Z" "-m" "1610612736" "--network" "none" "ghcr.io/rust-lang/crates-build-env/linux@sha256:3111399a4047eeb3a02b7a90e478d715f38a8c6669b5c4b49d30a17385265909" "sleep" "infinity", kill_on_drop: false }`
[INFO] [stdout] 7de2d57c5072c43d740f8bb51a10bccd0b5183f1d661df74d7348497503007fc
[INFO] running `Command { std: "docker" "start" "7de2d57c5072c43d740f8bb51a10bccd0b5183f1d661df74d7348497503007fc", kill_on_drop: false }`
[INFO] running `Command { std: "docker" "inspect" "7de2d57c5072c43d740f8bb51a10bccd0b5183f1d661df74d7348497503007fc", kill_on_drop: false }`
[INFO] running `Command { std: "docker" "exec" "-e" "SOURCE_DIR=/opt/rustwide/workdir" "-e" "CARGO_HOME=/opt/rustwide/cargo-home" "-e" "RUSTUP_HOME=/opt/rustwide/rustup-home" "-e" "CARGO_TARGET_DIR=/opt/rustwide/target" "-w" "/opt/rustwide/workdir" "--user" "0:0" "7de2d57c5072c43d740f8bb51a10bccd0b5183f1d661df74d7348497503007fc" "/opt/rustwide/cargo-home/bin/cargo" "+1.99.0-beta.8" "metadata" "--no-deps" "--format-version=1", kill_on_drop: false }`
[INFO] running `Command { std: "docker" "inspect" "7de2d57c5072c43d740f8bb51a10bccd0b5183f1d661df74d7348497503007fc", kill_on_drop: false }`
[INFO] running `Command { std: "docker" "exec" "-e" "SOURCE_DIR=/opt/rustwide/workdir" "-e" "CARGO_HOME=/opt/rustwide/cargo-home" "-e" "RUSTUP_HOME=/opt/rustwide/rustup-home" "-e" "CARGO_TARGET_DIR=/opt/rustwide/target" "-e" "CARGO_INCREMENTAL=0" "-e" "RUST_BACKTRACE=full" "-e" "RUSTFLAGS=--cap-lints=warn" "-e" "RUSTDOCFLAGS=--cap-lints=warn" "-w" "/opt/rustwide/workdir" "--user" "0:0" "7de2d57c5072c43d740f8bb51a10bccd0b5183f1d661df74d7348497503007fc" "/opt/rustwide/cargo-home/bin/cargo" "+1.99.0-beta.8" "build" "--frozen" "--message-format=json", kill_on_drop: false }`
[INFO] [stderr]    Compiling portable-atomic v1.15.0
[INFO] [stderr]    Compiling smallvec v1.16.2
[INFO] [stderr]    Compiling futures-sink v0.3.34
[INFO] [stderr]    Compiling yoke-derive v0.8.3
[INFO] [stderr]    Compiling cc v1.5.1
[INFO] [stderr]    Compiling arrayvec v0.7.8
[INFO] [stderr]    Compiling event-listener v5.4.2
[INFO] [stderr]    Compiling serde v1.0.229
[INFO] [stderr]    Compiling crossbeam-utils v0.8.23
[INFO] [stderr]    Compiling aws-lc-rs v1.18.1
[INFO] [stderr]    Compiling local-event v0.1.3
[INFO] [stderr]    Compiling mio v1.2.3
[INFO] [stderr]    Compiling rustix v1.1.5
[INFO] [stderr]    Compiling spin v0.9.9
[INFO] [stderr]    Compiling compio-driver v0.12.5
[INFO] [stderr]    Compiling compio-send-wrapper v0.7.2
[INFO] [stderr]    Compiling futures-util v0.3.34
[INFO] [stderr]    Compiling linux-raw-sys v0.12.1
[INFO] [stderr]    Compiling mod_use v0.2.3
[INFO] [stderr]    Compiling rustls v0.23.45
[INFO] [stderr]    Compiling flume v0.12.0
[INFO] [stderr]    Compiling futures-channel v0.3.34
[INFO] [stderr]    Compiling num-traits v0.2.19
[INFO] [stderr]    Compiling compio-fs v0.12.1
[INFO] [stderr]    Compiling compio-buf v0.8.3
[INFO] [stderr]    Compiling thiserror-impl v2.0.21
[INFO] [stderr]    Compiling chacha20 v0.10.2
[INFO] [stderr]    Compiling getrandom v0.4.3
[INFO] [stderr]    Compiling parking_lot_core v0.9.12
[INFO] [stderr]    Compiling quinn-udp v0.5.15
[INFO] [stderr]    Compiling getrandom v0.2.17
[INFO] [stderr]    Compiling zerocopy v0.8.59
[INFO] [stderr]    Compiling tokio v1.53.1
[INFO] [stderr]    Compiling crossbeam-queue v0.3.14
[INFO] [stderr]    Compiling rand v0.10.3
[INFO] [stderr]    Compiling deranged v0.5.8
[INFO] [stderr]    Compiling typetag v0.2.23
[INFO] [stderr]    Compiling once_cell v1.21.4
[INFO] [stderr]    Compiling logforth-core v0.4.0
[INFO] [stderr]    Compiling log v0.4.34
[INFO] [stderr]    Compiling indexmap v2.14.2
[INFO] [stderr]    Compiling parking_lot v0.12.5
[INFO] [stderr]    Compiling const-random-macro v0.1.16
[INFO] [stderr]    Compiling erased-serde v0.4.10
[INFO] [stderr]    Compiling tracing-core v0.1.36
[INFO] [stderr]    Compiling serde_json v1.0.151
[INFO] [stderr]    Compiling yoke v0.8.3
[INFO] [stderr]    Compiling zerovec v0.11.8
[INFO] [stderr]    Compiling zerotrie v0.2.5
[INFO] [stderr]    Compiling rand_pcg v0.10.2
[INFO] [stderr]    Compiling smartstring v1.0.1
[INFO] [stderr]    Compiling quinn v0.11.12
[INFO] [stderr]    Compiling ahash v0.8.12
[INFO] [stderr]    Compiling seize v0.5.1
[INFO] [stderr]    Compiling tracing v0.1.44
[INFO] [stderr]    Compiling typetag-impl v0.2.23
[INFO] [stderr]    Compiling rust_decimal v1.43.0
[INFO] [stderr]    Compiling cmake v0.1.58
[INFO] [stderr]    Compiling thiserror v2.0.21
[INFO] [stderr]    Compiling compio-log v0.2.1
[INFO] [stderr]    Compiling rustc-hash v2.1.3
[INFO] [stderr]    Compiling colored v3.1.1
[INFO] [stderr]    Compiling compio-executor v0.1.4
[INFO] [stderr]    Compiling inventory v0.3.24
[INFO] [stderr]    Compiling pointers v0.1.0
[INFO] [stderr]    Compiling lru-slab v0.1.3
[INFO] [stderr]    Compiling tinyvec v1.13.3
[INFO] [stderr]    Compiling serde_yaml_ng v0.10.0
[INFO] [stderr]    Compiling regex-automata v0.4.18
[INFO] [stderr]    Compiling papaya v0.2.5
[INFO] [stderr]    Compiling tinystr v0.8.4
[INFO] [stderr]    Compiling potential_utf v0.1.6
[INFO] [stderr]    Compiling icu_locale_core v2.1.1
[INFO] [stderr]    Compiling icu_collections v2.1.1
[INFO] [stderr]    Compiling time v0.3.55
[INFO] [stderr]    Compiling logforth-layout-text v0.4.0
[INFO] [stderr]    Compiling logforth-layout-json v0.4.0
[INFO] [stderr]    Compiling logforth-append-file v0.4.0
[INFO] [stderr]    Compiling aws-lc-sys v0.45.0
[INFO] [stderr]    Compiling logforth-bridge-log v0.4.1
[INFO] [stderr]    Compiling logforth-filter-rustlog v0.4.0
[INFO] [stderr]    Compiling const-random v0.1.18
[INFO] [stderr]    Compiling getrandom v0.3.4
[INFO] [stderr]    Compiling http-serde-ext v1.0.2
[INFO] [stderr]    Compiling syn v2.0.119
[INFO] [stderr]    Compiling patricia_tree v0.10.2
[INFO] [stderr]    Compiling logforth v0.30.1
[INFO] [stderr]    Compiling chrono v0.4.45
[INFO] [stderr]    Compiling futures-lite v2.6.1
[INFO] [stderr]    Compiling base64 v0.23.1
[INFO] [stderr]    Compiling thin-vec v0.2.20
[INFO] [stderr]    Compiling icu_provider v2.1.1
[INFO] [stderr]    Compiling synchrony v0.1.9
[INFO] [stderr]    Compiling icu_properties v2.1.2
[INFO] [stderr]    Compiling icu_normalizer v2.1.1
[INFO] [stderr]    Compiling futures v0.3.34
[INFO] [stderr]    Compiling async-fn-stream v0.3.2
[INFO] [stderr]    Compiling thin-cell v0.2.1
[INFO] [stderr]    Compiling compio-io v0.10.1
[INFO] [stderr]    Compiling regex v1.13.1
[INFO] [stderr]    Compiling duration-str v0.21.0
[INFO] [stderr]    Compiling idna_adapter v1.2.1
[INFO] [stderr]    Compiling idna v1.1.0
[INFO] [stderr]    Compiling hyper v1.11.1
[INFO] [stderr]    Compiling crossfire v3.1.20
[INFO] [stderr]    Compiling url v2.5.8
[INFO] [stderr]    Compiling compio-runtime v0.12.6
[INFO] [stderr]    Compiling hyper-util v0.1.21
[INFO] [stderr]    Compiling rhai_codegen v3.2.0
[INFO] [stderr]    Compiling compio v0.19.2
[INFO] [stderr]    Compiling hyper-body-utils v0.1.17
[INFO] [stderr]    Compiling vetis v0.1.7-beta.4
[INFO] [stderr]    Compiling rhai v1.26.1
[INFO] [stderr]    Compiling rustls-webpki v0.103.15
[INFO] [stderr]    Compiling quinn-proto v0.11.18
[INFO] [stderr]    Compiling tokio-rustls v0.26.5
[INFO] [stderr]    Compiling futures-rustls v0.26.0
[INFO] [stderr]    Compiling vetis-tokio v0.1.2-beta.5
[INFO] [stderr]    Compiling vetis-rhai v0.1.0 (/opt/rustwide/workdir)
[INFO] [stderr]     Finished `dev` profile [unoptimized + debuginfo] target(s) in 1m 31s
[INFO] running `Command { std: "docker" "inspect" "7de2d57c5072c43d740f8bb51a10bccd0b5183f1d661df74d7348497503007fc", kill_on_drop: false }`
[INFO] running `Command { std: "docker" "exec" "-e" "SOURCE_DIR=/opt/rustwide/workdir" "-e" "CARGO_HOME=/opt/rustwide/cargo-home" "-e" "RUSTUP_HOME=/opt/rustwide/rustup-home" "-e" "CARGO_TARGET_DIR=/opt/rustwide/target" "-e" "CARGO_INCREMENTAL=0" "-e" "RUST_BACKTRACE=full" "-e" "RUSTFLAGS=--cap-lints=warn" "-e" "RUSTDOCFLAGS=--cap-lints=warn" "-w" "/opt/rustwide/workdir" "--user" "0:0" "7de2d57c5072c43d740f8bb51a10bccd0b5183f1d661df74d7348497503007fc" "/opt/rustwide/cargo-home/bin/cargo" "+1.99.0-beta.8" "test" "--frozen" "--no-run" "--message-format=json", kill_on_drop: false }`
[INFO] [stderr]    Compiling once_cell v1.21.4
[INFO] [stderr]    Compiling futures-io v0.3.34
[INFO] [stderr]    Compiling ahash v0.8.12
[INFO] [stderr]    Compiling pest v2.9.2
[INFO] [stderr]    Compiling tokio v1.53.1
[INFO] [stderr]    Compiling futures-channel v0.3.34
[INFO] [stderr]    Compiling ref-cast v1.0.27
[INFO] [stderr]    Compiling ref-cast-impl v1.0.27
[INFO] [stderr]    Compiling faststr v0.2.34
[INFO] [stderr]    Compiling crossfire v3.1.20
[INFO] [stderr]    Compiling rand v0.10.3
[INFO] [stderr]    Compiling logforth-core v0.4.0
[INFO] [stderr]    Compiling sonic-number v0.1.3
[INFO] [stderr]    Compiling sonic-simd v0.1.4
[INFO] [stderr]    Compiling log v0.4.34
[INFO] [stderr]    Compiling bumpalo v3.20.3
[INFO] [stderr]    Compiling futures-util v0.3.34
[INFO] [stderr]    Compiling tracing-core v0.1.36
[INFO] [stderr]    Compiling const-random-macro v0.1.16
[INFO] [stderr]    Compiling typetag v0.2.23
[INFO] [stderr]    Compiling xxhash-rust v0.8.18
[INFO] [stderr]    Compiling patricia_tree v0.10.2
[INFO] [stderr]    Compiling xml v1.4.0
[INFO] [stderr]    Compiling simdxml v0.2.1
[INFO] [stderr]    Compiling const-random v0.1.18
[INFO] [stderr]    Compiling tracing v0.1.44
[INFO] [stderr]    Compiling sonic-rs v0.5.10
[INFO] [stderr]    Compiling rhai v1.26.1
[INFO] [stderr]    Compiling compio-log v0.2.1
[INFO] [stderr]    Compiling compio-executor v0.1.4
[INFO] [stderr]    Compiling serde-xml-rs v0.8.2
[INFO] [stderr]    Compiling hyper v1.11.1
[INFO] [stderr]    Compiling pest_meta v2.9.2
[INFO] [stderr]    Compiling pest_generator v2.9.2
[INFO] [stderr]    Compiling synchrony v0.1.9
[INFO] [stderr]    Compiling async-fn-stream v0.3.2
[INFO] [stderr]    Compiling futures v0.3.34
[INFO] [stderr]    Compiling thin-cell v0.2.1
[INFO] [stderr]    Compiling compio-io v0.10.1
[INFO] [stderr]    Compiling compio-driver v0.12.5
[INFO] [stderr]    Compiling pest_derive v2.9.2
[INFO] [stderr]    Compiling jsonpath-rust v1.0.11
[INFO] [stderr]    Compiling compio-runtime v0.12.6
[INFO] [stderr]    Compiling compio-fs v0.12.1
[INFO] [stderr]    Compiling caramelo v0.1.5
[INFO] [stderr]    Compiling compio v0.19.2
[INFO] [stderr]    Compiling hyper-body-utils v0.1.17
[INFO] [stderr]    Compiling vetis v0.1.7-beta.4
[INFO] [stderr]    Compiling vetis-macros v0.1.3-beta.5
[INFO] [stderr]    Compiling vetis-rhai v0.1.0 (/opt/rustwide/workdir)
[INFO] [stdout] error[E0433]: cannot find module or crate `deboa` in this scope
[INFO] [stdout]  --> tests/vetis/mod.rs:5:9
[INFO] [stdout]   |
[INFO] [stdout] 5 |     use deboa::{
[INFO] [stdout]   |         ^^^^^ use of unresolved module or unlinked crate `deboa`
[INFO] [stdout]   |
[INFO] [stdout]   = help: if you wanted to use a crate named `deboa`, use `cargo add deboa` to add it to your `Cargo.toml`
[INFO] [stdout] 
[INFO] [stdout] 
[INFO] [stdout] error[E0433]: cannot find module or crate `deboa_tokio` in this scope
[INFO] [stdout]  --> tests/vetis/mod.rs:9:9
[INFO] [stdout]   |
[INFO] [stdout] 9 |     use deboa_tokio::cert::DeboaCertificate;
[INFO] [stdout]   |         ^^^^^^^^^^^ use of unresolved module or unlinked crate `deboa_tokio`
[INFO] [stdout]   |
[INFO] [stdout]   = help: if you wanted to use a crate named `deboa_tokio`, use `cargo add deboa_tokio` to add it to your `Cargo.toml`
[INFO] [stdout] 
[INFO] [stdout] 
[INFO] [stdout] error[E0432]: unresolved import `deboa`
[INFO] [stdout]  --> tests/vetis/mod.rs:5:9
[INFO] [stdout]   |
[INFO] [stdout] 5 |     use deboa::{
[INFO] [stdout]   |         ^^^^^ use of unresolved module or unlinked crate `deboa`
[INFO] [stdout]   |
[INFO] [stdout]   = help: if you wanted to use a crate named `deboa`, use `cargo add deboa` to add it to your `Cargo.toml`
[INFO] [stdout] 
[INFO] [stdout] 
[INFO] [stdout] error[E0433]: cannot find module or crate `deboa_tokio` in this scope
[INFO] [stdout]   --> tests/vetis/mod.rs:59:34
[INFO] [stdout]    |
[INFO] [stdout] 59 |                     let client = deboa_tokio::Client::builder()
[INFO] [stdout]    |                                  ^^^^^^^^^^^ use of unresolved module or unlinked crate `deboa_tokio`
[INFO] [stdout]    |
[INFO] [stdout]    = help: if you wanted to use a crate named `deboa_tokio`, use `cargo add deboa_tokio` to add it to your `Cargo.toml`
[INFO] [stdout] 
[INFO] [stdout] 
[INFO] [stdout] warning: method call on a diverging inference variable
[INFO] [stdout]   --> tests/vetis/mod.rs:68:40
[INFO] [stdout]    |
[INFO] [stdout] 68 |                     assert_eq!(request.status(), http::StatusCode::OK);
[INFO] [stdout]    |                                        ^^^^^^
[INFO] [stdout]    |
[INFO] [stdout]    = help: consider providing a type annotation
[INFO] [stdout]    = warning: this was previously accepted by the compiler but is being phased out; it will become a hard error in a future release!
[INFO] [stdout]    = note: for more information, see issue #156047 <https://github.com/rust-lang/rust/issues/156047>
[INFO] [stdout]    = note: `#[warn(method_call_on_diverging_infer_var)]` (part of `#[warn(future_incompatible)]`) on by default
[INFO] [stdout] 
[INFO] [stdout] 
[INFO] [stdout] error[E0599]: no method named `status` found for type `!` in the current scope
[INFO] [stdout]   --> tests/vetis/mod.rs:68:40
[INFO] [stdout]    |
[INFO] [stdout] 68 |                     assert_eq!(request.status(), http::StatusCode::OK);
[INFO] [stdout]    |                                        ^^^^^^ method not found in `!`
[INFO] [stdout] 
[INFO] [stdout] 
[INFO] [stdout] error[E0599]: no method named `headers` found for type `!` in the current scope
[INFO] [stdout]   --> tests/vetis/mod.rs:71:30
[INFO] [stdout]    |
[INFO] [stdout] 70 | /                         request
[INFO] [stdout] 71 | |                             .headers()
[INFO] [stdout]    | |                             -^^^^^^^ method not found in `!`
[INFO] [stdout]    | |_____________________________|
[INFO] [stdout]    |
[INFO] [stdout] 
[INFO] [stdout] 
[INFO] [stdout] warning: unreachable call
[INFO] [stdout]   --> tests/vetis/mod.rs:71:30
[INFO] [stdout]    |
[INFO] [stdout] 70 |                         request
[INFO] [stdout]    |                         ------- any code following this expression is unreachable
[INFO] [stdout] 71 |                             .headers()
[INFO] [stdout]    |                              ^^^^^^^ unreachable call
[INFO] [stdout]    |
[INFO] [stdout]    = note: `#[warn(unreachable_code)]` (part of `#[warn(unused)]`) on by default
[INFO] [stdout] 
[INFO] [stdout] 
[INFO] [stdout] error[E0599]: no method named `text` found for type `!` in the current scope
[INFO] [stdout]   --> tests/vetis/mod.rs:77:30
[INFO] [stdout]    |
[INFO] [stdout] 76 | /                         request
[INFO] [stdout] 77 | |                             .text()
[INFO] [stdout]    | |                             -^^^^ method not found in `!`
[INFO] [stdout]    | |_____________________________|
[INFO] [stdout]    |
[INFO] [stdout] 
[INFO] [stdout] 
[INFO] [stdout] warning: unreachable call
[INFO] [stdout]   --> tests/vetis/mod.rs:77:30
[INFO] [stdout]    |
[INFO] [stdout] 76 |                         request
[INFO] [stdout]    |                         ------- any code following this expression is unreachable
[INFO] [stdout] 77 |                             .text()
[INFO] [stdout]    |                              ^^^^ unreachable call
[INFO] [stdout] 
[INFO] [stdout] 
[INFO] [stdout] Some errors have detailed explanations: E0432, E0433, E0599.
[INFO] [stdout] 
[INFO] [stdout] For more information about an error, try `rustc --explain E0432`.
[INFO] [stdout] 
[INFO] [stderr] error: could not compile `vetis-rhai` (test "mod") due to 7 previous errors; 4 warnings emitted
[INFO] [stderr] warning: build failed, waiting for other jobs to finish...
[INFO] running `Command { std: "docker" "inspect" "7de2d57c5072c43d740f8bb51a10bccd0b5183f1d661df74d7348497503007fc", kill_on_drop: false }`
[INFO] running `Command { std: "docker" "rm" "-f" "7de2d57c5072c43d740f8bb51a10bccd0b5183f1d661df74d7348497503007fc", kill_on_drop: false }`
[INFO] [stdout] 7de2d57c5072c43d740f8bb51a10bccd0b5183f1d661df74d7348497503007fc
