[INFO] fetching crate verus_prettyplease 0.0.0-2026-09-06-0133...
[INFO] testing verus_prettyplease-0.0.0-2026-09-06-0133 against 1.99.0-beta.8 for beta-1.100-2
[INFO] extracting crate verus_prettyplease 0.0.0-2026-09-06-0133 into /workspace/builds/worker-0-tc1/source
[INFO] started tweaking crates.io crate verus_prettyplease 0.0.0-2026-09-06-0133
[INFO] removed 0 missing tests
[INFO] finished tweaking crates.io crate verus_prettyplease 0.0.0-2026-09-06-0133
[INFO] tweaked toml for crates.io crate verus_prettyplease 0.0.0-2026-09-06-0133 written to /workspace/builds/worker-0-tc1/source/Cargo.toml
[INFO] validating manifest of crates.io crate verus_prettyplease 0.0.0-2026-09-06-0133 on toolchain 1.99.0-beta.8
[INFO] running `Command { std: CARGO_HOME="/workspace/cargo-home" RUSTUP_HOME="/workspace/rustup-home" "/workspace/cargo-home/bin/cargo" "+1.99.0-beta.8" "metadata" "--manifest-path" "Cargo.toml" "--no-deps", kill_on_drop: false }`
[INFO] crate crates.io crate verus_prettyplease 0.0.0-2026-09-06-0133 already has a lockfile, it will not be regenerated
[INFO] running `Command { std: CARGO_HOME="/workspace/cargo-home" RUSTUP_HOME="/workspace/rustup-home" "/workspace/cargo-home/bin/cargo" "+1.99.0-beta.8" "fetch" "--manifest-path" "Cargo.toml", kill_on_drop: false }`
[INFO] [stderr]     Updating crates.io index
[INFO] [stderr]  Downloading crates ...
[INFO] [stderr]   Downloaded verus_syn v0.0.0-2026-09-06-0133
[INFO] running `Command { std: "docker" "create" "-v" "/var/lib/crater-agent-workspace/builds/worker-0-tc1/source:/opt/rustwide/workdir:ro,Z" "-v" "/var/lib/crater-agent-workspace/builds/worker-0-tc1/target:/opt/rustwide/target:rw,Z" "-v" "/var/lib/crater-agent-workspace/cargo-home:/opt/rustwide/cargo-home:ro,Z" "-v" "/var/lib/crater-agent-workspace/rustup-home:/opt/rustwide/rustup-home:ro,Z" "-m" "1610612736" "--network" "none" "ghcr.io/rust-lang/crates-build-env/linux@sha256:3111399a4047eeb3a02b7a90e478d715f38a8c6669b5c4b49d30a17385265909" "sleep" "infinity", kill_on_drop: false }`
[INFO] [stdout] 1c1940cb0b749050118893f54c9778fae52bfc63ee04fa5155cadc80726a5192
[INFO] running `Command { std: "docker" "start" "1c1940cb0b749050118893f54c9778fae52bfc63ee04fa5155cadc80726a5192", kill_on_drop: false }`
[INFO] running `Command { std: "docker" "inspect" "1c1940cb0b749050118893f54c9778fae52bfc63ee04fa5155cadc80726a5192", kill_on_drop: false }`
[INFO] running `Command { std: "docker" "exec" "-e" "SOURCE_DIR=/opt/rustwide/workdir" "-e" "CARGO_HOME=/opt/rustwide/cargo-home" "-e" "RUSTUP_HOME=/opt/rustwide/rustup-home" "-e" "CARGO_TARGET_DIR=/opt/rustwide/target" "-w" "/opt/rustwide/workdir" "--user" "0:0" "1c1940cb0b749050118893f54c9778fae52bfc63ee04fa5155cadc80726a5192" "/opt/rustwide/cargo-home/bin/cargo" "+1.99.0-beta.8" "metadata" "--no-deps" "--format-version=1", kill_on_drop: false }`
[INFO] running `Command { std: "docker" "inspect" "1c1940cb0b749050118893f54c9778fae52bfc63ee04fa5155cadc80726a5192", kill_on_drop: false }`
[INFO] running `Command { std: "docker" "exec" "-e" "SOURCE_DIR=/opt/rustwide/workdir" "-e" "CARGO_HOME=/opt/rustwide/cargo-home" "-e" "RUSTUP_HOME=/opt/rustwide/rustup-home" "-e" "CARGO_TARGET_DIR=/opt/rustwide/target" "-e" "CARGO_INCREMENTAL=0" "-e" "RUST_BACKTRACE=full" "-e" "RUSTFLAGS=--cap-lints=warn" "-e" "RUSTDOCFLAGS=--cap-lints=warn" "-w" "/opt/rustwide/workdir" "--user" "0:0" "1c1940cb0b749050118893f54c9778fae52bfc63ee04fa5155cadc80726a5192" "/opt/rustwide/cargo-home/bin/cargo" "+1.99.0-beta.8" "build" "--frozen" "--message-format=json", kill_on_drop: false }`
[INFO] [stderr]    Compiling proc-macro2 v1.0.107
[INFO] [stderr]    Compiling quote v1.0.47
[INFO] [stderr]    Compiling unicode-ident v1.0.24
[INFO] [stderr]    Compiling verus_prettyplease v0.0.0-2026-09-06-0133 (/opt/rustwide/workdir)
[INFO] [stderr]    Compiling verus_syn v0.0.0-2026-09-06-0133
[INFO] [stderr]     Finished `dev` profile [unoptimized + debuginfo] target(s) in 9.01s
[INFO] running `Command { std: "docker" "inspect" "1c1940cb0b749050118893f54c9778fae52bfc63ee04fa5155cadc80726a5192", kill_on_drop: false }`
[INFO] running `Command { std: "docker" "exec" "-e" "SOURCE_DIR=/opt/rustwide/workdir" "-e" "CARGO_HOME=/opt/rustwide/cargo-home" "-e" "RUSTUP_HOME=/opt/rustwide/rustup-home" "-e" "CARGO_TARGET_DIR=/opt/rustwide/target" "-e" "CARGO_INCREMENTAL=0" "-e" "RUST_BACKTRACE=full" "-e" "RUSTFLAGS=--cap-lints=warn" "-e" "RUSTDOCFLAGS=--cap-lints=warn" "-w" "/opt/rustwide/workdir" "--user" "0:0" "1c1940cb0b749050118893f54c9778fae52bfc63ee04fa5155cadc80726a5192" "/opt/rustwide/cargo-home/bin/cargo" "+1.99.0-beta.8" "test" "--frozen" "--no-run" "--message-format=json", kill_on_drop: false }`
[INFO] [stderr]    Compiling verus_prettyplease v0.0.0-2026-09-06-0133 (/opt/rustwide/workdir)
[INFO] [stdout] error[E0433]: cannot find module or crate `syn` in this scope
[INFO] [stdout]  --> tests/test_precedence.rs:5:5
[INFO] [stdout]   |
[INFO] [stdout] 5 | use syn::punctuated::Punctuated;
[INFO] [stdout]   |     ^^^ use of unresolved module or unlinked crate `syn`
[INFO] [stdout]   |
[INFO] [stdout]   = help: if you wanted to use a crate named `syn`, use `cargo add syn` to add it to your `Cargo.toml`
[INFO] [stdout] 
[INFO] [stdout] 
[INFO] [stdout] error[E0433]: cannot find module or crate `syn` in this scope
[INFO] [stdout]  --> tests/test_precedence.rs:6:5
[INFO] [stdout]   |
[INFO] [stdout] 6 | use syn::visit_mut::{self, VisitMut};
[INFO] [stdout]   |     ^^^ use of unresolved module or unlinked crate `syn`
[INFO] [stdout]   |
[INFO] [stdout]   = help: if you wanted to use a crate named `syn`, use `cargo add syn` to add it to your `Cargo.toml`
[INFO] [stdout] 
[INFO] [stdout] 
[INFO] [stdout] error[E0432]: unresolved import `syn`
[INFO] [stdout]  --> tests/test_precedence.rs:7:5
[INFO] [stdout]   |
[INFO] [stdout] 7 | use syn::{
[INFO] [stdout]   |     ^^^ use of unresolved module or unlinked crate `syn`
[INFO] [stdout]   |
[INFO] [stdout]   = help: if you wanted to use a crate named `syn`, use `cargo add syn` to add it to your `Cargo.toml`
[INFO] [stdout] 
[INFO] [stdout] 
[INFO] [stdout] error[E0433]: cannot find module or crate `syn` in this scope
[INFO] [stdout]  --> tests/test.rs:7:34
[INFO] [stdout]   |
[INFO] [stdout] 7 |     let syntax_tree: syn::File = syn::parse2(tokens).unwrap();
[INFO] [stdout]   |                                  ^^^ use of unresolved module or unlinked crate `syn`
[INFO] [stdout]   |
[INFO] [stdout]   = help: if you wanted to use a crate named `syn`, use `cargo add syn` to add it to your `Cargo.toml`
[INFO] [stdout] 
[INFO] [stdout] 
[INFO] [stdout] error[E0433]: cannot find module or crate `prettyplease` in this scope
[INFO] [stdout]  --> tests/test.rs:8:18
[INFO] [stdout]   |
[INFO] [stdout] 8 |     let pretty = prettyplease::unparse(&syntax_tree);
[INFO] [stdout]   |                  ^^^^^^^^^^^^ use of unresolved module or unlinked crate `prettyplease`
[INFO] [stdout]   |
[INFO] [stdout]   = help: if you wanted to use a crate named `prettyplease`, use `cargo add prettyplease` to add it to your `Cargo.toml`
[INFO] [stdout] 
[INFO] [stdout] 
[INFO] [stdout] error[E0433]: cannot find module or crate `syn` in this scope
[INFO] [stdout]  --> tests/test.rs:7:22
[INFO] [stdout]   |
[INFO] [stdout] 7 |     let syntax_tree: syn::File = syn::parse2(tokens).unwrap();
[INFO] [stdout]   |                      ^^^ use of unresolved module or unlinked crate `syn`
[INFO] [stdout]   |
[INFO] [stdout]   = help: if you wanted to use a crate named `syn`, use `cargo add syn` to add it to your `Cargo.toml`
[INFO] [stdout] 
[INFO] [stdout] 
[INFO] [stdout] For more information about this error, try `rustc --explain E0433`.
[INFO] [stdout] 
[INFO] [stderr] error: could not compile `verus_prettyplease` (test "test") due to 3 previous errors
[INFO] [stderr] warning: build failed, waiting for other jobs to finish...
[INFO] [stdout] error[E0433]: cannot find module or crate `prettyplease` in this scope
[INFO] [stdout]    --> tests/test_precedence.rs:837:22
[INFO] [stdout]     |
[INFO] [stdout] 837 |         let pretty = prettyplease::unparse(&File {
[INFO] [stdout]     |                      ^^^^^^^^^^^^ use of unresolved module or unlinked crate `prettyplease`
[INFO] [stdout]     |
[INFO] [stdout]     = help: if you wanted to use a crate named `prettyplease`, use `cargo add prettyplease` to add it to your `Cargo.toml`
[INFO] [stdout] 
[INFO] [stdout] 
[INFO] [stdout] error[E0433]: cannot find module or crate `syn` in this scope
[INFO] [stdout]    --> tests/test_precedence.rs:855:32
[INFO] [stdout]     |
[INFO] [stdout] 855 |         let mut parsed = match syn::parse_file(&pretty) {
[INFO] [stdout]     |                                ^^^ use of unresolved module or unlinked crate `syn`
[INFO] [stdout]     |
[INFO] [stdout]     = help: if you wanted to use a crate named `syn`, use `cargo add syn` to add it to your `Cargo.toml`
[INFO] [stdout] 
[INFO] [stdout] 
[INFO] [stdout] error[E0433]: cannot find module or crate `syn` in this scope
[INFO] [stdout]    --> tests/test_precedence.rs:881:38
[INFO] [stdout]     |
[INFO] [stdout] 881 |             if let Ok(mut parsed2) = syn::parse_file(&no_paren) {
[INFO] [stdout]     |                                      ^^^ use of unresolved module or unlinked crate `syn`
[INFO] [stdout]     |
[INFO] [stdout]     = help: if you wanted to use a crate named `syn`, use `cargo add syn` to add it to your `Cargo.toml`
[INFO] [stdout] 
[INFO] [stdout] 
[INFO] [stdout] Some errors have detailed explanations: E0432, E0433.
[INFO] [stdout] 
[INFO] [stdout] For more information about an error, try `rustc --explain E0432`.
[INFO] [stdout] 
[INFO] [stderr] error: could not compile `verus_prettyplease` (test "test_precedence") due to 6 previous errors
[INFO] running `Command { std: "docker" "inspect" "1c1940cb0b749050118893f54c9778fae52bfc63ee04fa5155cadc80726a5192", kill_on_drop: false }`
[INFO] running `Command { std: "docker" "rm" "-f" "1c1940cb0b749050118893f54c9778fae52bfc63ee04fa5155cadc80726a5192", kill_on_drop: false }`
[INFO] [stdout] 1c1940cb0b749050118893f54c9778fae52bfc63ee04fa5155cadc80726a5192
