[INFO] fetching crate vcad-kernel-particle 0.10.0...
[INFO] testing vcad-kernel-particle-0.10.0 against 1.100.0-beta.1 for beta-1.100-2
[INFO] extracting crate vcad-kernel-particle 0.10.0 into /workspace/builds/worker-5-tc2/source
[INFO] started tweaking crates.io crate vcad-kernel-particle 0.10.0
[INFO] removed 0 missing examples
[INFO] removed 0 missing tests
[INFO] finished tweaking crates.io crate vcad-kernel-particle 0.10.0
[INFO] tweaked toml for crates.io crate vcad-kernel-particle 0.10.0 written to /workspace/builds/worker-5-tc2/source/Cargo.toml
[INFO] validating manifest of crates.io crate vcad-kernel-particle 0.10.0 on toolchain 1.100.0-beta.1
[INFO] running `Command { std: CARGO_HOME="/workspace/cargo-home" RUSTUP_HOME="/workspace/rustup-home" "/workspace/cargo-home/bin/cargo" "+1.100.0-beta.1" "metadata" "--manifest-path" "Cargo.toml" "--no-deps", kill_on_drop: false }`
[INFO] crate crates.io crate vcad-kernel-particle 0.10.0 already has a lockfile, it will not be regenerated
[INFO] running `Command { std: CARGO_HOME="/workspace/cargo-home" RUSTUP_HOME="/workspace/rustup-home" "/workspace/cargo-home/bin/cargo" "+1.100.0-beta.1" "fetch" "--manifest-path" "Cargo.toml", kill_on_drop: false }`
[INFO] running `Command { std: "docker" "create" "-v" "/var/lib/crater-agent-workspace/builds/worker-5-tc2/source:/opt/rustwide/workdir:ro,Z" "-v" "/var/lib/crater-agent-workspace/builds/worker-5-tc2/target:/opt/rustwide/target:rw,Z" "-v" "/var/lib/crater-agent-workspace/cargo-home:/opt/rustwide/cargo-home:ro,Z" "-v" "/var/lib/crater-agent-workspace/rustup-home:/opt/rustwide/rustup-home:ro,Z" "-m" "1610612736" "--network" "none" "ghcr.io/rust-lang/crates-build-env/linux@sha256:3111399a4047eeb3a02b7a90e478d715f38a8c6669b5c4b49d30a17385265909" "sleep" "infinity", kill_on_drop: false }`
[INFO] [stdout] cf0a9c8381e978e2a1c55b0dcc0f9a9e7beedc0051abb2442caa69c718cb4a39
[INFO] running `Command { std: "docker" "start" "cf0a9c8381e978e2a1c55b0dcc0f9a9e7beedc0051abb2442caa69c718cb4a39", kill_on_drop: false }`
[INFO] running `Command { std: "docker" "inspect" "cf0a9c8381e978e2a1c55b0dcc0f9a9e7beedc0051abb2442caa69c718cb4a39", kill_on_drop: false }`
[INFO] running `Command { std: "docker" "exec" "-e" "SOURCE_DIR=/opt/rustwide/workdir" "-e" "CARGO_HOME=/opt/rustwide/cargo-home" "-e" "RUSTUP_HOME=/opt/rustwide/rustup-home" "-e" "CARGO_TARGET_DIR=/opt/rustwide/target" "-w" "/opt/rustwide/workdir" "--user" "0:0" "cf0a9c8381e978e2a1c55b0dcc0f9a9e7beedc0051abb2442caa69c718cb4a39" "/opt/rustwide/cargo-home/bin/cargo" "+1.100.0-beta.1" "metadata" "--no-deps" "--format-version=1", kill_on_drop: false }`
[INFO] running `Command { std: "docker" "inspect" "cf0a9c8381e978e2a1c55b0dcc0f9a9e7beedc0051abb2442caa69c718cb4a39", kill_on_drop: false }`
[INFO] running `Command { std: "docker" "exec" "-e" "SOURCE_DIR=/opt/rustwide/workdir" "-e" "CARGO_HOME=/opt/rustwide/cargo-home" "-e" "RUSTUP_HOME=/opt/rustwide/rustup-home" "-e" "CARGO_TARGET_DIR=/opt/rustwide/target" "-e" "CARGO_INCREMENTAL=0" "-e" "RUST_BACKTRACE=full" "-e" "RUSTFLAGS=--cap-lints=warn" "-e" "RUSTDOCFLAGS=--cap-lints=warn" "-w" "/opt/rustwide/workdir" "--user" "0:0" "cf0a9c8381e978e2a1c55b0dcc0f9a9e7beedc0051abb2442caa69c718cb4a39" "/opt/rustwide/cargo-home/bin/cargo" "+1.100.0-beta.1" "build" "--frozen" "--message-format=json", kill_on_drop: false }`
[INFO] [stderr]    Compiling proc-macro2 v1.0.106
[INFO] [stderr]    Compiling quote v1.0.44
[INFO] [stderr]    Compiling zmij v1.0.17
[INFO] [stderr]    Compiling itoa v1.0.17
[INFO] [stderr]    Compiling serde_json v1.0.149
[INFO] [stderr]    Compiling syn v2.0.114
[INFO] [stderr]    Compiling serde_derive v1.0.228
[INFO] [stderr]    Compiling serde v1.0.228
[INFO] [stderr]    Compiling vcad-receipt v0.10.0
[INFO] [stderr]    Compiling vcad-kernel-particle v0.10.0 (/opt/rustwide/workdir)
[INFO] [stderr]     Finished `dev` profile [unoptimized + debuginfo] target(s) in 12.82s
[INFO] running `Command { std: "docker" "inspect" "cf0a9c8381e978e2a1c55b0dcc0f9a9e7beedc0051abb2442caa69c718cb4a39", kill_on_drop: false }`
[INFO] running `Command { std: "docker" "exec" "-e" "SOURCE_DIR=/opt/rustwide/workdir" "-e" "CARGO_HOME=/opt/rustwide/cargo-home" "-e" "RUSTUP_HOME=/opt/rustwide/rustup-home" "-e" "CARGO_TARGET_DIR=/opt/rustwide/target" "-e" "CARGO_INCREMENTAL=0" "-e" "RUST_BACKTRACE=full" "-e" "RUSTFLAGS=--cap-lints=warn" "-e" "RUSTDOCFLAGS=--cap-lints=warn" "-w" "/opt/rustwide/workdir" "--user" "0:0" "cf0a9c8381e978e2a1c55b0dcc0f9a9e7beedc0051abb2442caa69c718cb4a39" "/opt/rustwide/cargo-home/bin/cargo" "+1.100.0-beta.1" "test" "--frozen" "--no-run" "--message-format=json", kill_on_drop: false }`
[INFO] [stderr]    Compiling vcad-kernel-thermal v0.10.0
[INFO] [stderr]    Compiling vcad-kernel-em v0.10.0
[INFO] [stderr]    Compiling vcad-kernel-neutronics v0.10.0
[INFO] [stderr]    Compiling vcad-kernel-particle v0.10.0 (/opt/rustwide/workdir)
[INFO] [stdout] error[E0433]: cannot find module or crate `vcad_kernel_tolerance` in this scope
[INFO] [stdout]    --> examples/fusor_codesign.rs:320:9
[INFO] [stdout]     |
[INFO] [stdout] 320 |     use vcad_kernel_tolerance::analysis::{monte_carlo, rss, worst_case, McOptions};
[INFO] [stdout]     |         ^^^^^^^^^^^^^^^^^^^^^ use of unresolved module or unlinked crate `vcad_kernel_tolerance`
[INFO] [stdout]     |
[INFO] [stdout] help: there is a crate or module with a similar name
[INFO] [stdout]     |
[INFO] [stdout] 320 -     use vcad_kernel_tolerance::analysis::{monte_carlo, rss, worst_case, McOptions};
[INFO] [stdout] 320 +     use vcad_kernel_thermal::analysis::{monte_carlo, rss, worst_case, McOptions};
[INFO] [stdout]     |
[INFO] [stdout] 
[INFO] [stdout] 
[INFO] [stdout] error[E0433]: cannot find module or crate `vcad_kernel_tolerance` in this scope
[INFO] [stdout]    --> examples/fusor_codesign.rs:321:9
[INFO] [stdout]     |
[INFO] [stdout] 321 |     use vcad_kernel_tolerance::dist::SigmaConvention;
[INFO] [stdout]     |         ^^^^^^^^^^^^^^^^^^^^^ use of unresolved module or unlinked crate `vcad_kernel_tolerance`
[INFO] [stdout]     |
[INFO] [stdout] help: there is a crate or module with a similar name
[INFO] [stdout]     |
[INFO] [stdout] 321 -     use vcad_kernel_tolerance::dist::SigmaConvention;
[INFO] [stdout] 321 +     use vcad_kernel_thermal::dist::SigmaConvention;
[INFO] [stdout]     |
[INFO] [stdout] 
[INFO] [stdout] 
[INFO] [stdout] error[E0433]: cannot find module or crate `vcad_kernel_tolerance` in this scope
[INFO] [stdout]    --> examples/fusor_codesign.rs:322:9
[INFO] [stdout]     |
[INFO] [stdout] 322 |     use vcad_kernel_tolerance::stackup::{Contributor, Requirement, Stackup};
[INFO] [stdout]     |         ^^^^^^^^^^^^^^^^^^^^^ use of unresolved module or unlinked crate `vcad_kernel_tolerance`
[INFO] [stdout]     |
[INFO] [stdout] help: there is a crate or module with a similar name
[INFO] [stdout]     |
[INFO] [stdout] 322 -     use vcad_kernel_tolerance::stackup::{Contributor, Requirement, Stackup};
[INFO] [stdout] 322 +     use vcad_kernel_thermal::stackup::{Contributor, Requirement, Stackup};
[INFO] [stdout]     |
[INFO] [stdout] 
[INFO] [stdout] 
[INFO] [stdout] error[E0433]: cannot find module or crate `vcad_kernel_tolerance` in this scope
[INFO] [stdout]    --> tests/codesign.rs:187:9
[INFO] [stdout]     |
[INFO] [stdout] 187 |     use vcad_kernel_tolerance::analysis::{monte_carlo, rss, worst_case, McOptions};
[INFO] [stdout]     |         ^^^^^^^^^^^^^^^^^^^^^ use of unresolved module or unlinked crate `vcad_kernel_tolerance`
[INFO] [stdout]     |
[INFO] [stdout] help: there is a crate or module with a similar name
[INFO] [stdout]     |
[INFO] [stdout] 187 -     use vcad_kernel_tolerance::analysis::{monte_carlo, rss, worst_case, McOptions};
[INFO] [stdout] 187 +     use vcad_kernel_thermal::analysis::{monte_carlo, rss, worst_case, McOptions};
[INFO] [stdout]     |
[INFO] [stdout] 
[INFO] [stdout] 
[INFO] [stdout] error[E0433]: cannot find module or crate `vcad_kernel_tolerance` in this scope
[INFO] [stdout]    --> tests/codesign.rs:188:9
[INFO] [stdout]     |
[INFO] [stdout] 188 |     use vcad_kernel_tolerance::dist::SigmaConvention;
[INFO] [stdout]     |         ^^^^^^^^^^^^^^^^^^^^^ use of unresolved module or unlinked crate `vcad_kernel_tolerance`
[INFO] [stdout]     |
[INFO] [stdout] help: there is a crate or module with a similar name
[INFO] [stdout]     |
[INFO] [stdout] 188 -     use vcad_kernel_tolerance::dist::SigmaConvention;
[INFO] [stdout] 188 +     use vcad_kernel_thermal::dist::SigmaConvention;
[INFO] [stdout]     |
[INFO] [stdout] 
[INFO] [stdout] 
[INFO] [stdout] error[E0433]: cannot find module or crate `vcad_kernel_tolerance` in this scope
[INFO] [stdout]    --> tests/codesign.rs:189:9
[INFO] [stdout]     |
[INFO] [stdout] 189 |     use vcad_kernel_tolerance::stackup::{Contributor, Requirement, Stackup};
[INFO] [stdout]     |         ^^^^^^^^^^^^^^^^^^^^^ use of unresolved module or unlinked crate `vcad_kernel_tolerance`
[INFO] [stdout]     |
[INFO] [stdout] help: there is a crate or module with a similar name
[INFO] [stdout]     |
[INFO] [stdout] 189 -     use vcad_kernel_tolerance::stackup::{Contributor, Requirement, Stackup};
[INFO] [stdout] 189 +     use vcad_kernel_thermal::stackup::{Contributor, Requirement, Stackup};
[INFO] [stdout]     |
[INFO] [stdout] 
[INFO] [stdout] 
[INFO] [stdout] error[E0433]: cannot find module or crate `vcad_kernel_tolerance` in this scope
[INFO] [stdout]    --> examples/fusor_codesign.rs:370:9
[INFO] [stdout]     |
[INFO] [stdout] 370 |         vcad_kernel_tolerance::receipt::predicted_claims(&stack, &wc, &rs, &mc).expect("claims");
[INFO] [stdout]     |         ^^^^^^^^^^^^^^^^^^^^^ use of unresolved module or unlinked crate `vcad_kernel_tolerance`
[INFO] [stdout]     |
[INFO] [stdout] help: there is a crate or module with a similar name
[INFO] [stdout]     |
[INFO] [stdout] 370 -         vcad_kernel_tolerance::receipt::predicted_claims(&stack, &wc, &rs, &mc).expect("claims");
[INFO] [stdout] 370 +         vcad_kernel_thermal::receipt::predicted_claims(&stack, &wc, &rs, &mc).expect("claims");
[INFO] [stdout]     |
[INFO] [stdout] 
[INFO] [stdout] 
[INFO] [stdout] error[E0433]: cannot find module or crate `vcad_kernel_tolerance` in this scope
[INFO] [stdout]    --> tests/codesign.rs:202:17
[INFO] [stdout]     |
[INFO] [stdout] 202 |     let t_set = vcad_kernel_tolerance::receipt::predicted_claims(&stack, &wc, &rs, &mc).unwrap();
[INFO] [stdout]     |                 ^^^^^^^^^^^^^^^^^^^^^ use of unresolved module or unlinked crate `vcad_kernel_tolerance`
[INFO] [stdout]     |
[INFO] [stdout] help: there is a crate or module with a similar name
[INFO] [stdout]     |
[INFO] [stdout] 202 -     let t_set = vcad_kernel_tolerance::receipt::predicted_claims(&stack, &wc, &rs, &mc).unwrap();
[INFO] [stdout] 202 +     let t_set = vcad_kernel_thermal::receipt::predicted_claims(&stack, &wc, &rs, &mc).unwrap();
[INFO] [stdout]     |
[INFO] [stdout] 
[INFO] [stdout] 
[INFO] [stdout] For more information about this error, try `rustc --explain E0433`.
[INFO] [stdout] 
[INFO] [stderr] error: could not compile `vcad-kernel-particle` (example "fusor_codesign") due to 4 previous errors
[INFO] [stderr] warning: build failed, waiting for other jobs to finish...
[INFO] [stdout] For more information about this error, try `rustc --explain E0433`.
[INFO] [stdout] 
[INFO] [stderr] error: could not compile `vcad-kernel-particle` (test "codesign") due to 4 previous errors
[INFO] running `Command { std: "docker" "inspect" "cf0a9c8381e978e2a1c55b0dcc0f9a9e7beedc0051abb2442caa69c718cb4a39", kill_on_drop: false }`
[INFO] running `Command { std: "docker" "rm" "-f" "cf0a9c8381e978e2a1c55b0dcc0f9a9e7beedc0051abb2442caa69c718cb4a39", kill_on_drop: false }`
[INFO] [stdout] cf0a9c8381e978e2a1c55b0dcc0f9a9e7beedc0051abb2442caa69c718cb4a39
