[INFO] fetching crate vbare 0.0.5...
[INFO] testing vbare-0.0.5 against 1.100.0-beta.1 for beta-1.100-2
[INFO] extracting crate vbare 0.0.5 into /workspace/builds/worker-5-tc2/source
[INFO] started tweaking crates.io crate vbare 0.0.5
[INFO] removed 0 missing tests
[INFO] finished tweaking crates.io crate vbare 0.0.5
[INFO] tweaked toml for crates.io crate vbare 0.0.5 written to /workspace/builds/worker-5-tc2/source/Cargo.toml
[INFO] validating manifest of crates.io crate vbare 0.0.5 on toolchain 1.100.0-beta.1
[INFO] running `Command { std: CARGO_HOME="/workspace/cargo-home" RUSTUP_HOME="/workspace/rustup-home" "/workspace/cargo-home/bin/cargo" "+1.100.0-beta.1" "metadata" "--manifest-path" "Cargo.toml" "--no-deps", kill_on_drop: false }`
[INFO] crate crates.io crate vbare 0.0.5 already has a lockfile, it will not be regenerated
[INFO] running `Command { std: CARGO_HOME="/workspace/cargo-home" RUSTUP_HOME="/workspace/rustup-home" "/workspace/cargo-home/bin/cargo" "+1.100.0-beta.1" "fetch" "--manifest-path" "Cargo.toml", kill_on_drop: false }`
[INFO] running `Command { std: "docker" "create" "-v" "/var/lib/crater-agent-workspace/builds/worker-5-tc2/source:/opt/rustwide/workdir:ro,Z" "-v" "/var/lib/crater-agent-workspace/builds/worker-5-tc2/target:/opt/rustwide/target:rw,Z" "-v" "/var/lib/crater-agent-workspace/cargo-home:/opt/rustwide/cargo-home:ro,Z" "-v" "/var/lib/crater-agent-workspace/rustup-home:/opt/rustwide/rustup-home:ro,Z" "-m" "1610612736" "--network" "none" "ghcr.io/rust-lang/crates-build-env/linux@sha256:3111399a4047eeb3a02b7a90e478d715f38a8c6669b5c4b49d30a17385265909" "sleep" "infinity", kill_on_drop: false }`
[INFO] [stdout] 98ed8947ac5eea194898b40d6b6f9b4538b26ed2438b69cf93d744d56e9d09aa
[INFO] running `Command { std: "docker" "start" "98ed8947ac5eea194898b40d6b6f9b4538b26ed2438b69cf93d744d56e9d09aa", kill_on_drop: false }`
[INFO] running `Command { std: "docker" "inspect" "98ed8947ac5eea194898b40d6b6f9b4538b26ed2438b69cf93d744d56e9d09aa", kill_on_drop: false }`
[INFO] running `Command { std: "docker" "exec" "-e" "SOURCE_DIR=/opt/rustwide/workdir" "-e" "CARGO_HOME=/opt/rustwide/cargo-home" "-e" "RUSTUP_HOME=/opt/rustwide/rustup-home" "-e" "CARGO_TARGET_DIR=/opt/rustwide/target" "-w" "/opt/rustwide/workdir" "--user" "0:0" "98ed8947ac5eea194898b40d6b6f9b4538b26ed2438b69cf93d744d56e9d09aa" "/opt/rustwide/cargo-home/bin/cargo" "+1.100.0-beta.1" "metadata" "--no-deps" "--format-version=1", kill_on_drop: false }`
[INFO] running `Command { std: "docker" "inspect" "98ed8947ac5eea194898b40d6b6f9b4538b26ed2438b69cf93d744d56e9d09aa", kill_on_drop: false }`
[INFO] running `Command { std: "docker" "exec" "-e" "SOURCE_DIR=/opt/rustwide/workdir" "-e" "CARGO_HOME=/opt/rustwide/cargo-home" "-e" "RUSTUP_HOME=/opt/rustwide/rustup-home" "-e" "CARGO_TARGET_DIR=/opt/rustwide/target" "-e" "CARGO_INCREMENTAL=0" "-e" "RUST_BACKTRACE=full" "-e" "RUSTFLAGS=--cap-lints=warn" "-e" "RUSTDOCFLAGS=--cap-lints=warn" "-w" "/opt/rustwide/workdir" "--user" "0:0" "98ed8947ac5eea194898b40d6b6f9b4538b26ed2438b69cf93d744d56e9d09aa" "/opt/rustwide/cargo-home/bin/cargo" "+1.100.0-beta.1" "build" "--frozen" "--message-format=json", kill_on_drop: false }`
[INFO] [stderr]    Compiling anyhow v1.0.104
[INFO] [stderr]    Compiling vbare v0.0.5 (/opt/rustwide/workdir)
[INFO] [stderr]     Finished `dev` profile [unoptimized + debuginfo] target(s) in 0.82s
[INFO] running `Command { std: "docker" "inspect" "98ed8947ac5eea194898b40d6b6f9b4538b26ed2438b69cf93d744d56e9d09aa", kill_on_drop: false }`
[INFO] running `Command { std: "docker" "exec" "-e" "SOURCE_DIR=/opt/rustwide/workdir" "-e" "CARGO_HOME=/opt/rustwide/cargo-home" "-e" "RUSTUP_HOME=/opt/rustwide/rustup-home" "-e" "CARGO_TARGET_DIR=/opt/rustwide/target" "-e" "CARGO_INCREMENTAL=0" "-e" "RUST_BACKTRACE=full" "-e" "RUSTFLAGS=--cap-lints=warn" "-e" "RUSTDOCFLAGS=--cap-lints=warn" "-w" "/opt/rustwide/workdir" "--user" "0:0" "98ed8947ac5eea194898b40d6b6f9b4538b26ed2438b69cf93d744d56e9d09aa" "/opt/rustwide/cargo-home/bin/cargo" "+1.100.0-beta.1" "test" "--frozen" "--no-run" "--message-format=json", kill_on_drop: false }`
[INFO] [stderr]    Compiling proc-macro2 v1.0.107
[INFO] [stderr]    Compiling quote v1.0.47
[INFO] [stderr]    Compiling unicode-ident v1.0.26
[INFO] [stderr]    Compiling serde_core v1.0.229
[INFO] [stderr]    Compiling serde v1.0.229
[INFO] [stderr]    Compiling syn v3.0.6
[INFO] [stderr]    Compiling serde_derive v1.0.229
[INFO] [stderr]    Compiling vbare v0.0.5 (/opt/rustwide/workdir)
[INFO] [stdout] error[E0433]: cannot find module or crate `serde_bare` in this scope
[INFO] [stdout]   --> tests/test.rs:51:34
[INFO] [stdout]    |
[INFO] [stdout] 51 |             1 => Ok(TestData::V1(serde_bare::from_slice(payload)?)),
[INFO] [stdout]    |                                  ^^^^^^^^^^ use of unresolved module or unlinked crate `serde_bare`
[INFO] [stdout]    |
[INFO] [stdout]    = help: if you wanted to use a crate named `serde_bare`, use `cargo add serde_bare` to add it to your `Cargo.toml`
[INFO] [stdout] 
[INFO] [stdout] 
[INFO] [stdout] error[E0433]: cannot find module or crate `serde_bare` in this scope
[INFO] [stdout]   --> tests/test.rs:52:34
[INFO] [stdout]    |
[INFO] [stdout] 52 |             2 => Ok(TestData::V2(serde_bare::from_slice(payload)?)),
[INFO] [stdout]    |                                  ^^^^^^^^^^ use of unresolved module or unlinked crate `serde_bare`
[INFO] [stdout]    |
[INFO] [stdout]    = help: if you wanted to use a crate named `serde_bare`, use `cargo add serde_bare` to add it to your `Cargo.toml`
[INFO] [stdout] 
[INFO] [stdout] 
[INFO] [stdout] error[E0433]: cannot find module or crate `serde_bare` in this scope
[INFO] [stdout]   --> tests/test.rs:53:34
[INFO] [stdout]    |
[INFO] [stdout] 53 |             3 => Ok(TestData::V3(serde_bare::from_slice(payload)?)),
[INFO] [stdout]    |                                  ^^^^^^^^^^ use of unresolved module or unlinked crate `serde_bare`
[INFO] [stdout]    |
[INFO] [stdout]    = help: if you wanted to use a crate named `serde_bare`, use `cargo add serde_bare` to add it to your `Cargo.toml`
[INFO] [stdout] 
[INFO] [stdout] 
[INFO] [stdout] error[E0433]: cannot find module or crate `serde_bare` in this scope
[INFO] [stdout]   --> tests/test.rs:60:35
[INFO] [stdout]    |
[INFO] [stdout] 60 |             TestData::V1(data) => serde_bare::to_vec(&data).map_err(Into::into),
[INFO] [stdout]    |                                   ^^^^^^^^^^ use of unresolved module or unlinked crate `serde_bare`
[INFO] [stdout]    |
[INFO] [stdout]    = help: if you wanted to use a crate named `serde_bare`, use `cargo add serde_bare` to add it to your `Cargo.toml`
[INFO] [stdout] 
[INFO] [stdout] 
[INFO] [stdout] error[E0433]: cannot find module or crate `serde_bare` in this scope
[INFO] [stdout]   --> tests/test.rs:61:35
[INFO] [stdout]    |
[INFO] [stdout] 61 |             TestData::V2(data) => serde_bare::to_vec(&data).map_err(Into::into),
[INFO] [stdout]    |                                   ^^^^^^^^^^ use of unresolved module or unlinked crate `serde_bare`
[INFO] [stdout]    |
[INFO] [stdout]    = help: if you wanted to use a crate named `serde_bare`, use `cargo add serde_bare` to add it to your `Cargo.toml`
[INFO] [stdout] 
[INFO] [stdout] 
[INFO] [stdout] error[E0433]: cannot find module or crate `serde_bare` in this scope
[INFO] [stdout]   --> tests/test.rs:62:35
[INFO] [stdout]    |
[INFO] [stdout] 62 |             TestData::V3(data) => serde_bare::to_vec(&data).map_err(Into::into),
[INFO] [stdout]    |                                   ^^^^^^^^^^ use of unresolved module or unlinked crate `serde_bare`
[INFO] [stdout]    |
[INFO] [stdout]    = help: if you wanted to use a crate named `serde_bare`, use `cargo add serde_bare` to add it to your `Cargo.toml`
[INFO] [stdout] 
[INFO] [stdout] 
[INFO] [stdout] error[E0433]: cannot find module or crate `serde_bare` in this scope
[INFO] [stdout]    --> tests/test.rs:104:46
[INFO] [stdout]     |
[INFO] [stdout] 104 |             1 => Ok(TestDataNoConverters::V1(serde_bare::from_slice(payload)?)),
[INFO] [stdout]     |                                              ^^^^^^^^^^ use of unresolved module or unlinked crate `serde_bare`
[INFO] [stdout]     |
[INFO] [stdout]     = help: if you wanted to use a crate named `serde_bare`, use `cargo add serde_bare` to add it to your `Cargo.toml`
[INFO] [stdout] 
[INFO] [stdout] 
[INFO] [stdout] error[E0433]: cannot find module or crate `serde_bare` in this scope
[INFO] [stdout]    --> tests/test.rs:111:47
[INFO] [stdout]     |
[INFO] [stdout] 111 |             TestDataNoConverters::V1(data) => serde_bare::to_vec(&data).map_err(Into::into),
[INFO] [stdout]     |                                               ^^^^^^^^^^ use of unresolved module or unlinked crate `serde_bare`
[INFO] [stdout]     |
[INFO] [stdout]     = help: if you wanted to use a crate named `serde_bare`, use `cargo add serde_bare` to add it to your `Cargo.toml`
[INFO] [stdout] 
[INFO] [stdout] 
[INFO] [stdout] error[E0433]: cannot find module or crate `serde_bare` in this scope
[INFO] [stdout]    --> tests/test.rs:276:36
[INFO] [stdout]     |
[INFO] [stdout] 276 |     let deserialized: TestDataV1 = serde_bare::from_slice(&result).unwrap();
[INFO] [stdout]     |                                    ^^^^^^^^^^ use of unresolved module or unlinked crate `serde_bare`
[INFO] [stdout]     |
[INFO] [stdout]     = help: if you wanted to use a crate named `serde_bare`, use `cargo add serde_bare` to add it to your `Cargo.toml`
[INFO] [stdout] 
[INFO] [stdout] 
[INFO] [stdout] error[E0433]: cannot find module or crate `serde_bare` in this scope
[INFO] [stdout]    --> tests/test.rs:282:36
[INFO] [stdout]     |
[INFO] [stdout] 282 |     let deserialized: TestDataV2 = serde_bare::from_slice(&result).unwrap();
[INFO] [stdout]     |                                    ^^^^^^^^^^ use of unresolved module or unlinked crate `serde_bare`
[INFO] [stdout]     |
[INFO] [stdout]     = help: if you wanted to use a crate named `serde_bare`, use `cargo add serde_bare` to add it to your `Cargo.toml`
[INFO] [stdout] 
[INFO] [stdout] 
[INFO] [stdout] error[E0433]: cannot find module or crate `serde_bare` in this scope
[INFO] [stdout]    --> tests/test.rs:289:36
[INFO] [stdout]     |
[INFO] [stdout] 289 |     let deserialized: TestDataV3 = serde_bare::from_slice(&result).unwrap();
[INFO] [stdout]     |                                    ^^^^^^^^^^ use of unresolved module or unlinked crate `serde_bare`
[INFO] [stdout]     |
[INFO] [stdout]     = help: if you wanted to use a crate named `serde_bare`, use `cargo add serde_bare` to add it to your `Cargo.toml`
[INFO] [stdout] 
[INFO] [stdout] 
[INFO] [stdout] For more information about this error, try `rustc --explain E0433`.
[INFO] [stdout] 
[INFO] [stderr] error: could not compile `vbare` (test "test") due to 11 previous errors
[INFO] running `Command { std: "docker" "inspect" "98ed8947ac5eea194898b40d6b6f9b4538b26ed2438b69cf93d744d56e9d09aa", kill_on_drop: false }`
[INFO] running `Command { std: "docker" "rm" "-f" "98ed8947ac5eea194898b40d6b6f9b4538b26ed2438b69cf93d744d56e9d09aa", kill_on_drop: false }`
[INFO] [stdout] 98ed8947ac5eea194898b40d6b6f9b4538b26ed2438b69cf93d744d56e9d09aa
