[INFO] fetching crate vantage-surrealdb 0.6.20...
[INFO] testing vantage-surrealdb-0.6.20 against 1.100.0-beta.1 for beta-1.100-2
[INFO] extracting crate vantage-surrealdb 0.6.20 into /workspace/builds/worker-4-tc2/source
[INFO] started tweaking crates.io crate vantage-surrealdb 0.6.20
[INFO] removed 0 missing examples
[INFO] removed 0 missing tests
[INFO] finished tweaking crates.io crate vantage-surrealdb 0.6.20
[INFO] tweaked toml for crates.io crate vantage-surrealdb 0.6.20 written to /workspace/builds/worker-4-tc2/source/Cargo.toml
[INFO] validating manifest of crates.io crate vantage-surrealdb 0.6.20 on toolchain 1.100.0-beta.1
[INFO] running `Command { std: CARGO_HOME="/workspace/cargo-home" RUSTUP_HOME="/workspace/rustup-home" "/workspace/cargo-home/bin/cargo" "+1.100.0-beta.1" "metadata" "--manifest-path" "Cargo.toml" "--no-deps", kill_on_drop: false }`
[INFO] crate crates.io crate vantage-surrealdb 0.6.20 already has a lockfile, it will not be regenerated
[INFO] running `Command { std: CARGO_HOME="/workspace/cargo-home" RUSTUP_HOME="/workspace/rustup-home" "/workspace/cargo-home/bin/cargo" "+1.100.0-beta.1" "fetch" "--manifest-path" "Cargo.toml", kill_on_drop: false }`
[INFO] running `Command { std: "docker" "create" "-v" "/var/lib/crater-agent-workspace/builds/worker-4-tc2/source:/opt/rustwide/workdir:ro,Z" "-v" "/var/lib/crater-agent-workspace/builds/worker-4-tc2/target:/opt/rustwide/target:rw,Z" "-v" "/var/lib/crater-agent-workspace/cargo-home:/opt/rustwide/cargo-home:ro,Z" "-v" "/var/lib/crater-agent-workspace/rustup-home:/opt/rustwide/rustup-home:ro,Z" "-m" "1610612736" "--network" "none" "ghcr.io/rust-lang/crates-build-env/linux@sha256:3111399a4047eeb3a02b7a90e478d715f38a8c6669b5c4b49d30a17385265909" "sleep" "infinity", kill_on_drop: false }`
[INFO] [stdout] 6ed756d86e5b86cdd4f0e2c09ec6d263f62ff687ca8569c3542a700cbce76a6c
[INFO] running `Command { std: "docker" "start" "6ed756d86e5b86cdd4f0e2c09ec6d263f62ff687ca8569c3542a700cbce76a6c", kill_on_drop: false }`
[INFO] running `Command { std: "docker" "inspect" "6ed756d86e5b86cdd4f0e2c09ec6d263f62ff687ca8569c3542a700cbce76a6c", kill_on_drop: false }`
[INFO] running `Command { std: "docker" "exec" "-e" "SOURCE_DIR=/opt/rustwide/workdir" "-e" "CARGO_HOME=/opt/rustwide/cargo-home" "-e" "RUSTUP_HOME=/opt/rustwide/rustup-home" "-e" "CARGO_TARGET_DIR=/opt/rustwide/target" "-w" "/opt/rustwide/workdir" "--user" "0:0" "6ed756d86e5b86cdd4f0e2c09ec6d263f62ff687ca8569c3542a700cbce76a6c" "/opt/rustwide/cargo-home/bin/cargo" "+1.100.0-beta.1" "metadata" "--no-deps" "--format-version=1", kill_on_drop: false }`
[INFO] running `Command { std: "docker" "inspect" "6ed756d86e5b86cdd4f0e2c09ec6d263f62ff687ca8569c3542a700cbce76a6c", kill_on_drop: false }`
[INFO] running `Command { std: "docker" "exec" "-e" "SOURCE_DIR=/opt/rustwide/workdir" "-e" "CARGO_HOME=/opt/rustwide/cargo-home" "-e" "RUSTUP_HOME=/opt/rustwide/rustup-home" "-e" "CARGO_TARGET_DIR=/opt/rustwide/target" "-e" "CARGO_INCREMENTAL=0" "-e" "RUST_BACKTRACE=full" "-e" "RUSTFLAGS=--cap-lints=warn" "-e" "RUSTDOCFLAGS=--cap-lints=warn" "-w" "/opt/rustwide/workdir" "--user" "0:0" "6ed756d86e5b86cdd4f0e2c09ec6d263f62ff687ca8569c3542a700cbce76a6c" "/opt/rustwide/cargo-home/bin/cargo" "+1.100.0-beta.1" "build" "--frozen" "--message-format=json", kill_on_drop: false }`
[INFO] [stderr]    Compiling futures-core v0.3.32
[INFO] [stderr]    Compiling bytes v1.11.1
[INFO] [stderr]    Compiling memchr v2.8.0
[INFO] [stderr]    Compiling futures-sink v0.3.32
[INFO] [stderr]    Compiling fs_extra v1.3.0
[INFO] [stderr]    Compiling dunce v1.0.5
[INFO] [stderr]    Compiling autocfg v1.5.0
[INFO] [stderr]    Compiling zeroize v1.8.2
[INFO] [stderr]    Compiling litemap v0.8.2
[INFO] [stderr]    Compiling syn v2.0.117
[INFO] [stderr]    Compiling jobserver v0.1.35
[INFO] [stderr]    Compiling parking_lot_core v0.9.12
[INFO] [stderr]    Compiling indexmap v2.14.0
[INFO] [stderr]    Compiling mio v1.2.0
[INFO] [stderr]    Compiling socket2 v0.6.3
[INFO] [stderr]    Compiling writeable v0.6.3
[INFO] [stderr]    Compiling futures-task v0.3.32
[INFO] [stderr]    Compiling futures-channel v0.3.32
[INFO] [stderr]    Compiling futures-io v0.3.32
[INFO] [stderr]    Compiling rustls-pki-types v1.14.1
[INFO] [stderr]    Compiling icu_properties_data v2.2.0
[INFO] [stderr]    Compiling cc v1.2.62
[INFO] [stderr]    Compiling aws-lc-rs v1.17.0
[INFO] [stderr]    Compiling parking_lot v0.12.5
[INFO] [stderr]    Compiling owo-colors v4.3.0
[INFO] [stderr]    Compiling serde_json v1.0.149
[INFO] [stderr]    Compiling icu_normalizer_data v2.2.0
[INFO] [stderr]    Compiling atty v0.2.14
[INFO] [stderr]    Compiling getrandom v0.2.17
[INFO] [stderr]    Compiling bitflags v2.11.1
[INFO] [stderr]    Compiling openssl v0.10.79
[INFO] [stderr]    Compiling untrusted v0.9.0
[INFO] [stderr]    Compiling num-traits v0.2.19
[INFO] [stderr]    Compiling anyhow v1.0.102
[INFO] [stderr]    Compiling rustls v0.23.40
[INFO] [stderr]    Compiling uuid v1.23.1
[INFO] [stderr]    Compiling crypto-common v0.1.7
[INFO] [stderr]    Compiling digest v0.10.7
[INFO] [stderr]    Compiling csv-core v0.1.13
[INFO] [stderr]    Compiling sync_wrapper v1.0.2
[INFO] [stderr]    Compiling ipnet v2.12.0
[INFO] [stderr]    Compiling predicates-core v1.0.10
[INFO] [stderr]    Compiling csv v1.4.0
[INFO] [stderr]    Compiling rust_decimal v1.42.0
[INFO] [stderr]    Compiling unsafe-libyaml v0.2.11
[INFO] [stderr]    Compiling sha1 v0.10.6
[INFO] [stderr]    Compiling webpki-roots v1.0.6
[INFO] [stderr]    Compiling termtree v0.5.1
[INFO] [stderr]    Compiling http v1.4.0
[INFO] [stderr]    Compiling arrayvec v0.7.6
[INFO] [stderr]    Compiling data-encoding v2.10.0
[INFO] [stderr]    Compiling predicates-tree v1.0.13
[INFO] [stderr]    Compiling webpki-roots v0.26.11
[INFO] [stderr]    Compiling predicates v3.1.4
[INFO] [stderr]    Compiling fragile v2.0.1
[INFO] [stderr]    Compiling downcast v0.11.0
[INFO] [stderr]    Compiling hex v0.4.3
[INFO] [stderr]    Compiling serde_path_to_error v0.1.20
[INFO] [stderr]    Compiling md5 v0.8.0
[INFO] [stderr]    Compiling cmake v0.1.58
[INFO] [stderr]    Compiling openssl-sys v0.9.115
[INFO] [stderr]    Compiling ring v0.17.14
[INFO] [stderr]    Compiling http-body v1.0.1
[INFO] [stderr]    Compiling aws-lc-sys v0.41.0
[INFO] [stderr]    Compiling http-body-util v0.1.3
[INFO] [stderr]    Compiling native-tls v0.2.18
[INFO] [stderr]    Compiling synstructure v0.13.2
[INFO] [stderr]    Compiling zerofrom-derive v0.1.7
[INFO] [stderr]    Compiling yoke-derive v0.8.2
[INFO] [stderr]    Compiling zerocopy-derive v0.8.48
[INFO] [stderr]    Compiling serde_derive v1.0.228
[INFO] [stderr]    Compiling tokio-macros v2.7.0
[INFO] [stderr]    Compiling zerovec-derive v0.11.3
[INFO] [stderr]    Compiling displaydoc v0.2.5
[INFO] [stderr]    Compiling tracing-attributes v0.1.31
[INFO] [stderr]    Compiling futures-macro v0.3.32
[INFO] [stderr]    Compiling thiserror-impl v1.0.69
[INFO] [stderr]    Compiling thiserror-impl v2.0.18
[INFO] [stderr]    Compiling vantage-types-entity v0.6.0
[INFO] [stderr]    Compiling openssl-macros v0.1.1
[INFO] [stderr]    Compiling async-stream-impl v0.3.6
[INFO] [stderr]    Compiling async-trait v0.1.89
[INFO] [stderr]    Compiling async-stream v0.3.6
[INFO] [stderr]    Compiling rust_decimal_macros v1.40.0
[INFO] [stderr]    Compiling mockall_derive v0.12.1
[INFO] [stderr]    Compiling tokio v1.52.3
[INFO] [stderr]    Compiling futures-util v0.3.32
[INFO] [stderr]    Compiling tracing v0.1.44
[INFO] [stderr]    Compiling thiserror v1.0.69
[INFO] [stderr]    Compiling zerofrom v0.1.7
[INFO] [stderr]    Compiling thiserror v2.0.18
[INFO] [stderr]    Compiling yoke v0.8.2
[INFO] [stderr]    Compiling zerocopy v0.8.48
[INFO] [stderr]    Compiling zerovec v0.11.6
[INFO] [stderr]    Compiling zerotrie v0.2.4
[INFO] [stderr]    Compiling mockall v0.12.1
[INFO] [stderr]    Compiling tinystr v0.8.3
[INFO] [stderr]    Compiling potential_utf v0.1.5
[INFO] [stderr]    Compiling icu_collections v2.2.0
[INFO] [stderr]    Compiling icu_locale_core v2.2.0
[INFO] [stderr]    Compiling serde v1.0.228
[INFO] [stderr]    Compiling vantage-core v0.6.3
[INFO] [stderr]    Compiling chrono v0.4.44
[INFO] [stderr]    Compiling serde_yaml_ng v0.10.0
[INFO] [stderr]    Compiling serde_urlencoded v0.7.1
[INFO] [stderr]    Compiling bincode v1.3.3
[INFO] [stderr]    Compiling icu_provider v2.2.0
[INFO] [stderr]    Compiling icu_properties v2.2.0
[INFO] [stderr]    Compiling icu_normalizer v2.2.0
[INFO] [stderr]    Compiling futures-executor v0.3.32
[INFO] [stderr]    Compiling futures v0.3.32
[INFO] [stderr]    Compiling idna_adapter v1.2.2
[INFO] [stderr]    Compiling idna v1.1.0
[INFO] [stderr]    Compiling url v2.5.8
[INFO] [stderr]    Compiling tokio-util v0.7.18
[INFO] [stderr]    Compiling tokio-native-tls v0.3.1
[INFO] [stderr]    Compiling tower v0.5.3
[INFO] [stderr]    Compiling tower-http v0.6.10
[INFO] [stderr]    Compiling h2 v0.4.14
[INFO] [stderr]    Compiling half v2.7.1
[INFO] [stderr]    Compiling ppv-lite86 v0.2.21
[INFO] [stderr]    Compiling rustls-webpki v0.103.13
[INFO] [stderr]    Compiling rand_chacha v0.9.0
[INFO] [stderr]    Compiling ciborium-ll v0.2.2
[INFO] [stderr]    Compiling rand v0.9.4
[INFO] [stderr]    Compiling ciborium v0.2.2
[INFO] [stderr]    Compiling vantage-types v0.6.8
[INFO] [stderr]    Compiling vantage-dataset v0.6.3
[INFO] [stderr]    Compiling vantage-vista v0.6.26
[INFO] [stderr]    Compiling hyper v1.9.0
[INFO] [stderr]    Compiling vantage-expressions v0.6.1
[INFO] [stderr]    Compiling vantage-table v0.6.17
[INFO] [stderr]    Compiling hyper-util v0.1.20
[INFO] [stderr]    Compiling hyper-tls v0.6.0
[INFO] [stderr]    Compiling reqwest v0.12.28
[INFO] [stderr]    Compiling tungstenite v0.27.0
[INFO] [stderr]    Compiling tokio-rustls v0.26.4
[INFO] [stderr]    Compiling tokio-tungstenite v0.27.0
[INFO] [stderr]    Compiling surreal-client v0.6.4
[INFO] [stderr]    Compiling vantage-surrealdb v0.6.20 (/opt/rustwide/workdir)
[INFO] [stderr] warning: unused dependency `md5`
[INFO] [stderr]   --> Cargo.toml:24:15
[INFO] [stderr]    |
[INFO] [stderr] 24 | [dependencies.md5]
[INFO] [stderr]    |               ^^^^
[INFO] [stderr]    |
[INFO] [stderr]    = note: `cargo::unused_dependencies` is set to `warn` by default
[INFO] [stderr] help: consider removing the dependency on `md5`
[INFO] [stderr] warning: unused dependency `serde_path_to_error`
[INFO] [stderr]   --> Cargo.toml:42:15
[INFO] [stderr]    |
[INFO] [stderr] 42 | [dependencies.serde_path_to_error]
[INFO] [stderr]    |               ^^^^^^^^^^^^^^^^^^^^
[INFO] [stderr]    |
[INFO] [stderr] help: consider removing the dependency on `serde_path_to_error`
[INFO] [stderr] warning: `vantage-surrealdb` (manifest) generated 2 warnings
[INFO] [stderr]     Finished `dev` profile [unoptimized + debuginfo] target(s) in 1m 43s
[INFO] running `Command { std: "docker" "inspect" "6ed756d86e5b86cdd4f0e2c09ec6d263f62ff687ca8569c3542a700cbce76a6c", kill_on_drop: false }`
[INFO] running `Command { std: "docker" "exec" "-e" "SOURCE_DIR=/opt/rustwide/workdir" "-e" "CARGO_HOME=/opt/rustwide/cargo-home" "-e" "RUSTUP_HOME=/opt/rustwide/rustup-home" "-e" "CARGO_TARGET_DIR=/opt/rustwide/target" "-e" "CARGO_INCREMENTAL=0" "-e" "RUST_BACKTRACE=full" "-e" "RUSTFLAGS=--cap-lints=warn" "-e" "RUSTDOCFLAGS=--cap-lints=warn" "-w" "/opt/rustwide/workdir" "--user" "0:0" "6ed756d86e5b86cdd4f0e2c09ec6d263f62ff687ca8569c3542a700cbce76a6c" "/opt/rustwide/cargo-home/bin/cargo" "+1.100.0-beta.1" "test" "--frozen" "--no-run" "--message-format=json", kill_on_drop: false }`
[INFO] [stderr]    Compiling vantage-surrealdb v0.6.20 (/opt/rustwide/workdir)
[INFO] [stdout] error[E0432]: unresolved import `bakery_model3`
[INFO] [stdout]  --> tests/5_references.rs:6:5
[INFO] [stdout]   |
[INFO] [stdout] 6 | use bakery_model3::{Bakery, Client, Product, SurrealConnection, SurrealDB};
[INFO] [stdout]   |     ^^^^^^^^^^^^^ use of unresolved module or unlinked crate `bakery_model3`
[INFO] [stdout]   |
[INFO] [stdout]   = help: if you wanted to use a crate named `bakery_model3`, use `cargo add bakery_model3` to add it to your `Cargo.toml`
[INFO] [stdout] 
[INFO] [stdout] 
[INFO] [stdout] error[E0433]: cannot find `vista` in `vantage_surrealdb`
[INFO] [stdout]   --> tests/contained.rs:11:24
[INFO] [stdout]    |
[INFO] [stdout] 11 | use vantage_surrealdb::vista::factory::SurrealVistaFactory;
[INFO] [stdout]    |                        ^^^^^ could not find `vista` in `vantage_surrealdb`
[INFO] [stdout]    |
[INFO] [stdout] note: found an item that was configured out
[INFO] [stdout]   --> src/lib.rs:36:9
[INFO] [stdout]    |
[INFO] [stdout] 35 | #[cfg(feature = "vista")]
[INFO] [stdout]    |       ----------------- the item is gated behind the `vista` feature
[INFO] [stdout] 36 | pub mod vista;
[INFO] [stdout]    |         ^^^^^
[INFO] [stdout] 
[INFO] [stdout] 
[INFO] [stdout] error[E0432]: unresolved import `bakery_model3`
[INFO] [stdout]  --> tests/table_source_read.rs:1:5
[INFO] [stdout]   |
[INFO] [stdout] 1 | use bakery_model3::{Bakery, Client, Order, Product, SurrealConnection, SurrealDB};
[INFO] [stdout]   |     ^^^^^^^^^^^^^ use of unresolved module or unlinked crate `bakery_model3`
[INFO] [stdout]   |
[INFO] [stdout]   = help: if you wanted to use a crate named `bakery_model3`, use `cargo add bakery_model3` to add it to your `Cargo.toml`
[INFO] [stdout] 
[INFO] [stdout] 
[INFO] [stdout] warning: unused import: `TryFromRecord`
[INFO] [stdout]  --> tests/table_source_read.rs:9:34
[INFO] [stdout]   |
[INFO] [stdout] 9 | use vantage_types::{EmptyEntity, TryFromRecord};
[INFO] [stdout]   |                                  ^^^^^^^^^^^^^
[INFO] [stdout]   |
[INFO] [stdout]   = note: `#[warn(unused_imports)]` (part of `#[warn(unused)]`) on by default
[INFO] [stdout] 
[INFO] [stdout] 
[INFO] [stdout] For more information about this error, try `rustc --explain E0432`.
[INFO] [stdout] 
[INFO] [stderr] error: could not compile `vantage-surrealdb` (test "5_references") due to 1 previous error
[INFO] [stderr] warning: build failed, waiting for other jobs to finish...
[INFO] [stdout] For more information about this error, try `rustc --explain E0433`.
[INFO] [stdout] 
[INFO] [stderr] error: could not compile `vantage-surrealdb` (test "contained") due to 1 previous error
[INFO] [stdout] warning: unused `ExitCode` that must be used
[INFO] [stdout]    --> examples/expr.rs:152:9
[INFO] [stdout]     |
[INFO] [stdout] 152 |         e.report();
[INFO] [stdout]     |         ^^^^^^^^^^
[INFO] [stdout]     |
[INFO] [stdout]     = note: `#[warn(unused_must_use)]` (part of `#[warn(unused)]`) on by default
[INFO] [stdout] help: use `let _ = ...` to ignore the resulting value
[INFO] [stdout]     |
[INFO] [stdout] 152 |         let _ = e.report();
[INFO] [stdout]     |         +++++++
[INFO] [stdout] 
[INFO] [stdout] 
[INFO] [stdout] For more information about this error, try `rustc --explain E0432`.
[INFO] [stdout] 
[INFO] [stderr] error: could not compile `vantage-surrealdb` (test "table_source_read") due to 1 previous error; 1 warning emitted
[INFO] [stderr] warning: unused dependency `md5`
[INFO] [stderr]   --> Cargo.toml:24:15
[INFO] [stderr]    |
[INFO] [stderr] 24 | [dependencies.md5]
[INFO] [stderr]    |               ^^^^
[INFO] [stderr]    |
[INFO] [stderr]    = note: `cargo::unused_dependencies` is set to `warn` by default
[INFO] [stderr] help: consider removing the dependency on `md5`
[INFO] [stderr] warning: unused dependency `serde_path_to_error`
[INFO] [stderr]   --> Cargo.toml:42:15
[INFO] [stderr]    |
[INFO] [stderr] 42 | [dependencies.serde_path_to_error]
[INFO] [stderr]    |               ^^^^^^^^^^^^^^^^^^^^
[INFO] [stderr]    |
[INFO] [stderr] help: consider removing the dependency on `serde_path_to_error`
[INFO] [stderr] warning: `vantage-surrealdb` (manifest) generated 2 warnings
[INFO] running `Command { std: "docker" "inspect" "6ed756d86e5b86cdd4f0e2c09ec6d263f62ff687ca8569c3542a700cbce76a6c", kill_on_drop: false }`
[INFO] running `Command { std: "docker" "rm" "-f" "6ed756d86e5b86cdd4f0e2c09ec6d263f62ff687ca8569c3542a700cbce76a6c", kill_on_drop: false }`
[INFO] [stdout] 6ed756d86e5b86cdd4f0e2c09ec6d263f62ff687ca8569c3542a700cbce76a6c
