[INFO] fetching crate vanta-install 0.0.23...
[INFO] testing vanta-install-0.0.23 against 1.100.0-beta.1 for beta-1.100-2
[INFO] extracting crate vanta-install 0.0.23 into /workspace/builds/worker-0-tc2/source
[INFO] started tweaking crates.io crate vanta-install 0.0.23
[INFO] removed 0 missing tests
[INFO] finished tweaking crates.io crate vanta-install 0.0.23
[INFO] tweaked toml for crates.io crate vanta-install 0.0.23 written to /workspace/builds/worker-0-tc2/source/Cargo.toml
[INFO] validating manifest of crates.io crate vanta-install 0.0.23 on toolchain 1.100.0-beta.1
[INFO] running `Command { std: CARGO_HOME="/workspace/cargo-home" RUSTUP_HOME="/workspace/rustup-home" "/workspace/cargo-home/bin/cargo" "+1.100.0-beta.1" "metadata" "--manifest-path" "Cargo.toml" "--no-deps", kill_on_drop: false }`
[INFO] crate crates.io crate vanta-install 0.0.23 already has a lockfile, it will not be regenerated
[INFO] running `Command { std: CARGO_HOME="/workspace/cargo-home" RUSTUP_HOME="/workspace/rustup-home" "/workspace/cargo-home/bin/cargo" "+1.100.0-beta.1" "fetch" "--manifest-path" "Cargo.toml", kill_on_drop: false }`
[INFO] running `Command { std: "docker" "create" "-v" "/var/lib/crater-agent-workspace/builds/worker-0-tc2/source:/opt/rustwide/workdir:ro,Z" "-v" "/var/lib/crater-agent-workspace/builds/worker-0-tc2/target:/opt/rustwide/target:rw,Z" "-v" "/var/lib/crater-agent-workspace/cargo-home:/opt/rustwide/cargo-home:ro,Z" "-v" "/var/lib/crater-agent-workspace/rustup-home:/opt/rustwide/rustup-home:ro,Z" "-m" "1610612736" "--network" "none" "ghcr.io/rust-lang/crates-build-env/linux@sha256:3111399a4047eeb3a02b7a90e478d715f38a8c6669b5c4b49d30a17385265909" "sleep" "infinity", kill_on_drop: false }`
[INFO] [stdout] ac4ab2e91b3f1054670dabf88803015f24b7aa013908e0f00cbfcaae74831285
[INFO] running `Command { std: "docker" "start" "ac4ab2e91b3f1054670dabf88803015f24b7aa013908e0f00cbfcaae74831285", kill_on_drop: false }`
[INFO] running `Command { std: "docker" "inspect" "ac4ab2e91b3f1054670dabf88803015f24b7aa013908e0f00cbfcaae74831285", kill_on_drop: false }`
[INFO] running `Command { std: "docker" "exec" "-e" "SOURCE_DIR=/opt/rustwide/workdir" "-e" "CARGO_HOME=/opt/rustwide/cargo-home" "-e" "RUSTUP_HOME=/opt/rustwide/rustup-home" "-e" "CARGO_TARGET_DIR=/opt/rustwide/target" "-w" "/opt/rustwide/workdir" "--user" "0:0" "ac4ab2e91b3f1054670dabf88803015f24b7aa013908e0f00cbfcaae74831285" "/opt/rustwide/cargo-home/bin/cargo" "+1.100.0-beta.1" "metadata" "--no-deps" "--format-version=1", kill_on_drop: false }`
[INFO] running `Command { std: "docker" "inspect" "ac4ab2e91b3f1054670dabf88803015f24b7aa013908e0f00cbfcaae74831285", kill_on_drop: false }`
[INFO] running `Command { std: "docker" "exec" "-e" "SOURCE_DIR=/opt/rustwide/workdir" "-e" "CARGO_HOME=/opt/rustwide/cargo-home" "-e" "RUSTUP_HOME=/opt/rustwide/rustup-home" "-e" "CARGO_TARGET_DIR=/opt/rustwide/target" "-e" "CARGO_INCREMENTAL=0" "-e" "RUST_BACKTRACE=full" "-e" "RUSTFLAGS=--cap-lints=warn" "-e" "RUSTDOCFLAGS=--cap-lints=warn" "-w" "/opt/rustwide/workdir" "--user" "0:0" "ac4ab2e91b3f1054670dabf88803015f24b7aa013908e0f00cbfcaae74831285" "/opt/rustwide/cargo-home/bin/cargo" "+1.100.0-beta.1" "build" "--frozen" "--message-format=json", kill_on_drop: false }`
[INFO] [stderr]    Compiling bytes v1.12.0
[INFO] [stderr]    Compiling smallvec v1.15.2
[INFO] [stderr]    Compiling memchr v2.8.2
[INFO] [stderr]    Compiling socket2 v0.6.4
[INFO] [stderr]    Compiling mio v1.2.1
[INFO] [stderr]    Compiling getrandom v0.2.17
[INFO] [stderr]    Compiling slab v0.4.12
[INFO] [stderr]    Compiling syn v2.0.118
[INFO] [stderr]    Compiling cc v1.2.65
[INFO] [stderr]    Compiling semver v1.0.28
[INFO] [stderr]    Compiling rustls v0.23.41
[INFO] [stderr]    Compiling digest v0.10.7
[INFO] [stderr]    Compiling hashbrown v0.17.1
[INFO] [stderr]    Compiling crc32fast v1.5.0
[INFO] [stderr]    Compiling log v0.4.33
[INFO] [stderr]    Compiling rustix v1.1.4
[INFO] [stderr]    Compiling simd-adler32 v0.3.9
[INFO] [stderr]    Compiling vanta-core v0.0.23
[INFO] [stderr]    Compiling zstd-safe v7.2.4
[INFO] [stderr]    Compiling inout v0.1.4
[INFO] [stderr]    Compiling constant_time_eq v0.4.2
[INFO] [stderr]    Compiling arrayvec v0.7.7
[INFO] [stderr]    Compiling getrandom v0.3.4
[INFO] [stderr]    Compiling crc-catalog v2.5.0
[INFO] [stderr]    Compiling redb v2.6.3
[INFO] [stderr]    Compiling arrayref v0.3.9
[INFO] [stderr]    Compiling signature v2.2.0
[INFO] [stderr]    Compiling miniz_oxide v0.8.9
[INFO] [stderr]    Compiling rustc_version v0.4.1
[INFO] [stderr]    Compiling crc v3.4.0
[INFO] [stderr]    Compiling ed25519 v2.2.3
[INFO] [stderr]    Compiling cipher v0.4.4
[INFO] [stderr]    Compiling hmac v0.12.1
[INFO] [stderr]    Compiling sha2 v0.10.9
[INFO] [stderr]    Compiling time-core v0.1.9
[INFO] [stderr]    Compiling futures-util v0.3.32
[INFO] [stderr]    Compiling num-conv v0.2.2
[INFO] [stderr]    Compiling zip v2.4.2
[INFO] [stderr]    Compiling bumpalo v3.20.3
[INFO] [stderr]    Compiling deranged v0.5.8
[INFO] [stderr]    Compiling curve25519-dalek v4.1.3
[INFO] [stderr]    Compiling zopfli v0.8.3
[INFO] [stderr]    Compiling lzma-rs v0.3.0
[INFO] [stderr]    Compiling pbkdf2 v0.12.2
[INFO] [stderr]    Compiling flate2 v1.1.9
[INFO] [stderr]    Compiling aes v0.8.4
[INFO] [stderr]    Compiling serde_json v1.0.150
[INFO] [stderr]    Compiling tokio v1.52.3
[INFO] [stderr]    Compiling http v1.4.2
[INFO] [stderr]    Compiling indexmap v2.14.0
[INFO] [stderr]    Compiling sha1 v0.10.6
[INFO] [stderr]    Compiling blake2 v0.10.6
[INFO] [stderr]    Compiling filetime v0.2.29
[INFO] [stderr]    Compiling constant_time_eq v0.3.1
[INFO] [stderr]    Compiling deflate64 v0.1.12
[INFO] [stderr]    Compiling ring v0.17.14
[INFO] [stderr]    Compiling zstd-sys v2.0.16+zstd.1.5.7
[INFO] [stderr]    Compiling lzma-sys v0.1.20
[INFO] [stderr]    Compiling bzip2-sys v0.1.13+1.0.8
[INFO] [stderr]    Compiling blake3 v1.8.5
[INFO] [stderr]    Compiling time v0.3.53
[INFO] [stderr]    Compiling http-body v1.0.1
[INFO] [stderr]    Compiling http-body-util v0.1.3
[INFO] [stderr]    Compiling bzip2 v0.5.2
[INFO] [stderr]    Compiling xz2 v0.1.7
[INFO] [stderr]    Compiling xattr v1.6.1
[INFO] [stderr]    Compiling tar v0.4.46
[INFO] [stderr]    Compiling vanta-store v0.0.23
[INFO] [stderr]    Compiling synstructure v0.13.2
[INFO] [stderr]    Compiling zerofrom-derive v0.1.7
[INFO] [stderr]    Compiling yoke-derive v0.8.2
[INFO] [stderr]    Compiling displaydoc v0.2.6
[INFO] [stderr]    Compiling zerovec-derive v0.11.3
[INFO] [stderr]    Compiling zeroize_derive v1.5.0
[INFO] [stderr]    Compiling serde_derive v1.0.228
[INFO] [stderr]    Compiling curve25519-dalek-derive v0.1.1
[INFO] [stderr]    Compiling thiserror-impl v2.0.18
[INFO] [stderr]    Compiling hyper v1.10.1
[INFO] [stderr]    Compiling tower v0.5.3
[INFO] [stderr]    Compiling tokio-util v0.7.18
[INFO] [stderr]    Compiling zeroize v1.9.0
[INFO] [stderr]    Compiling rustls-pki-types v1.14.1
[INFO] [stderr]    Compiling zerofrom v0.1.8
[INFO] [stderr]    Compiling rustls-webpki v0.103.13
[INFO] [stderr]    Compiling webpki-roots v1.0.8
[INFO] [stderr]    Compiling yoke v0.8.3
[INFO] [stderr]    Compiling hyper-util v0.1.20
[INFO] [stderr]    Compiling thiserror v2.0.18
[INFO] [stderr]    Compiling zerotrie v0.2.4
[INFO] [stderr]    Compiling zerovec v0.11.6
[INFO] [stderr]    Compiling tinystr v0.8.3
[INFO] [stderr]    Compiling potential_utf v0.1.5
[INFO] [stderr]    Compiling serde v1.0.228
[INFO] [stderr]    Compiling icu_collections v2.2.0
[INFO] [stderr]    Compiling icu_locale_core v2.2.0
[INFO] [stderr]    Compiling zstd v0.13.3
[INFO] [stderr]    Compiling ed25519-dalek v2.2.0
[INFO] [stderr]    Compiling serde_spanned v0.6.9
[INFO] [stderr]    Compiling toml_datetime v0.6.11
[INFO] [stderr]    Compiling serde_urlencoded v0.7.1
[INFO] [stderr]    Compiling vanta-state v0.0.23
[INFO] [stderr]    Compiling toml_edit v0.22.27
[INFO] [stderr]    Compiling icu_provider v2.2.0
[INFO] [stderr]    Compiling icu_properties v2.2.0
[INFO] [stderr]    Compiling icu_normalizer v2.2.0
[INFO] [stderr]    Compiling toml v0.8.23
[INFO] [stderr]    Compiling idna_adapter v1.2.2
[INFO] [stderr]    Compiling idna v1.1.0
[INFO] [stderr]    Compiling vanta-security v0.0.23
[INFO] [stderr]    Compiling url v2.5.8
[INFO] [stderr]    Compiling tokio-rustls v0.26.4
[INFO] [stderr]    Compiling hyper-rustls v0.27.9
[INFO] [stderr]    Compiling tower-http v0.6.11
[INFO] [stderr]    Compiling reqwest v0.12.28
[INFO] [stderr]    Compiling vanta-net v0.0.23
[INFO] [stderr]    Compiling vanta-install v0.0.23 (/opt/rustwide/workdir)
[INFO] [stderr]     Finished `dev` profile [unoptimized + debuginfo] target(s) in 41.72s
[INFO] running `Command { std: "docker" "inspect" "ac4ab2e91b3f1054670dabf88803015f24b7aa013908e0f00cbfcaae74831285", kill_on_drop: false }`
[INFO] running `Command { std: "docker" "exec" "-e" "SOURCE_DIR=/opt/rustwide/workdir" "-e" "CARGO_HOME=/opt/rustwide/cargo-home" "-e" "RUSTUP_HOME=/opt/rustwide/rustup-home" "-e" "CARGO_TARGET_DIR=/opt/rustwide/target" "-e" "CARGO_INCREMENTAL=0" "-e" "RUST_BACKTRACE=full" "-e" "RUSTFLAGS=--cap-lints=warn" "-e" "RUSTDOCFLAGS=--cap-lints=warn" "-w" "/opt/rustwide/workdir" "--user" "0:0" "ac4ab2e91b3f1054670dabf88803015f24b7aa013908e0f00cbfcaae74831285" "/opt/rustwide/cargo-home/bin/cargo" "+1.100.0-beta.1" "test" "--frozen" "--no-run" "--message-format=json", kill_on_drop: false }`
[INFO] [stderr]    Compiling vanta-install v0.0.23 (/opt/rustwide/workdir)
[INFO] [stdout] error[E0432]: unresolved import `vanta_test`
[INFO] [stdout]  --> tests/e2e.rs:9:5
[INFO] [stdout]   |
[INFO] [stdout] 9 | use vanta_test::{make_targz, serve, sha256_hex};
[INFO] [stdout]   |     ^^^^^^^^^^ use of unresolved module or unlinked crate `vanta_test`
[INFO] [stdout]   |
[INFO] [stdout] help: there is a crate or module with a similar name
[INFO] [stdout]   |
[INFO] [stdout] 9 - use vanta_test::{make_targz, serve, sha256_hex};
[INFO] [stdout] 9 + use vanta_net::{make_targz, serve, sha256_hex};
[INFO] [stdout]   |
[INFO] [stdout] 
[INFO] [stdout] 
[INFO] [stdout] error[E0433]: cannot find module or crate `vanta_test` in this scope
[INFO] [stdout]    --> tests/e2e.rs:326:25
[INFO] [stdout]     |
[INFO] [stdout] 326 |     let (pubkey, sig) = vanta_test::minisign_sign([9u8; 32], &tar);
[INFO] [stdout]     |                         ^^^^^^^^^^ use of unresolved module or unlinked crate `vanta_test`
[INFO] [stdout]     |
[INFO] [stdout] help: there is a crate or module with a similar name
[INFO] [stdout]     |
[INFO] [stdout] 326 -     let (pubkey, sig) = vanta_test::minisign_sign([9u8; 32], &tar);
[INFO] [stdout] 326 +     let (pubkey, sig) = vanta_net::minisign_sign([9u8; 32], &tar);
[INFO] [stdout]     |
[INFO] [stdout] 
[INFO] [stdout] 
[INFO] [stdout] error[E0433]: cannot find module or crate `vanta_test` in this scope
[INFO] [stdout]    --> tests/e2e.rs:359:20
[INFO] [stdout]     |
[INFO] [stdout] 359 |     let (_, sig) = vanta_test::minisign_sign([1u8; 32], &tar); // signed with key A
[INFO] [stdout]     |                    ^^^^^^^^^^ use of unresolved module or unlinked crate `vanta_test`
[INFO] [stdout]     |
[INFO] [stdout] help: there is a crate or module with a similar name
[INFO] [stdout]     |
[INFO] [stdout] 359 -     let (_, sig) = vanta_test::minisign_sign([1u8; 32], &tar); // signed with key A
[INFO] [stdout] 359 +     let (_, sig) = vanta_net::minisign_sign([1u8; 32], &tar); // signed with key A
[INFO] [stdout]     |
[INFO] [stdout] 
[INFO] [stdout] 
[INFO] [stdout] error[E0433]: cannot find module or crate `vanta_test` in this scope
[INFO] [stdout]    --> tests/e2e.rs:360:26
[INFO] [stdout]     |
[INFO] [stdout] 360 |     let (other_key, _) = vanta_test::minisign_sign([2u8; 32], b"unrelated"); // key B's pubkey
[INFO] [stdout]     |                          ^^^^^^^^^^ use of unresolved module or unlinked crate `vanta_test`
[INFO] [stdout]     |
[INFO] [stdout] help: there is a crate or module with a similar name
[INFO] [stdout]     |
[INFO] [stdout] 360 -     let (other_key, _) = vanta_test::minisign_sign([2u8; 32], b"unrelated"); // key B's pubkey
[INFO] [stdout] 360 +     let (other_key, _) = vanta_net::minisign_sign([2u8; 32], b"unrelated"); // key B's pubkey
[INFO] [stdout]     |
[INFO] [stdout] 
[INFO] [stdout] 
[INFO] [stdout] Some errors have detailed explanations: E0432, E0433.
[INFO] [stdout] 
[INFO] [stdout] For more information about an error, try `rustc --explain E0432`.
[INFO] [stdout] 
[INFO] [stderr] error: could not compile `vanta-install` (test "e2e") due to 4 previous errors
[INFO] [stderr] warning: build failed, waiting for other jobs to finish...
[INFO] running `Command { std: "docker" "inspect" "ac4ab2e91b3f1054670dabf88803015f24b7aa013908e0f00cbfcaae74831285", kill_on_drop: false }`
[INFO] running `Command { std: "docker" "rm" "-f" "ac4ab2e91b3f1054670dabf88803015f24b7aa013908e0f00cbfcaae74831285", kill_on_drop: false }`
[INFO] [stdout] ac4ab2e91b3f1054670dabf88803015f24b7aa013908e0f00cbfcaae74831285
