[INFO] fetching crate uvb-storage-memory 0.2.1...
[INFO] testing uvb-storage-memory-0.2.1 against 1.99.0-beta.8 for beta-1.100-2
[INFO] extracting crate uvb-storage-memory 0.2.1 into /workspace/builds/worker-0-tc1/source
[INFO] started tweaking crates.io crate uvb-storage-memory 0.2.1
[INFO] finished tweaking crates.io crate uvb-storage-memory 0.2.1
[INFO] tweaked toml for crates.io crate uvb-storage-memory 0.2.1 written to /workspace/builds/worker-0-tc1/source/Cargo.toml
[INFO] validating manifest of crates.io crate uvb-storage-memory 0.2.1 on toolchain 1.99.0-beta.8
[INFO] running `Command { std: CARGO_HOME="/workspace/cargo-home" RUSTUP_HOME="/workspace/rustup-home" "/workspace/cargo-home/bin/cargo" "+1.99.0-beta.8" "metadata" "--manifest-path" "Cargo.toml" "--no-deps", kill_on_drop: false }`
[INFO] crate crates.io crate uvb-storage-memory 0.2.1 already has a lockfile, it will not be regenerated
[INFO] running `Command { std: CARGO_HOME="/workspace/cargo-home" RUSTUP_HOME="/workspace/rustup-home" "/workspace/cargo-home/bin/cargo" "+1.99.0-beta.8" "fetch" "--manifest-path" "Cargo.toml", kill_on_drop: false }`
[INFO] running `Command { std: "docker" "create" "-v" "/var/lib/crater-agent-workspace/builds/worker-0-tc1/source:/opt/rustwide/workdir:ro,Z" "-v" "/var/lib/crater-agent-workspace/builds/worker-0-tc1/target:/opt/rustwide/target:rw,Z" "-v" "/var/lib/crater-agent-workspace/cargo-home:/opt/rustwide/cargo-home:ro,Z" "-v" "/var/lib/crater-agent-workspace/rustup-home:/opt/rustwide/rustup-home:ro,Z" "-m" "1610612736" "--network" "none" "ghcr.io/rust-lang/crates-build-env/linux@sha256:3111399a4047eeb3a02b7a90e478d715f38a8c6669b5c4b49d30a17385265909" "sleep" "infinity", kill_on_drop: false }`
[INFO] [stdout] 3a311a22bccad0f342bfe4a8cd506e19322259da1c3e985304f37e072c152a56
[INFO] running `Command { std: "docker" "start" "3a311a22bccad0f342bfe4a8cd506e19322259da1c3e985304f37e072c152a56", kill_on_drop: false }`
[INFO] running `Command { std: "docker" "inspect" "3a311a22bccad0f342bfe4a8cd506e19322259da1c3e985304f37e072c152a56", kill_on_drop: false }`
[INFO] running `Command { std: "docker" "exec" "-e" "SOURCE_DIR=/opt/rustwide/workdir" "-e" "CARGO_HOME=/opt/rustwide/cargo-home" "-e" "RUSTUP_HOME=/opt/rustwide/rustup-home" "-e" "CARGO_TARGET_DIR=/opt/rustwide/target" "-w" "/opt/rustwide/workdir" "--user" "0:0" "3a311a22bccad0f342bfe4a8cd506e19322259da1c3e985304f37e072c152a56" "/opt/rustwide/cargo-home/bin/cargo" "+1.99.0-beta.8" "metadata" "--no-deps" "--format-version=1", kill_on_drop: false }`
[INFO] running `Command { std: "docker" "inspect" "3a311a22bccad0f342bfe4a8cd506e19322259da1c3e985304f37e072c152a56", kill_on_drop: false }`
[INFO] running `Command { std: "docker" "exec" "-e" "SOURCE_DIR=/opt/rustwide/workdir" "-e" "CARGO_HOME=/opt/rustwide/cargo-home" "-e" "RUSTUP_HOME=/opt/rustwide/rustup-home" "-e" "CARGO_TARGET_DIR=/opt/rustwide/target" "-e" "CARGO_INCREMENTAL=0" "-e" "RUST_BACKTRACE=full" "-e" "RUSTFLAGS=--cap-lints=warn" "-e" "RUSTDOCFLAGS=--cap-lints=warn" "-w" "/opt/rustwide/workdir" "--user" "0:0" "3a311a22bccad0f342bfe4a8cd506e19322259da1c3e985304f37e072c152a56" "/opt/rustwide/cargo-home/bin/cargo" "+1.99.0-beta.8" "build" "--frozen" "--message-format=json", kill_on_drop: false }`
[INFO] [stderr]    Compiling proc-macro2 v1.0.103
[INFO] [stderr]    Compiling unicode-ident v1.0.22
[INFO] [stderr]    Compiling quote v1.0.42
[INFO] [stderr]    Compiling libc v0.2.177
[INFO] [stderr]    Compiling serde_core v1.0.228
[INFO] [stderr]    Compiling serde v1.0.228
[INFO] [stderr]    Compiling zerocopy v0.8.30
[INFO] [stderr]    Compiling getrandom v0.3.4
[INFO] [stderr]    Compiling serde_json v1.0.145
[INFO] [stderr]    Compiling thiserror v1.0.69
[INFO] [stderr]    Compiling autocfg v1.5.0
[INFO] [stderr]    Compiling itoa v1.0.15
[INFO] [stderr]    Compiling ryu v1.0.20
[INFO] [stderr]    Compiling memchr v2.7.6
[INFO] [stderr]    Compiling pin-project-lite v0.2.16
[INFO] [stderr]    Compiling once_cell v1.21.3
[INFO] [stderr]    Compiling iana-time-zone v0.1.64
[INFO] [stderr]    Compiling tokio v1.48.0
[INFO] [stderr]    Compiling tracing-core v0.1.34
[INFO] [stderr]    Compiling num-traits v0.2.19
[INFO] [stderr]    Compiling syn v2.0.111
[INFO] [stderr]    Compiling ppv-lite86 v0.2.21
[INFO] [stderr]    Compiling getrandom v0.2.16
[INFO] [stderr]    Compiling rand_core v0.6.4
[INFO] [stderr]    Compiling rand_chacha v0.3.1
[INFO] [stderr]    Compiling rand v0.8.5
[INFO] [stderr]    Compiling serde_derive v1.0.228
[INFO] [stderr]    Compiling thiserror-impl v1.0.69
[INFO] [stderr]    Compiling tracing-attributes v0.1.30
[INFO] [stderr]    Compiling async-trait v0.1.89
[INFO] [stderr]    Compiling tracing v0.1.41
[INFO] [stderr]    Compiling uuid v1.18.1
[INFO] [stderr]    Compiling chrono v0.4.42
[INFO] [stderr]    Compiling uvb-core v0.2.1
[INFO] [stderr]    Compiling uvb-storage-api v0.2.1
[INFO] [stderr]    Compiling uvb-storage-memory v0.2.1 (/opt/rustwide/workdir)
[INFO] [stderr]     Finished `dev` profile [unoptimized + debuginfo] target(s) in 19.33s
[INFO] running `Command { std: "docker" "inspect" "3a311a22bccad0f342bfe4a8cd506e19322259da1c3e985304f37e072c152a56", kill_on_drop: false }`
[INFO] running `Command { std: "docker" "exec" "-e" "SOURCE_DIR=/opt/rustwide/workdir" "-e" "CARGO_HOME=/opt/rustwide/cargo-home" "-e" "RUSTUP_HOME=/opt/rustwide/rustup-home" "-e" "CARGO_TARGET_DIR=/opt/rustwide/target" "-e" "CARGO_INCREMENTAL=0" "-e" "RUST_BACKTRACE=full" "-e" "RUSTFLAGS=--cap-lints=warn" "-e" "RUSTDOCFLAGS=--cap-lints=warn" "-w" "/opt/rustwide/workdir" "--user" "0:0" "3a311a22bccad0f342bfe4a8cd506e19322259da1c3e985304f37e072c152a56" "/opt/rustwide/cargo-home/bin/cargo" "+1.99.0-beta.8" "test" "--frozen" "--no-run" "--message-format=json", kill_on_drop: false }`
[INFO] [stderr]    Compiling uvb-storage-memory v0.2.1 (/opt/rustwide/workdir)
[INFO] [stdout] error[E0433]: cannot find `test` in `tokio`
[INFO] [stdout]    --> src/ratelimit.rs:235:14
[INFO] [stdout]     |
[INFO] [stdout] 235 |     #[tokio::test]
[INFO] [stdout]     |              ^^^^ could not find `test` in `tokio`
[INFO] [stdout] 
[INFO] [stdout] 
[INFO] [stdout] error[E0433]: cannot find `test` in `tokio`
[INFO] [stdout]    --> src/ratelimit.rs:257:14
[INFO] [stdout]     |
[INFO] [stdout] 257 |     #[tokio::test]
[INFO] [stdout]     |              ^^^^ could not find `test` in `tokio`
[INFO] [stdout] 
[INFO] [stdout] 
[INFO] [stdout] error[E0433]: cannot find `test` in `tokio`
[INFO] [stdout]    --> src/ratelimit.rs:284:14
[INFO] [stdout]     |
[INFO] [stdout] 284 |     #[tokio::test]
[INFO] [stdout]     |              ^^^^ could not find `test` in `tokio`
[INFO] [stdout] 
[INFO] [stdout] 
[INFO] [stdout] error[E0433]: cannot find `test` in `tokio`
[INFO] [stdout]    --> src/ratelimit.rs:306:14
[INFO] [stdout]     |
[INFO] [stdout] 306 |     #[tokio::test]
[INFO] [stdout]     |              ^^^^ could not find `test` in `tokio`
[INFO] [stdout] 
[INFO] [stdout] 
[INFO] [stdout] error[E0433]: cannot find `time` in `tokio`
[INFO] [stdout]    --> src/ratelimit.rs:276:16
[INFO] [stdout]     |
[INFO] [stdout] 276 |         tokio::time::sleep(tokio::time::Duration::from_secs(2)).await;
[INFO] [stdout]     |                ^^^^ could not find `time` in `tokio`
[INFO] [stdout]     |
[INFO] [stdout] note: found an item that was configured out
[INFO] [stdout]    --> /opt/rustwide/cargo-home/registry/src/index.crates.io-1949cf8c6b5b557f/tokio-1.48.0/src/lib.rs:564:13
[INFO] [stdout]     |
[INFO] [stdout] 564 |     pub mod time;
[INFO] [stdout]     |             ^^^^
[INFO] [stdout]     |
[INFO] [stdout]    ::: /opt/rustwide/cargo-home/registry/src/index.crates.io-1949cf8c6b5b557f/tokio-1.48.0/src/macros/cfg.rs:554:19
[INFO] [stdout]     |
[INFO] [stdout] 554 |             #[cfg(feature = "time")]
[INFO] [stdout]     |                   ---------------- the item is gated behind the `time` feature
[INFO] [stdout] 
[INFO] [stdout] 
[INFO] [stdout] error[E0433]: cannot find `time` in `tokio`
[INFO] [stdout]    --> src/ratelimit.rs:276:35
[INFO] [stdout]     |
[INFO] [stdout] 276 |         tokio::time::sleep(tokio::time::Duration::from_secs(2)).await;
[INFO] [stdout]     |                                   ^^^^ could not find `time` in `tokio`
[INFO] [stdout]     |
[INFO] [stdout] note: found an item that was configured out
[INFO] [stdout]    --> /opt/rustwide/cargo-home/registry/src/index.crates.io-1949cf8c6b5b557f/tokio-1.48.0/src/lib.rs:564:13
[INFO] [stdout]     |
[INFO] [stdout] 564 |     pub mod time;
[INFO] [stdout]     |             ^^^^
[INFO] [stdout]     |
[INFO] [stdout]    ::: /opt/rustwide/cargo-home/registry/src/index.crates.io-1949cf8c6b5b557f/tokio-1.48.0/src/macros/cfg.rs:554:19
[INFO] [stdout]     |
[INFO] [stdout] 554 |             #[cfg(feature = "time")]
[INFO] [stdout]     |                   ---------------- the item is gated behind the `time` feature
[INFO] [stdout] help: consider importing this struct
[INFO] [stdout]     |
[INFO] [stdout] 232 +     use std::time::Duration;
[INFO] [stdout]     |
[INFO] [stdout] help: if you import `Duration`, refer to it directly
[INFO] [stdout]     |
[INFO] [stdout] 276 -         tokio::time::sleep(tokio::time::Duration::from_secs(2)).await;
[INFO] [stdout] 276 +         tokio::time::sleep(Duration::from_secs(2)).await;
[INFO] [stdout]     |
[INFO] [stdout] 
[INFO] [stdout] 
[INFO] [stdout] For more information about this error, try `rustc --explain E0433`.
[INFO] [stdout] 
[INFO] [stderr] error: could not compile `uvb-storage-memory` (lib test) due to 6 previous errors
[INFO] running `Command { std: "docker" "inspect" "3a311a22bccad0f342bfe4a8cd506e19322259da1c3e985304f37e072c152a56", kill_on_drop: false }`
[INFO] running `Command { std: "docker" "rm" "-f" "3a311a22bccad0f342bfe4a8cd506e19322259da1c3e985304f37e072c152a56", kill_on_drop: false }`
[INFO] [stdout] 3a311a22bccad0f342bfe4a8cd506e19322259da1c3e985304f37e072c152a56
