[INFO] fetching crate util-gpui-unofficial 1.23.0-pre...
[INFO] testing util-gpui-unofficial-1.23.0-pre against 1.99.0-beta.8 for beta-1.100-2
[INFO] extracting crate util-gpui-unofficial 1.23.0-pre into /workspace/builds/worker-4-tc1/source
[INFO] started tweaking crates.io crate util-gpui-unofficial 1.23.0-pre
[INFO] finished tweaking crates.io crate util-gpui-unofficial 1.23.0-pre
[INFO] tweaked toml for crates.io crate util-gpui-unofficial 1.23.0-pre written to /workspace/builds/worker-4-tc1/source/Cargo.toml
[INFO] validating manifest of crates.io crate util-gpui-unofficial 1.23.0-pre on toolchain 1.99.0-beta.8
[INFO] running `Command { std: CARGO_HOME="/workspace/cargo-home" RUSTUP_HOME="/workspace/rustup-home" "/workspace/cargo-home/bin/cargo" "+1.99.0-beta.8" "metadata" "--manifest-path" "Cargo.toml" "--no-deps", kill_on_drop: false }`
[INFO] crate crates.io crate util-gpui-unofficial 1.23.0-pre already has a lockfile, it will not be regenerated
[INFO] running `Command { std: CARGO_HOME="/workspace/cargo-home" RUSTUP_HOME="/workspace/rustup-home" "/workspace/cargo-home/bin/cargo" "+1.99.0-beta.8" "fetch" "--manifest-path" "Cargo.toml", kill_on_drop: false }`
[INFO] [stderr]     Updating crates.io index
[INFO] [stderr]  Downloading crates ...
[INFO] [stderr]   Downloaded gpui-util-gpui-unofficial v1.23.0-pre
[INFO] [stderr]   Downloaded which v8.0.6
[INFO] [stderr]   Downloaded util-macros-gpui-unofficial v1.23.0-pre
[INFO] [stderr]   Downloaded perf-gpui-unofficial v1.23.0-pre
[INFO] [stderr]   Downloaded collections-gpui-unofficial v1.23.0-pre
[INFO] [stderr]   Downloaded sval_ref v2.22.0
[INFO] [stderr]   Downloaded sval_fmt v2.22.0
[INFO] [stderr]   Downloaded sval_serde v2.22.0
[INFO] [stderr]   Downloaded new_debug_unreachable v1.0.6
[INFO] [stderr]   Downloaded include-flate-compress v0.3.4
[INFO] [stderr]   Downloaded ref-cast v1.0.27
[INFO] [stderr]   Downloaded ref-cast-impl v1.0.27
[INFO] [stderr]   Downloaded rust-embed-utils v8.12.0
[INFO] [stderr]   Downloaded include-flate v0.3.4
[INFO] [stderr]   Downloaded adler32 v1.2.0
[INFO] [stderr]   Downloaded include-flate-codegen v0.3.4
[INFO] [stderr]   Downloaded proc-macro-error-attr3 v3.1.1
[INFO] [stderr]   Downloaded sval_json v2.22.0
[INFO] [stderr]   Downloaded value-bag-serde1 v1.14.1
[INFO] [stderr]   Downloaded serde_json_lenient v0.2.4
[INFO] [stderr]   Downloaded sval_dynamic v2.22.0
[INFO] [stderr]   Downloaded serde_fmt v1.1.0
[INFO] [stderr]   Downloaded value-bag-sval2 v1.14.1
[INFO] [stderr]   Downloaded piper v0.2.5
[INFO] [stderr]   Downloaded async-signal v0.2.14
[INFO] [stderr]   Downloaded async-fs v2.2.0
[INFO] [stderr]   Downloaded zstd-safe v7.3.0
[INFO] [stderr]   Downloaded libflate_lz77 v2.3.0
[INFO] [stderr]   Downloaded globset v0.4.20
[INFO] [stderr]   Downloaded rust-embed-impl v8.12.0
[INFO] [stderr]   Downloaded path-gpui-unofficial v1.23.0-pre
[INFO] [stderr]   Downloaded redox_users v0.5.3
[INFO] [stderr]   Downloaded command-fds v0.3.3
[INFO] [stderr]   Downloaded compression-core v0.4.33
[INFO] [stderr]   Downloaded sval_nested v2.22.0
[INFO] [stderr]   Downloaded sval_buffer v2.22.0
[INFO] [stderr]   Downloaded blocking v1.7.0
[INFO] [stderr]   Downloaded async-task v4.7.1
[INFO] [stderr]   Downloaded async-process v2.5.0
[INFO] [stderr]   Downloaded async-lock v3.4.2
[INFO] [stderr]   Downloaded async-net v2.0.0
[INFO] [stderr]   Downloaded async-executor v1.14.0
[INFO] [stderr]   Downloaded libflate v2.3.2
[INFO] [stderr]   Downloaded no_std_io2 v0.9.4
[INFO] [stderr]   Downloaded dary_heap v0.3.9
[INFO] [stderr]   Downloaded proc-macro-error3 v3.1.1
[INFO] [stderr]   Downloaded mach2 v0.5.0
[INFO] [stderr]   Downloaded deflate64 v0.1.12
[INFO] [stderr]   Downloaded tendril v0.5.1
[INFO] [stderr]   Downloaded rle-decode-fast v1.0.3
[INFO] [stderr]   Downloaded crc32fast v1.5.2
[INFO] [stderr]   Downloaded compression-codecs v0.4.45
[INFO] [stderr]   Downloaded value-bag v1.14.1
[INFO] [stderr]   Downloaded async-io v2.6.0
[INFO] [stderr]   Downloaded async_zip v0.0.18
[INFO] [stderr]   Downloaded flate2 v1.1.10
[INFO] [stderr]   Downloaded miniz_oxide v0.9.1
[INFO] [stderr]   Downloaded cc v1.5.1
[INFO] [stderr]   Downloaded async-compression v0.4.50
[INFO] [stderr]   Downloaded sval v2.22.0
[INFO] [stderr]   Downloaded zerocopy-derive v0.8.59
[INFO] [stderr]   Downloaded zlib-rs v0.6.8
[INFO] [stderr]   Downloaded smol v2.0.2
[INFO] [stderr]   Downloaded nix v0.30.1
[INFO] [stderr]   Downloaded zerocopy v0.8.59
[INFO] [stderr]   Downloaded bstr v1.13.1
[INFO] [stderr]   Downloaded zstd-sys v2.1.0+zstd.1.5.7
[INFO] [stderr]   Downloaded rust-embed v8.12.0
[INFO] running `Command { std: "docker" "create" "-v" "/var/lib/crater-agent-workspace/builds/worker-4-tc1/source:/opt/rustwide/workdir:ro,Z" "-v" "/var/lib/crater-agent-workspace/builds/worker-4-tc1/target:/opt/rustwide/target:rw,Z" "-v" "/var/lib/crater-agent-workspace/cargo-home:/opt/rustwide/cargo-home:ro,Z" "-v" "/var/lib/crater-agent-workspace/rustup-home:/opt/rustwide/rustup-home:ro,Z" "-m" "1610612736" "--network" "none" "ghcr.io/rust-lang/crates-build-env/linux@sha256:3111399a4047eeb3a02b7a90e478d715f38a8c6669b5c4b49d30a17385265909" "sleep" "infinity", kill_on_drop: false }`
[INFO] [stdout] 7b10f072e9da1dd8f5755d53a1d500226974db753272461de5f9143448b7c965
[INFO] running `Command { std: "docker" "start" "7b10f072e9da1dd8f5755d53a1d500226974db753272461de5f9143448b7c965", kill_on_drop: false }`
[INFO] running `Command { std: "docker" "inspect" "7b10f072e9da1dd8f5755d53a1d500226974db753272461de5f9143448b7c965", kill_on_drop: false }`
[INFO] running `Command { std: "docker" "exec" "-e" "SOURCE_DIR=/opt/rustwide/workdir" "-e" "CARGO_HOME=/opt/rustwide/cargo-home" "-e" "RUSTUP_HOME=/opt/rustwide/rustup-home" "-e" "CARGO_TARGET_DIR=/opt/rustwide/target" "-w" "/opt/rustwide/workdir" "--user" "0:0" "7b10f072e9da1dd8f5755d53a1d500226974db753272461de5f9143448b7c965" "/opt/rustwide/cargo-home/bin/cargo" "+1.99.0-beta.8" "metadata" "--no-deps" "--format-version=1", kill_on_drop: false }`
[INFO] running `Command { std: "docker" "inspect" "7b10f072e9da1dd8f5755d53a1d500226974db753272461de5f9143448b7c965", kill_on_drop: false }`
[INFO] running `Command { std: "docker" "exec" "-e" "SOURCE_DIR=/opt/rustwide/workdir" "-e" "CARGO_HOME=/opt/rustwide/cargo-home" "-e" "RUSTUP_HOME=/opt/rustwide/rustup-home" "-e" "CARGO_TARGET_DIR=/opt/rustwide/target" "-e" "CARGO_INCREMENTAL=0" "-e" "RUST_BACKTRACE=full" "-e" "RUSTFLAGS=--cap-lints=warn" "-e" "RUSTDOCFLAGS=--cap-lints=warn" "-w" "/opt/rustwide/workdir" "--user" "0:0" "7b10f072e9da1dd8f5755d53a1d500226974db753272461de5f9143448b7c965" "/opt/rustwide/cargo-home/bin/cargo" "+1.99.0-beta.8" "build" "--frozen" "--message-format=json", kill_on_drop: false }`
[INFO] [stderr]    Compiling cfg-if v1.0.5
[INFO] [stderr]    Compiling serde_core v1.0.229
[INFO] [stderr]    Compiling futures-core v0.3.34
[INFO] [stderr]    Compiling futures-io v0.3.34
[INFO] [stderr]    Compiling libc v0.2.189
[INFO] [stderr]    Compiling parking v2.2.1
[INFO] [stderr]    Compiling memchr v2.8.3
[INFO] [stderr]    Compiling find-msvc-tools v0.1.14
[INFO] [stderr]    Compiling crossbeam-utils v0.8.23
[INFO] [stderr]    Compiling pkg-config v0.3.34
[INFO] [stderr]    Compiling foldhash v0.2.0
[INFO] [stderr]    Compiling bitflags v2.13.2
[INFO] [stderr]    Compiling crc32fast v1.5.2
[INFO] [stderr]    Compiling syn v3.0.6
[INFO] [stderr]    Compiling rle-decode-fast v1.0.3
[INFO] [stderr]    Compiling hashbrown v0.16.1
[INFO] [stderr]    Compiling erased-serde v0.4.10
[INFO] [stderr]    Compiling rustix v1.1.5
[INFO] [stderr]    Compiling futures-lite v2.6.1
[INFO] [stderr]    Compiling zstd-safe v7.3.0
[INFO] [stderr]    Compiling typenum v1.20.1
[INFO] [stderr]    Compiling event-listener v5.4.2
[INFO] [stderr]    Compiling syn v2.0.119
[INFO] [stderr]    Compiling dary_heap v0.3.9
[INFO] [stderr]    Compiling adler32 v1.2.0
[INFO] [stderr]    Compiling linux-raw-sys v0.12.1
[INFO] [stderr]    Compiling event-listener-strategy v0.5.4
[INFO] [stderr]    Compiling litemap v0.8.3
[INFO] [stderr]    Compiling cfg_aliases v0.2.2
[INFO] [stderr]    Compiling writeable v0.6.4
[INFO] [stderr]    Compiling async-io v2.6.0
[INFO] [stderr]    Compiling no_std_io2 v0.9.4
[INFO] [stderr]    Compiling const-oid v0.10.2
[INFO] [stderr]    Compiling icu_normalizer_data v2.3.0
[INFO] [stderr]    Compiling concurrent-queue v2.5.0
[INFO] [stderr]    Compiling icu_properties_data v2.3.0
[INFO] [stderr]    Compiling utf8_iter v1.0.4
[INFO] [stderr]    Compiling async-task v4.7.1
[INFO] [stderr]    Compiling async-channel v2.5.0
[INFO] [stderr]    Compiling aho-corasick v1.1.5
[INFO] [stderr]    Compiling proc-macro-error-attr3 v3.1.1
[INFO] [stderr]    Compiling libflate_lz77 v2.3.0
[INFO] [stderr]    Compiling regex-syntax v0.8.11
[INFO] [stderr]    Compiling serde v1.0.229
[INFO] [stderr]    Compiling cpufeatures v0.3.1
[INFO] [stderr]    Compiling simd-adler32 v0.3.10
[INFO] [stderr]    Compiling libflate v2.3.2
[INFO] [stderr]    Compiling adler2 v2.0.1
[INFO] [stderr]    Compiling unicase v2.9.0
[INFO] [stderr]    Compiling anyhow v1.0.104
[INFO] [stderr]    Compiling piper v0.2.5
[INFO] [stderr]    Compiling mime_guess v2.0.5
[INFO] [stderr]    Compiling miniz_oxide v0.9.1
[INFO] [stderr]    Compiling bstr v1.13.1
[INFO] [stderr]    Compiling thiserror v2.0.21
[INFO] [stderr]    Compiling jobserver v0.1.35
[INFO] [stderr]    Compiling smallvec v1.16.2
[INFO] [stderr]    Compiling log v0.4.34
[INFO] [stderr]    Compiling cc v1.5.1
[INFO] [stderr]    Compiling futures-channel v0.3.34
[INFO] [stderr]    Compiling flate2 v1.1.10
[INFO] [stderr]    Compiling blocking v1.7.0
[INFO] [stderr]    Compiling hybrid-array v0.4.15
[INFO] [stderr]    Compiling errno v0.3.14
[INFO] [stderr]    Compiling nix v0.31.3
[INFO] [stderr]    Compiling async-lock v3.4.2
[INFO] [stderr]    Compiling signal-hook-registry v1.4.8
[INFO] [stderr]    Compiling regex-automata v0.4.18
[INFO] [stderr]    Compiling ref-cast v1.0.27
[INFO] [stderr]    Compiling deflate64 v0.1.12
[INFO] [stderr]    Compiling mime v0.3.17
[INFO] [stderr]    Compiling compression-core v0.4.33
[INFO] [stderr]    Compiling serde_json v1.0.151
[INFO] [stderr]    Compiling crypto-common v0.2.2
[INFO] [stderr]    Compiling block-buffer v0.12.1
[INFO] [stderr]    Compiling compression-codecs v0.4.45
[INFO] [stderr]    Compiling nix v0.30.1
[INFO] [stderr]    Compiling serde_json_lenient v0.2.4
[INFO] [stderr]    Compiling option-ext v0.2.0
[INFO] [stderr]    Compiling percent-encoding v2.3.2
[INFO] [stderr]    Compiling dirs-sys v0.5.0
[INFO] [stderr]    Compiling form_urlencoded v1.2.2
[INFO] [stderr]    Compiling async-fs v2.2.0
[INFO] [stderr]    Compiling async-compression v0.4.50
[INFO] [stderr]    Compiling getrandom v0.4.3
[INFO] [stderr]    Compiling async-executor v1.14.0
[INFO] [stderr]    Compiling either v1.18.0
[INFO] [stderr]    Compiling dunce v1.0.5
[INFO] [stderr]    Compiling ryu v1.0.23
[INFO] [stderr]    Compiling rustc-hash v2.1.3
[INFO] [stderr]    Compiling once_cell v1.21.4
[INFO] [stderr]    Compiling itertools v0.14.0
[INFO] [stderr]    Compiling zstd-sys v2.1.0+zstd.1.5.7
[INFO] [stderr]    Compiling dirs v6.0.0
[INFO] [stderr]    Compiling which v8.0.6
[INFO] [stderr]    Compiling shlex v1.3.0
[INFO] [stderr]    Compiling digest v0.11.3
[INFO] [stderr]    Compiling sha2 v0.11.0
[INFO] [stderr]    Compiling serde_fmt v1.1.0
[INFO] [stderr]    Compiling indexmap v2.14.2
[INFO] [stderr]    Compiling pin-project-internal v1.1.13
[INFO] [stderr]    Compiling synstructure v0.14.0
[INFO] [stderr]    Compiling value-bag-serde1 v1.14.1
[INFO] [stderr]    Compiling value-bag v1.14.1
[INFO] [stderr]    Compiling proc-macro-error3 v3.1.1
[INFO] [stderr]    Compiling globset v0.4.20
[INFO] [stderr]    Compiling serde_derive_internals v0.30.0
[INFO] [stderr]    Compiling pin-project v1.1.13
[INFO] [stderr]    Compiling regex v1.13.1
[INFO] [stderr]    Compiling rust-embed-utils v8.12.0
[INFO] [stderr]    Compiling rust-embed-impl v8.12.0
[INFO] [stderr]    Compiling gpui-util-gpui-unofficial v1.23.0-pre
[INFO] [stderr]    Compiling zerofrom-derive v0.1.8
[INFO] [stderr]    Compiling yoke-derive v0.8.4
[INFO] [stderr]    Compiling zerovec-derive v0.11.6
[INFO] [stderr]    Compiling displaydoc v0.2.7
[INFO] [stderr]    Compiling serde_derive v1.0.229
[INFO] [stderr]    Compiling thiserror-impl v2.0.21
[INFO] [stderr]    Compiling futures-macro v0.3.34
[INFO] [stderr]    Compiling ref-cast-impl v1.0.27
[INFO] [stderr]    Compiling schemars_derive v1.2.2
[INFO] [stderr]    Compiling collections-gpui-unofficial v1.23.0-pre
[INFO] [stderr]    Compiling zerofrom v0.1.8
[INFO] [stderr]    Compiling yoke v0.8.3
[INFO] [stderr]    Compiling async_zip v0.0.18
[INFO] [stderr]    Compiling command-fds v0.3.3
[INFO] [stderr]    Compiling zerovec v0.11.8
[INFO] [stderr]    Compiling zerotrie v0.2.5
[INFO] [stderr]    Compiling futures-util v0.3.34
[INFO] [stderr]    Compiling tinystr v0.8.4
[INFO] [stderr]    Compiling potential_utf v0.1.6
[INFO] [stderr]    Compiling polling v3.11.0
[INFO] [stderr]    Compiling tempfile v3.27.0
[INFO] [stderr]    Compiling icu_collections v2.3.0
[INFO] [stderr]    Compiling icu_locale_core v2.3.0
[INFO] [stderr]    Compiling async-signal v0.2.14
[INFO] [stderr]    Compiling async-net v2.0.0
[INFO] [stderr]    Compiling async-process v2.5.0
[INFO] [stderr]    Compiling smol v2.0.2
[INFO] [stderr]    Compiling icu_provider v2.3.1
[INFO] [stderr]    Compiling icu_normalizer v2.3.0
[INFO] [stderr]    Compiling icu_properties v2.3.0
[INFO] [stderr]    Compiling zstd v0.13.3
[INFO] [stderr]    Compiling schemars v1.2.2
[INFO] [stderr]    Compiling path-gpui-unofficial v1.23.0-pre
[INFO] [stderr]    Compiling include-flate-compress v0.3.4
[INFO] [stderr]    Compiling idna_adapter v1.2.2
[INFO] [stderr]    Compiling idna v1.1.0
[INFO] [stderr]    Compiling include-flate-codegen v0.3.4
[INFO] [stderr]    Compiling url v2.5.8
[INFO] [stderr]    Compiling futures-executor v0.3.34
[INFO] [stderr]    Compiling include-flate v0.3.4
[INFO] [stderr]    Compiling futures v0.3.34
[INFO] [stderr]    Compiling rust-embed v8.12.0
[INFO] [stderr]    Compiling util-gpui-unofficial v1.23.0-pre (/opt/rustwide/workdir)
[INFO] [stderr]     Finished `dev` profile [unoptimized + debuginfo] target(s) in 1m 28s
[INFO] running `Command { std: "docker" "inspect" "7b10f072e9da1dd8f5755d53a1d500226974db753272461de5f9143448b7c965", kill_on_drop: false }`
[INFO] running `Command { std: "docker" "exec" "-e" "SOURCE_DIR=/opt/rustwide/workdir" "-e" "CARGO_HOME=/opt/rustwide/cargo-home" "-e" "RUSTUP_HOME=/opt/rustwide/rustup-home" "-e" "CARGO_TARGET_DIR=/opt/rustwide/target" "-e" "CARGO_INCREMENTAL=0" "-e" "RUST_BACKTRACE=full" "-e" "RUSTFLAGS=--cap-lints=warn" "-e" "RUSTDOCFLAGS=--cap-lints=warn" "-w" "/opt/rustwide/workdir" "--user" "0:0" "7b10f072e9da1dd8f5755d53a1d500226974db753272461de5f9143448b7c965" "/opt/rustwide/cargo-home/bin/cargo" "+1.99.0-beta.8" "test" "--frozen" "--no-run" "--message-format=json", kill_on_drop: false }`
[INFO] [stderr]    Compiling zerocopy v0.8.59
[INFO] [stderr]    Compiling getrandom v0.3.4
[INFO] [stderr]    Compiling rand_core v0.9.5
[INFO] [stderr]    Compiling ppv-lite86 v0.2.21
[INFO] [stderr]    Compiling rand_chacha v0.9.0
[INFO] [stderr]    Compiling rand v0.9.5
[INFO] [stderr]    Compiling util-gpui-unofficial v1.23.0-pre (/opt/rustwide/workdir)
[INFO] [stdout] error[E0432]: unresolved import `util_macros`
[INFO] [stdout]   --> src/util.rs:49:9
[INFO] [stdout]    |
[INFO] [stdout] 49 | pub use util_macros::{line_endings, path, uri};
[INFO] [stdout]    |         ^^^^^^^^^^^ use of unresolved module or unlinked crate `util_macros`
[INFO] [stdout]    |
[INFO] [stdout]    = help: if you wanted to use a crate named `util_macros`, use `cargo add util_macros` to add it to your `Cargo.toml`
[INFO] [stdout] 
[INFO] [stdout] 
[INFO] [stdout] error[E0432]: unresolved import `util_macros`
[INFO] [stdout]     --> src/paths.rs:1514:9
[INFO] [stdout]      |
[INFO] [stdout] 1514 |     use util_macros::perf;
[INFO] [stdout]      |         ^^^^^^^^^^^ use of unresolved module or unlinked crate `util_macros`
[INFO] [stdout]      |
[INFO] [stdout]      = help: if you wanted to use a crate named `util_macros`, use `cargo add util_macros` to add it to your `Cargo.toml`
[INFO] [stdout] 
[INFO] [stdout] 
[INFO] [stdout] error[E0046]: not all trait items implemented, missing: `compressed`
[INFO] [stdout]     --> src/util.rs:841:9
[INFO] [stdout]      |
[INFO] [stdout]  841 |           impl $crate::__rust_embed::RustEmbed for $name {
[INFO] [stdout]      |           ^^^^^^^^^^^^^^^^^^^^^^^^^^^^^^^^^^^^^^^^^^^^^^ missing `compressed` in implementation
[INFO] [stdout] ...
[INFO] [stdout] 1086 | /     crate::fs_embed! {
[INFO] [stdout] 1087 | |         struct FsEmbedTestAssets,
[INFO] [stdout] 1088 | |         crate_relative = "src",
[INFO] [stdout] 1089 | |         root_relative = "crates/util/src",
[INFO] [stdout] 1090 | |         include = ["*.rs"],
[INFO] [stdout] 1091 | |         exclude = ["test/**/*"],
[INFO] [stdout] 1092 | |     }
[INFO] [stdout]      | |_____- in this macro invocation
[INFO] [stdout]      |
[INFO] [stdout]      = note: this error originates in the macro `$crate::__fs_embed` which comes from the expansion of the macro `crate::fs_embed` (in Nightly builds, run with -Z macro-backtrace for more info)
[INFO] [stdout]      = help: implement the missing item: `fn compressed(_: &str) -> std::option::Option<EmbeddedCompressedFile> { todo!() }`
[INFO] [stdout] 
[INFO] [stdout] 
[INFO] [stdout] Some errors have detailed explanations: E0046, E0432.
[INFO] [stdout] 
[INFO] [stdout] For more information about an error, try `rustc --explain E0046`.
[INFO] [stdout] 
[INFO] [stderr] error: could not compile `util-gpui-unofficial` (lib test) due to 3 previous errors
[INFO] running `Command { std: "docker" "inspect" "7b10f072e9da1dd8f5755d53a1d500226974db753272461de5f9143448b7c965", kill_on_drop: false }`
[INFO] running `Command { std: "docker" "rm" "-f" "7b10f072e9da1dd8f5755d53a1d500226974db753272461de5f9143448b7c965", kill_on_drop: false }`
[INFO] [stdout] 7b10f072e9da1dd8f5755d53a1d500226974db753272461de5f9143448b7c965
