[INFO] fetching crate uor-matmul-kernels 0.1.0...
[INFO] testing uor-matmul-kernels-0.1.0 against 1.99.0-beta.8 for beta-1.100-2
[INFO] extracting crate uor-matmul-kernels 0.1.0 into /workspace/builds/worker-5-tc1/source
[INFO] started tweaking crates.io crate uor-matmul-kernels 0.1.0
[INFO] removed 0 missing tests
[INFO] finished tweaking crates.io crate uor-matmul-kernels 0.1.0
[INFO] tweaked toml for crates.io crate uor-matmul-kernels 0.1.0 written to /workspace/builds/worker-5-tc1/source/Cargo.toml
[INFO] validating manifest of crates.io crate uor-matmul-kernels 0.1.0 on toolchain 1.99.0-beta.8
[INFO] running `Command { std: CARGO_HOME="/workspace/cargo-home" RUSTUP_HOME="/workspace/rustup-home" "/workspace/cargo-home/bin/cargo" "+1.99.0-beta.8" "metadata" "--manifest-path" "Cargo.toml" "--no-deps", kill_on_drop: false }`
[INFO] crate crates.io crate uor-matmul-kernels 0.1.0 already has a lockfile, it will not be regenerated
[INFO] running `Command { std: CARGO_HOME="/workspace/cargo-home" RUSTUP_HOME="/workspace/rustup-home" "/workspace/cargo-home/bin/cargo" "+1.99.0-beta.8" "fetch" "--manifest-path" "Cargo.toml", kill_on_drop: false }`
[INFO] [stderr]     Updating crates.io index
[INFO] [stderr]  Downloading crates ...
[INFO] [stderr]   Downloaded uor-matmul-core v0.1.0
[INFO] running `Command { std: "docker" "create" "-v" "/var/lib/crater-agent-workspace/builds/worker-5-tc1/source:/opt/rustwide/workdir:ro,Z" "-v" "/var/lib/crater-agent-workspace/builds/worker-5-tc1/target:/opt/rustwide/target:rw,Z" "-v" "/var/lib/crater-agent-workspace/cargo-home:/opt/rustwide/cargo-home:ro,Z" "-v" "/var/lib/crater-agent-workspace/rustup-home:/opt/rustwide/rustup-home:ro,Z" "-m" "1610612736" "--network" "none" "ghcr.io/rust-lang/crates-build-env/linux@sha256:3111399a4047eeb3a02b7a90e478d715f38a8c6669b5c4b49d30a17385265909" "sleep" "infinity", kill_on_drop: false }`
[INFO] [stdout] 1eb9f4f92928576327b2f06a17bd22357ffc513dec05b1b3c9fc8f283a43d51b
[INFO] running `Command { std: "docker" "start" "1eb9f4f92928576327b2f06a17bd22357ffc513dec05b1b3c9fc8f283a43d51b", kill_on_drop: false }`
[INFO] running `Command { std: "docker" "inspect" "1eb9f4f92928576327b2f06a17bd22357ffc513dec05b1b3c9fc8f283a43d51b", kill_on_drop: false }`
[INFO] running `Command { std: "docker" "exec" "-e" "SOURCE_DIR=/opt/rustwide/workdir" "-e" "CARGO_HOME=/opt/rustwide/cargo-home" "-e" "RUSTUP_HOME=/opt/rustwide/rustup-home" "-e" "CARGO_TARGET_DIR=/opt/rustwide/target" "-w" "/opt/rustwide/workdir" "--user" "0:0" "1eb9f4f92928576327b2f06a17bd22357ffc513dec05b1b3c9fc8f283a43d51b" "/opt/rustwide/cargo-home/bin/cargo" "+1.99.0-beta.8" "metadata" "--no-deps" "--format-version=1", kill_on_drop: false }`
[INFO] running `Command { std: "docker" "inspect" "1eb9f4f92928576327b2f06a17bd22357ffc513dec05b1b3c9fc8f283a43d51b", kill_on_drop: false }`
[INFO] running `Command { std: "docker" "exec" "-e" "SOURCE_DIR=/opt/rustwide/workdir" "-e" "CARGO_HOME=/opt/rustwide/cargo-home" "-e" "RUSTUP_HOME=/opt/rustwide/rustup-home" "-e" "CARGO_TARGET_DIR=/opt/rustwide/target" "-e" "CARGO_INCREMENTAL=0" "-e" "RUST_BACKTRACE=full" "-e" "RUSTFLAGS=--cap-lints=warn" "-e" "RUSTDOCFLAGS=--cap-lints=warn" "-w" "/opt/rustwide/workdir" "--user" "0:0" "1eb9f4f92928576327b2f06a17bd22357ffc513dec05b1b3c9fc8f283a43d51b" "/opt/rustwide/cargo-home/bin/cargo" "+1.99.0-beta.8" "build" "--frozen" "--message-format=json", kill_on_drop: false }`
[INFO] [stderr]    Compiling syn v2.0.119
[INFO] [stderr]    Compiling bytemuck_derive v1.11.0
[INFO] [stderr]    Compiling bytemuck v1.25.2
[INFO] [stderr]    Compiling uor-matmul-core v0.1.0
[INFO] [stderr]    Compiling uor-matmul-kernels v0.1.0 (/opt/rustwide/workdir)
[INFO] [stderr]     Finished `dev` profile [unoptimized + debuginfo] target(s) in 11.25s
[INFO] running `Command { std: "docker" "inspect" "1eb9f4f92928576327b2f06a17bd22357ffc513dec05b1b3c9fc8f283a43d51b", kill_on_drop: false }`
[INFO] running `Command { std: "docker" "exec" "-e" "SOURCE_DIR=/opt/rustwide/workdir" "-e" "CARGO_HOME=/opt/rustwide/cargo-home" "-e" "RUSTUP_HOME=/opt/rustwide/rustup-home" "-e" "CARGO_TARGET_DIR=/opt/rustwide/target" "-e" "CARGO_INCREMENTAL=0" "-e" "RUST_BACKTRACE=full" "-e" "RUSTFLAGS=--cap-lints=warn" "-e" "RUSTDOCFLAGS=--cap-lints=warn" "-w" "/opt/rustwide/workdir" "--user" "0:0" "1eb9f4f92928576327b2f06a17bd22357ffc513dec05b1b3c9fc8f283a43d51b" "/opt/rustwide/cargo-home/bin/cargo" "+1.99.0-beta.8" "test" "--frozen" "--no-run" "--message-format=json", kill_on_drop: false }`
[INFO] [stderr]    Compiling uor-matmul-kernels v0.1.0 (/opt/rustwide/workdir)
[INFO] [stdout] error[E0433]: cannot find module or crate `uor_matmul_model` in this scope
[INFO] [stdout]     --> src/table.rs:1153:24
[INFO] [stdout]      |
[INFO] [stdout] 1153 |         f32_q_carrier: uor_matmul_model::registry::F32QCarrier,
[INFO] [stdout]      |                        ^^^^^^^^^^^^^^^^ use of unresolved module or unlinked crate `uor_matmul_model`
[INFO] [stdout]      |
[INFO] [stdout] help: there is a crate or module with a similar name
[INFO] [stdout]      |
[INFO] [stdout] 1153 -         f32_q_carrier: uor_matmul_model::registry::F32QCarrier,
[INFO] [stdout] 1153 +         f32_q_carrier: uor_matmul_core::registry::F32QCarrier,
[INFO] [stdout]      |
[INFO] [stdout] 
[INFO] [stdout] 
[INFO] [stdout] error[E0433]: cannot find module or crate `uor_matmul_model` in this scope
[INFO] [stdout]     --> src/table.rs:1164:32
[INFO] [stdout]      |
[INFO] [stdout] 1164 |                 f32_q_carrier: uor_matmul_model::registry::F32QCarrier {
[INFO] [stdout]      |                                ^^^^^^^^^^^^^^^^ use of unresolved module or unlinked crate `uor_matmul_model`
[INFO] [stdout]      |
[INFO] [stdout] help: there is a crate or module with a similar name
[INFO] [stdout]      |
[INFO] [stdout] 1164 -                 f32_q_carrier: uor_matmul_model::registry::F32QCarrier {
[INFO] [stdout] 1164 +                 f32_q_carrier: uor_matmul_core::registry::F32QCarrier {
[INFO] [stdout]      |
[INFO] [stdout] 
[INFO] [stdout] 
[INFO] [stdout] error[E0433]: cannot find module or crate `uor_matmul_model` in this scope
[INFO] [stdout]     --> src/table.rs:1188:9
[INFO] [stdout]      |
[INFO] [stdout] 1188 |         uor_matmul_model::derive::power_of_two(bits).expect("the binary32 field fits u128")
[INFO] [stdout]      |         ^^^^^^^^^^^^^^^^ use of unresolved module or unlinked crate `uor_matmul_model`
[INFO] [stdout]      |
[INFO] [stdout] help: there is a crate or module with a similar name
[INFO] [stdout]      |
[INFO] [stdout] 1188 -         uor_matmul_model::derive::power_of_two(bits).expect("the binary32 field fits u128")
[INFO] [stdout] 1188 +         uor_matmul_core::derive::power_of_two(bits).expect("the binary32 field fits u128")
[INFO] [stdout]      |
[INFO] [stdout] 
[INFO] [stdout] 
[INFO] [stdout] error[E0433]: cannot find module or crate `uor_matmul_model` in this scope
[INFO] [stdout]     --> src/table.rs:1224:19
[INFO] [stdout]      |
[INFO] [stdout] 1224 |     fn tagged(q: &uor_matmul_model::registry::F32QCarrier, state: u32, magnitude: u64) -> Scaled64 {
[INFO] [stdout]      |                   ^^^^^^^^^^^^^^^^ use of unresolved module or unlinked crate `uor_matmul_model`
[INFO] [stdout]      |
[INFO] [stdout] help: there is a crate or module with a similar name
[INFO] [stdout]      |
[INFO] [stdout] 1224 -     fn tagged(q: &uor_matmul_model::registry::F32QCarrier, state: u32, magnitude: u64) -> Scaled64 {
[INFO] [stdout] 1224 +     fn tagged(q: &uor_matmul_core::registry::F32QCarrier, state: u32, magnitude: u64) -> Scaled64 {
[INFO] [stdout]      |
[INFO] [stdout] 
[INFO] [stdout] 
[INFO] [stdout] For more information about this error, try `rustc --explain E0433`.
[INFO] [stdout] 
[INFO] [stderr] error: could not compile `uor-matmul-kernels` (lib test) due to 4 previous errors
[INFO] [stderr] warning: build failed, waiting for other jobs to finish...
[INFO] running `Command { std: "docker" "inspect" "1eb9f4f92928576327b2f06a17bd22357ffc513dec05b1b3c9fc8f283a43d51b", kill_on_drop: false }`
[INFO] running `Command { std: "docker" "rm" "-f" "1eb9f4f92928576327b2f06a17bd22357ffc513dec05b1b3c9fc8f283a43d51b", kill_on_drop: false }`
[INFO] [stdout] 1eb9f4f92928576327b2f06a17bd22357ffc513dec05b1b3c9fc8f283a43d51b
