[INFO] fetching crate uor-foundation 0.5.2...
[INFO] testing uor-foundation-0.5.2 against 1.100.0-beta.1 for beta-1.100-2
[INFO] extracting crate uor-foundation 0.5.2 into /workspace/builds/worker-5-tc2/source
[INFO] started tweaking crates.io crate uor-foundation 0.5.2
[INFO] removed 0 missing examples
[INFO] removed 0 missing tests
[INFO] finished tweaking crates.io crate uor-foundation 0.5.2
[INFO] tweaked toml for crates.io crate uor-foundation 0.5.2 written to /workspace/builds/worker-5-tc2/source/Cargo.toml
[INFO] validating manifest of crates.io crate uor-foundation 0.5.2 on toolchain 1.100.0-beta.1
[INFO] running `Command { std: CARGO_HOME="/workspace/cargo-home" RUSTUP_HOME="/workspace/rustup-home" "/workspace/cargo-home/bin/cargo" "+1.100.0-beta.1" "metadata" "--manifest-path" "Cargo.toml" "--no-deps", kill_on_drop: false }`
[INFO] crate crates.io crate uor-foundation 0.5.2 already has a lockfile, it will not be regenerated
[INFO] running `Command { std: CARGO_HOME="/workspace/cargo-home" RUSTUP_HOME="/workspace/rustup-home" "/workspace/cargo-home/bin/cargo" "+1.100.0-beta.1" "fetch" "--manifest-path" "Cargo.toml", kill_on_drop: false }`
[INFO] running `Command { std: "docker" "create" "-v" "/var/lib/crater-agent-workspace/builds/worker-5-tc2/source:/opt/rustwide/workdir:ro,Z" "-v" "/var/lib/crater-agent-workspace/builds/worker-5-tc2/target:/opt/rustwide/target:rw,Z" "-v" "/var/lib/crater-agent-workspace/cargo-home:/opt/rustwide/cargo-home:ro,Z" "-v" "/var/lib/crater-agent-workspace/rustup-home:/opt/rustwide/rustup-home:ro,Z" "-m" "1610612736" "--network" "none" "ghcr.io/rust-lang/crates-build-env/linux@sha256:3111399a4047eeb3a02b7a90e478d715f38a8c6669b5c4b49d30a17385265909" "sleep" "infinity", kill_on_drop: false }`
[INFO] [stdout] a139cdbc02582b4f4fd36a21405469143cb66a5194142a898b83d8f11c98a68e
[INFO] running `Command { std: "docker" "start" "a139cdbc02582b4f4fd36a21405469143cb66a5194142a898b83d8f11c98a68e", kill_on_drop: false }`
[INFO] running `Command { std: "docker" "inspect" "a139cdbc02582b4f4fd36a21405469143cb66a5194142a898b83d8f11c98a68e", kill_on_drop: false }`
[INFO] running `Command { std: "docker" "exec" "-e" "SOURCE_DIR=/opt/rustwide/workdir" "-e" "CARGO_HOME=/opt/rustwide/cargo-home" "-e" "RUSTUP_HOME=/opt/rustwide/rustup-home" "-e" "CARGO_TARGET_DIR=/opt/rustwide/target" "-w" "/opt/rustwide/workdir" "--user" "0:0" "a139cdbc02582b4f4fd36a21405469143cb66a5194142a898b83d8f11c98a68e" "/opt/rustwide/cargo-home/bin/cargo" "+1.100.0-beta.1" "metadata" "--no-deps" "--format-version=1", kill_on_drop: false }`
[INFO] running `Command { std: "docker" "inspect" "a139cdbc02582b4f4fd36a21405469143cb66a5194142a898b83d8f11c98a68e", kill_on_drop: false }`
[INFO] running `Command { std: "docker" "exec" "-e" "SOURCE_DIR=/opt/rustwide/workdir" "-e" "CARGO_HOME=/opt/rustwide/cargo-home" "-e" "RUSTUP_HOME=/opt/rustwide/rustup-home" "-e" "CARGO_TARGET_DIR=/opt/rustwide/target" "-e" "CARGO_INCREMENTAL=0" "-e" "RUST_BACKTRACE=full" "-e" "RUSTFLAGS=--cap-lints=warn" "-e" "RUSTDOCFLAGS=--cap-lints=warn" "-w" "/opt/rustwide/workdir" "--user" "0:0" "a139cdbc02582b4f4fd36a21405469143cb66a5194142a898b83d8f11c98a68e" "/opt/rustwide/cargo-home/bin/cargo" "+1.100.0-beta.1" "build" "--frozen" "--message-format=json", kill_on_drop: false }`
[INFO] [stderr]    Compiling libm v0.2.16
[INFO] [stderr]    Compiling uor-foundation v0.5.2 (/opt/rustwide/workdir)
[INFO] [stderr]     Finished `dev` profile [unoptimized + debuginfo] target(s) in 14.44s
[INFO] running `Command { std: "docker" "inspect" "a139cdbc02582b4f4fd36a21405469143cb66a5194142a898b83d8f11c98a68e", kill_on_drop: false }`
[INFO] running `Command { std: "docker" "exec" "-e" "SOURCE_DIR=/opt/rustwide/workdir" "-e" "CARGO_HOME=/opt/rustwide/cargo-home" "-e" "RUSTUP_HOME=/opt/rustwide/rustup-home" "-e" "CARGO_TARGET_DIR=/opt/rustwide/target" "-e" "CARGO_INCREMENTAL=0" "-e" "RUST_BACKTRACE=full" "-e" "RUSTFLAGS=--cap-lints=warn" "-e" "RUSTDOCFLAGS=--cap-lints=warn" "-w" "/opt/rustwide/workdir" "--user" "0:0" "a139cdbc02582b4f4fd36a21405469143cb66a5194142a898b83d8f11c98a68e" "/opt/rustwide/cargo-home/bin/cargo" "+1.100.0-beta.1" "test" "--frozen" "--no-run" "--message-format=json", kill_on_drop: false }`
[INFO] [stderr]    Compiling uor-foundation v0.5.2 (/opt/rustwide/workdir)
[INFO] [stdout] error[E0432]: unresolved import `uor_foundation_test_helpers`
[INFO] [stdout]   --> tests/phase_c_const_frontier.rs:13:5
[INFO] [stdout]    |
[INFO] [stdout] 13 | use uor_foundation_test_helpers::{Fnv1aHasher16, REFERENCE_INLINE_BYTES as N};
[INFO] [stdout]    |     ^^^^^^^^^^^^^^^^^^^^^^^^^^^ use of unresolved module or unlinked crate `uor_foundation_test_helpers`
[INFO] [stdout]    |
[INFO] [stdout]    = help: if you wanted to use a crate named `uor_foundation_test_helpers`, use `cargo add uor_foundation_test_helpers` to add it to your `Cargo.toml`
[INFO] [stdout] 
[INFO] [stdout] 
[INFO] [stdout] error[E0432]: unresolved import `uor_foundation_test_helpers`
[INFO] [stdout]   --> tests/behavior_pipeline_determinism.rs:23:5
[INFO] [stdout]    |
[INFO] [stdout] 23 | use uor_foundation_test_helpers::{validated_runtime, Fnv1aHasher16, REFERENCE_INLINE_BYTES as N};
[INFO] [stdout]    |     ^^^^^^^^^^^^^^^^^^^^^^^^^^^ use of unresolved module or unlinked crate `uor_foundation_test_helpers`
[INFO] [stdout]    |
[INFO] [stdout]    = help: if you wanted to use a crate named `uor_foundation_test_helpers`, use `cargo add uor_foundation_test_helpers` to add it to your `Cargo.toml`
[INFO] [stdout] 
[INFO] [stdout] 
[INFO] [stdout] error[E0747]: unresolved item provided when a constant was expected
[INFO] [stdout]   --> tests/phase_c_const_frontier.rs:15:39
[INFO] [stdout]    |
[INFO] [stdout] 15 | const SENTINEL_TERMS: &[Term<'static, N>] =
[INFO] [stdout]    |                                       ^
[INFO] [stdout]    |
[INFO] [stdout] help: if this generic argument was intended as a const parameter, surround it with braces
[INFO] [stdout]    |
[INFO] [stdout] 15 | const SENTINEL_TERMS: &[Term<'static, { N }>] =
[INFO] [stdout]    |                                       +   +
[INFO] [stdout] 
[INFO] [stdout] 
[INFO] [stdout] error[E0747]: unresolved item provided when a constant was expected
[INFO] [stdout]   --> tests/behavior_pipeline_determinism.rs:25:39
[INFO] [stdout]    |
[INFO] [stdout] 25 | const SENTINEL_TERMS: &[Term<'static, N>] =
[INFO] [stdout]    |                                       ^
[INFO] [stdout]    |
[INFO] [stdout] help: if this generic argument was intended as a const parameter, surround it with braces
[INFO] [stdout]    |
[INFO] [stdout] 25 | const SENTINEL_TERMS: &[Term<'static, { N }>] =
[INFO] [stdout]    |                                       +   +
[INFO] [stdout] 
[INFO] [stdout] 
[INFO] [stdout] error[E0747]: unresolved item provided when a constant was expected
[INFO] [stdout]   --> tests/phase_c_const_frontier.rs:19:59
[INFO] [stdout]    |
[INFO] [stdout] 19 | fn build_compile_unit() -> Validated<CompileUnit<'static, N>, CompileTime> {
[INFO] [stdout]    |                                                           ^
[INFO] [stdout]    |
[INFO] [stdout] help: if this generic argument was intended as a const parameter, surround it with braces
[INFO] [stdout]    |
[INFO] [stdout] 19 | fn build_compile_unit() -> Validated<CompileUnit<'static, { N }>, CompileTime> {
[INFO] [stdout]    |                                                           +   +
[INFO] [stdout] 
[INFO] [stdout] 
[INFO] [stdout] error[E0747]: unresolved item provided when a constant was expected
[INFO] [stdout]   --> tests/behavior_pipeline_determinism.rs:29:75
[INFO] [stdout]    |
[INFO] [stdout] 29 | fn build(level: WittLevel, budget: u64) -> Validated<CompileUnit<'static, N>, CompileTime> {
[INFO] [stdout]    |                                                                           ^
[INFO] [stdout]    |
[INFO] [stdout] help: if this generic argument was intended as a const parameter, surround it with braces
[INFO] [stdout]    |
[INFO] [stdout] 29 | fn build(level: WittLevel, budget: u64) -> Validated<CompileUnit<'static, { N }>, CompileTime> {
[INFO] [stdout]    |                                                                           +   +
[INFO] [stdout] 
[INFO] [stdout] 
[INFO] [stdout] error[E0432]: unresolved import `uor_foundation_test_helpers`
[INFO] [stdout]   --> tests/phase_m_driver_surface.rs:17:5
[INFO] [stdout]    |
[INFO] [stdout] 17 | use uor_foundation_test_helpers::{validated_runtime, Fnv1aHasher16, REFERENCE_INLINE_BYTES as N};
[INFO] [stdout]    |     ^^^^^^^^^^^^^^^^^^^^^^^^^^^ use of unresolved module or unlinked crate `uor_foundation_test_helpers`
[INFO] [stdout]    |
[INFO] [stdout]    = help: if you wanted to use a crate named `uor_foundation_test_helpers`, use `cargo add uor_foundation_test_helpers` to add it to your `Cargo.toml`
[INFO] [stdout] 
[INFO] [stdout] 
[INFO] [stdout] error[E0432]: unresolved import `uor_foundation_test_helpers`
[INFO] [stdout]   --> tests/phase_x1_cert_discrimination.rs:26:5
[INFO] [stdout]    |
[INFO] [stdout] 26 | use uor_foundation_test_helpers::REFERENCE_INLINE_BYTES as N;
[INFO] [stdout]    |     ^^^^^^^^^^^^^^^^^^^^^^^^^^^ use of unresolved module or unlinked crate `uor_foundation_test_helpers`
[INFO] [stdout]    |
[INFO] [stdout]    = help: if you wanted to use a crate named `uor_foundation_test_helpers`, use `cargo add uor_foundation_test_helpers` to add it to your `Cargo.toml`
[INFO] [stdout] 
[INFO] [stdout] 
[INFO] [stdout] error[E0432]: unresolved import `uor_foundation_test_helpers`
[INFO] [stdout]   --> tests/phase_x1_cert_discrimination.rs:27:5
[INFO] [stdout]    |
[INFO] [stdout] 27 | use uor_foundation_test_helpers::{validated_runtime, Fnv1aHasher16};
[INFO] [stdout]    |     ^^^^^^^^^^^^^^^^^^^^^^^^^^^ use of unresolved module or unlinked crate `uor_foundation_test_helpers`
[INFO] [stdout]    |
[INFO] [stdout]    = help: if you wanted to use a crate named `uor_foundation_test_helpers`, use `cargo add uor_foundation_test_helpers` to add it to your `Cargo.toml`
[INFO] [stdout] 
[INFO] [stdout] 
[INFO] [stdout] error[E0747]: unresolved item provided when a constant was expected
[INFO] [stdout]   --> tests/phase_m_driver_surface.rs:21:52
[INFO] [stdout]    |
[INFO] [stdout] 21 |     let unit: Validated<StreamDeclaration<'static, N>> =
[INFO] [stdout]    |                                                    ^
[INFO] [stdout]    |
[INFO] [stdout] help: if this generic argument was intended as a const parameter, surround it with braces
[INFO] [stdout]    |
[INFO] [stdout] 21 |     let unit: Validated<StreamDeclaration<'static, { N }>> =
[INFO] [stdout]    |                                                    +   +
[INFO] [stdout] 
[INFO] [stdout] 
[INFO] [stdout] error[E0747]: unresolved item provided when a constant was expected
[INFO] [stdout]   --> tests/phase_m_driver_surface.rs:23:70
[INFO] [stdout]    |
[INFO] [stdout] 23 |     let driver: StreamDriver<ConstrainedTypeInput, _, Fnv1aHasher16, N, 32> = run_stream(unit);
[INFO] [stdout]    |                                                                      ^
[INFO] [stdout]    |
[INFO] [stdout] help: if this generic argument was intended as a const parameter, surround it with braces
[INFO] [stdout]    |
[INFO] [stdout] 23 |     let driver: StreamDriver<ConstrainedTypeInput, _, Fnv1aHasher16, { N }, 32> = run_stream(unit);
[INFO] [stdout]    |                                                                      +   +
[INFO] [stdout] 
[INFO] [stdout] 
[INFO] [stdout] error[E0747]: unresolved item provided when a constant was expected
[INFO] [stdout]   --> tests/phase_m_driver_surface.rs:39:73
[INFO] [stdout]    |
[INFO] [stdout] 39 |     let result = run_parallel::<ConstrainedTypeInput, _, Fnv1aHasher16, N, 32>(unit)
[INFO] [stdout]    |                                                                         ^
[INFO] [stdout]    |
[INFO] [stdout] help: if this generic argument was intended as a const parameter, surround it with braces
[INFO] [stdout]    |
[INFO] [stdout] 39 |     let result = run_parallel::<ConstrainedTypeInput, _, Fnv1aHasher16, { N }, 32>(unit)
[INFO] [stdout]    |                                                                         +   +
[INFO] [stdout] 
[INFO] [stdout] 
[INFO] [stdout] error[E0432]: unresolved import `uor_foundation_test_helpers`
[INFO] [stdout]   --> examples/verify_trace_roundtrip.rs:16:5
[INFO] [stdout]    |
[INFO] [stdout] 16 | use uor_foundation_test_helpers::{Fnv1aHasher16, REFERENCE_INLINE_BYTES as N};
[INFO] [stdout]    |     ^^^^^^^^^^^^^^^^^^^^^^^^^^^ use of unresolved module or unlinked crate `uor_foundation_test_helpers`
[INFO] [stdout]    |
[INFO] [stdout]    = help: if you wanted to use a crate named `uor_foundation_test_helpers`, use `cargo add uor_foundation_test_helpers` to add it to your `Cargo.toml`
[INFO] [stdout] 
[INFO] [stdout] 
[INFO] [stdout] error[E0747]: unresolved item provided when a constant was expected
[INFO] [stdout]   --> tests/phase_m_driver_surface.rs:49:75
[INFO] [stdout]    |
[INFO] [stdout] 49 |     let driver: InteractionDriver<ConstrainedTypeInput, _, Fnv1aHasher16, N, 32> =
[INFO] [stdout]    |                                                                           ^
[INFO] [stdout]    |
[INFO] [stdout] help: if this generic argument was intended as a const parameter, surround it with braces
[INFO] [stdout]    |
[INFO] [stdout] 49 |     let driver: InteractionDriver<ConstrainedTypeInput, _, Fnv1aHasher16, { N }, 32> =
[INFO] [stdout]    |                                                                           +   +
[INFO] [stdout] 
[INFO] [stdout] 
[INFO] [stdout] error[E0747]: unresolved item provided when a constant was expected
[INFO] [stdout]   --> tests/phase_m_driver_surface.rs:61:46
[INFO] [stdout]    |
[INFO] [stdout] 61 |         Validated<StreamDeclaration<'static, N>, Runtime>,
[INFO] [stdout]    |                                              ^
[INFO] [stdout]    |
[INFO] [stdout] help: if this generic argument was intended as a const parameter, surround it with braces
[INFO] [stdout]    |
[INFO] [stdout] 61 |         Validated<StreamDeclaration<'static, { N }>, Runtime>,
[INFO] [stdout]    |                                              +   +
[INFO] [stdout] 
[INFO] [stdout] 
[INFO] [stdout] error[E0747]: unresolved item provided when a constant was expected
[INFO] [stdout]   --> tests/phase_m_driver_surface.rs:63:71
[INFO] [stdout]    |
[INFO] [stdout] 63 |         -> StreamDriver<ConstrainedTypeInput, Runtime, Fnv1aHasher16, N, 32> = run_stream;
[INFO] [stdout]    |                                                                       ^
[INFO] [stdout]    |
[INFO] [stdout] help: if this generic argument was intended as a const parameter, surround it with braces
[INFO] [stdout]    |
[INFO] [stdout] 63 |         -> StreamDriver<ConstrainedTypeInput, Runtime, Fnv1aHasher16, { N }, 32> = run_stream;
[INFO] [stdout]    |                                                                       +   +
[INFO] [stdout] 
[INFO] [stdout] 
[INFO] [stdout] error[E0432]: unresolved import `uor_foundation_test_helpers`
[INFO] [stdout]   --> tests/behavior_resolver_tower.rs:26:5
[INFO] [stdout]    |
[INFO] [stdout] 26 | use uor_foundation_test_helpers::Fnv1aHasher16;
[INFO] [stdout]    |     ^^^^^^^^^^^^^^^^^^^^^^^^^^^ use of unresolved module or unlinked crate `uor_foundation_test_helpers`
[INFO] [stdout]    |
[INFO] [stdout]    = help: if you wanted to use a crate named `uor_foundation_test_helpers`, use `cargo add uor_foundation_test_helpers` to add it to your `Cargo.toml`
[INFO] [stdout] 
[INFO] [stdout] 
[INFO] [stdout] error[E0432]: unresolved import `uor_foundation_test_helpers`
[INFO] [stdout]   --> tests/behavior_resolver_tower.rs:27:5
[INFO] [stdout]    |
[INFO] [stdout] 27 | use uor_foundation_test_helpers::REFERENCE_INLINE_BYTES as N;
[INFO] [stdout]    |     ^^^^^^^^^^^^^^^^^^^^^^^^^^^ use of unresolved module or unlinked crate `uor_foundation_test_helpers`
[INFO] [stdout]    |
[INFO] [stdout]    = help: if you wanted to use a crate named `uor_foundation_test_helpers`, use `cargo add uor_foundation_test_helpers` to add it to your `Cargo.toml`
[INFO] [stdout] 
[INFO] [stdout] 
[INFO] [stdout] error[E0747]: unresolved item provided when a constant was expected
[INFO] [stdout]   --> tests/phase_m_driver_surface.rs:70:9
[INFO] [stdout]    |
[INFO] [stdout] 70 |         N,
[INFO] [stdout]    |         ^
[INFO] [stdout]    |
[INFO] [stdout] help: if this generic argument was intended as a const parameter, surround it with braces
[INFO] [stdout]    |
[INFO] [stdout] 70 |         { N },
[INFO] [stdout]    |         +   +
[INFO] [stdout] 
[INFO] [stdout] 
[INFO] [stdout] error[E0747]: unresolved item provided when a constant was expected
[INFO] [stdout]   --> examples/verify_trace_roundtrip.rs:20:35
[INFO] [stdout]    |
[INFO] [stdout] 20 | const ROOT_TERMS: &[Term<'static, N>] = &[uor_foundation::pipeline::literal_u64(7, WittLevel::W8)];
[INFO] [stdout]    |                                   ^
[INFO] [stdout]    |
[INFO] [stdout] help: if this generic argument was intended as a const parameter, surround it with braces
[INFO] [stdout]    |
[INFO] [stdout] 20 | const ROOT_TERMS: &[Term<'static, { N }>] = &[uor_foundation::pipeline::literal_u64(7, WittLevel::W8)];
[INFO] [stdout]    |                                   +   +
[INFO] [stdout] 
[INFO] [stdout] 
[INFO] [stdout] Some errors have detailed explanations: E0432, E0747.
[INFO] [stdout] 
[INFO] [stdout] error[E0432]: unresolved import `uor_foundation_test_helpers`
[INFO] [stdout]   --> tests/behavior_route_output_payload.rs:17:5
[INFO] [stdout]    |
[INFO] [stdout] 17 | use uor_foundation_test_helpers::{
[INFO] [stdout]    |     ^^^^^^^^^^^^^^^^^^^^^^^^^^^ use of unresolved module or unlinked crate `uor_foundation_test_helpers`
[INFO] [stdout]    |
[INFO] [stdout]    = help: if you wanted to use a crate named `uor_foundation_test_helpers`, use `cargo add uor_foundation_test_helpers` to add it to your `Cargo.toml`
[INFO] [stdout] 
[INFO] [stdout] 
[INFO] [stdout] For more information about an error, try `rustc --explain E0432`.
[INFO] [stdout] 
[INFO] [stdout] error[E0747]: unresolved item provided when a constant was expected
[INFO] [stdout]    --> tests/phase_x1_cert_discrimination.rs:161:64
[INFO] [stdout]     |
[INFO] [stdout] 161 | const ROOT_TERMS: &[uor_foundation::enforcement::Term<'static, N>] =
[INFO] [stdout]     |                                                                ^
[INFO] [stdout]     |
[INFO] [stdout] help: if this generic argument was intended as a const parameter, surround it with braces
[INFO] [stdout]     |
[INFO] [stdout] 161 | const ROOT_TERMS: &[uor_foundation::enforcement::Term<'static, { N }>] =
[INFO] [stdout]     |                                                                +   +
[INFO] [stdout] 
[INFO] [stdout] 
[INFO] [stdout] error[E0747]: unresolved item provided when a constant was expected
[INFO] [stdout]    --> tests/phase_x1_cert_discrimination.rs:165:95
[INFO] [stdout]     |
[INFO] [stdout] 165 | ) -> uor_foundation::enforcement::Validated<uor_foundation::enforcement::CompileUnit<'static, N>> {
[INFO] [stdout]     |                                                                                               ^
[INFO] [stdout]     |
[INFO] [stdout] help: if this generic argument was intended as a const parameter, surround it with braces
[INFO] [stdout]     |
[INFO] [stdout] 165 | ) -> uor_foundation::enforcement::Validated<uor_foundation::enforcement::CompileUnit<'static, { N }>> {
[INFO] [stdout]     |                                                                                               +   +
[INFO] [stdout] 
[INFO] [stdout] 
[INFO] [stdout] error[E0747]: unresolved item provided when a constant was expected
[INFO] [stdout]   --> tests/behavior_route_output_payload.rs:23:39
[INFO] [stdout]    |
[INFO] [stdout] 23 | const SENTINEL_TERMS: &[Term<'static, N>] =
[INFO] [stdout]    |                                       ^
[INFO] [stdout]    |
[INFO] [stdout] help: if this generic argument was intended as a const parameter, surround it with braces
[INFO] [stdout]    |
[INFO] [stdout] 23 | const SENTINEL_TERMS: &[Term<'static, { N }>] =
[INFO] [stdout]    |                                       +   +
[INFO] [stdout] 
[INFO] [stdout] 
[INFO] [stdout] error[E0747]: unresolved item provided when a constant was expected
[INFO] [stdout]   --> tests/behavior_route_output_payload.rs:27:51
[INFO] [stdout]    |
[INFO] [stdout] 27 | fn build_unit() -> Validated<CompileUnit<'static, N>, CompileTime> {
[INFO] [stdout]    |                                                   ^
[INFO] [stdout]    |
[INFO] [stdout] help: if this generic argument was intended as a const parameter, surround it with braces
[INFO] [stdout]    |
[INFO] [stdout] 27 | fn build_unit() -> Validated<CompileUnit<'static, { N }>, CompileTime> {
[INFO] [stdout]    |                                                   +   +
[INFO] [stdout] 
[INFO] [stdout] 
[INFO] [stderr] error: could not compile `uor-foundation` (test "phase_m_driver_surface") due to 8 previous errors
[INFO] [stderr] warning: build failed, waiting for other jobs to finish...
[INFO] [stdout] error[E0747]: unresolved item provided when a constant was expected
[INFO] [stdout]   --> tests/phase_c_const_frontier.rs:63:22
[INFO] [stdout]    |
[INFO] [stdout] 63 |     let body: &[Term<N>] = SENTINEL_TERMS;
[INFO] [stdout]    |                      ^
[INFO] [stdout]    |
[INFO] [stdout] help: if this generic argument was intended as a const parameter, surround it with braces
[INFO] [stdout]    |
[INFO] [stdout] 63 |     let body: &[Term<{ N }>] = SENTINEL_TERMS;
[INFO] [stdout]    |                      +   +
[INFO] [stdout] 
[INFO] [stdout] 
[INFO] [stdout] error[E0747]: unresolved item provided when a constant was expected
[INFO] [stdout]   --> tests/phase_c_const_frontier.rs:74:22
[INFO] [stdout]    |
[INFO] [stdout] 74 |     let body: &[Term<N>] = SENTINEL_TERMS;
[INFO] [stdout]    |                      ^
[INFO] [stdout]    |
[INFO] [stdout] help: if this generic argument was intended as a const parameter, surround it with braces
[INFO] [stdout]    |
[INFO] [stdout] 74 |     let body: &[Term<{ N }>] = SENTINEL_TERMS;
[INFO] [stdout]    |                      +   +
[INFO] [stdout] 
[INFO] [stdout] 
[INFO] [stdout] error[E0747]: unresolved item provided when a constant was expected
[INFO] [stdout]   --> tests/phase_c_const_frontier.rs:86:85
[INFO] [stdout]    |
[INFO] [stdout] 86 |     let cert = certify_grounding_aware_const::<ConstrainedTypeInput, Fnv1aHasher16, N, 32>(&unit);
[INFO] [stdout]    |                                                                                     ^
[INFO] [stdout]    |
[INFO] [stdout] help: if this generic argument was intended as a const parameter, surround it with braces
[INFO] [stdout]    |
[INFO] [stdout] 86 |     let cert = certify_grounding_aware_const::<ConstrainedTypeInput, Fnv1aHasher16, { N }, 32>(&unit);
[INFO] [stdout]    |                                                                                     +   +
[INFO] [stdout] 
[INFO] [stdout] 
[INFO] [stdout] Some errors have detailed explanations: E0432, E0747.
[INFO] [stdout] 
[INFO] [stdout] For more information about an error, try `rustc --explain E0432`.
[INFO] [stdout] 
[INFO] [stdout] error[E0747]: unresolved item provided when a constant was expected
[INFO] [stdout]   --> tests/behavior_pipeline_determinism.rs:43:52
[INFO] [stdout]    |
[INFO] [stdout] 43 |     let a: Grounded<'static, ConstrainedTypeInput, N> =
[INFO] [stdout]    |                                                    ^
[INFO] [stdout]    |
[INFO] [stdout] help: if this generic argument was intended as a const parameter, surround it with braces
[INFO] [stdout]    |
[INFO] [stdout] 43 |     let a: Grounded<'static, ConstrainedTypeInput, { N }> =
[INFO] [stdout]    |                                                    +   +
[INFO] [stdout] 
[INFO] [stdout] 
[INFO] [stdout] error[E0747]: unresolved item provided when a constant was expected
[INFO] [stdout]   --> tests/behavior_pipeline_determinism.rs:44:55
[INFO] [stdout]    |
[INFO] [stdout] 44 |         run::<ConstrainedTypeInput, _, Fnv1aHasher16, N, 32>(build(WittLevel::W32, 100))
[INFO] [stdout]    |                                                       ^
[INFO] [stdout]    |
[INFO] [stdout] help: if this generic argument was intended as a const parameter, surround it with braces
[INFO] [stdout]    |
[INFO] [stdout] 44 |         run::<ConstrainedTypeInput, _, Fnv1aHasher16, { N }, 32>(build(WittLevel::W32, 100))
[INFO] [stdout]    |                                                       +   +
[INFO] [stdout] 
[INFO] [stdout] 
[INFO] [stdout] error[E0747]: unresolved item provided when a constant was expected
[INFO] [stdout]   --> tests/behavior_route_output_payload.rs:56:59
[INFO] [stdout]    |
[INFO] [stdout] 56 |     let grounded: Grounded<'static, ConstrainedTypeInput, N> =
[INFO] [stdout]    |                                                           ^
[INFO] [stdout]    |
[INFO] [stdout] help: if this generic argument was intended as a const parameter, surround it with braces
[INFO] [stdout]    |
[INFO] [stdout] 56 |     let grounded: Grounded<'static, ConstrainedTypeInput, { N }> =
[INFO] [stdout]    |                                                           +   +
[INFO] [stdout] 
[INFO] [stdout] 
[INFO] [stdout] error[E0747]: unresolved item provided when a constant was expected
[INFO] [stdout]   --> tests/behavior_route_output_payload.rs:57:79
[INFO] [stdout]    |
[INFO] [stdout] 57 |         run_const::<ConstrainedTypeInput, IntegerGroundingMap, Fnv1aHasher16, N, 32>(&unit)
[INFO] [stdout]    |                                                                               ^
[INFO] [stdout]    |
[INFO] [stdout] help: if this generic argument was intended as a const parameter, surround it with braces
[INFO] [stdout]    |
[INFO] [stdout] 57 |         run_const::<ConstrainedTypeInput, IntegerGroundingMap, Fnv1aHasher16, { N }, 32>(&unit)
[INFO] [stdout]    |                                                                               +   +
[INFO] [stdout] 
[INFO] [stdout] 
[INFO] [stderr] error: could not compile `uor-foundation` (test "phase_c_const_frontier") due to 6 previous errors
[INFO] [stdout] error[E0747]: unresolved item provided when a constant was expected
[INFO] [stdout]   --> examples/verify_trace_roundtrip.rs:32:59
[INFO] [stdout]    |
[INFO] [stdout] 32 |     let grounded: Grounded<'static, ConstrainedTypeInput, N> =
[INFO] [stdout]    |                                                           ^
[INFO] [stdout]    |
[INFO] [stdout] help: if this generic argument was intended as a const parameter, surround it with braces
[INFO] [stdout]    |
[INFO] [stdout] 32 |     let grounded: Grounded<'static, ConstrainedTypeInput, { N }> =
[INFO] [stdout]    |                                                           +   +
[INFO] [stdout] 
[INFO] [stdout] 
[INFO] [stdout] error[E0747]: unresolved item provided when a constant was expected
[INFO] [stdout]   --> examples/verify_trace_roundtrip.rs:33:55
[INFO] [stdout]    |
[INFO] [stdout] 33 |         run::<ConstrainedTypeInput, _, Fnv1aHasher16, N, 32>(unit).expect("pipeline admits");
[INFO] [stdout]    |                                                       ^
[INFO] [stdout]    |
[INFO] [stdout] help: if this generic argument was intended as a const parameter, surround it with braces
[INFO] [stdout]    |
[INFO] [stdout] 33 |         run::<ConstrainedTypeInput, _, Fnv1aHasher16, { N }, 32>(unit).expect("pipeline admits");
[INFO] [stdout]    |                                                       +   +
[INFO] [stdout] 
[INFO] [stdout] 
[INFO] [stdout] error[E0747]: unresolved item provided when a constant was expected
[INFO] [stdout]   --> tests/behavior_pipeline_determinism.rs:46:52
[INFO] [stdout]    |
[INFO] [stdout] 46 |     let b: Grounded<'static, ConstrainedTypeInput, N> =
[INFO] [stdout]    |                                                    ^
[INFO] [stdout]    |
[INFO] [stdout] help: if this generic argument was intended as a const parameter, surround it with braces
[INFO] [stdout]    |
[INFO] [stdout] 46 |     let b: Grounded<'static, ConstrainedTypeInput, { N }> =
[INFO] [stdout]    |                                                    +   +
[INFO] [stdout] 
[INFO] [stdout] 
[INFO] [stdout] error[E0747]: unresolved item provided when a constant was expected
[INFO] [stdout]   --> tests/behavior_pipeline_determinism.rs:47:55
[INFO] [stdout]    |
[INFO] [stdout] 47 |         run::<ConstrainedTypeInput, _, Fnv1aHasher16, N, 32>(build(WittLevel::W32, 100))
[INFO] [stdout]    |                                                       ^
[INFO] [stdout]    |
[INFO] [stdout] help: if this generic argument was intended as a const parameter, surround it with braces
[INFO] [stdout]    |
[INFO] [stdout] 47 |         run::<ConstrainedTypeInput, _, Fnv1aHasher16, { N }, 32>(build(WittLevel::W32, 100))
[INFO] [stdout]    |                                                       +   +
[INFO] [stdout] 
[INFO] [stdout] 
[INFO] [stdout] Some errors have detailed explanations: E0432, E0747.
[INFO] [stdout] 
[INFO] [stdout] For more information about an error, try `rustc --explain E0432`.
[INFO] [stdout] 
[INFO] [stdout] error[E0747]: unresolved item provided when a constant was expected
[INFO] [stdout]    --> tests/phase_x1_cert_discrimination.rs:180:44
[INFO] [stdout]     |
[INFO] [stdout] 180 |         resolver::session::certify::<_, H, N, 32>(&u);
[INFO] [stdout]     |                                            ^
[INFO] [stdout]     |
[INFO] [stdout] help: if this generic argument was intended as a const parameter, surround it with braces
[INFO] [stdout]     |
[INFO] [stdout] 180 |         resolver::session::certify::<_, H, { N }, 32>(&u);
[INFO] [stdout]     |                                            +   +
[INFO] [stdout] 
[INFO] [stdout] 
[INFO] [stdout] error[E0747]: unresolved item provided when a constant was expected
[INFO] [stdout]    --> tests/phase_x1_cert_discrimination.rs:187:50
[INFO] [stdout]     |
[INFO] [stdout] 187 |         resolver::superposition::certify::<_, H, N, 32>(&u);
[INFO] [stdout]     |                                                  ^
[INFO] [stdout]     |
[INFO] [stdout] help: if this generic argument was intended as a const parameter, surround it with braces
[INFO] [stdout]     |
[INFO] [stdout] 187 |         resolver::superposition::certify::<_, H, { N }, 32>(&u);
[INFO] [stdout]     |                                                  +   +
[INFO] [stdout] 
[INFO] [stdout] 
[INFO] [stdout] Some errors have detailed explanations: E0432, E0747.
[INFO] [stdout] 
[INFO] [stdout] For more information about an error, try `rustc --explain E0432`.
[INFO] [stdout] 
[INFO] [stdout] error[E0747]: unresolved item provided when a constant was expected
[INFO] [stdout]    --> tests/phase_x1_cert_discrimination.rs:194:48
[INFO] [stdout]     |
[INFO] [stdout] 194 |         resolver::measurement::certify::<_, H, N, 32>(&u);
[INFO] [stdout]     |                                                ^
[INFO] [stdout]     |
[INFO] [stdout] help: if this generic argument was intended as a const parameter, surround it with braces
[INFO] [stdout]     |
[INFO] [stdout] 194 |         resolver::measurement::certify::<_, H, { N }, 32>(&u);
[INFO] [stdout]     |                                                +   +
[INFO] [stdout] 
[INFO] [stdout] 
[INFO] [stdout] error[E0747]: unresolved item provided when a constant was expected
[INFO] [stdout]    --> tests/phase_x1_cert_discrimination.rs:201:56
[INFO] [stdout]     |
[INFO] [stdout] 201 |         resolver::witt_level_resolver::certify::<_, H, N, 32>(&u);
[INFO] [stdout]     |                                                        ^
[INFO] [stdout]     |
[INFO] [stdout] help: if this generic argument was intended as a const parameter, surround it with braces
[INFO] [stdout]     |
[INFO] [stdout] 201 |         resolver::witt_level_resolver::certify::<_, H, { N }, 32>(&u);
[INFO] [stdout]     |                                                        +   +
[INFO] [stdout] 
[INFO] [stdout] 
[INFO] [stderr] error: could not compile `uor-foundation` (test "behavior_route_output_payload") due to 5 previous errors
[INFO] [stdout] error[E0747]: unresolved item provided when a constant was expected
[INFO] [stdout]   --> tests/behavior_pipeline_determinism.rs:57:52
[INFO] [stdout]    |
[INFO] [stdout] 57 |     let a: Grounded<'static, ConstrainedTypeInput, N> =
[INFO] [stdout]    |                                                    ^
[INFO] [stdout]    |
[INFO] [stdout] help: if this generic argument was intended as a const parameter, surround it with braces
[INFO] [stdout]    |
[INFO] [stdout] 57 |     let a: Grounded<'static, ConstrainedTypeInput, { N }> =
[INFO] [stdout]    |                                                    +   +
[INFO] [stdout] 
[INFO] [stdout] 
[INFO] [stdout] error[E0747]: unresolved item provided when a constant was expected
[INFO] [stdout]   --> tests/behavior_pipeline_determinism.rs:58:55
[INFO] [stdout]    |
[INFO] [stdout] 58 |         run::<ConstrainedTypeInput, _, Fnv1aHasher16, N, 32>(build(WittLevel::W32, 100))
[INFO] [stdout]    |                                                       ^
[INFO] [stdout]    |
[INFO] [stdout] help: if this generic argument was intended as a const parameter, surround it with braces
[INFO] [stdout]    |
[INFO] [stdout] 58 |         run::<ConstrainedTypeInput, _, Fnv1aHasher16, { N }, 32>(build(WittLevel::W32, 100))
[INFO] [stdout]    |                                                       +   +
[INFO] [stdout] 
[INFO] [stdout] 
[INFO] [stdout] Some errors have detailed explanations: E0432, E0747.
[INFO] [stdout] 
[INFO] [stdout] For more information about an error, try `rustc --explain E0432`.
[INFO] [stdout] 
[INFO] [stderr] error: could not compile `uor-foundation` (example "verify_trace_roundtrip") due to 4 previous errors
[INFO] [stderr] error: could not compile `uor-foundation` (test "phase_x1_cert_discrimination") due to 8 previous errors
[INFO] [stdout] error[E0747]: unresolved item provided when a constant was expected
[INFO] [stdout]   --> tests/behavior_pipeline_determinism.rs:60:52
[INFO] [stdout]    |
[INFO] [stdout] 60 |     let b: Grounded<'static, ConstrainedTypeInput, N> =
[INFO] [stdout]    |                                                    ^
[INFO] [stdout]    |
[INFO] [stdout] help: if this generic argument was intended as a const parameter, surround it with braces
[INFO] [stdout]    |
[INFO] [stdout] 60 |     let b: Grounded<'static, ConstrainedTypeInput, { N }> =
[INFO] [stdout]    |                                                    +   +
[INFO] [stdout] 
[INFO] [stdout] 
[INFO] [stdout] error[E0747]: unresolved item provided when a constant was expected
[INFO] [stdout]   --> tests/behavior_pipeline_determinism.rs:61:55
[INFO] [stdout]    |
[INFO] [stdout] 61 |         run::<ConstrainedTypeInput, _, Fnv1aHasher16, N, 32>(build(WittLevel::W32, 200))
[INFO] [stdout]    |                                                       ^
[INFO] [stdout]    |
[INFO] [stdout] help: if this generic argument was intended as a const parameter, surround it with braces
[INFO] [stdout]    |
[INFO] [stdout] 61 |         run::<ConstrainedTypeInput, _, Fnv1aHasher16, { N }, 32>(build(WittLevel::W32, 200))
[INFO] [stdout]    |                                                       +   +
[INFO] [stdout] 
[INFO] [stdout] 
[INFO] [stdout] error[E0747]: unresolved item provided when a constant was expected
[INFO] [stdout]   --> tests/behavior_pipeline_determinism.rs:77:52
[INFO] [stdout]    |
[INFO] [stdout] 77 |     let a: Grounded<'static, ConstrainedTypeInput, N> =
[INFO] [stdout]    |                                                    ^
[INFO] [stdout]    |
[INFO] [stdout] help: if this generic argument was intended as a const parameter, surround it with braces
[INFO] [stdout]    |
[INFO] [stdout] 77 |     let a: Grounded<'static, ConstrainedTypeInput, { N }> =
[INFO] [stdout]    |                                                    +   +
[INFO] [stdout] 
[INFO] [stdout] 
[INFO] [stdout] error[E0747]: unresolved item provided when a constant was expected
[INFO] [stdout]   --> tests/behavior_pipeline_determinism.rs:78:55
[INFO] [stdout]    |
[INFO] [stdout] 78 |         run::<ConstrainedTypeInput, _, Fnv1aHasher16, N, 32>(build(WittLevel::W8, 100)).expect("a");
[INFO] [stdout]    |                                                       ^
[INFO] [stdout]    |
[INFO] [stdout] help: if this generic argument was intended as a const parameter, surround it with braces
[INFO] [stdout]    |
[INFO] [stdout] 78 |         run::<ConstrainedTypeInput, _, Fnv1aHasher16, { N }, 32>(build(WittLevel::W8, 100)).expect("a");
[INFO] [stdout]    |                                                       +   +
[INFO] [stdout] 
[INFO] [stdout] 
[INFO] [stdout] error[E0747]: unresolved item provided when a constant was expected
[INFO] [stdout]   --> tests/behavior_pipeline_determinism.rs:79:52
[INFO] [stdout]    |
[INFO] [stdout] 79 |     let b: Grounded<'static, ConstrainedTypeInput, N> =
[INFO] [stdout]    |                                                    ^
[INFO] [stdout]    |
[INFO] [stdout] help: if this generic argument was intended as a const parameter, surround it with braces
[INFO] [stdout]    |
[INFO] [stdout] 79 |     let b: Grounded<'static, ConstrainedTypeInput, { N }> =
[INFO] [stdout]    |                                                    +   +
[INFO] [stdout] 
[INFO] [stdout] 
[INFO] [stdout] error[E0747]: unresolved item provided when a constant was expected
[INFO] [stdout]   --> tests/behavior_pipeline_determinism.rs:80:55
[INFO] [stdout]    |
[INFO] [stdout] 80 |         run::<ConstrainedTypeInput, _, Fnv1aHasher16, N, 32>(build(WittLevel::W32, 100))
[INFO] [stdout]    |                                                       ^
[INFO] [stdout]    |
[INFO] [stdout] help: if this generic argument was intended as a const parameter, surround it with braces
[INFO] [stdout]    |
[INFO] [stdout] 80 |         run::<ConstrainedTypeInput, _, Fnv1aHasher16, { N }, 32>(build(WittLevel::W32, 100))
[INFO] [stdout]    |                                                       +   +
[INFO] [stdout] 
[INFO] [stdout] 
[INFO] [stdout] error[E0747]: unresolved item provided when a constant was expected
[INFO] [stdout]   --> tests/behavior_pipeline_determinism.rs:91:52
[INFO] [stdout]    |
[INFO] [stdout] 91 |     let a: Grounded<'static, ConstrainedTypeInput, N> =
[INFO] [stdout]    |                                                    ^
[INFO] [stdout]    |
[INFO] [stdout] help: if this generic argument was intended as a const parameter, surround it with braces
[INFO] [stdout]    |
[INFO] [stdout] 91 |     let a: Grounded<'static, ConstrainedTypeInput, { N }> =
[INFO] [stdout]    |                                                    +   +
[INFO] [stdout] 
[INFO] [stdout] 
[INFO] [stdout] error[E0747]: unresolved item provided when a constant was expected
[INFO] [stdout]   --> tests/behavior_pipeline_determinism.rs:92:79
[INFO] [stdout]    |
[INFO] [stdout] 92 |         run_const::<ConstrainedTypeInput, IntegerGroundingMap, Fnv1aHasher16, N, 32>(&unit)
[INFO] [stdout]    |                                                                               ^
[INFO] [stdout]    |
[INFO] [stdout] help: if this generic argument was intended as a const parameter, surround it with braces
[INFO] [stdout]    |
[INFO] [stdout] 92 |         run_const::<ConstrainedTypeInput, IntegerGroundingMap, Fnv1aHasher16, { N }, 32>(&unit)
[INFO] [stdout]    |                                                                               +   +
[INFO] [stdout] 
[INFO] [stdout] 
[INFO] [stdout] error[E0747]: unresolved item provided when a constant was expected
[INFO] [stdout]   --> tests/behavior_pipeline_determinism.rs:94:52
[INFO] [stdout]    |
[INFO] [stdout] 94 |     let b: Grounded<'static, ConstrainedTypeInput, N> =
[INFO] [stdout]    |                                                    ^
[INFO] [stdout]    |
[INFO] [stdout] help: if this generic argument was intended as a const parameter, surround it with braces
[INFO] [stdout]    |
[INFO] [stdout] 94 |     let b: Grounded<'static, ConstrainedTypeInput, { N }> =
[INFO] [stdout]    |                                                    +   +
[INFO] [stdout] 
[INFO] [stdout] 
[INFO] [stdout] error[E0747]: unresolved item provided when a constant was expected
[INFO] [stdout]   --> tests/behavior_pipeline_determinism.rs:95:79
[INFO] [stdout]    |
[INFO] [stdout] 95 |         run_const::<ConstrainedTypeInput, IntegerGroundingMap, Fnv1aHasher16, N, 32>(&unit)
[INFO] [stdout]    |                                                                               ^
[INFO] [stdout]    |
[INFO] [stdout] help: if this generic argument was intended as a const parameter, surround it with braces
[INFO] [stdout]    |
[INFO] [stdout] 95 |         run_const::<ConstrainedTypeInput, IntegerGroundingMap, Fnv1aHasher16, { N }, 32>(&unit)
[INFO] [stdout]    |                                                                               +   +
[INFO] [stdout] 
[INFO] [stdout] 
[INFO] [stdout] error[E0747]: unresolved item provided when a constant was expected
[INFO] [stdout]    --> tests/behavior_pipeline_determinism.rs:112:52
[INFO] [stdout]     |
[INFO] [stdout] 112 |     let a: Grounded<'static, ConstrainedTypeInput, N> =
[INFO] [stdout]     |                                                    ^
[INFO] [stdout]     |
[INFO] [stdout] help: if this generic argument was intended as a const parameter, surround it with braces
[INFO] [stdout]     |
[INFO] [stdout] 112 |     let a: Grounded<'static, ConstrainedTypeInput, { N }> =
[INFO] [stdout]     |                                                    +   +
[INFO] [stdout] 
[INFO] [stdout] 
[INFO] [stdout] error[E0747]: unresolved item provided when a constant was expected
[INFO] [stdout]    --> tests/behavior_pipeline_determinism.rs:113:79
[INFO] [stdout]     |
[INFO] [stdout] 113 |         run_const::<ConstrainedTypeInput, IntegerGroundingMap, Fnv1aHasher16, N, 32>(&unit)
[INFO] [stdout]     |                                                                               ^
[INFO] [stdout]     |
[INFO] [stdout] help: if this generic argument was intended as a const parameter, surround it with braces
[INFO] [stdout]     |
[INFO] [stdout] 113 |         run_const::<ConstrainedTypeInput, IntegerGroundingMap, Fnv1aHasher16, { N }, 32>(&unit)
[INFO] [stdout]     |                                                                               +   +
[INFO] [stdout] 
[INFO] [stdout] 
[INFO] [stdout] error[E0747]: unresolved item provided when a constant was expected
[INFO] [stdout]    --> tests/behavior_pipeline_determinism.rs:115:52
[INFO] [stdout]     |
[INFO] [stdout] 115 |     let b: Grounded<'static, ConstrainedTypeInput, N> =
[INFO] [stdout]     |                                                    ^
[INFO] [stdout]     |
[INFO] [stdout] help: if this generic argument was intended as a const parameter, surround it with braces
[INFO] [stdout]     |
[INFO] [stdout] 115 |     let b: Grounded<'static, ConstrainedTypeInput, { N }> =
[INFO] [stdout]     |                                                    +   +
[INFO] [stdout] 
[INFO] [stdout] 
[INFO] [stdout] error[E0747]: unresolved item provided when a constant was expected
[INFO] [stdout]    --> tests/behavior_pipeline_determinism.rs:116:55
[INFO] [stdout]     |
[INFO] [stdout] 116 |         run::<ConstrainedTypeInput, _, Fnv1aHasher16, N, 32>(unit_for_run).expect("runtime");
[INFO] [stdout]     |                                                       ^
[INFO] [stdout]     |
[INFO] [stdout] help: if this generic argument was intended as a const parameter, surround it with braces
[INFO] [stdout]     |
[INFO] [stdout] 116 |         run::<ConstrainedTypeInput, _, Fnv1aHasher16, { N }, 32>(unit_for_run).expect("runtime");
[INFO] [stdout]     |                                                       +   +
[INFO] [stdout] 
[INFO] [stdout] 
[INFO] [stdout] error[E0747]: unresolved item provided when a constant was expected
[INFO] [stdout]    --> tests/behavior_pipeline_determinism.rs:144:54
[INFO] [stdout]     |
[INFO] [stdout] 144 |     let g_3: Grounded<'static, ConstrainedTypeInput, N> =
[INFO] [stdout]     |                                                      ^
[INFO] [stdout]     |
[INFO] [stdout] help: if this generic argument was intended as a const parameter, surround it with braces
[INFO] [stdout]     |
[INFO] [stdout] 144 |     let g_3: Grounded<'static, ConstrainedTypeInput, { N }> =
[INFO] [stdout]     |                                                      +   +
[INFO] [stdout] 
[INFO] [stdout] 
[INFO] [stdout] error[E0747]: unresolved item provided when a constant was expected
[INFO] [stdout]    --> tests/behavior_pipeline_determinism.rs:145:64
[INFO] [stdout]     |
[INFO] [stdout] 145 |         run_parallel::<ConstrainedTypeInput, _, Fnv1aHasher16, N, 32>(unit_3).expect("3");
[INFO] [stdout]     |                                                                ^
[INFO] [stdout]     |
[INFO] [stdout] help: if this generic argument was intended as a const parameter, surround it with braces
[INFO] [stdout]     |
[INFO] [stdout] 145 |         run_parallel::<ConstrainedTypeInput, _, Fnv1aHasher16, { N }, 32>(unit_3).expect("3");
[INFO] [stdout]     |                                                                +   +
[INFO] [stdout] 
[INFO] [stdout] 
[INFO] [stdout] error[E0747]: unresolved item provided when a constant was expected
[INFO] [stdout]    --> tests/behavior_pipeline_determinism.rs:146:54
[INFO] [stdout]     |
[INFO] [stdout] 146 |     let g_7: Grounded<'static, ConstrainedTypeInput, N> =
[INFO] [stdout]     |                                                      ^
[INFO] [stdout]     |
[INFO] [stdout] help: if this generic argument was intended as a const parameter, surround it with braces
[INFO] [stdout]     |
[INFO] [stdout] 146 |     let g_7: Grounded<'static, ConstrainedTypeInput, { N }> =
[INFO] [stdout]     |                                                      +   +
[INFO] [stdout] 
[INFO] [stdout] 
[INFO] [stdout] error[E0747]: unresolved item provided when a constant was expected
[INFO] [stdout]    --> tests/behavior_pipeline_determinism.rs:147:64
[INFO] [stdout]     |
[INFO] [stdout] 147 |         run_parallel::<ConstrainedTypeInput, _, Fnv1aHasher16, N, 32>(unit_7).expect("7");
[INFO] [stdout]     |                                                                ^
[INFO] [stdout]     |
[INFO] [stdout] help: if this generic argument was intended as a const parameter, surround it with braces
[INFO] [stdout]     |
[INFO] [stdout] 147 |         run_parallel::<ConstrainedTypeInput, _, Fnv1aHasher16, { N }, 32>(unit_7).expect("7");
[INFO] [stdout]     |                                                                +   +
[INFO] [stdout] 
[INFO] [stdout] 
[INFO] [stdout] error[E0747]: unresolved item provided when a constant was expected
[INFO] [stdout]    --> tests/behavior_pipeline_determinism.rs:164:73
[INFO] [stdout]     |
[INFO] [stdout] 164 |     let result = run_parallel::<ConstrainedTypeInput, _, Fnv1aHasher16, N, 32>(zero_site);
[INFO] [stdout]     |                                                                         ^
[INFO] [stdout]     |
[INFO] [stdout] help: if this generic argument was intended as a const parameter, surround it with braces
[INFO] [stdout]     |
[INFO] [stdout] 164 |     let result = run_parallel::<ConstrainedTypeInput, _, Fnv1aHasher16, { N }, 32>(zero_site);
[INFO] [stdout]     |                                                                         +   +
[INFO] [stdout] 
[INFO] [stdout] 
[INFO] [stdout] error[E0747]: unresolved item provided when a constant was expected
[INFO] [stdout]    --> tests/behavior_pipeline_determinism.rs:182:70
[INFO] [stdout]     |
[INFO] [stdout] 182 |     let g_a = run_parallel::<ConstrainedTypeInput, _, Fnv1aHasher16, N, 32>(u_a).expect("a");
[INFO] [stdout]     |                                                                      ^
[INFO] [stdout]     |
[INFO] [stdout] help: if this generic argument was intended as a const parameter, surround it with braces
[INFO] [stdout]     |
[INFO] [stdout] 182 |     let g_a = run_parallel::<ConstrainedTypeInput, _, Fnv1aHasher16, { N }, 32>(u_a).expect("a");
[INFO] [stdout]     |                                                                      +   +
[INFO] [stdout] 
[INFO] [stdout] 
[INFO] [stdout] error[E0747]: unresolved item provided when a constant was expected
[INFO] [stdout]    --> tests/behavior_pipeline_determinism.rs:183:70
[INFO] [stdout]     |
[INFO] [stdout] 183 |     let g_b = run_parallel::<ConstrainedTypeInput, _, Fnv1aHasher16, N, 32>(u_b).expect("b");
[INFO] [stdout]     |                                                                      ^
[INFO] [stdout]     |
[INFO] [stdout] help: if this generic argument was intended as a const parameter, surround it with braces
[INFO] [stdout]     |
[INFO] [stdout] 183 |     let g_b = run_parallel::<ConstrainedTypeInput, _, Fnv1aHasher16, { N }, 32>(u_b).expect("b");
[INFO] [stdout]     |                                                                      +   +
[INFO] [stdout] 
[INFO] [stdout] 
[INFO] [stdout] error[E0747]: unresolved item provided when a constant was expected
[INFO] [stdout]    --> tests/behavior_pipeline_determinism.rs:192:43
[INFO] [stdout]     |
[INFO] [stdout] 192 |     let unit: Validated<StreamDeclaration<N>> =
[INFO] [stdout]     |                                           ^
[INFO] [stdout]     |
[INFO] [stdout] help: if this generic argument was intended as a const parameter, surround it with braces
[INFO] [stdout]     |
[INFO] [stdout] 192 |     let unit: Validated<StreamDeclaration<{ N }>> =
[INFO] [stdout]     |                                           +   +
[INFO] [stdout] 
[INFO] [stdout] 
[INFO] [stdout] error[E0747]: unresolved item provided when a constant was expected
[INFO] [stdout]    --> tests/behavior_pipeline_determinism.rs:194:74
[INFO] [stdout]     |
[INFO] [stdout] 194 |     let mut driver: StreamDriver<ConstrainedTypeInput, _, Fnv1aHasher16, N, 32> = run_stream(unit);
[INFO] [stdout]     |                                                                          ^
[INFO] [stdout]     |
[INFO] [stdout] help: if this generic argument was intended as a const parameter, surround it with braces
[INFO] [stdout]     |
[INFO] [stdout] 194 |     let mut driver: StreamDriver<ConstrainedTypeInput, _, Fnv1aHasher16, { N }, 32> = run_stream(unit);
[INFO] [stdout]     |                                                                          +   +
[INFO] [stdout] 
[INFO] [stdout] 
[INFO] [stdout] error[E0747]: unresolved item provided when a constant was expected
[INFO] [stdout]    --> tests/behavior_pipeline_determinism.rs:208:43
[INFO] [stdout]     |
[INFO] [stdout] 208 |     let unit: Validated<StreamDeclaration<N>> =
[INFO] [stdout]     |                                           ^
[INFO] [stdout]     |
[INFO] [stdout] help: if this generic argument was intended as a const parameter, surround it with braces
[INFO] [stdout]     |
[INFO] [stdout] 208 |     let unit: Validated<StreamDeclaration<{ N }>> =
[INFO] [stdout]     |                                           +   +
[INFO] [stdout] 
[INFO] [stdout] 
[INFO] [stdout] error[E0747]: unresolved item provided when a constant was expected
[INFO] [stdout]    --> tests/behavior_pipeline_determinism.rs:210:74
[INFO] [stdout]     |
[INFO] [stdout] 210 |     let mut driver: StreamDriver<ConstrainedTypeInput, _, Fnv1aHasher16, N, 32> = run_stream(unit);
[INFO] [stdout]     |                                                                          ^
[INFO] [stdout]     |
[INFO] [stdout] help: if this generic argument was intended as a const parameter, surround it with braces
[INFO] [stdout]     |
[INFO] [stdout] 210 |     let mut driver: StreamDriver<ConstrainedTypeInput, _, Fnv1aHasher16, { N }, 32> = run_stream(unit);
[INFO] [stdout]     |                                                                          +   +
[INFO] [stdout] 
[INFO] [stdout] 
[INFO] [stdout] Some errors have detailed explanations: E0432, E0747.
[INFO] [stdout] 
[INFO] [stdout] For more information about an error, try `rustc --explain E0432`.
[INFO] [stdout] 
[INFO] [stderr] error: could not compile `uor-foundation` (test "behavior_pipeline_determinism") due to 34 previous errors
[INFO] [stdout] error[E0747]: unresolved item provided when a constant was expected
[INFO] [stdout]   --> tests/behavior_resolver_tower.rs:33:39
[INFO] [stdout]    |
[INFO] [stdout] 33 | const SENTINEL_TERMS: &[Term<'static, N>] =
[INFO] [stdout]    |                                       ^
[INFO] [stdout]    |
[INFO] [stdout] help: if this generic argument was intended as a const parameter, surround it with braces
[INFO] [stdout]    |
[INFO] [stdout] 33 | const SENTINEL_TERMS: &[Term<'static, { N }>] =
[INFO] [stdout]    |                                       +   +
[INFO] [stdout] 
[INFO] [stdout] 
[INFO] [stdout] error[E0747]: unresolved item provided when a constant was expected
[INFO] [stdout]   --> tests/behavior_resolver_tower.rs:37:51
[INFO] [stdout]    |
[INFO] [stdout] 37 | fn build_unit() -> Validated<CompileUnit<'static, N>, uor_foundation::enforcement::CompileTime> {
[INFO] [stdout]    |                                                   ^
[INFO] [stdout]    |
[INFO] [stdout] help: if this generic argument was intended as a const parameter, surround it with braces
[INFO] [stdout]    |
[INFO] [stdout] 37 | fn build_unit() -> Validated<CompileUnit<'static, { N }>, uor_foundation::enforcement::CompileTime> {
[INFO] [stdout]    |                                                   +   +
[INFO] [stdout] 
[INFO] [stdout] 
[INFO] [stdout] error[E0433]: cannot find module or crate `uor_foundation_test_helpers` in this scope
[INFO] [stdout]   --> tests/behavior_resolver_tower.rs:52:17
[INFO] [stdout]    |
[INFO] [stdout] 52 |     let input = uor_foundation_test_helpers::validated_runtime(ConstrainedTypeInput::default());
[INFO] [stdout]    |                 ^^^^^^^^^^^^^^^^^^^^^^^^^^^ use of unresolved module or unlinked crate `uor_foundation_test_helpers`
[INFO] [stdout]    |
[INFO] [stdout]    = help: if you wanted to use a crate named `uor_foundation_test_helpers`, use `cargo add uor_foundation_test_helpers` to add it to your `Cargo.toml`
[INFO] [stdout] 
[INFO] [stdout] 
[INFO] [stdout] error[E0747]: unresolved item provided when a constant was expected
[INFO] [stdout]    --> tests/behavior_resolver_tower.rs:112:64
[INFO] [stdout]     |
[INFO] [stdout] 112 |         resolver::grounding_aware::certify::<_, Fnv1aHasher16, N, 32>(&unit).expect("grounding");
[INFO] [stdout]     |                                                                ^
[INFO] [stdout]     |
[INFO] [stdout] help: if this generic argument was intended as a const parameter, surround it with braces
[INFO] [stdout]     |
[INFO] [stdout] 112 |         resolver::grounding_aware::certify::<_, Fnv1aHasher16, { N }, 32>(&unit).expect("grounding");
[INFO] [stdout]     |                                                                +   +
[INFO] [stdout] 
[INFO] [stdout] 
[INFO] [stdout] error[E0747]: unresolved item provided when a constant was expected
[INFO] [stdout]    --> tests/behavior_resolver_tower.rs:113:66
[INFO] [stdout]     |
[INFO] [stdout] 113 |     let session = resolver::session::certify::<_, Fnv1aHasher16, N, 32>(&unit).expect("session");
[INFO] [stdout]     |                                                                  ^
[INFO] [stdout]     |
[INFO] [stdout] help: if this generic argument was intended as a const parameter, surround it with braces
[INFO] [stdout]     |
[INFO] [stdout] 113 |     let session = resolver::session::certify::<_, Fnv1aHasher16, { N }, 32>(&unit).expect("session");
[INFO] [stdout]     |                                                                  +   +
[INFO] [stdout] 
[INFO] [stdout] 
[INFO] [stdout] error[E0747]: unresolved item provided when a constant was expected
[INFO] [stdout]    --> tests/behavior_resolver_tower.rs:115:62
[INFO] [stdout]     |
[INFO] [stdout] 115 |         resolver::superposition::certify::<_, Fnv1aHasher16, N, 32>(&unit).expect("superposition");
[INFO] [stdout]     |                                                              ^
[INFO] [stdout]     |
[INFO] [stdout] help: if this generic argument was intended as a const parameter, surround it with braces
[INFO] [stdout]     |
[INFO] [stdout] 115 |         resolver::superposition::certify::<_, Fnv1aHasher16, { N }, 32>(&unit).expect("superposition");
[INFO] [stdout]     |                                                              +   +
[INFO] [stdout] 
[INFO] [stdout] 
[INFO] [stdout] error[E0747]: unresolved item provided when a constant was expected
[INFO] [stdout]    --> tests/behavior_resolver_tower.rs:117:60
[INFO] [stdout]     |
[INFO] [stdout] 117 |         resolver::measurement::certify::<_, Fnv1aHasher16, N, 32>(&unit).expect("measurement");
[INFO] [stdout]     |                                                            ^
[INFO] [stdout]     |
[INFO] [stdout] help: if this generic argument was intended as a const parameter, surround it with braces
[INFO] [stdout]     |
[INFO] [stdout] 117 |         resolver::measurement::certify::<_, Fnv1aHasher16, { N }, 32>(&unit).expect("measurement");
[INFO] [stdout]     |                                                            +   +
[INFO] [stdout] 
[INFO] [stdout] 
[INFO] [stdout] error[E0747]: unresolved item provided when a constant was expected
[INFO] [stdout]    --> tests/behavior_resolver_tower.rs:118:77
[INFO] [stdout]     |
[INFO] [stdout] 118 |     let witt_l = resolver::witt_level_resolver::certify::<_, Fnv1aHasher16, N, 32>(&unit)
[INFO] [stdout]     |                                                                             ^
[INFO] [stdout]     |
[INFO] [stdout] help: if this generic argument was intended as a const parameter, surround it with braces
[INFO] [stdout]     |
[INFO] [stdout] 118 |     let witt_l = resolver::witt_level_resolver::certify::<_, Fnv1aHasher16, { N }, 32>(&unit)
[INFO] [stdout]     |                                                                             +   +
[INFO] [stdout] 
[INFO] [stdout] 
[INFO] [stdout] error[E0433]: cannot find module or crate `uor_foundation_test_helpers` in this scope
[INFO] [stdout]    --> tests/behavior_resolver_tower.rs:149:17
[INFO] [stdout]     |
[INFO] [stdout] 149 |     let input = uor_foundation_test_helpers::validated_runtime(ConstrainedTypeInput::default());
[INFO] [stdout]     |                 ^^^^^^^^^^^^^^^^^^^^^^^^^^^ use of unresolved module or unlinked crate `uor_foundation_test_helpers`
[INFO] [stdout]     |
[INFO] [stdout]     = help: if you wanted to use a crate named `uor_foundation_test_helpers`, use `cargo add uor_foundation_test_helpers` to add it to your `Cargo.toml`
[INFO] [stdout] 
[INFO] [stdout] 
[INFO] [stdout] error[E0433]: cannot find module or crate `uor_foundation_test_helpers` in this scope
[INFO] [stdout]    --> tests/behavior_resolver_tower.rs:165:17
[INFO] [stdout]     |
[INFO] [stdout] 165 |     let input = uor_foundation_test_helpers::validated_runtime(ConstrainedTypeInput::default());
[INFO] [stdout]     |                 ^^^^^^^^^^^^^^^^^^^^^^^^^^^ use of unresolved module or unlinked crate `uor_foundation_test_helpers`
[INFO] [stdout]     |
[INFO] [stdout]     = help: if you wanted to use a crate named `uor_foundation_test_helpers`, use `cargo add uor_foundation_test_helpers` to add it to your `Cargo.toml`
[INFO] [stdout] 
[INFO] [stdout] 
[INFO] [stdout] error[E0433]: cannot find module or crate `uor_foundation_test_helpers` in this scope
[INFO] [stdout]    --> tests/behavior_resolver_tower.rs:187:17
[INFO] [stdout]     |
[INFO] [stdout] 187 |     let input = uor_foundation_test_helpers::validated_runtime(ConstrainedTypeInput::default());
[INFO] [stdout]     |                 ^^^^^^^^^^^^^^^^^^^^^^^^^^^ use of unresolved module or unlinked crate `uor_foundation_test_helpers`
[INFO] [stdout]     |
[INFO] [stdout]     = help: if you wanted to use a crate named `uor_foundation_test_helpers`, use `cargo add uor_foundation_test_helpers` to add it to your `Cargo.toml`
[INFO] [stdout] 
[INFO] [stdout] 
[INFO] [stdout] Some errors have detailed explanations: E0432, E0433, E0747.
[INFO] [stdout] 
[INFO] [stdout] For more information about an error, try `rustc --explain E0432`.
[INFO] [stdout] 
[INFO] [stderr] error: could not compile `uor-foundation` (test "behavior_resolver_tower") due to 13 previous errors
[INFO] running `Command { std: "docker" "inspect" "a139cdbc02582b4f4fd36a21405469143cb66a5194142a898b83d8f11c98a68e", kill_on_drop: false }`
[INFO] running `Command { std: "docker" "rm" "-f" "a139cdbc02582b4f4fd36a21405469143cb66a5194142a898b83d8f11c98a68e", kill_on_drop: false }`
[INFO] [stdout] a139cdbc02582b4f4fd36a21405469143cb66a5194142a898b83d8f11c98a68e
