[INFO] fetching crate unigraph_turbopack 0.1.1-alpha.0...
[INFO] testing unigraph_turbopack-0.1.1-alpha.0 against 1.100.0-beta.1 for beta-1.100-2
[INFO] extracting crate unigraph_turbopack 0.1.1-alpha.0 into /workspace/builds/worker-7-tc2/source
[INFO] started tweaking crates.io crate unigraph_turbopack 0.1.1-alpha.0
[INFO] finished tweaking crates.io crate unigraph_turbopack 0.1.1-alpha.0
[INFO] tweaked toml for crates.io crate unigraph_turbopack 0.1.1-alpha.0 written to /workspace/builds/worker-7-tc2/source/Cargo.toml
[INFO] validating manifest of crates.io crate unigraph_turbopack 0.1.1-alpha.0 on toolchain 1.100.0-beta.1
[INFO] running `Command { std: CARGO_HOME="/workspace/cargo-home" RUSTUP_HOME="/workspace/rustup-home" "/workspace/cargo-home/bin/cargo" "+1.100.0-beta.1" "metadata" "--manifest-path" "Cargo.toml" "--no-deps", kill_on_drop: false }`
[INFO] crate crates.io crate unigraph_turbopack 0.1.1-alpha.0 already has a lockfile, it will not be regenerated
[INFO] running `Command { std: CARGO_HOME="/workspace/cargo-home" RUSTUP_HOME="/workspace/rustup-home" "/workspace/cargo-home/bin/cargo" "+1.100.0-beta.1" "fetch" "--manifest-path" "Cargo.toml", kill_on_drop: false }`
[INFO] [stderr] warning: `package.homepage` is redundant with `package.repository`
[INFO] [stderr]   --> Cargo.toml:33:12
[INFO] [stderr]    |
[INFO] [stderr] 33 | homepage = "https://github.com/facebookexperimental/unigraph"
[INFO] [stderr]    |            ^^^^^^^^^^^^^^^^^^^^^^^^^^^^^^^^^^^^^^^^^^^^^^^^^^
[INFO] [stderr] ...
[INFO] [stderr] 37 | repository = "https://github.com/facebookexperimental/unigraph"
[INFO] [stderr]    |              --------------------------------------------------
[INFO] [stderr]    |
[INFO] [stderr]    = note: `cargo::redundant_homepage` is set to `warn` by default
[INFO] [stderr] help: consider removing `package.homepage`
[INFO] [stderr] warning: `unigraph_turbopack` (manifest) generated 1 warning
[INFO] [stderr]     Blocking waiting for file lock on package cache
[INFO] running `Command { std: "docker" "create" "-v" "/var/lib/crater-agent-workspace/builds/worker-7-tc2/source:/opt/rustwide/workdir:ro,Z" "-v" "/var/lib/crater-agent-workspace/builds/worker-7-tc2/target:/opt/rustwide/target:rw,Z" "-v" "/var/lib/crater-agent-workspace/cargo-home:/opt/rustwide/cargo-home:ro,Z" "-v" "/var/lib/crater-agent-workspace/rustup-home:/opt/rustwide/rustup-home:ro,Z" "-m" "1610612736" "--network" "none" "ghcr.io/rust-lang/crates-build-env/linux@sha256:3111399a4047eeb3a02b7a90e478d715f38a8c6669b5c4b49d30a17385265909" "sleep" "infinity", kill_on_drop: false }`
[INFO] [stdout] 51b905b9b9804716e766e39f0c1337cf2337f63d8f3545c9a5175aac1397b122
[INFO] running `Command { std: "docker" "start" "51b905b9b9804716e766e39f0c1337cf2337f63d8f3545c9a5175aac1397b122", kill_on_drop: false }`
[INFO] running `Command { std: "docker" "inspect" "51b905b9b9804716e766e39f0c1337cf2337f63d8f3545c9a5175aac1397b122", kill_on_drop: false }`
[INFO] running `Command { std: "docker" "exec" "-e" "SOURCE_DIR=/opt/rustwide/workdir" "-e" "CARGO_HOME=/opt/rustwide/cargo-home" "-e" "RUSTUP_HOME=/opt/rustwide/rustup-home" "-e" "CARGO_TARGET_DIR=/opt/rustwide/target" "-w" "/opt/rustwide/workdir" "--user" "0:0" "51b905b9b9804716e766e39f0c1337cf2337f63d8f3545c9a5175aac1397b122" "/opt/rustwide/cargo-home/bin/cargo" "+1.100.0-beta.1" "metadata" "--no-deps" "--format-version=1", kill_on_drop: false }`
[INFO] running `Command { std: "docker" "inspect" "51b905b9b9804716e766e39f0c1337cf2337f63d8f3545c9a5175aac1397b122", kill_on_drop: false }`
[INFO] running `Command { std: "docker" "exec" "-e" "SOURCE_DIR=/opt/rustwide/workdir" "-e" "CARGO_HOME=/opt/rustwide/cargo-home" "-e" "RUSTUP_HOME=/opt/rustwide/rustup-home" "-e" "CARGO_TARGET_DIR=/opt/rustwide/target" "-e" "CARGO_INCREMENTAL=0" "-e" "RUST_BACKTRACE=full" "-e" "RUSTFLAGS=--cap-lints=warn" "-e" "RUSTDOCFLAGS=--cap-lints=warn" "-w" "/opt/rustwide/workdir" "--user" "0:0" "51b905b9b9804716e766e39f0c1337cf2337f63d8f3545c9a5175aac1397b122" "/opt/rustwide/cargo-home/bin/cargo" "+1.100.0-beta.1" "build" "--frozen" "--message-format=json", kill_on_drop: false }`
[INFO] [stderr] warning: `package.homepage` is redundant with `package.repository`
[INFO] [stderr]   --> Cargo.toml:33:12
[INFO] [stderr]    |
[INFO] [stderr] 33 | homepage = "https://github.com/facebookexperimental/unigraph"
[INFO] [stderr]    |            ^^^^^^^^^^^^^^^^^^^^^^^^^^^^^^^^^^^^^^^^^^^^^^^^^^
[INFO] [stderr] ...
[INFO] [stderr] 37 | repository = "https://github.com/facebookexperimental/unigraph"
[INFO] [stderr]    |              --------------------------------------------------
[INFO] [stderr]    |
[INFO] [stderr]    = note: `cargo::redundant_homepage` is set to `warn` by default
[INFO] [stderr] help: consider removing `package.homepage`
[INFO] [stderr] warning: `unigraph_turbopack` (manifest) generated 1 warning
[INFO] [stderr]    Compiling proc-macro2 v1.0.106
[INFO] [stderr]    Compiling pkg-config v0.3.32
[INFO] [stderr]    Compiling memchr v2.7.5
[INFO] [stderr]    Compiling zstd-safe v7.2.4
[INFO] [stderr]    Compiling serde_json v1.0.143
[INFO] [stderr]    Compiling libc v0.2.185
[INFO] [stderr]    Compiling hashbrown v0.16.0
[INFO] [stderr]    Compiling winnow v0.7.13
[INFO] [stderr]    Compiling toml_writer v1.0.6+spec-1.1.0
[INFO] [stderr]    Compiling serde_spanned v1.0.4
[INFO] [stderr]    Compiling toml_datetime v0.7.5+spec-1.1.0
[INFO] [stderr]    Compiling regex-syntax v0.8.6
[INFO] [stderr]    Compiling fst v0.4.7
[INFO] [stderr]    Compiling serde_path_to_error v0.1.20
[INFO] [stderr]    Compiling web-time v1.1.0
[INFO] [stderr]    Compiling bitflags v2.11.1
[INFO] [stderr]    Compiling xxhash-rust v0.8.15
[INFO] [stderr]    Compiling aho-corasick v1.1.3
[INFO] [stderr]    Compiling indexmap v2.12.0
[INFO] [stderr]    Compiling quote v1.0.45
[INFO] [stderr]    Compiling syn v2.0.117
[INFO] [stderr]    Compiling jobserver v0.1.34
[INFO] [stderr]    Compiling cc v1.2.34
[INFO] [stderr]    Compiling regex-automata v0.4.14
[INFO] [stderr]    Compiling toml_parser v1.0.9+spec-1.1.0
[INFO] [stderr]    Compiling toml v0.9.12+spec-1.1.0
[INFO] [stderr]    Compiling zstd-sys v2.0.15+zstd.1.5.7
[INFO] [stderr]    Compiling regex v1.12.3
[INFO] [stderr]    Compiling serde_derive v1.0.228
[INFO] [stderr]    Compiling typegen_derive v0.1.1-alpha.0
[INFO] [stderr]    Compiling unigraph_delta_derive v0.1.1-alpha.0
[INFO] [stderr]    Compiling bytemuck_derive v1.10.2
[INFO] [stderr]    Compiling ll_macros v10.0.0
[INFO] [stderr]    Compiling readonly v0.2.13
[INFO] [stderr]    Compiling ll v10.0.0
[INFO] [stderr]    Compiling bytemuck v1.25.0
[INFO] [stdout] error[E0425]: cannot find type `LaneCount` in module `core::simd`
[INFO] [stdout]    --> /opt/rustwide/cargo-home/registry/src/index.crates.io-1949cf8c6b5b557f/bytemuck-1.25.0/src/zeroable.rs:234:15
[INFO] [stdout]     |
[INFO] [stdout] 234 |   core::simd::LaneCount<N>: core::simd::SupportedLaneCount,
[INFO] [stdout]     |               ^^^^^^^^^ not found in `core::simd`
[INFO] [stdout] 
[INFO] [stdout] 
[INFO] [stdout] error[E0405]: cannot find trait `SupportedLaneCount` in module `core::simd`
[INFO] [stdout]    --> /opt/rustwide/cargo-home/registry/src/index.crates.io-1949cf8c6b5b557f/bytemuck-1.25.0/src/zeroable.rs:234:41
[INFO] [stdout]     |
[INFO] [stdout] 234 |   core::simd::LaneCount<N>: core::simd::SupportedLaneCount,
[INFO] [stdout]     |                                         ^^^^^^^^^^^^^^^^^^ not found in `core::simd`
[INFO] [stdout] 
[INFO] [stdout] 
[INFO] [stdout] error[E0425]: cannot find type `LaneCount` in module `core::simd`
[INFO] [stdout]    --> /opt/rustwide/cargo-home/registry/src/index.crates.io-1949cf8c6b5b557f/bytemuck-1.25.0/src/pod.rs:155:15
[INFO] [stdout]     |
[INFO] [stdout] 155 |   core::simd::LaneCount<N>: core::simd::SupportedLaneCount,
[INFO] [stdout]     |               ^^^^^^^^^ not found in `core::simd`
[INFO] [stdout] 
[INFO] [stdout] 
[INFO] [stdout] error[E0405]: cannot find trait `SupportedLaneCount` in module `core::simd`
[INFO] [stdout]    --> /opt/rustwide/cargo-home/registry/src/index.crates.io-1949cf8c6b5b557f/bytemuck-1.25.0/src/pod.rs:155:41
[INFO] [stdout]     |
[INFO] [stdout] 155 |   core::simd::LaneCount<N>: core::simd::SupportedLaneCount,
[INFO] [stdout]     |                                         ^^^^^^^^^^^^^^^^^^ not found in `core::simd`
[INFO] [stdout] 
[INFO] [stdout] 
[INFO] [stdout] error[E0554]: `#![feature]` may not be used on the beta release channel
[INFO] [stdout]   --> /opt/rustwide/cargo-home/registry/src/index.crates.io-1949cf8c6b5b557f/bytemuck-1.25.0/src/lib.rs:10:48
[INFO] [stdout]    |
[INFO] [stdout] 10 | #![cfg_attr(feature = "nightly_portable_simd", feature(portable_simd))]
[INFO] [stdout]    |                                                ^^^^^^^^^^^^^^^^^^^^^^
[INFO] [stdout] 
[INFO] [stdout] 
[INFO] [stdout] Some errors have detailed explanations: E0405, E0425, E0554.
[INFO] [stdout] 
[INFO] [stdout] For more information about an error, try `rustc --explain E0405`.
[INFO] [stdout] 
[INFO] [stderr] error: could not compile `bytemuck` (lib) due to 5 previous errors
[INFO] [stderr] warning: build failed, waiting for other jobs to finish...
[INFO] running `Command { std: "docker" "inspect" "51b905b9b9804716e766e39f0c1337cf2337f63d8f3545c9a5175aac1397b122", kill_on_drop: false }`
[INFO] running `Command { std: "docker" "rm" "-f" "51b905b9b9804716e766e39f0c1337cf2337f63d8f3545c9a5175aac1397b122", kill_on_drop: false }`
[INFO] [stdout] 51b905b9b9804716e766e39f0c1337cf2337f63d8f3545c9a5175aac1397b122
