[INFO] fetching crate unfair-codec-ppt 0.1.0...
[INFO] testing unfair-codec-ppt-0.1.0 against 1.99.0-beta.8 for beta-1.100-2
[INFO] extracting crate unfair-codec-ppt 0.1.0 into /workspace/builds/worker-2-tc1/source
[INFO] started tweaking crates.io crate unfair-codec-ppt 0.1.0
[INFO] removed 0 missing tests
[INFO] finished tweaking crates.io crate unfair-codec-ppt 0.1.0
[INFO] tweaked toml for crates.io crate unfair-codec-ppt 0.1.0 written to /workspace/builds/worker-2-tc1/source/Cargo.toml
[INFO] validating manifest of crates.io crate unfair-codec-ppt 0.1.0 on toolchain 1.99.0-beta.8
[INFO] running `Command { std: CARGO_HOME="/workspace/cargo-home" RUSTUP_HOME="/workspace/rustup-home" "/workspace/cargo-home/bin/cargo" "+1.99.0-beta.8" "metadata" "--manifest-path" "Cargo.toml" "--no-deps", kill_on_drop: false }`
[INFO] crate crates.io crate unfair-codec-ppt 0.1.0 already has a lockfile, it will not be regenerated
[INFO] running `Command { std: CARGO_HOME="/workspace/cargo-home" RUSTUP_HOME="/workspace/rustup-home" "/workspace/cargo-home/bin/cargo" "+1.99.0-beta.8" "fetch" "--manifest-path" "Cargo.toml", kill_on_drop: false }`
[INFO] [stderr]     Blocking waiting for file lock on package cache
[INFO] running `Command { std: "docker" "create" "-v" "/var/lib/crater-agent-workspace/builds/worker-2-tc1/source:/opt/rustwide/workdir:ro,Z" "-v" "/var/lib/crater-agent-workspace/builds/worker-2-tc1/target:/opt/rustwide/target:rw,Z" "-v" "/var/lib/crater-agent-workspace/cargo-home:/opt/rustwide/cargo-home:ro,Z" "-v" "/var/lib/crater-agent-workspace/rustup-home:/opt/rustwide/rustup-home:ro,Z" "-m" "1610612736" "--network" "none" "ghcr.io/rust-lang/crates-build-env/linux@sha256:3111399a4047eeb3a02b7a90e478d715f38a8c6669b5c4b49d30a17385265909" "sleep" "infinity", kill_on_drop: false }`
[INFO] [stdout] a223ed33e7561468b1255c9a29deb4cdba01e2c3551efac6b61dcd59b09464b7
[INFO] running `Command { std: "docker" "start" "a223ed33e7561468b1255c9a29deb4cdba01e2c3551efac6b61dcd59b09464b7", kill_on_drop: false }`
[INFO] running `Command { std: "docker" "inspect" "a223ed33e7561468b1255c9a29deb4cdba01e2c3551efac6b61dcd59b09464b7", kill_on_drop: false }`
[INFO] running `Command { std: "docker" "exec" "-e" "SOURCE_DIR=/opt/rustwide/workdir" "-e" "CARGO_HOME=/opt/rustwide/cargo-home" "-e" "RUSTUP_HOME=/opt/rustwide/rustup-home" "-e" "CARGO_TARGET_DIR=/opt/rustwide/target" "-w" "/opt/rustwide/workdir" "--user" "0:0" "a223ed33e7561468b1255c9a29deb4cdba01e2c3551efac6b61dcd59b09464b7" "/opt/rustwide/cargo-home/bin/cargo" "+1.99.0-beta.8" "metadata" "--no-deps" "--format-version=1", kill_on_drop: false }`
[INFO] running `Command { std: "docker" "inspect" "a223ed33e7561468b1255c9a29deb4cdba01e2c3551efac6b61dcd59b09464b7", kill_on_drop: false }`
[INFO] running `Command { std: "docker" "exec" "-e" "SOURCE_DIR=/opt/rustwide/workdir" "-e" "CARGO_HOME=/opt/rustwide/cargo-home" "-e" "RUSTUP_HOME=/opt/rustwide/rustup-home" "-e" "CARGO_TARGET_DIR=/opt/rustwide/target" "-e" "CARGO_INCREMENTAL=0" "-e" "RUST_BACKTRACE=full" "-e" "RUSTFLAGS=--cap-lints=warn" "-e" "RUSTDOCFLAGS=--cap-lints=warn" "-w" "/opt/rustwide/workdir" "--user" "0:0" "a223ed33e7561468b1255c9a29deb4cdba01e2c3551efac6b61dcd59b09464b7" "/opt/rustwide/cargo-home/bin/cargo" "+1.99.0-beta.8" "build" "--frozen" "--message-format=json", kill_on_drop: false }`
[INFO] [stderr]    Compiling syn v3.0.4
[INFO] [stderr]    Compiling miniz_oxide v0.8.9
[INFO] [stderr]    Compiling encoding_rs v0.8.35
[INFO] [stderr]    Compiling flate2 v1.1.9
[INFO] [stderr]    Compiling thiserror-impl v2.0.20
[INFO] [stderr]    Compiling displaydoc v0.2.7
[INFO] [stderr]    Compiling serde_derive v1.0.229
[INFO] [stderr]    Compiling thiserror v2.0.20
[INFO] [stderr]    Compiling zip v2.4.2
[INFO] [stderr]    Compiling serde v1.0.229
[INFO] [stderr]    Compiling unfair-core v0.1.0
[INFO] [stderr]    Compiling unfair-codec-ppt v0.1.0 (/opt/rustwide/workdir)
[INFO] [stderr]     Finished `dev` profile [unoptimized + debuginfo] target(s) in 10.82s
[INFO] running `Command { std: "docker" "inspect" "a223ed33e7561468b1255c9a29deb4cdba01e2c3551efac6b61dcd59b09464b7", kill_on_drop: false }`
[INFO] running `Command { std: "docker" "exec" "-e" "SOURCE_DIR=/opt/rustwide/workdir" "-e" "CARGO_HOME=/opt/rustwide/cargo-home" "-e" "RUSTUP_HOME=/opt/rustwide/rustup-home" "-e" "CARGO_TARGET_DIR=/opt/rustwide/target" "-e" "CARGO_INCREMENTAL=0" "-e" "RUST_BACKTRACE=full" "-e" "RUSTFLAGS=--cap-lints=warn" "-e" "RUSTDOCFLAGS=--cap-lints=warn" "-w" "/opt/rustwide/workdir" "--user" "0:0" "a223ed33e7561468b1255c9a29deb4cdba01e2c3551efac6b61dcd59b09464b7" "/opt/rustwide/cargo-home/bin/cargo" "+1.99.0-beta.8" "test" "--frozen" "--no-run" "--message-format=json", kill_on_drop: false }`
[INFO] [stderr]    Compiling unfair-codec-ppt v0.1.0 (/opt/rustwide/workdir)
[INFO] [stdout] error[E0433]: cannot find module or crate `unfair_codec_text` in this scope
[INFO] [stdout]   --> tests/ppt_codecs.rs:19:9
[INFO] [stdout]    |
[INFO] [stdout] 19 |         unfair_codec_text::register(&mut r);
[INFO] [stdout]    |         ^^^^^^^^^^^^^^^^^ use of unresolved module or unlinked crate `unfair_codec_text`
[INFO] [stdout]    |
[INFO] [stdout] help: there is a crate or module with a similar name
[INFO] [stdout]    |
[INFO] [stdout] 19 -         unfair_codec_text::register(&mut r);
[INFO] [stdout] 19 +         unfair_codec_ppt::register(&mut r);
[INFO] [stdout]    |
[INFO] [stdout] 
[INFO] [stdout] 
[INFO] [stdout] error[E0433]: cannot find module or crate `serde_json` in this scope
[INFO] [stdout]    --> tests/ppt_write.rs:275:29
[INFO] [stdout]     |
[INFO] [stdout] 275 |         body: Body::Formula(serde_json::Value::Null),
[INFO] [stdout]     |                             ^^^^^^^^^^ use of unresolved module or unlinked crate `serde_json`
[INFO] [stdout]     |
[INFO] [stdout]     = help: if you wanted to use a crate named `serde_json`, use `cargo add serde_json` to add it to your `Cargo.toml`
[INFO] [stdout] 
[INFO] [stdout] 
[INFO] [stdout] error[E0433]: cannot find module or crate `unfair_codec_text` in this scope
[INFO] [stdout]   --> tests/ppt_write.rs:24:9
[INFO] [stdout]    |
[INFO] [stdout] 24 |         unfair_codec_text::register(&mut r);
[INFO] [stdout]    |         ^^^^^^^^^^^^^^^^^ use of unresolved module or unlinked crate `unfair_codec_text`
[INFO] [stdout]    |
[INFO] [stdout] help: there is a crate or module with a similar name
[INFO] [stdout]    |
[INFO] [stdout] 24 -         unfair_codec_text::register(&mut r);
[INFO] [stdout] 24 +         unfair_codec_ppt::register(&mut r);
[INFO] [stdout]    |
[INFO] [stdout] 
[INFO] [stdout] 
[INFO] [stdout] error[E0433]: cannot find module or crate `unfair_codec_slides` in this scope
[INFO] [stdout]   --> tests/ppt_write.rs:26:9
[INFO] [stdout]    |
[INFO] [stdout] 26 |         unfair_codec_slides::register(&mut r);
[INFO] [stdout]    |         ^^^^^^^^^^^^^^^^^^^ use of unresolved module or unlinked crate `unfair_codec_slides`
[INFO] [stdout]    |
[INFO] [stdout] help: there is a crate or module with a similar name
[INFO] [stdout]    |
[INFO] [stdout] 26 -         unfair_codec_slides::register(&mut r);
[INFO] [stdout] 26 +         unfair_codec_ppt::register(&mut r);
[INFO] [stdout]    |
[INFO] [stdout] 
[INFO] [stdout] 
[INFO] [stdout] For more information about this error, try `rustc --explain E0433`.
[INFO] [stdout] 
[INFO] [stderr] error: could not compile `unfair-codec-ppt` (test "ppt_codecs") due to 1 previous error
[INFO] [stderr] warning: build failed, waiting for other jobs to finish...
[INFO] [stdout] For more information about this error, try `rustc --explain E0433`.
[INFO] [stdout] 
[INFO] [stderr] error: could not compile `unfair-codec-ppt` (test "ppt_write") due to 3 previous errors
[INFO] running `Command { std: "docker" "inspect" "a223ed33e7561468b1255c9a29deb4cdba01e2c3551efac6b61dcd59b09464b7", kill_on_drop: false }`
[INFO] running `Command { std: "docker" "rm" "-f" "a223ed33e7561468b1255c9a29deb4cdba01e2c3551efac6b61dcd59b09464b7", kill_on_drop: false }`
[INFO] [stdout] a223ed33e7561468b1255c9a29deb4cdba01e2c3551efac6b61dcd59b09464b7
