[INFO] fetching crate unfair-codec-doc 0.1.0...
[INFO] testing unfair-codec-doc-0.1.0 against 1.99.0-beta.8 for beta-1.100-2
[INFO] extracting crate unfair-codec-doc 0.1.0 into /workspace/builds/worker-3-tc1/source
[INFO] started tweaking crates.io crate unfair-codec-doc 0.1.0
[INFO] removed 0 missing tests
[INFO] finished tweaking crates.io crate unfair-codec-doc 0.1.0
[INFO] tweaked toml for crates.io crate unfair-codec-doc 0.1.0 written to /workspace/builds/worker-3-tc1/source/Cargo.toml
[INFO] validating manifest of crates.io crate unfair-codec-doc 0.1.0 on toolchain 1.99.0-beta.8
[INFO] running `Command { std: CARGO_HOME="/workspace/cargo-home" RUSTUP_HOME="/workspace/rustup-home" "/workspace/cargo-home/bin/cargo" "+1.99.0-beta.8" "metadata" "--manifest-path" "Cargo.toml" "--no-deps", kill_on_drop: false }`
[INFO] crate crates.io crate unfair-codec-doc 0.1.0 already has a lockfile, it will not be regenerated
[INFO] running `Command { std: CARGO_HOME="/workspace/cargo-home" RUSTUP_HOME="/workspace/rustup-home" "/workspace/cargo-home/bin/cargo" "+1.99.0-beta.8" "fetch" "--manifest-path" "Cargo.toml", kill_on_drop: false }`
[INFO] [stderr]     Updating crates.io index
[INFO] [stderr]  Downloading crates ...
[INFO] [stderr]   Downloaded zopfli v0.8.3
[INFO] [stderr]   Downloaded zip v2.4.2
[INFO] [stderr]   Downloaded derive_arbitrary v1.4.2
[INFO] [stderr]   Downloaded arbitrary v1.4.2
[INFO] [stderr]   Downloaded crc32fast v1.5.1
[INFO] [stderr]   Downloaded unfair-core v0.1.0
[INFO] [stderr]   Downloaded crossbeam-utils v0.8.22
[INFO] [stderr]   Downloaded syn v3.0.4
[INFO] running `Command { std: "docker" "create" "-v" "/var/lib/crater-agent-workspace/builds/worker-3-tc1/source:/opt/rustwide/workdir:ro,Z" "-v" "/var/lib/crater-agent-workspace/builds/worker-3-tc1/target:/opt/rustwide/target:rw,Z" "-v" "/var/lib/crater-agent-workspace/cargo-home:/opt/rustwide/cargo-home:ro,Z" "-v" "/var/lib/crater-agent-workspace/rustup-home:/opt/rustwide/rustup-home:ro,Z" "-m" "1610612736" "--network" "none" "ghcr.io/rust-lang/crates-build-env/linux@sha256:3111399a4047eeb3a02b7a90e478d715f38a8c6669b5c4b49d30a17385265909" "sleep" "infinity", kill_on_drop: false }`
[INFO] [stdout] 6eebae4c27a93ae7e1684825f8cee68ea178702cfab42b9d39a157822b8c536e
[INFO] running `Command { std: "docker" "start" "6eebae4c27a93ae7e1684825f8cee68ea178702cfab42b9d39a157822b8c536e", kill_on_drop: false }`
[INFO] running `Command { std: "docker" "inspect" "6eebae4c27a93ae7e1684825f8cee68ea178702cfab42b9d39a157822b8c536e", kill_on_drop: false }`
[INFO] running `Command { std: "docker" "exec" "-e" "SOURCE_DIR=/opt/rustwide/workdir" "-e" "CARGO_HOME=/opt/rustwide/cargo-home" "-e" "RUSTUP_HOME=/opt/rustwide/rustup-home" "-e" "CARGO_TARGET_DIR=/opt/rustwide/target" "-w" "/opt/rustwide/workdir" "--user" "0:0" "6eebae4c27a93ae7e1684825f8cee68ea178702cfab42b9d39a157822b8c536e" "/opt/rustwide/cargo-home/bin/cargo" "+1.99.0-beta.8" "metadata" "--no-deps" "--format-version=1", kill_on_drop: false }`
[INFO] running `Command { std: "docker" "inspect" "6eebae4c27a93ae7e1684825f8cee68ea178702cfab42b9d39a157822b8c536e", kill_on_drop: false }`
[INFO] running `Command { std: "docker" "exec" "-e" "SOURCE_DIR=/opt/rustwide/workdir" "-e" "CARGO_HOME=/opt/rustwide/cargo-home" "-e" "RUSTUP_HOME=/opt/rustwide/rustup-home" "-e" "CARGO_TARGET_DIR=/opt/rustwide/target" "-e" "CARGO_INCREMENTAL=0" "-e" "RUST_BACKTRACE=full" "-e" "RUSTFLAGS=--cap-lints=warn" "-e" "RUSTDOCFLAGS=--cap-lints=warn" "-w" "/opt/rustwide/workdir" "--user" "0:0" "6eebae4c27a93ae7e1684825f8cee68ea178702cfab42b9d39a157822b8c536e" "/opt/rustwide/cargo-home/bin/cargo" "+1.99.0-beta.8" "build" "--frozen" "--message-format=json", kill_on_drop: false }`
[INFO] [stderr]    Compiling proc-macro2 v1.0.107
[INFO] [stderr]    Compiling unicode-ident v1.0.24
[INFO] [stderr]    Compiling quote v1.0.47
[INFO] [stderr]    Compiling cfg-if v1.0.4
[INFO] [stderr]    Compiling crc32fast v1.5.1
[INFO] [stderr]    Compiling simd-adler32 v0.3.10
[INFO] [stderr]    Compiling serde_core v1.0.229
[INFO] [stderr]    Compiling zmij v1.0.23
[INFO] [stderr]    Compiling thiserror v2.0.20
[INFO] [stderr]    Compiling adler2 v2.0.1
[INFO] [stderr]    Compiling zip v2.4.2
[INFO] [stderr]    Compiling bumpalo v3.20.3
[INFO] [stderr]    Compiling serde v1.0.229
[INFO] [stderr]    Compiling memchr v2.8.3
[INFO] [stderr]    Compiling serde_json v1.0.151
[INFO] [stderr]    Compiling hashbrown v0.17.1
[INFO] [stderr]    Compiling equivalent v1.0.2
[INFO] [stderr]    Compiling log v0.4.34
[INFO] [stderr]    Compiling itoa v1.0.18
[INFO] [stderr]    Compiling encoding_rs v0.8.35
[INFO] [stderr]    Compiling miniz_oxide v0.8.9
[INFO] [stderr]    Compiling zopfli v0.8.3
[INFO] [stderr]    Compiling indexmap v2.14.0
[INFO] [stderr]    Compiling flate2 v1.1.9
[INFO] [stderr]    Compiling syn v3.0.4
[INFO] [stderr]    Compiling thiserror-impl v2.0.20
[INFO] [stderr]    Compiling serde_derive v1.0.229
[INFO] [stderr]    Compiling displaydoc v0.2.7
[INFO] [stderr]    Compiling unfair-core v0.1.0
[INFO] [stderr]    Compiling unfair-codec-doc v0.1.0 (/opt/rustwide/workdir)
[INFO] [stderr]     Finished `dev` profile [unoptimized + debuginfo] target(s) in 20.04s
[INFO] running `Command { std: "docker" "inspect" "6eebae4c27a93ae7e1684825f8cee68ea178702cfab42b9d39a157822b8c536e", kill_on_drop: false }`
[INFO] running `Command { std: "docker" "exec" "-e" "SOURCE_DIR=/opt/rustwide/workdir" "-e" "CARGO_HOME=/opt/rustwide/cargo-home" "-e" "RUSTUP_HOME=/opt/rustwide/rustup-home" "-e" "CARGO_TARGET_DIR=/opt/rustwide/target" "-e" "CARGO_INCREMENTAL=0" "-e" "RUST_BACKTRACE=full" "-e" "RUSTFLAGS=--cap-lints=warn" "-e" "RUSTDOCFLAGS=--cap-lints=warn" "-w" "/opt/rustwide/workdir" "--user" "0:0" "6eebae4c27a93ae7e1684825f8cee68ea178702cfab42b9d39a157822b8c536e" "/opt/rustwide/cargo-home/bin/cargo" "+1.99.0-beta.8" "test" "--frozen" "--no-run" "--message-format=json", kill_on_drop: false }`
[INFO] [stderr]    Compiling unfair-codec-doc v0.1.0 (/opt/rustwide/workdir)
[INFO] [stdout] error[E0433]: cannot find module or crate `zip` in this scope
[INFO] [stdout]    --> tests/doc_write.rs:425:9
[INFO] [stdout]     |
[INFO] [stdout] 425 |     use zip::write::SimpleFileOptions;
[INFO] [stdout]     |         ^^^ use of unresolved module or unlinked crate `zip`
[INFO] [stdout]     |
[INFO] [stdout]     = help: if you wanted to use a crate named `zip`, use `cargo add zip` to add it to your `Cargo.toml`
[INFO] [stdout] 
[INFO] [stdout] 
[INFO] [stdout] error[E0432]: unresolved import `zip`
[INFO] [stdout]    --> tests/doc_write.rs:426:9
[INFO] [stdout]     |
[INFO] [stdout] 426 |     use zip::ZipWriter;
[INFO] [stdout]     |         ^^^ use of unresolved module or unlinked crate `zip`
[INFO] [stdout]     |
[INFO] [stdout]     = help: if you wanted to use a crate named `zip`, use `cargo add zip` to add it to your `Cargo.toml`
[INFO] [stdout] 
[INFO] [stdout] 
[INFO] [stdout] error[E0433]: cannot find module or crate `unfair_codec_text` in this scope
[INFO] [stdout]   --> tests/doc_codecs.rs:18:9
[INFO] [stdout]    |
[INFO] [stdout] 18 |         unfair_codec_text::register(&mut r);
[INFO] [stdout]    |         ^^^^^^^^^^^^^^^^^ use of unresolved module or unlinked crate `unfair_codec_text`
[INFO] [stdout]    |
[INFO] [stdout] help: there is a crate or module with a similar name
[INFO] [stdout]    |
[INFO] [stdout] 18 -         unfair_codec_text::register(&mut r);
[INFO] [stdout] 18 +         unfair_codec_doc::register(&mut r);
[INFO] [stdout]    |
[INFO] [stdout] 
[INFO] [stdout] 
[INFO] [stdout] For more information about this error, try `rustc --explain E0433`.
[INFO] [stdout] 
[INFO] [stdout] error[E0433]: cannot find module or crate `zip` in this scope
[INFO] [stdout]    --> tests/doc_write.rs:430:62
[INFO] [stdout]     |
[INFO] [stdout] 430 |     let so = SimpleFileOptions::default().compression_method(zip::CompressionMethod::Deflated);
[INFO] [stdout]     |                                                              ^^^ use of unresolved module or unlinked crate `zip`
[INFO] [stdout]     |
[INFO] [stdout]     = help: if you wanted to use a crate named `zip`, use `cargo add zip` to add it to your `Cargo.toml`
[INFO] [stdout] 
[INFO] [stdout] 
[INFO] [stderr] error: could not compile `unfair-codec-doc` (test "doc_codecs") due to 1 previous error
[INFO] [stderr] warning: build failed, waiting for other jobs to finish...
[INFO] [stdout] error[E0433]: cannot find module or crate `unfair_codec_text` in this scope
[INFO] [stdout]   --> tests/doc_write.rs:18:9
[INFO] [stdout]    |
[INFO] [stdout] 18 |         unfair_codec_text::register(&mut r);
[INFO] [stdout]    |         ^^^^^^^^^^^^^^^^^ use of unresolved module or unlinked crate `unfair_codec_text`
[INFO] [stdout]    |
[INFO] [stdout] help: there is a crate or module with a similar name
[INFO] [stdout]    |
[INFO] [stdout] 18 -         unfair_codec_text::register(&mut r);
[INFO] [stdout] 18 +         unfair_codec_doc::register(&mut r);
[INFO] [stdout]    |
[INFO] [stdout] 
[INFO] [stdout] 
[INFO] [stdout] error[E0433]: cannot find module or crate `unfair` in this scope
[INFO] [stdout]    --> tests/doc_write.rs:445:15
[INFO] [stdout]     |
[INFO] [stdout] 445 |     let doc = unfair::convert(txt, Some("txt"), "doc").expect("txt -> doc");
[INFO] [stdout]     |               ^^^^^^ use of unresolved module or unlinked crate `unfair`
[INFO] [stdout]     |
[INFO] [stdout]     = help: if you wanted to use a crate named `unfair`, use `cargo add unfair` to add it to your `Cargo.toml`
[INFO] [stdout] 
[INFO] [stdout] 
[INFO] [stdout] error[E0433]: cannot find module or crate `unfair` in this scope
[INFO] [stdout]    --> tests/doc_write.rs:446:16
[INFO] [stdout]     |
[INFO] [stdout] 446 |     let back = unfair::convert(&doc, Some("doc"), "txt").expect("doc -> txt");
[INFO] [stdout]     |                ^^^^^^ use of unresolved module or unlinked crate `unfair`
[INFO] [stdout]     |
[INFO] [stdout]     = help: if you wanted to use a crate named `unfair`, use `cargo add unfair` to add it to your `Cargo.toml`
[INFO] [stdout] 
[INFO] [stdout] 
[INFO] [stdout] error[E0433]: cannot find module or crate `unfair` in this scope
[INFO] [stdout]    --> tests/doc_write.rs:452:21
[INFO] [stdout]     |
[INFO] [stdout] 452 |     let back_auto = unfair::convert(&doc, None, "txt").expect("detect doc -> txt");
[INFO] [stdout]     |                     ^^^^^^ use of unresolved module or unlinked crate `unfair`
[INFO] [stdout]     |
[INFO] [stdout]     = help: if you wanted to use a crate named `unfair`, use `cargo add unfair` to add it to your `Cargo.toml`
[INFO] [stdout] 
[INFO] [stdout] 
[INFO] [stdout] error[E0433]: cannot find module or crate `unfair` in this scope
[INFO] [stdout]    --> tests/doc_write.rs:461:15
[INFO] [stdout]     |
[INFO] [stdout] 461 |     let doc = unfair::convert(&docx, Some("docx"), "doc").expect("docx -> doc");
[INFO] [stdout]     |               ^^^^^^ use of unresolved module or unlinked crate `unfair`
[INFO] [stdout]     |
[INFO] [stdout]     = help: if you wanted to use a crate named `unfair`, use `cargo add unfair` to add it to your `Cargo.toml`
[INFO] [stdout] 
[INFO] [stdout] 
[INFO] [stdout] error[E0433]: cannot find module or crate `unfair` in this scope
[INFO] [stdout]    --> tests/doc_write.rs:462:15
[INFO] [stdout]     |
[INFO] [stdout] 462 |     let txt = unfair::convert(&doc, Some("doc"), "txt").expect("doc -> txt");
[INFO] [stdout]     |               ^^^^^^ use of unresolved module or unlinked crate `unfair`
[INFO] [stdout]     |
[INFO] [stdout]     = help: if you wanted to use a crate named `unfair`, use `cargo add unfair` to add it to your `Cargo.toml`
[INFO] [stdout] 
[INFO] [stdout] 
[INFO] [stdout] Some errors have detailed explanations: E0432, E0433.
[INFO] [stdout] 
[INFO] [stdout] For more information about an error, try `rustc --explain E0432`.
[INFO] [stdout] 
[INFO] [stderr] error: could not compile `unfair-codec-doc` (test "doc_write") due to 9 previous errors
[INFO] running `Command { std: "docker" "inspect" "6eebae4c27a93ae7e1684825f8cee68ea178702cfab42b9d39a157822b8c536e", kill_on_drop: false }`
[INFO] running `Command { std: "docker" "rm" "-f" "6eebae4c27a93ae7e1684825f8cee68ea178702cfab42b9d39a157822b8c536e", kill_on_drop: false }`
[INFO] [stdout] 6eebae4c27a93ae7e1684825f8cee68ea178702cfab42b9d39a157822b8c536e
