[INFO] fetching crate undoredo_derive 0.15.1...
[INFO] testing undoredo_derive-0.15.1 against 1.99.0-beta.8 for beta-1.100-2
[INFO] extracting crate undoredo_derive 0.15.1 into /workspace/builds/worker-0-tc1/source
[INFO] started tweaking crates.io crate undoredo_derive 0.15.1
[INFO] removed 0 missing tests
[INFO] finished tweaking crates.io crate undoredo_derive 0.15.1
[INFO] tweaked toml for crates.io crate undoredo_derive 0.15.1 written to /workspace/builds/worker-0-tc1/source/Cargo.toml
[INFO] validating manifest of crates.io crate undoredo_derive 0.15.1 on toolchain 1.99.0-beta.8
[INFO] running `Command { std: CARGO_HOME="/workspace/cargo-home" RUSTUP_HOME="/workspace/rustup-home" "/workspace/cargo-home/bin/cargo" "+1.99.0-beta.8" "metadata" "--manifest-path" "Cargo.toml" "--no-deps", kill_on_drop: false }`
[INFO] crate crates.io crate undoredo_derive 0.15.1 already has a lockfile, it will not be regenerated
[INFO] running `Command { std: CARGO_HOME="/workspace/cargo-home" RUSTUP_HOME="/workspace/rustup-home" "/workspace/cargo-home/bin/cargo" "+1.99.0-beta.8" "fetch" "--manifest-path" "Cargo.toml", kill_on_drop: false }`
[INFO] [stderr]     Updating crates.io index
[INFO] [stderr]  Downloading crates ...
[INFO] [stderr]   Downloaded bidimap v0.7.0
[INFO] [stderr]   Downloaded maplike v0.15.0
[INFO] running `Command { std: "docker" "create" "-v" "/var/lib/crater-agent-workspace/builds/worker-0-tc1/source:/opt/rustwide/workdir:ro,Z" "-v" "/var/lib/crater-agent-workspace/builds/worker-0-tc1/target:/opt/rustwide/target:rw,Z" "-v" "/var/lib/crater-agent-workspace/cargo-home:/opt/rustwide/cargo-home:ro,Z" "-v" "/var/lib/crater-agent-workspace/rustup-home:/opt/rustwide/rustup-home:ro,Z" "-m" "1610612736" "--network" "none" "ghcr.io/rust-lang/crates-build-env/linux@sha256:3111399a4047eeb3a02b7a90e478d715f38a8c6669b5c4b49d30a17385265909" "sleep" "infinity", kill_on_drop: false }`
[INFO] [stdout] 2df74c2a4de512b04e823e2a01b2965f8bdb6b97d0e7d6877955f034b315eae1
[INFO] running `Command { std: "docker" "start" "2df74c2a4de512b04e823e2a01b2965f8bdb6b97d0e7d6877955f034b315eae1", kill_on_drop: false }`
[INFO] running `Command { std: "docker" "inspect" "2df74c2a4de512b04e823e2a01b2965f8bdb6b97d0e7d6877955f034b315eae1", kill_on_drop: false }`
[INFO] running `Command { std: "docker" "exec" "-e" "SOURCE_DIR=/opt/rustwide/workdir" "-e" "CARGO_HOME=/opt/rustwide/cargo-home" "-e" "RUSTUP_HOME=/opt/rustwide/rustup-home" "-e" "CARGO_TARGET_DIR=/opt/rustwide/target" "-w" "/opt/rustwide/workdir" "--user" "0:0" "2df74c2a4de512b04e823e2a01b2965f8bdb6b97d0e7d6877955f034b315eae1" "/opt/rustwide/cargo-home/bin/cargo" "+1.99.0-beta.8" "metadata" "--no-deps" "--format-version=1", kill_on_drop: false }`
[INFO] running `Command { std: "docker" "inspect" "2df74c2a4de512b04e823e2a01b2965f8bdb6b97d0e7d6877955f034b315eae1", kill_on_drop: false }`
[INFO] running `Command { std: "docker" "exec" "-e" "SOURCE_DIR=/opt/rustwide/workdir" "-e" "CARGO_HOME=/opt/rustwide/cargo-home" "-e" "RUSTUP_HOME=/opt/rustwide/rustup-home" "-e" "CARGO_TARGET_DIR=/opt/rustwide/target" "-e" "CARGO_INCREMENTAL=0" "-e" "RUST_BACKTRACE=full" "-e" "RUSTFLAGS=--cap-lints=warn" "-e" "RUSTDOCFLAGS=--cap-lints=warn" "-w" "/opt/rustwide/workdir" "--user" "0:0" "2df74c2a4de512b04e823e2a01b2965f8bdb6b97d0e7d6877955f034b315eae1" "/opt/rustwide/cargo-home/bin/cargo" "+1.99.0-beta.8" "build" "--frozen" "--message-format=json", kill_on_drop: false }`
[INFO] [stderr]    Compiling syn v3.0.3
[INFO] [stderr]    Compiling undoredo_derive v0.15.1 (/opt/rustwide/workdir)
[INFO] [stderr]     Finished `dev` profile [unoptimized + debuginfo] target(s) in 5.33s
[INFO] running `Command { std: "docker" "inspect" "2df74c2a4de512b04e823e2a01b2965f8bdb6b97d0e7d6877955f034b315eae1", kill_on_drop: false }`
[INFO] running `Command { std: "docker" "exec" "-e" "SOURCE_DIR=/opt/rustwide/workdir" "-e" "CARGO_HOME=/opt/rustwide/cargo-home" "-e" "RUSTUP_HOME=/opt/rustwide/rustup-home" "-e" "CARGO_TARGET_DIR=/opt/rustwide/target" "-e" "CARGO_INCREMENTAL=0" "-e" "RUST_BACKTRACE=full" "-e" "RUSTFLAGS=--cap-lints=warn" "-e" "RUSTDOCFLAGS=--cap-lints=warn" "-w" "/opt/rustwide/workdir" "--user" "0:0" "2df74c2a4de512b04e823e2a01b2965f8bdb6b97d0e7d6877955f034b315eae1" "/opt/rustwide/cargo-home/bin/cargo" "+1.99.0-beta.8" "test" "--frozen" "--no-run" "--message-format=json", kill_on_drop: false }`
[INFO] [stderr]    Compiling proc-macro2 v1.0.107
[INFO] [stderr]    Compiling quote v1.0.47
[INFO] [stderr]    Compiling maplike v0.15.0
[INFO] [stderr]    Compiling bidimap v0.7.0
[INFO] [stderr]    Compiling syn v3.0.3
[INFO] [stderr]    Compiling undoredo_derive v0.15.1 (/opt/rustwide/workdir)
[INFO] [stdout] error[E0433]: cannot find module or crate `undoredo` in this scope
[INFO] [stdout]   --> tests/half_delta.rs:16:5
[INFO] [stdout]    |
[INFO] [stdout] 16 | use undoredo::aliases::{
[INFO] [stdout]    |     ^^^^^^^^ use of unresolved module or unlinked crate `undoredo`
[INFO] [stdout]    |
[INFO] [stdout]    = help: if you wanted to use a crate named `undoredo`, use `cargo add undoredo` to add it to your `Cargo.toml`
[INFO] [stdout] 
[INFO] [stdout] 
[INFO] [stdout] error[E0432]: unresolved import `undoredo`
[INFO] [stdout]   --> tests/half_delta.rs:20:5
[INFO] [stdout]    |
[INFO] [stdout] 20 | use undoredo::{HalfDelta, Recorder};
[INFO] [stdout]    |     ^^^^^^^^ use of unresolved module or unlinked crate `undoredo`
[INFO] [stdout]    |
[INFO] [stdout]    = help: if you wanted to use a crate named `undoredo`, use `cargo add undoredo` to add it to your `Cargo.toml`
[INFO] [stdout] 
[INFO] [stdout] 
[INFO] [stdout] error: cannot find attribute `undoredo` in this scope
[INFO] [stdout]   --> tests/half_delta.rs:24:3
[INFO] [stdout]    |
[INFO] [stdout] 24 | #[undoredo(half_delta = TestStructHalfDelta)]
[INFO] [stdout]    |   ^^^^^^^^
[INFO] [stdout]    |
[INFO] [stdout] help: `undoredo` is an attribute that can be used by the derive macros `ApplyDelta`, `Delta`, `ExtendDelta`, `FlushDelta`, `HalfDelta`, `MergeDeltas` and `ResetDelta`, you might be missing a `derive` attribute
[INFO] [stdout]    |
[INFO] [stdout] 25 + #[derive(ApplyDelta, Delta, ExtendDelta, FlushDelta, HalfDelta, MergeDeltas, ResetDelta)]
[INFO] [stdout] 26 | pub struct TestStruct {
[INFO] [stdout]    |
[INFO] [stdout] 
[INFO] [stdout] 
[INFO] [stdout] error[E0425]: cannot find type `TestStructHalfDelta` in this scope
[INFO] [stdout]   --> tests/half_delta.rs:40:12
[INFO] [stdout]    |
[INFO] [stdout] 40 |     let _: TestStructHalfDelta = TestStructHalfDelta {
[INFO] [stdout]    |            ^^^^^^^^^^^^^^^^^^^ not found in this scope
[INFO] [stdout] 
[INFO] [stdout] 
[INFO] [stdout] error[E0422]: cannot find struct, variant or union type `TestStructHalfDelta` in this scope
[INFO] [stdout]   --> tests/half_delta.rs:40:34
[INFO] [stdout]    |
[INFO] [stdout] 40 |     let _: TestStructHalfDelta = TestStructHalfDelta {
[INFO] [stdout]    |                                  ^^^^^^^^^^^^^^^^^^^ not found in this scope
[INFO] [stdout] 
[INFO] [stdout] 
[INFO] [stdout] Some errors have detailed explanations: E0422, E0425, E0432, E0433.
[INFO] [stdout] 
[INFO] [stdout] For more information about an error, try `rustc --explain E0422`.
[INFO] [stdout] 
[INFO] [stderr] error: could not compile `undoredo_derive` (test "half_delta") due to 5 previous errors
[INFO] [stderr] warning: build failed, waiting for other jobs to finish...
[INFO] [stdout] error[E0433]: cannot find module or crate `undoredo` in this scope
[INFO] [stdout]  --> tests/apply_delta.rs:7:5
[INFO] [stdout]   |
[INFO] [stdout] 7 | use undoredo::aliases::VecHalfDelta;
[INFO] [stdout]   |     ^^^^^^^^ use of unresolved module or unlinked crate `undoredo`
[INFO] [stdout]   |
[INFO] [stdout]   = help: if you wanted to use a crate named `undoredo`, use `cargo add undoredo` to add it to your `Cargo.toml`
[INFO] [stdout] 
[INFO] [stdout] 
[INFO] [stdout] error[E0432]: unresolved import `undoredo`
[INFO] [stdout]  --> tests/apply_delta.rs:8:5
[INFO] [stdout]   |
[INFO] [stdout] 8 | use undoredo::{ApplyDelta, Delta, HalfDelta, Recorder};
[INFO] [stdout]   |     ^^^^^^^^ use of unresolved module or unlinked crate `undoredo`
[INFO] [stdout]   |
[INFO] [stdout]   = help: if you wanted to use a crate named `undoredo`, use `cargo add undoredo` to add it to your `Cargo.toml`
[INFO] [stdout] 
[INFO] [stdout] 
[INFO] [stdout] error[E0433]: cannot find module or crate `undoredo` in this scope
[INFO] [stdout]   --> tests/skip_field.rs:10:5
[INFO] [stdout]    |
[INFO] [stdout] 10 | use undoredo::aliases::VecHalfDelta;
[INFO] [stdout]    |     ^^^^^^^^ use of unresolved module or unlinked crate `undoredo`
[INFO] [stdout]    |
[INFO] [stdout]    = help: if you wanted to use a crate named `undoredo`, use `cargo add undoredo` to add it to your `Cargo.toml`
[INFO] [stdout] 
[INFO] [stdout] 
[INFO] [stdout] error[E0433]: cannot find module or crate `undoredo` in this scope
[INFO] [stdout]   --> tests/delta.rs:17:5
[INFO] [stdout]    |
[INFO] [stdout] 17 | use undoredo::aliases::{
[INFO] [stdout]    |     ^^^^^^^^ use of unresolved module or unlinked crate `undoredo`
[INFO] [stdout]    |
[INFO] [stdout]    = help: if you wanted to use a crate named `undoredo`, use `cargo add undoredo` to add it to your `Cargo.toml`
[INFO] [stdout] 
[INFO] [stdout] 
[INFO] [stdout] error[E0432]: unresolved import `undoredo`
[INFO] [stdout]   --> tests/delta.rs:21:5
[INFO] [stdout]    |
[INFO] [stdout] 21 | use undoredo::{ApplyDelta, Delta, Recorder, ResetDelta};
[INFO] [stdout]    |     ^^^^^^^^ use of unresolved module or unlinked crate `undoredo`
[INFO] [stdout]    |
[INFO] [stdout]    = help: if you wanted to use a crate named `undoredo`, use `cargo add undoredo` to add it to your `Cargo.toml`
[INFO] [stdout] 
[INFO] [stdout] 
[INFO] [stdout] error[E0432]: unresolved import `undoredo`
[INFO] [stdout]  --> tests/generics.rs:9:5
[INFO] [stdout]   |
[INFO] [stdout] 9 | use undoredo::{ApplyDelta, Delta, FlushDelta, Recorder};
[INFO] [stdout]   |     ^^^^^^^^ use of unresolved module or unlinked crate `undoredo`
[INFO] [stdout]   |
[INFO] [stdout]   = help: if you wanted to use a crate named `undoredo`, use `cargo add undoredo` to add it to your `Cargo.toml`
[INFO] [stdout] 
[INFO] [stdout] 
[INFO] [stdout] error[E0432]: unresolved import `undoredo`
[INFO] [stdout]   --> tests/skip_field.rs:11:5
[INFO] [stdout]    |
[INFO] [stdout] 11 | use undoredo::{ApplyDelta, Delta, FlushDelta, HalfDelta, Recorder};
[INFO] [stdout]    |     ^^^^^^^^ use of unresolved module or unlinked crate `undoredo`
[INFO] [stdout]    |
[INFO] [stdout]    = help: if you wanted to use a crate named `undoredo`, use `cargo add undoredo` to add it to your `Cargo.toml`
[INFO] [stdout] 
[INFO] [stdout] 
[INFO] [stdout] error: cannot find attribute `undoredo` in this scope
[INFO] [stdout]   --> tests/apply_delta.rs:11:3
[INFO] [stdout]    |
[INFO] [stdout] 11 | #[undoredo(half_delta = TestStructHalfDelta)]
[INFO] [stdout]    |   ^^^^^^^^
[INFO] [stdout]    |
[INFO] [stdout] help: `undoredo` is an attribute that can be used by the derive macros `ApplyDelta`, `Delta`, `ExtendDelta`, `FlushDelta`, `HalfDelta`, `MergeDeltas` and `ResetDelta`, you might be missing a `derive` attribute
[INFO] [stdout]    |
[INFO] [stdout] 12 + #[derive(ApplyDelta, Delta, ExtendDelta, FlushDelta, HalfDelta, MergeDeltas, ResetDelta)]
[INFO] [stdout] 13 | struct TestStruct {
[INFO] [stdout]    |
[INFO] [stdout] 
[INFO] [stdout] 
[INFO] [stdout] error[E0422]: cannot find struct, variant or union type `TestStructHalfDelta` in this scope
[INFO] [stdout]   --> tests/apply_delta.rs:23:9
[INFO] [stdout]    |
[INFO] [stdout] 23 |         TestStructHalfDelta {
[INFO] [stdout]    |         ^^^^^^^^^^^^^^^^^^^ not found in this scope
[INFO] [stdout] 
[INFO] [stdout] 
[INFO] [stdout] error[E0422]: cannot find struct, variant or union type `TestStructHalfDelta` in this scope
[INFO] [stdout]   --> tests/apply_delta.rs:26:9
[INFO] [stdout]    |
[INFO] [stdout] 26 |         TestStructHalfDelta {
[INFO] [stdout]    |         ^^^^^^^^^^^^^^^^^^^ not found in this scope
[INFO] [stdout] 
[INFO] [stdout] 
[INFO] [stdout] error: cannot find attribute `undoredo` in this scope
[INFO] [stdout]   --> tests/skip_field.rs:16:7
[INFO] [stdout]    |
[INFO] [stdout] 16 |     #[undoredo(skip)]
[INFO] [stdout]    |       ^^^^^^^^
[INFO] [stdout]    |
[INFO] [stdout]    = note: `undoredo` is an attribute that can be used by the derive macros `ApplyDelta`, `Delta`, `ExtendDelta`, `FlushDelta`, `HalfDelta`, `MergeDeltas` and `ResetDelta`, you might be missing a `derive` attribute
[INFO] [stdout] 
[INFO] [stdout] 
[INFO] [stdout] error[E0432]: unresolved import `undoredo`
[INFO] [stdout]  --> tests/flush_delta.rs:9:5
[INFO] [stdout]   |
[INFO] [stdout] 9 | use undoredo::{FlushDelta, HalfDelta, Recorder};
[INFO] [stdout]   |     ^^^^^^^^ use of unresolved module or unlinked crate `undoredo`
[INFO] [stdout]   |
[INFO] [stdout]   = help: if you wanted to use a crate named `undoredo`, use `cargo add undoredo` to add it to your `Cargo.toml`
[INFO] [stdout] 
[INFO] [stdout] 
[INFO] [stdout] error[E0433]: cannot find module or crate `undoredo` in this scope
[INFO] [stdout]  --> tests/merge_delta.rs:7:5
[INFO] [stdout]   |
[INFO] [stdout] 7 | use undoredo::aliases::VecHalfDelta;
[INFO] [stdout]   |     ^^^^^^^^ use of unresolved module or unlinked crate `undoredo`
[INFO] [stdout]   |
[INFO] [stdout]   = help: if you wanted to use a crate named `undoredo`, use `cargo add undoredo` to add it to your `Cargo.toml`
[INFO] [stdout] 
[INFO] [stdout] 
[INFO] [stdout] error: cannot find attribute `undoredo` in this scope
[INFO] [stdout]   --> tests/delta.rs:25:3
[INFO] [stdout]    |
[INFO] [stdout] 25 | #[undoredo(half_delta = TestStructHalfDelta)]
[INFO] [stdout]    |   ^^^^^^^^
[INFO] [stdout]    |
[INFO] [stdout] help: `undoredo` is an attribute that can be used by the derive macros `ApplyDelta`, `Delta`, `ExtendDelta`, `FlushDelta`, `HalfDelta`, `MergeDeltas` and `ResetDelta`, you might be missing a `derive` attribute
[INFO] [stdout]    |
[INFO] [stdout] 27 + #[derive(ApplyDelta, Delta, ExtendDelta, FlushDelta, HalfDelta, MergeDeltas, ResetDelta)]
[INFO] [stdout] 28 | pub struct TestStruct {
[INFO] [stdout]    |
[INFO] [stdout] 
[INFO] [stdout] 
[INFO] [stdout] error: cannot find attribute `undoredo` in this scope
[INFO] [stdout]   --> tests/skip_field.rs:23:7
[INFO] [stdout]    |
[INFO] [stdout] 23 |     #[undoredo(skip)] PhantomData<u8>,
[INFO] [stdout]    |       ^^^^^^^^
[INFO] [stdout]    |
[INFO] [stdout]    = note: `undoredo` is an attribute that can be used by the derive macros `ApplyDelta`, `Delta`, `ExtendDelta`, `FlushDelta`, `HalfDelta`, `MergeDeltas` and `ResetDelta`, you might be missing a `derive` attribute
[INFO] [stdout] 
[INFO] [stdout] 
[INFO] [stdout] error: cannot find attribute `undoredo` in this scope
[INFO] [stdout]   --> tests/delta.rs:26:3
[INFO] [stdout]    |
[INFO] [stdout] 26 | #[undoredo(delta = TestStructDelta)]
[INFO] [stdout]    |   ^^^^^^^^
[INFO] [stdout]    |
[INFO] [stdout] help: `undoredo` is an attribute that can be used by the derive macros `ApplyDelta`, `Delta`, `ExtendDelta`, `FlushDelta`, `HalfDelta`, `MergeDeltas` and `ResetDelta`, you might be missing a `derive` attribute
[INFO] [stdout]    |
[INFO] [stdout] 27 + #[derive(ApplyDelta, Delta, ExtendDelta, FlushDelta, HalfDelta, MergeDeltas, ResetDelta)]
[INFO] [stdout] 28 | pub struct TestStruct {
[INFO] [stdout]    |
[INFO] [stdout] 
[INFO] [stdout] 
[INFO] [stdout] error[E0432]: unresolved import `undoredo`
[INFO] [stdout]  --> tests/merge_delta.rs:8:5
[INFO] [stdout]   |
[INFO] [stdout] 8 | use undoredo::{ApplyDelta, Delta, HalfDelta, MergeDeltas, Recorder};
[INFO] [stdout]   |     ^^^^^^^^ use of unresolved module or unlinked crate `undoredo`
[INFO] [stdout]   |
[INFO] [stdout]   = help: if you wanted to use a crate named `undoredo`, use `cargo add undoredo` to add it to your `Cargo.toml`
[INFO] [stdout] 
[INFO] [stdout] 
[INFO] [stdout] error[E0432]: unresolved import `undoredo`
[INFO] [stdout]   --> tests/reset_delta.rs:10:5
[INFO] [stdout]    |
[INFO] [stdout] 10 | use undoredo::{HalfDelta, Recorder, ResetDelta};
[INFO] [stdout]    |     ^^^^^^^^ use of unresolved module or unlinked crate `undoredo`
[INFO] [stdout]    |
[INFO] [stdout]    = help: if you wanted to use a crate named `undoredo`, use `cargo add undoredo` to add it to your `Cargo.toml`
[INFO] [stdout] 
[INFO] [stdout] 
[INFO] [stdout] error[E0425]: cannot find type `TestGenericStructHalfDelta` in this scope
[INFO] [stdout]   --> tests/generics.rs:37:32
[INFO] [stdout]    |
[INFO] [stdout] 37 |     let delta: undoredo::Delta<TestGenericStructHalfDelta<RecordedVec, RecordedVec, RecordedVec>> =
[INFO] [stdout]    |                                ^^^^^^^^^^^^^^^^^^^^^^^^^^ not found in this scope
[INFO] [stdout] 
[INFO] [stdout] 
[INFO] [stdout] error[E0599]: no method named `apply_delta` found for struct `TestStruct` in the current scope
[INFO] [stdout]   --> tests/apply_delta.rs:31:7
[INFO] [stdout]    |
[INFO] [stdout] 12 | struct TestStruct {
[INFO] [stdout]    | ----------------- method `apply_delta` not found for this struct
[INFO] [stdout] ...
[INFO] [stdout] 31 |     s.apply_delta(d);
[INFO] [stdout]    |       ^^^^^^^^^^^ method not found in `TestStruct`
[INFO] [stdout] 
[INFO] [stdout] 
[INFO] [stdout] error[E0422]: cannot find struct, variant or union type `TestNamedFieldStructHalfDelta` in this scope
[INFO] [stdout]   --> tests/skip_field.rs:34:9
[INFO] [stdout]    |
[INFO] [stdout] 14 | struct TestNamedFieldStruct {
[INFO] [stdout]    | --------------------------- similarly named struct `TestNamedFieldStruct` defined here
[INFO] [stdout] ...
[INFO] [stdout] 34 |         TestNamedFieldStructHalfDelta {
[INFO] [stdout]    |         ^^^^^^^^^^^^^^^^^^^^^^^^^^^^^
[INFO] [stdout]    |
[INFO] [stdout] help: a struct with a similar name exists
[INFO] [stdout]    |
[INFO] [stdout] 34 -         TestNamedFieldStructHalfDelta {
[INFO] [stdout] 34 +         TestNamedFieldStruct {
[INFO] [stdout]    |
[INFO] [stdout] 
[INFO] [stdout] 
[INFO] [stdout] error[E0422]: cannot find struct, variant or union type `TestNamedFieldStructHalfDelta` in this scope
[INFO] [stdout]   --> tests/skip_field.rs:37:9
[INFO] [stdout]    |
[INFO] [stdout] 14 | struct TestNamedFieldStruct {
[INFO] [stdout]    | --------------------------- similarly named struct `TestNamedFieldStruct` defined here
[INFO] [stdout] ...
[INFO] [stdout] 37 |         TestNamedFieldStructHalfDelta {
[INFO] [stdout]    |         ^^^^^^^^^^^^^^^^^^^^^^^^^^^^^
[INFO] [stdout]    |
[INFO] [stdout] help: a struct with a similar name exists
[INFO] [stdout]    |
[INFO] [stdout] 37 -         TestNamedFieldStructHalfDelta {
[INFO] [stdout] 37 +         TestNamedFieldStruct {
[INFO] [stdout]    |
[INFO] [stdout] 
[INFO] [stdout] 
[INFO] [stdout] error: cannot find attribute `undoredo` in this scope
[INFO] [stdout]   --> tests/flush_delta.rs:12:3
[INFO] [stdout]    |
[INFO] [stdout] 12 | #[undoredo(half_delta = TestStructHalfDelta, delta = TestStructDelta)]
[INFO] [stdout]    |   ^^^^^^^^
[INFO] [stdout]    |
[INFO] [stdout] help: `undoredo` is an attribute that can be used by the derive macros `ApplyDelta`, `Delta`, `ExtendDelta`, `FlushDelta`, `HalfDelta`, `MergeDeltas` and `ResetDelta`, you might be missing a `derive` attribute
[INFO] [stdout]    |
[INFO] [stdout] 13 + #[derive(ApplyDelta, Delta, ExtendDelta, FlushDelta, HalfDelta, MergeDeltas, ResetDelta)]
[INFO] [stdout] 14 | struct TestStruct {
[INFO] [stdout]    |
[INFO] [stdout] 
[INFO] [stdout] 
[INFO] [stdout] Some errors have detailed explanations: E0422, E0432, E0433, E0599.
[INFO] [stdout] 
[INFO] [stdout] For more information about an error, try `rustc --explain E0422`.
[INFO] [stdout] 
[INFO] [stdout] error: cannot find attribute `undoredo` in this scope
[INFO] [stdout]   --> tests/reset_delta.rs:15:7
[INFO] [stdout]    |
[INFO] [stdout] 15 |     #[undoredo(skip)]
[INFO] [stdout]    |       ^^^^^^^^
[INFO] [stdout]    |
[INFO] [stdout]    = note: `undoredo` is an attribute that can be used by the derive macros `ApplyDelta`, `Delta`, `ExtendDelta`, `FlushDelta`, `HalfDelta`, `MergeDeltas` and `ResetDelta`, you might be missing a `derive` attribute
[INFO] [stdout] 
[INFO] [stdout] 
[INFO] [stderr] error: could not compile `undoredo_derive` (test "apply_delta") due to 6 previous errors
[INFO] [stdout] error: cannot find attribute `undoredo` in this scope
[INFO] [stdout]   --> tests/merge_delta.rs:11:3
[INFO] [stdout]    |
[INFO] [stdout] 11 | #[undoredo(half_delta = TestStructHalfDelta)]
[INFO] [stdout]    |   ^^^^^^^^
[INFO] [stdout]    |
[INFO] [stdout] help: `undoredo` is an attribute that can be used by the derive macros `ApplyDelta`, `Delta`, `ExtendDelta`, `FlushDelta`, `HalfDelta`, `MergeDeltas` and `ResetDelta`, you might be missing a `derive` attribute
[INFO] [stdout]    |
[INFO] [stdout] 12 + #[derive(ApplyDelta, Delta, ExtendDelta, FlushDelta, HalfDelta, MergeDeltas, ResetDelta)]
[INFO] [stdout] 13 | struct TestStruct {
[INFO] [stdout]    |
[INFO] [stdout] 
[INFO] [stdout] 
[INFO] [stdout] error: cannot find attribute `undoredo` in this scope
[INFO] [stdout]   --> tests/reset_delta.rs:23:7
[INFO] [stdout]    |
[INFO] [stdout] 23 |     #[undoredo(skip)] PhantomData<u8>,
[INFO] [stdout]    |       ^^^^^^^^
[INFO] [stdout]    |
[INFO] [stdout]    = note: `undoredo` is an attribute that can be used by the derive macros `ApplyDelta`, `Delta`, `ExtendDelta`, `FlushDelta`, `HalfDelta`, `MergeDeltas` and `ResetDelta`, you might be missing a `derive` attribute
[INFO] [stdout] 
[INFO] [stdout] 
[INFO] [stdout] error[E0422]: cannot find struct, variant or union type `TestStructHalfDelta` in this scope
[INFO] [stdout]   --> tests/merge_delta.rs:23:9
[INFO] [stdout]    |
[INFO] [stdout] 23 |         TestStructHalfDelta {
[INFO] [stdout]    |         ^^^^^^^^^^^^^^^^^^^ not found in this scope
[INFO] [stdout] 
[INFO] [stdout] 
[INFO] [stdout] error[E0422]: cannot find struct, variant or union type `TestStructHalfDelta` in this scope
[INFO] [stdout]   --> tests/merge_delta.rs:26:9
[INFO] [stdout]    |
[INFO] [stdout] 26 |         TestStructHalfDelta {
[INFO] [stdout]    |         ^^^^^^^^^^^^^^^^^^^ not found in this scope
[INFO] [stdout] 
[INFO] [stdout] 
[INFO] [stdout] error[E0422]: cannot find struct, variant or union type `TestStructHalfDelta` in this scope
[INFO] [stdout]   --> tests/merge_delta.rs:31:9
[INFO] [stdout]    |
[INFO] [stdout] 31 |         TestStructHalfDelta {
[INFO] [stdout]    |         ^^^^^^^^^^^^^^^^^^^ not found in this scope
[INFO] [stdout] 
[INFO] [stdout] 
[INFO] [stdout] error[E0422]: cannot find struct, variant or union type `TestStructHalfDelta` in this scope
[INFO] [stdout]   --> tests/merge_delta.rs:34:9
[INFO] [stdout]    |
[INFO] [stdout] 34 |         TestStructHalfDelta {
[INFO] [stdout]    |         ^^^^^^^^^^^^^^^^^^^ not found in this scope
[INFO] [stdout] 
[INFO] [stdout] 
[INFO] [stdout] error[E0425]: cannot find type `TestNamedFieldStructHalfDelta` in this scope
[INFO] [stdout]   --> tests/reset_delta.rs:61:12
[INFO] [stdout]    |
[INFO] [stdout] 13 | struct TestNamedFieldStruct {
[INFO] [stdout]    | --------------------------- similarly named struct `TestNamedFieldStruct` defined here
[INFO] [stdout] ...
[INFO] [stdout] 61 |     let _: TestNamedFieldStructHalfDelta = TestNamedFieldStructHalfDelta {
[INFO] [stdout]    |            ^^^^^^^^^^^^^^^^^^^^^^^^^^^^^
[INFO] [stdout]    |
[INFO] [stdout] help: a struct with a similar name exists
[INFO] [stdout]    |
[INFO] [stdout] 61 -     let _: TestNamedFieldStructHalfDelta = TestNamedFieldStructHalfDelta {
[INFO] [stdout] 61 +     let _: TestNamedFieldStruct = TestNamedFieldStructHalfDelta {
[INFO] [stdout]    |
[INFO] [stdout] 
[INFO] [stdout] 
[INFO] [stdout] error[E0422]: cannot find struct, variant or union type `TestNamedFieldStructHalfDelta` in this scope
[INFO] [stdout]   --> tests/reset_delta.rs:61:44
[INFO] [stdout]    |
[INFO] [stdout] 13 | struct TestNamedFieldStruct {
[INFO] [stdout]    | --------------------------- similarly named struct `TestNamedFieldStruct` defined here
[INFO] [stdout] ...
[INFO] [stdout] 61 |     let _: TestNamedFieldStructHalfDelta = TestNamedFieldStructHalfDelta {
[INFO] [stdout]    |                                            ^^^^^^^^^^^^^^^^^^^^^^^^^^^^^
[INFO] [stdout]    |
[INFO] [stdout] help: a struct with a similar name exists
[INFO] [stdout]    |
[INFO] [stdout] 61 -     let _: TestNamedFieldStructHalfDelta = TestNamedFieldStructHalfDelta {
[INFO] [stdout] 61 +     let _: TestNamedFieldStructHalfDelta = TestNamedFieldStruct {
[INFO] [stdout]    |
[INFO] [stdout] 
[INFO] [stdout] 
[INFO] [stdout] error[E0425]: cannot find type `TestStructDelta` in this scope
[INFO] [stdout]   --> tests/delta.rs:42:12
[INFO] [stdout]    |
[INFO] [stdout] 27 | pub struct TestStruct {
[INFO] [stdout]    | --------------------- similarly named struct `TestStruct` defined here
[INFO] [stdout] ...
[INFO] [stdout] 42 |     let _: TestStructDelta = TestStructDelta::with_removed_inserted(
[INFO] [stdout]    |            ^^^^^^^^^^^^^^^
[INFO] [stdout]    |
[INFO] [stdout] help: a struct with a similar name exists
[INFO] [stdout]    |
[INFO] [stdout] 42 -     let _: TestStructDelta = TestStructDelta::with_removed_inserted(
[INFO] [stdout] 42 +     let _: TestStruct = TestStructDelta::with_removed_inserted(
[INFO] [stdout]    |
[INFO] [stdout] 
[INFO] [stdout] 
[INFO] [stdout] error[E0422]: cannot find struct, variant or union type `TestStructHalfDelta` in this scope
[INFO] [stdout]   --> tests/delta.rs:43:9
[INFO] [stdout]    |
[INFO] [stdout] 43 |         TestStructHalfDelta {
[INFO] [stdout]    |         ^^^^^^^^^^^^^^^^^^^ not found in this scope
[INFO] [stdout] 
[INFO] [stdout] 
[INFO] [stdout] error[E0422]: cannot find struct, variant or union type `TestStructHalfDelta` in this scope
[INFO] [stdout]   --> tests/delta.rs:55:9
[INFO] [stdout]    |
[INFO] [stdout] 55 |         TestStructHalfDelta {
[INFO] [stdout]    |         ^^^^^^^^^^^^^^^^^^^ not found in this scope
[INFO] [stdout] 
[INFO] [stdout] 
[INFO] [stdout] error[E0422]: cannot find struct, variant or union type `TestStructHalfDelta` in this scope
[INFO] [stdout]   --> tests/delta.rs:86:9
[INFO] [stdout]    |
[INFO] [stdout] 86 |         TestStructHalfDelta {
[INFO] [stdout]    |         ^^^^^^^^^^^^^^^^^^^ not found in this scope
[INFO] [stdout] 
[INFO] [stdout] 
[INFO] [stdout] error[E0422]: cannot find struct, variant or union type `TestStructHalfDelta` in this scope
[INFO] [stdout]   --> tests/delta.rs:98:9
[INFO] [stdout]    |
[INFO] [stdout] 98 |         TestStructHalfDelta {
[INFO] [stdout]    |         ^^^^^^^^^^^^^^^^^^^ not found in this scope
[INFO] [stdout] 
[INFO] [stdout] 
[INFO] [stdout] error[E0433]: cannot find type `TestStructDelta` in this scope
[INFO] [stdout]   --> tests/delta.rs:42:30
[INFO] [stdout]    |
[INFO] [stdout] 42 |     let _: TestStructDelta = TestStructDelta::with_removed_inserted(
[INFO] [stdout]    |                              ^^^^^^^^^^^^^^^ use of undeclared type `TestStructDelta`
[INFO] [stdout]    |
[INFO] [stdout] help: a struct with a similar name exists
[INFO] [stdout]    |
[INFO] [stdout] 42 -     let _: TestStructDelta = TestStructDelta::with_removed_inserted(
[INFO] [stdout] 42 +     let _: TestStructDelta = TestStruct::with_removed_inserted(
[INFO] [stdout]    |
[INFO] [stdout] 
[INFO] [stdout] 
[INFO] [stdout] error[E0433]: cannot find type `TestStructDelta` in this scope
[INFO] [stdout]   --> tests/delta.rs:85:13
[INFO] [stdout]    |
[INFO] [stdout] 85 |     let d = TestStructDelta::with_removed_inserted(
[INFO] [stdout]    |             ^^^^^^^^^^^^^^^ use of undeclared type `TestStructDelta`
[INFO] [stdout]    |
[INFO] [stdout] help: a struct with a similar name exists
[INFO] [stdout]    |
[INFO] [stdout] 85 -     let d = TestStructDelta::with_removed_inserted(
[INFO] [stdout] 85 +     let d = TestStruct::with_removed_inserted(
[INFO] [stdout]    |
[INFO] [stdout] 
[INFO] [stdout] 
[INFO] [stdout] error[E0599]: no method named `apply_delta` found for struct `TestNamedFieldStruct` in the current scope
[INFO] [stdout]   --> tests/skip_field.rs:41:7
[INFO] [stdout]    |
[INFO] [stdout] 14 | struct TestNamedFieldStruct {
[INFO] [stdout]    | --------------------------- method `apply_delta` not found for this struct
[INFO] [stdout] ...
[INFO] [stdout] 41 |     s.apply_delta(d);
[INFO] [stdout]    |       ^^^^^^^^^^^ method not found in `TestNamedFieldStruct`
[INFO] [stdout] 
[INFO] [stdout] 
[INFO] [stdout] error[E0425]: cannot find function, tuple struct or tuple variant `TestTupleStructHalfDelta` in this scope
[INFO] [stdout]   --> tests/skip_field.rs:67:9
[INFO] [stdout]    |
[INFO] [stdout] 67 |         TestTupleStructHalfDelta(VecHalfDelta::new(), VecHalfDelta::from([(0, 200)])),
[INFO] [stdout]    |         ^^^^^^^^^^^^^^^^^^^^^^^^ not found in this scope
[INFO] [stdout] 
[INFO] [stdout] 
[INFO] [stdout] error[E0425]: cannot find function, tuple struct or tuple variant `TestTupleStructHalfDelta` in this scope
[INFO] [stdout]   --> tests/skip_field.rs:68:9
[INFO] [stdout]    |
[INFO] [stdout] 68 |         TestTupleStructHalfDelta(VecHalfDelta::new(), VecHalfDelta::from([(0, 7)])),
[INFO] [stdout]    |         ^^^^^^^^^^^^^^^^^^^^^^^^ not found in this scope
[INFO] [stdout] 
[INFO] [stdout] 
[INFO] [stdout] error[E0599]: no method named `flush_delta` found for struct `TestStruct` in the current scope
[INFO] [stdout]   --> tests/flush_delta.rs:22:15
[INFO] [stdout]    |
[INFO] [stdout] 13 | struct TestStruct {
[INFO] [stdout]    | ----------------- method `flush_delta` not found for this struct
[INFO] [stdout] ...
[INFO] [stdout] 22 |     let d = s.flush_delta();
[INFO] [stdout]    |               ^^^^^^^^^^^ method not found in `TestStruct`
[INFO] [stdout] 
[INFO] [stdout] 
[INFO] [stdout] error[E0599]: no method named `apply_delta` found for struct `TestStruct` in the current scope
[INFO] [stdout]   --> tests/merge_delta.rs:39:7
[INFO] [stdout]    |
[INFO] [stdout] 12 | struct TestStruct {
[INFO] [stdout]    | ----------------- method `apply_delta` not found for this struct
[INFO] [stdout] ...
[INFO] [stdout] 39 |     s.apply_delta(first.merge_deltas(second));
[INFO] [stdout]    |       ^^^^^^^^^^^ method not found in `TestStruct`
[INFO] [stdout] 
[INFO] [stdout] 
[INFO] [stdout] error[E0433]: cannot find module or crate `undoredo` in this scope
[INFO] [stdout]   --> tests/generics.rs:37:16
[INFO] [stdout]    |
[INFO] [stdout] 37 |     let delta: undoredo::Delta<TestGenericStructHalfDelta<RecordedVec, RecordedVec, RecordedVec>> =
[INFO] [stdout]    |                ^^^^^^^^ use of unresolved module or unlinked crate `undoredo`
[INFO] [stdout]    |
[INFO] [stdout]    = help: if you wanted to use a crate named `undoredo`, use `cargo add undoredo` to add it to your `Cargo.toml`
[INFO] [stdout] 
[INFO] [stdout] 
[INFO] [stdout] Some errors have detailed explanations: E0425, E0432, E0433.
[INFO] [stdout] 
[INFO] [stdout] For more information about an error, try `rustc --explain E0425`.
[INFO] [stdout] 
[INFO] [stdout] Some errors have detailed explanations: E0432, E0599.
[INFO] [stdout] 
[INFO] [stdout] For more information about an error, try `rustc --explain E0432`.
[INFO] [stdout] 
[INFO] [stdout] error[E0599]: no method named `apply_delta` found for struct `TestTupleStruct` in the current scope
[INFO] [stdout]   --> tests/skip_field.rs:70:7
[INFO] [stdout]    |
[INFO] [stdout] 21 | struct TestTupleStruct(
[INFO] [stdout]    | ---------------------- method `apply_delta` not found for this struct
[INFO] [stdout] ...
[INFO] [stdout] 70 |     s.apply_delta(d);
[INFO] [stdout]    |       ^^^^^^^^^^^ method not found in `TestTupleStruct`
[INFO] [stdout] 
[INFO] [stdout] 
[INFO] [stdout] Some errors have detailed explanations: E0422, E0432, E0433, E0599.
[INFO] [stdout] 
[INFO] [stdout] For more information about an error, try `rustc --explain E0422`.
[INFO] [stdout] 
[INFO] [stdout] error[E0425]: cannot find function, tuple struct or tuple variant `TestTupleStructHalfDelta` in this scope
[INFO] [stdout]   --> tests/skip_field.rs:75:9
[INFO] [stdout]    |
[INFO] [stdout] 75 |         TestTupleStructHalfDelta(VecHalfDelta::from([(0, 100)]), VecHalfDelta::new()),
[INFO] [stdout]    |         ^^^^^^^^^^^^^^^^^^^^^^^^ not found in this scope
[INFO] [stdout] 
[INFO] [stdout] 
[INFO] [stdout] error[E0425]: cannot find function, tuple struct or tuple variant `TestTupleStructHalfDelta` in this scope
[INFO] [stdout]   --> tests/skip_field.rs:76:9
[INFO] [stdout]    |
[INFO] [stdout] 76 |         TestTupleStructHalfDelta(VecHalfDelta::from([(0, 50)]), VecHalfDelta::new()),
[INFO] [stdout]    |         ^^^^^^^^^^^^^^^^^^^^^^^^ not found in this scope
[INFO] [stdout] 
[INFO] [stdout] 
[INFO] [stderr] error: could not compile `undoredo_derive` (test "merge_delta") due to 8 previous errors
[INFO] [stdout] error[E0599]: no method named `apply_delta` found for struct `TestStruct` in the current scope
[INFO] [stdout]    --> tests/delta.rs:111:7
[INFO] [stdout]     |
[INFO] [stdout]  27 | pub struct TestStruct {
[INFO] [stdout]     | --------------------- method `apply_delta` not found for this struct
[INFO] [stdout] ...
[INFO] [stdout] 111 |     s.apply_delta(d);
[INFO] [stdout]     |       ^^^^^^^^^^^ method not found in `TestStruct`
[INFO] [stdout] 
[INFO] [stdout] 
[INFO] [stderr] error: could not compile `undoredo_derive` (test "generics") due to 3 previous errors
[INFO] [stderr] error: could not compile `undoredo_derive` (test "flush_delta") due to 3 previous errors
[INFO] [stdout] error[E0599]: no method named `reset_delta` found for struct `TestNamedFieldStruct` in the current scope
[INFO] [stdout]   --> tests/reset_delta.rs:36:7
[INFO] [stdout]    |
[INFO] [stdout] 13 | struct TestNamedFieldStruct {
[INFO] [stdout]    | --------------------------- method `reset_delta` not found for this struct
[INFO] [stdout] ...
[INFO] [stdout] 36 |     s.reset_delta();
[INFO] [stdout]    |       ^^^^^^^^^^^ method not found in `TestNamedFieldStruct`
[INFO] [stdout] 
[INFO] [stdout] 
[INFO] [stdout] error[E0599]: no method named `apply_delta` found for struct `TestTupleStruct` in the current scope
[INFO] [stdout]   --> tests/skip_field.rs:78:7
[INFO] [stdout]    |
[INFO] [stdout] 21 | struct TestTupleStruct(
[INFO] [stdout]    | ---------------------- method `apply_delta` not found for this struct
[INFO] [stdout] ...
[INFO] [stdout] 78 |     s.apply_delta(d2);
[INFO] [stdout]    |       ^^^^^^^^^^^ method not found in `TestTupleStruct`
[INFO] [stdout] 
[INFO] [stdout] 
[INFO] [stdout] error[E0599]: no method named `reset_delta` found for struct `TestStruct` in the current scope
[INFO] [stdout]    --> tests/delta.rs:132:7
[INFO] [stdout]     |
[INFO] [stdout]  27 | pub struct TestStruct {
[INFO] [stdout]     | --------------------- method `reset_delta` not found for this struct
[INFO] [stdout] ...
[INFO] [stdout] 132 |     s.reset_delta();
[INFO] [stdout]     |       ^^^^^^^^^^^ method not found in `TestStruct`
[INFO] [stdout] 
[INFO] [stdout] 
[INFO] [stdout] Some errors have detailed explanations: E0422, E0425, E0432, E0433, E0599.
[INFO] [stdout] 
[INFO] [stdout] For more information about an error, try `rustc --explain E0422`.
[INFO] [stdout] 
[INFO] [stdout] error[E0599]: no method named `reset_delta` found for struct `TestTupleStruct` in the current scope
[INFO] [stdout]   --> tests/reset_delta.rs:53:7
[INFO] [stdout]    |
[INFO] [stdout] 21 | struct TestTupleStruct(
[INFO] [stdout]    | ---------------------- method `reset_delta` not found for this struct
[INFO] [stdout] ...
[INFO] [stdout] 53 |     s.reset_delta();
[INFO] [stdout]    |       ^^^^^^^^^^^ method not found in `TestTupleStruct`
[INFO] [stdout] 
[INFO] [stdout] 
[INFO] [stderr] error: could not compile `undoredo_derive` (test "skip_field") due to 13 previous errors
[INFO] [stdout] error[E0599]: the method `assign` exists for enum `TestEnum`, but its trait bounds were not satisfied
[INFO] [stdout]    --> tests/delta.rs:154:7
[INFO] [stdout]     |
[INFO] [stdout] 139 | pub enum TestEnum {
[INFO] [stdout]     | ----------------- method `assign` not found for this enum because it doesn't satisfy `TestEnum: Assign` or `TestEnum: Keyed`
[INFO] [stdout] ...
[INFO] [stdout] 154 |     e.assign(TestEnum::Fields { i: 1, u: 2 });
[INFO] [stdout]     |       ^^^^^^ method cannot be called on `TestEnum` due to unsatisfied trait bounds
[INFO] [stdout]     |
[INFO] [stdout]     = note: the following trait bounds were not satisfied:
[INFO] [stdout]             `TestEnum: Keyed`
[INFO] [stdout]             which is required by `TestEnum: Assign`
[INFO] [stdout] note: the trait `Keyed` must be implemented
[INFO] [stdout]    --> /opt/rustwide/cargo-home/registry/src/index.crates.io-1949cf8c6b5b557f/maplike-0.15.0/src/abc.rs:28:1
[INFO] [stdout]     |
[INFO] [stdout]  28 | pub trait Keyed: Container {
[INFO] [stdout]     | ^^^^^^^^^^^^^^^^^^^^^^^^^^
[INFO] [stdout]     = help: items from traits can only be used if the trait is implemented and in scope
[INFO] [stdout]     = note: the following trait defines an item `assign`, perhaps you need to implement it:
[INFO] [stdout]             candidate #1: `Assign`
[INFO] [stdout] 
[INFO] [stdout] 
[INFO] [stdout] Some errors have detailed explanations: E0422, E0425, E0432, E0599.
[INFO] [stdout] 
[INFO] [stdout] For more information about an error, try `rustc --explain E0422`.
[INFO] [stdout] 
[INFO] [stderr] error: could not compile `undoredo_derive` (test "reset_delta") due to 7 previous errors
[INFO] [stdout] Some errors have detailed explanations: E0422, E0425, E0432, E0433, E0599.
[INFO] [stdout] 
[INFO] [stdout] For more information about an error, try `rustc --explain E0422`.
[INFO] [stdout] 
[INFO] [stderr] error: could not compile `undoredo_derive` (test "delta") due to 14 previous errors
[INFO] running `Command { std: "docker" "inspect" "2df74c2a4de512b04e823e2a01b2965f8bdb6b97d0e7d6877955f034b315eae1", kill_on_drop: false }`
[INFO] running `Command { std: "docker" "rm" "-f" "2df74c2a4de512b04e823e2a01b2965f8bdb6b97d0e7d6877955f034b315eae1", kill_on_drop: false }`
[INFO] [stdout] 2df74c2a4de512b04e823e2a01b2965f8bdb6b97d0e7d6877955f034b315eae1
