[INFO] fetching crate undoredo 0.15.1...
[INFO] testing undoredo-0.15.1 against 1.99.0-beta.8 for beta-1.100-2
[INFO] extracting crate undoredo 0.15.1 into /workspace/builds/worker-5-tc1/source
[INFO] started tweaking crates.io crate undoredo 0.15.1
[INFO] removed 0 missing examples
[INFO] removed 0 missing tests
[INFO] finished tweaking crates.io crate undoredo 0.15.1
[INFO] tweaked toml for crates.io crate undoredo 0.15.1 written to /workspace/builds/worker-5-tc1/source/Cargo.toml
[INFO] validating manifest of crates.io crate undoredo 0.15.1 on toolchain 1.99.0-beta.8
[INFO] running `Command { std: CARGO_HOME="/workspace/cargo-home" RUSTUP_HOME="/workspace/rustup-home" "/workspace/cargo-home/bin/cargo" "+1.99.0-beta.8" "metadata" "--manifest-path" "Cargo.toml" "--no-deps", kill_on_drop: false }`
[INFO] crate crates.io crate undoredo 0.15.1 already has a lockfile, it will not be regenerated
[INFO] running `Command { std: CARGO_HOME="/workspace/cargo-home" RUSTUP_HOME="/workspace/rustup-home" "/workspace/cargo-home/bin/cargo" "+1.99.0-beta.8" "fetch" "--manifest-path" "Cargo.toml", kill_on_drop: false }`
[INFO] [stderr]     Updating crates.io index
[INFO] [stderr]  Downloading crates ...
[INFO] [stderr]   Downloaded undoredo_derive v0.15.1
[INFO] [stderr]   Downloaded rstar v0.13.0
[INFO] [stderr]   Downloaded maplike_derive v0.15.0
[INFO] [stderr]   Downloaded maplike v0.15.0
[INFO] [stderr]   Downloaded thunderdome v0.6.1
[INFO] [stderr]   Downloaded bidimap v0.7.0
[INFO] [stderr]   Downloaded stable-vec v0.4.2
[INFO] running `Command { std: "docker" "create" "-v" "/var/lib/crater-agent-workspace/builds/worker-5-tc1/source:/opt/rustwide/workdir:ro,Z" "-v" "/var/lib/crater-agent-workspace/builds/worker-5-tc1/target:/opt/rustwide/target:rw,Z" "-v" "/var/lib/crater-agent-workspace/cargo-home:/opt/rustwide/cargo-home:ro,Z" "-v" "/var/lib/crater-agent-workspace/rustup-home:/opt/rustwide/rustup-home:ro,Z" "-m" "1610612736" "--network" "none" "ghcr.io/rust-lang/crates-build-env/linux@sha256:3111399a4047eeb3a02b7a90e478d715f38a8c6669b5c4b49d30a17385265909" "sleep" "infinity", kill_on_drop: false }`
[INFO] [stdout] d1848887763b18ded55fa35f5de0e0d1ae540f9ddf7f2d21397e86dc7706b2ac
[INFO] running `Command { std: "docker" "start" "d1848887763b18ded55fa35f5de0e0d1ae540f9ddf7f2d21397e86dc7706b2ac", kill_on_drop: false }`
[INFO] running `Command { std: "docker" "inspect" "d1848887763b18ded55fa35f5de0e0d1ae540f9ddf7f2d21397e86dc7706b2ac", kill_on_drop: false }`
[INFO] running `Command { std: "docker" "exec" "-e" "SOURCE_DIR=/opt/rustwide/workdir" "-e" "CARGO_HOME=/opt/rustwide/cargo-home" "-e" "RUSTUP_HOME=/opt/rustwide/rustup-home" "-e" "CARGO_TARGET_DIR=/opt/rustwide/target" "-w" "/opt/rustwide/workdir" "--user" "0:0" "d1848887763b18ded55fa35f5de0e0d1ae540f9ddf7f2d21397e86dc7706b2ac" "/opt/rustwide/cargo-home/bin/cargo" "+1.99.0-beta.8" "metadata" "--no-deps" "--format-version=1", kill_on_drop: false }`
[INFO] running `Command { std: "docker" "inspect" "d1848887763b18ded55fa35f5de0e0d1ae540f9ddf7f2d21397e86dc7706b2ac", kill_on_drop: false }`
[INFO] running `Command { std: "docker" "exec" "-e" "SOURCE_DIR=/opt/rustwide/workdir" "-e" "CARGO_HOME=/opt/rustwide/cargo-home" "-e" "RUSTUP_HOME=/opt/rustwide/rustup-home" "-e" "CARGO_TARGET_DIR=/opt/rustwide/target" "-e" "CARGO_INCREMENTAL=0" "-e" "RUST_BACKTRACE=full" "-e" "RUSTFLAGS=--cap-lints=warn" "-e" "RUSTDOCFLAGS=--cap-lints=warn" "-w" "/opt/rustwide/workdir" "--user" "0:0" "d1848887763b18ded55fa35f5de0e0d1ae540f9ddf7f2d21397e86dc7706b2ac" "/opt/rustwide/cargo-home/bin/cargo" "+1.99.0-beta.8" "build" "--frozen" "--message-format=json", kill_on_drop: false }`
[INFO] [stderr]    Compiling syn v3.0.3
[INFO] [stderr]    Compiling maplike_derive v0.15.0
[INFO] [stderr]    Compiling maplike v0.15.0
[INFO] [stderr]    Compiling undoredo v0.15.1 (/opt/rustwide/workdir)
[INFO] [stderr]     Finished `dev` profile [unoptimized + debuginfo] target(s) in 4.99s
[INFO] running `Command { std: "docker" "inspect" "d1848887763b18ded55fa35f5de0e0d1ae540f9ddf7f2d21397e86dc7706b2ac", kill_on_drop: false }`
[INFO] running `Command { std: "docker" "exec" "-e" "SOURCE_DIR=/opt/rustwide/workdir" "-e" "CARGO_HOME=/opt/rustwide/cargo-home" "-e" "RUSTUP_HOME=/opt/rustwide/rustup-home" "-e" "CARGO_TARGET_DIR=/opt/rustwide/target" "-e" "CARGO_INCREMENTAL=0" "-e" "RUST_BACKTRACE=full" "-e" "RUSTFLAGS=--cap-lints=warn" "-e" "RUSTDOCFLAGS=--cap-lints=warn" "-w" "/opt/rustwide/workdir" "--user" "0:0" "d1848887763b18ded55fa35f5de0e0d1ae540f9ddf7f2d21397e86dc7706b2ac" "/opt/rustwide/cargo-home/bin/cargo" "+1.99.0-beta.8" "test" "--frozen" "--no-run" "--message-format=json", kill_on_drop: false }`
[INFO] [stderr]    Compiling num-traits v0.2.19
[INFO] [stderr]    Compiling serde_derive v1.0.229
[INFO] [stderr]    Compiling smallvec v1.15.2
[INFO] [stderr]    Compiling tinyvec_macros v0.1.1
[INFO] [stderr]    Compiling stable-vec v0.4.2
[INFO] [stderr]    Compiling thunderdome v0.6.1
[INFO] [stderr]    Compiling tinyvec v1.12.0
[INFO] [stderr]    Compiling rstar v0.13.0
[INFO] [stderr]    Compiling serde v1.0.229
[INFO] [stderr]    Compiling undoredo v0.15.1 (/opt/rustwide/workdir)
[INFO] [stdout] error: cannot find derive macro `Delta` in this scope
[INFO] [stdout]   --> tests/enum.rs:13:10
[INFO] [stdout]    |
[INFO] [stdout] 13 | #[derive(Delta, Clone, Debug, Eq, Hash, PartialEq)]
[INFO] [stdout]    |          ^^^^^
[INFO] [stdout]    |
[INFO] [stdout] note: `Delta` is imported here, but it is a struct, not a derive macro
[INFO] [stdout]   --> tests/enum.rs:11:16
[INFO] [stdout]    |
[INFO] [stdout] 11 | use undoredo::{Delta, Recorder, UndoRedo};
[INFO] [stdout]    |                ^^^^^
[INFO] [stdout] 
[INFO] [stdout] 
[INFO] [stdout] error: cannot find derive macro `Delta` in this scope
[INFO] [stdout]   --> tests/struct.rs:13:10
[INFO] [stdout]    |
[INFO] [stdout] 13 | #[derive(Delta, Clone, Debug, Eq, Hash, PartialEq)]
[INFO] [stdout]    |          ^^^^^
[INFO] [stdout]    |
[INFO] [stdout] note: `Delta` is imported here, but it is a struct, not a derive macro
[INFO] [stdout]   --> tests/struct.rs:11:16
[INFO] [stdout]    |
[INFO] [stdout] 11 | use undoredo::{Delta, Recorder, UndoRedo};
[INFO] [stdout]    |                ^^^^^
[INFO] [stdout] 
[INFO] [stdout] 
[INFO] [stdout] error: cannot find derive macro `Delta` in this scope
[INFO] [stdout]   --> tests/struct.rs:19:10
[INFO] [stdout]    |
[INFO] [stdout] 19 | #[derive(Delta, Clone, Debug, Eq, Hash, PartialEq)]
[INFO] [stdout]    |          ^^^^^
[INFO] [stdout]    |
[INFO] [stdout] note: `Delta` is imported here, but it is a struct, not a derive macro
[INFO] [stdout]   --> tests/struct.rs:11:16
[INFO] [stdout]    |
[INFO] [stdout] 11 | use undoredo::{Delta, Recorder, UndoRedo};
[INFO] [stdout]    |                ^^^^^
[INFO] [stdout] 
[INFO] [stdout] 
[INFO] [stdout] error[E0425]: cannot find type `TestStructDelta` in this scope
[INFO] [stdout]   --> tests/struct.rs:31:32
[INFO] [stdout]    |
[INFO] [stdout] 20 | struct TestStruct {
[INFO] [stdout]    | ----------------- similarly named struct `TestStruct` defined here
[INFO] [stdout] ...
[INFO] [stdout] 31 |     let mut undoredo: UndoRedo<TestStructDelta> = UndoRedo::new();
[INFO] [stdout]    |                                ^^^^^^^^^^^^^^^
[INFO] [stdout]    |
[INFO] [stdout] help: a struct with a similar name exists
[INFO] [stdout]    |
[INFO] [stdout] 31 -     let mut undoredo: UndoRedo<TestStructDelta> = UndoRedo::new();
[INFO] [stdout] 31 +     let mut undoredo: UndoRedo<TestStruct> = UndoRedo::new();
[INFO] [stdout]    |
[INFO] [stdout] help: you might be missing a type parameter
[INFO] [stdout]    |
[INFO] [stdout] 26 | fn test_struct<TestStructDelta>() {
[INFO] [stdout]    |               +++++++++++++++++
[INFO] [stdout] 
[INFO] [stdout] 
[INFO] [stdout] error[E0277]: the trait bound `TestEnum: Keyed` is not satisfied
[INFO] [stdout]   --> tests/enum.rs:22:23
[INFO] [stdout]    |
[INFO] [stdout] 22 |     let mut recorder: Recorder<TestEnum> = Recorder::new(TestEnum::Unit);
[INFO] [stdout]    |                       ^^^^^^^^^^^^^^^^^^ unsatisfied trait bound
[INFO] [stdout]    |
[INFO] [stdout] help: the trait `Keyed` is not implemented for `TestEnum`
[INFO] [stdout]   --> tests/enum.rs:14:1
[INFO] [stdout]    |
[INFO] [stdout] 14 | enum TestEnum {
[INFO] [stdout]    | ^^^^^^^^^^^^^
[INFO] [stdout]    = help: the following other types implement trait `Keyed`:
[INFO] [stdout]              ()
[INFO] [stdout]              (T0,)
[INFO] [stdout]              (T0, T1)
[INFO] [stdout]              (T0, T1, T2)
[INFO] [stdout]              (T0, T1, T2, T3)
[INFO] [stdout]              (T0, T1, T2, T3, T4)
[INFO] [stdout]              (T0, T1, T2, T3, T4, T5)
[INFO] [stdout]              (T0, T1, T2, T3, T4, T5, T6)
[INFO] [stdout]            and 37 others
[INFO] [stdout] 
[INFO] [stdout] 
[INFO] [stdout] error[E0277]: the trait bound `TestEnum: Keyed` is not satisfied
[INFO] [stdout]   --> tests/enum.rs:22:58
[INFO] [stdout]    |
[INFO] [stdout] 22 |     let mut recorder: Recorder<TestEnum> = Recorder::new(TestEnum::Unit);
[INFO] [stdout]    |                                            ------------- ^^^^^^^^^^^^^^ unsatisfied trait bound
[INFO] [stdout]    |                                            |
[INFO] [stdout]    |                                            required by a bound introduced by this call
[INFO] [stdout]    |
[INFO] [stdout] help: the trait `Keyed` is not implemented for `TestEnum`
[INFO] [stdout]   --> tests/enum.rs:14:1
[INFO] [stdout]    |
[INFO] [stdout] 14 | enum TestEnum {
[INFO] [stdout]    | ^^^^^^^^^^^^^
[INFO] [stdout]    = help: the following other types implement trait `Keyed`:
[INFO] [stdout]              ()
[INFO] [stdout]              (T0,)
[INFO] [stdout]              (T0, T1)
[INFO] [stdout]              (T0, T1, T2)
[INFO] [stdout]              (T0, T1, T2, T3)
[INFO] [stdout]              (T0, T1, T2, T3, T4)
[INFO] [stdout]              (T0, T1, T2, T3, T4, T5)
[INFO] [stdout]              (T0, T1, T2, T3, T4, T5, T6)
[INFO] [stdout]            and 37 others
[INFO] [stdout] note: required by a bound in `Recorder::<C, DC>::new`
[INFO] [stdout]   --> src/recorder.rs:35:9
[INFO] [stdout]    |
[INFO] [stdout] 35 | impl<C: Keyed, DC: Keyed + Default> Recorder<C, DC> {
[INFO] [stdout]    |         ^^^^^ required by this bound in `Recorder::<C, DC>::new`
[INFO] [stdout] ...
[INFO] [stdout] 38 |     pub fn new(container: C) -> Self {
[INFO] [stdout]    |            --- required by a bound in this associated function
[INFO] [stdout] 
[INFO] [stdout] 
[INFO] [stdout] error[E0277]: the trait bound `TestEnum: Keyed` is not satisfied
[INFO] [stdout]   --> tests/enum.rs:22:44
[INFO] [stdout]    |
[INFO] [stdout] 22 |     let mut recorder: Recorder<TestEnum> = Recorder::new(TestEnum::Unit);
[INFO] [stdout]    |                                            ^^^^^^^^^^^^^^^^^^^^^^^^^^^^^ unsatisfied trait bound
[INFO] [stdout]    |
[INFO] [stdout] help: the trait `Keyed` is not implemented for `TestEnum`
[INFO] [stdout]   --> tests/enum.rs:14:1
[INFO] [stdout]    |
[INFO] [stdout] 14 | enum TestEnum {
[INFO] [stdout]    | ^^^^^^^^^^^^^
[INFO] [stdout]    = help: the following other types implement trait `Keyed`:
[INFO] [stdout]              ()
[INFO] [stdout]              (T0,)
[INFO] [stdout]              (T0, T1)
[INFO] [stdout]              (T0, T1, T2)
[INFO] [stdout]              (T0, T1, T2, T3)
[INFO] [stdout]              (T0, T1, T2, T3, T4)
[INFO] [stdout]              (T0, T1, T2, T3, T4, T5)
[INFO] [stdout]              (T0, T1, T2, T3, T4, T5, T6)
[INFO] [stdout]            and 37 others
[INFO] [stdout] note: required by a bound in `Recorder`
[INFO] [stdout]   --> src/recorder.rs:23:24
[INFO] [stdout]    |
[INFO] [stdout] 23 | pub struct Recorder<C: Keyed, DC: Keyed = BTreeMap<<C as Keyed>::Key, <C as Container>::Value>> {
[INFO] [stdout]    |                        ^^^^^ required by this bound in `Recorder`
[INFO] [stdout] 
[INFO] [stdout] 
[INFO] [stdout] error[E0599]: the method `container` exists for struct `Recorder<TestEnum, BTreeMap<_, _>>`, but its trait bounds were not satisfied
[INFO] [stdout]   --> tests/enum.rs:24:25
[INFO] [stdout]    |
[INFO] [stdout] 14 | enum TestEnum {
[INFO] [stdout]    | ------------- doesn't satisfy `TestEnum: Keyed`
[INFO] [stdout] ...
[INFO] [stdout] 24 |     assert_eq!(recorder.container(), &TestEnum::Unit);
[INFO] [stdout]    |                         ^^^^^^^^^ private field, not a method
[INFO] [stdout]    |
[INFO] [stdout]    = note: the following trait bounds were not satisfied:
[INFO] [stdout]            `TestEnum: Keyed`
[INFO] [stdout] note: the trait `Keyed` must be implemented
[INFO] [stdout]   --> /opt/rustwide/cargo-home/registry/src/index.crates.io-1949cf8c6b5b557f/maplike-0.15.0/src/abc.rs:28:1
[INFO] [stdout]    |
[INFO] [stdout] 28 | pub trait Keyed: Container {
[INFO] [stdout]    | ^^^^^^^^^^^^^^^^^^^^^^^^^^
[INFO] [stdout] 
[INFO] [stdout] 
[INFO] [stdout] error[E0599]: the method `assign` exists for struct `Recorder<TestEnum, BTreeMap<_, _>>`, but its trait bounds were not satisfied
[INFO] [stdout]   --> tests/enum.rs:26:14
[INFO] [stdout]    |
[INFO] [stdout] 14 | enum TestEnum {
[INFO] [stdout]    | ------------- doesn't satisfy `TestEnum: Keyed`
[INFO] [stdout] ...
[INFO] [stdout] 26 |     recorder.assign(TestEnum::Tuple(vec![1], vec![2, 3]));
[INFO] [stdout]    |              ^^^^^^ method cannot be called on `Recorder<TestEnum, BTreeMap<_, _>>` due to unsatisfied trait bounds
[INFO] [stdout]    |
[INFO] [stdout]    = note: the following trait bounds were not satisfied:
[INFO] [stdout]            `TestEnum: Keyed`
[INFO] [stdout] note: the trait `Keyed` must be implemented
[INFO] [stdout]   --> /opt/rustwide/cargo-home/registry/src/index.crates.io-1949cf8c6b5b557f/maplike-0.15.0/src/abc.rs:28:1
[INFO] [stdout]    |
[INFO] [stdout] 28 | pub trait Keyed: Container {
[INFO] [stdout]    | ^^^^^^^^^^^^^^^^^^^^^^^^^^
[INFO] [stdout] 
[INFO] [stdout] 
[INFO] [stdout] error[E0277]: the trait bound `TestEnum: Keyed` is not satisfied
[INFO] [stdout]   --> tests/enum.rs:27:5
[INFO] [stdout]    |
[INFO] [stdout] 27 |     undoredo.commit(&mut recorder);
[INFO] [stdout]    |     ^^^^^^^^^^^^^^^^^^^^^^^^^^^^^^ unsatisfied trait bound
[INFO] [stdout]    |
[INFO] [stdout] help: the trait `Keyed` is not implemented for `TestEnum`
[INFO] [stdout]   --> tests/enum.rs:14:1
[INFO] [stdout]    |
[INFO] [stdout] 14 | enum TestEnum {
[INFO] [stdout]    | ^^^^^^^^^^^^^
[INFO] [stdout]    = help: the following other types implement trait `Keyed`:
[INFO] [stdout]              ()
[INFO] [stdout]              (T0,)
[INFO] [stdout]              (T0, T1)
[INFO] [stdout]              (T0, T1, T2)
[INFO] [stdout]              (T0, T1, T2, T3)
[INFO] [stdout]              (T0, T1, T2, T3, T4)
[INFO] [stdout]              (T0, T1, T2, T3, T4, T5)
[INFO] [stdout]              (T0, T1, T2, T3, T4, T5, T6)
[INFO] [stdout]            and 37 others
[INFO] [stdout] note: required by a bound in `Recorder`
[INFO] [stdout]   --> src/recorder.rs:23:24
[INFO] [stdout]    |
[INFO] [stdout] 23 | pub struct Recorder<C: Keyed, DC: Keyed = BTreeMap<<C as Keyed>::Key, <C as Container>::Value>> {
[INFO] [stdout]    |                        ^^^^^ required by this bound in `Recorder`
[INFO] [stdout] 
[INFO] [stdout] 
[INFO] [stdout] error[E0599]: the method `container` exists for struct `Recorder<TestEnum, BTreeMap<usize, TestEnum>>`, but its trait bounds were not satisfied
[INFO] [stdout]   --> tests/enum.rs:28:25
[INFO] [stdout]    |
[INFO] [stdout] 14 | enum TestEnum {
[INFO] [stdout]    | ------------- doesn't satisfy `TestEnum: Keyed`
[INFO] [stdout] ...
[INFO] [stdout] 28 |     assert_eq!(recorder.container(), &TestEnum::Tuple(vec![1], vec![2, 3]));
[INFO] [stdout]    |                         ^^^^^^^^^ private field, not a method
[INFO] [stdout]    |
[INFO] [stdout]    = note: the following trait bounds were not satisfied:
[INFO] [stdout]            `TestEnum: Keyed`
[INFO] [stdout] note: the trait `Keyed` must be implemented
[INFO] [stdout]   --> /opt/rustwide/cargo-home/registry/src/index.crates.io-1949cf8c6b5b557f/maplike-0.15.0/src/abc.rs:28:1
[INFO] [stdout]    |
[INFO] [stdout] 28 | pub trait Keyed: Container {
[INFO] [stdout]    | ^^^^^^^^^^^^^^^^^^^^^^^^^^
[INFO] [stdout] 
[INFO] [stdout] 
[INFO] [stdout] error[E0599]: the method `assign` exists for struct `Recorder<TestEnum, BTreeMap<usize, TestEnum>>`, but its trait bounds were not satisfied
[INFO] [stdout]   --> tests/enum.rs:30:14
[INFO] [stdout]    |
[INFO] [stdout] 14 | enum TestEnum {
[INFO] [stdout]    | ------------- doesn't satisfy `TestEnum: Keyed`
[INFO] [stdout] ...
[INFO] [stdout] 30 |     recorder.assign(TestEnum::Fields { i: 1, u: 2 });
[INFO] [stdout]    |              ^^^^^^ method cannot be called on `Recorder<TestEnum, BTreeMap<usize, TestEnum>>` due to unsatisfied trait bounds
[INFO] [stdout]    |
[INFO] [stdout]    = note: the following trait bounds were not satisfied:
[INFO] [stdout]            `TestEnum: Keyed`
[INFO] [stdout] note: the trait `Keyed` must be implemented
[INFO] [stdout]   --> /opt/rustwide/cargo-home/registry/src/index.crates.io-1949cf8c6b5b557f/maplike-0.15.0/src/abc.rs:28:1
[INFO] [stdout]    |
[INFO] [stdout] 28 | pub trait Keyed: Container {
[INFO] [stdout]    | ^^^^^^^^^^^^^^^^^^^^^^^^^^
[INFO] [stdout] 
[INFO] [stdout] 
[INFO] [stdout] error[E0277]: the trait bound `TestEnum: Keyed` is not satisfied
[INFO] [stdout]   --> tests/enum.rs:31:5
[INFO] [stdout]    |
[INFO] [stdout] 31 |     undoredo.commit(&mut recorder);
[INFO] [stdout]    |     ^^^^^^^^^^^^^^^^^^^^^^^^^^^^^^ unsatisfied trait bound
[INFO] [stdout]    |
[INFO] [stdout] help: the trait `Keyed` is not implemented for `TestEnum`
[INFO] [stdout]   --> tests/enum.rs:14:1
[INFO] [stdout]    |
[INFO] [stdout] 14 | enum TestEnum {
[INFO] [stdout]    | ^^^^^^^^^^^^^
[INFO] [stdout]    = help: the following other types implement trait `Keyed`:
[INFO] [stdout]              ()
[INFO] [stdout]              (T0,)
[INFO] [stdout]              (T0, T1)
[INFO] [stdout]              (T0, T1, T2)
[INFO] [stdout]              (T0, T1, T2, T3)
[INFO] [stdout]              (T0, T1, T2, T3, T4)
[INFO] [stdout]              (T0, T1, T2, T3, T4, T5)
[INFO] [stdout]              (T0, T1, T2, T3, T4, T5, T6)
[INFO] [stdout]            and 37 others
[INFO] [stdout] note: required by a bound in `Recorder`
[INFO] [stdout]   --> src/recorder.rs:23:24
[INFO] [stdout]    |
[INFO] [stdout] 23 | pub struct Recorder<C: Keyed, DC: Keyed = BTreeMap<<C as Keyed>::Key, <C as Container>::Value>> {
[INFO] [stdout]    |                        ^^^^^ required by this bound in `Recorder`
[INFO] [stdout] 
[INFO] [stdout] 
[INFO] [stdout] error[E0599]: the method `container` exists for struct `Recorder<TestEnum, BTreeMap<usize, TestEnum>>`, but its trait bounds were not satisfied
[INFO] [stdout]   --> tests/enum.rs:32:25
[INFO] [stdout]    |
[INFO] [stdout] 14 | enum TestEnum {
[INFO] [stdout]    | ------------- doesn't satisfy `TestEnum: Keyed`
[INFO] [stdout] ...
[INFO] [stdout] 32 |     assert_eq!(recorder.container(), &TestEnum::Fields { i: 1, u: 2 });
[INFO] [stdout]    |                         ^^^^^^^^^ private field, not a method
[INFO] [stdout]    |
[INFO] [stdout]    = note: the following trait bounds were not satisfied:
[INFO] [stdout]            `TestEnum: Keyed`
[INFO] [stdout] note: the trait `Keyed` must be implemented
[INFO] [stdout]   --> /opt/rustwide/cargo-home/registry/src/index.crates.io-1949cf8c6b5b557f/maplike-0.15.0/src/abc.rs:28:1
[INFO] [stdout]    |
[INFO] [stdout] 28 | pub trait Keyed: Container {
[INFO] [stdout]    | ^^^^^^^^^^^^^^^^^^^^^^^^^^
[INFO] [stdout] 
[INFO] [stdout] 
[INFO] [stdout] error[E0277]: the trait bound `TestEnum: Keyed` is not satisfied
[INFO] [stdout]   --> tests/enum.rs:34:13
[INFO] [stdout]    |
[INFO] [stdout] 34 |     assert!(undoredo.undo(&mut recorder).is_some());
[INFO] [stdout]    |             ^^^^^^^^^^^^^^^^^^^^^^^^^^^^ unsatisfied trait bound
[INFO] [stdout]    |
[INFO] [stdout] help: the trait `Keyed` is not implemented for `TestEnum`
[INFO] [stdout]   --> tests/enum.rs:14:1
[INFO] [stdout]    |
[INFO] [stdout] 14 | enum TestEnum {
[INFO] [stdout]    | ^^^^^^^^^^^^^
[INFO] [stdout]    = help: the following other types implement trait `Keyed`:
[INFO] [stdout]              ()
[INFO] [stdout]              (T0,)
[INFO] [stdout]              (T0, T1)
[INFO] [stdout]              (T0, T1, T2)
[INFO] [stdout]              (T0, T1, T2, T3)
[INFO] [stdout]              (T0, T1, T2, T3, T4)
[INFO] [stdout]              (T0, T1, T2, T3, T4, T5)
[INFO] [stdout]              (T0, T1, T2, T3, T4, T5, T6)
[INFO] [stdout]            and 37 others
[INFO] [stdout] note: required by a bound in `Recorder`
[INFO] [stdout]   --> src/recorder.rs:23:24
[INFO] [stdout]    |
[INFO] [stdout] 23 | pub struct Recorder<C: Keyed, DC: Keyed = BTreeMap<<C as Keyed>::Key, <C as Container>::Value>> {
[INFO] [stdout]    |                        ^^^^^ required by this bound in `Recorder`
[INFO] [stdout] 
[INFO] [stdout] 
[INFO] [stdout] error[E0277]: the trait bound `TestEnum: Container` is not satisfied
[INFO] [stdout]   --> tests/enum.rs:34:27
[INFO] [stdout]    |
[INFO] [stdout] 34 |     assert!(undoredo.undo(&mut recorder).is_some());
[INFO] [stdout]    |                      ---- ^^^^^^^^^^^^^ unsatisfied trait bound
[INFO] [stdout]    |                      |
[INFO] [stdout]    |                      required by a bound introduced by this call
[INFO] [stdout]    |
[INFO] [stdout] help: the trait `Container` is not implemented for `TestEnum`
[INFO] [stdout]   --> tests/enum.rs:14:1
[INFO] [stdout]    |
[INFO] [stdout] 14 | enum TestEnum {
[INFO] [stdout]    | ^^^^^^^^^^^^^
[INFO] [stdout]    = help: the following other types implement trait `Container`:
[INFO] [stdout]              ()
[INFO] [stdout]              (T0,)
[INFO] [stdout]              (T0, T1)
[INFO] [stdout]              (T0, T1, T2)
[INFO] [stdout]              (T0, T1, T2, T3)
[INFO] [stdout]              (T0, T1, T2, T3, T4)
[INFO] [stdout]              (T0, T1, T2, T3, T4, T5)
[INFO] [stdout]              (T0, T1, T2, T3, T4, T5, T6)
[INFO] [stdout]            and 37 others
[INFO] [stdout]    = note: required for `Recorder<TestEnum, BTreeMap<usize, TestEnum>>` to implement `ApplyDelta<BTreeMap<usize, TestEnum>>`
[INFO] [stdout]    = note: required for `Delta<BTreeMap<usize, TestEnum>>` to implement `RevertEdit<Recorder<TestEnum, BTreeMap<usize, TestEnum>>>`
[INFO] [stdout] note: required by a bound in `UndoRedo::<E, Cmd>::undo`
[INFO] [stdout]   --> src/undoredo.rs:96:12
[INFO] [stdout]    |
[INFO] [stdout] 94 |     pub fn undo<T>(&mut self, target: &mut T) -> Option<Cmd>
[INFO] [stdout]    |            ---- required by a bound in this associated function
[INFO] [stdout] 95 |     where
[INFO] [stdout] 96 |         E: RevertEdit<T>,
[INFO] [stdout]    |            ^^^^^^^^^^^^^ required by this bound in `UndoRedo::<E, Cmd>::undo`
[INFO] [stdout] 
[INFO] [stdout] 
[INFO] [stdout] error[E0277]: the trait bound `TestEnum: ApplyDelta<BTreeMap<usize, TestEnum>>` is not satisfied
[INFO] [stdout]   --> tests/enum.rs:34:27
[INFO] [stdout]    |
[INFO] [stdout] 34 |     assert!(undoredo.undo(&mut recorder).is_some());
[INFO] [stdout]    |                      ---- ^^^^^^^^^^^^^ unsatisfied trait bound
[INFO] [stdout]    |                      |
[INFO] [stdout]    |                      required by a bound introduced by this call
[INFO] [stdout]    |
[INFO] [stdout] help: the trait `ApplyDelta<BTreeMap<usize, TestEnum>>` is not implemented for `TestEnum`
[INFO] [stdout]   --> tests/enum.rs:14:1
[INFO] [stdout]    |
[INFO] [stdout] 14 | enum TestEnum {
[INFO] [stdout]    | ^^^^^^^^^^^^^
[INFO] [stdout]    = help: the following other types implement trait `ApplyDelta<DC>`:
[INFO] [stdout]              `()` implements `ApplyDelta<BTreeMap<usize, ()>>`
[INFO] [stdout]              `(T0,)` implements `ApplyDelta<BTreeMap<usize, (T0,)>>`
[INFO] [stdout]              `(T0, T1)` implements `ApplyDelta<BTreeMap<usize, (T0, T1)>>`
[INFO] [stdout]              `(T0, T1, T2)` implements `ApplyDelta<BTreeMap<usize, (T0, T1, T2)>>`
[INFO] [stdout]              `(T0, T1, T2, T3)` implements `ApplyDelta<BTreeMap<usize, (T0, T1, T2, T3)>>`
[INFO] [stdout]              `(T0, T1, T2, T3, T4)` implements `ApplyDelta<BTreeMap<usize, (T0, T1, T2, T3, T4)>>`
[INFO] [stdout]              `(T0, T1, T2, T3, T4, T5)` implements `ApplyDelta<BTreeMap<usize, (T0, T1, T2, T3, T4, T5)>>`
[INFO] [stdout]              `(T0, T1, T2, T3, T4, T5, T6)` implements `ApplyDelta<BTreeMap<usize, (T0, T1, T2, T3, T4, T5, T6)>>`
[INFO] [stdout]            and 33 others
[INFO] [stdout]    = note: required for `Recorder<TestEnum, BTreeMap<usize, TestEnum>>` to implement `ApplyDelta<BTreeMap<usize, TestEnum>>`
[INFO] [stdout]    = note: required for `Delta<BTreeMap<usize, TestEnum>>` to implement `RevertEdit<Recorder<TestEnum, BTreeMap<usize, TestEnum>>>`
[INFO] [stdout] note: required by a bound in `UndoRedo::<E, Cmd>::undo`
[INFO] [stdout]   --> src/undoredo.rs:96:12
[INFO] [stdout]    |
[INFO] [stdout] 94 |     pub fn undo<T>(&mut self, target: &mut T) -> Option<Cmd>
[INFO] [stdout]    |            ---- required by a bound in this associated function
[INFO] [stdout] 95 |     where
[INFO] [stdout] 96 |         E: RevertEdit<T>,
[INFO] [stdout]    |            ^^^^^^^^^^^^^ required by this bound in `UndoRedo::<E, Cmd>::undo`
[INFO] [stdout] 
[INFO] [stdout] 
[INFO] [stdout] error[E0599]: the method `container` exists for struct `Recorder<TestEnum, BTreeMap<usize, TestEnum>>`, but its trait bounds were not satisfied
[INFO] [stdout]   --> tests/enum.rs:35:25
[INFO] [stdout]    |
[INFO] [stdout] 14 | enum TestEnum {
[INFO] [stdout]    | ------------- doesn't satisfy `TestEnum: Keyed`
[INFO] [stdout] ...
[INFO] [stdout] 35 |     assert_eq!(recorder.container(), &TestEnum::Tuple(vec![1], vec![2, 3]));
[INFO] [stdout]    |                         ^^^^^^^^^ private field, not a method
[INFO] [stdout]    |
[INFO] [stdout]    = note: the following trait bounds were not satisfied:
[INFO] [stdout]            `TestEnum: Keyed`
[INFO] [stdout] note: the trait `Keyed` must be implemented
[INFO] [stdout]   --> /opt/rustwide/cargo-home/registry/src/index.crates.io-1949cf8c6b5b557f/maplike-0.15.0/src/abc.rs:28:1
[INFO] [stdout]    |
[INFO] [stdout] 28 | pub trait Keyed: Container {
[INFO] [stdout]    | ^^^^^^^^^^^^^^^^^^^^^^^^^^
[INFO] [stdout] 
[INFO] [stdout] 
[INFO] [stdout] error[E0277]: the trait bound `TestEnum: Keyed` is not satisfied
[INFO] [stdout]   --> tests/enum.rs:37:13
[INFO] [stdout]    |
[INFO] [stdout] 37 |     assert!(undoredo.undo(&mut recorder).is_some());
[INFO] [stdout]    |             ^^^^^^^^^^^^^^^^^^^^^^^^^^^^ unsatisfied trait bound
[INFO] [stdout]    |
[INFO] [stdout] help: the trait `Keyed` is not implemented for `TestEnum`
[INFO] [stdout]   --> tests/enum.rs:14:1
[INFO] [stdout]    |
[INFO] [stdout] 14 | enum TestEnum {
[INFO] [stdout]    | ^^^^^^^^^^^^^
[INFO] [stdout]    = help: the following other types implement trait `Keyed`:
[INFO] [stdout]              ()
[INFO] [stdout]              (T0,)
[INFO] [stdout]              (T0, T1)
[INFO] [stdout]              (T0, T1, T2)
[INFO] [stdout]              (T0, T1, T2, T3)
[INFO] [stdout]              (T0, T1, T2, T3, T4)
[INFO] [stdout]              (T0, T1, T2, T3, T4, T5)
[INFO] [stdout]              (T0, T1, T2, T3, T4, T5, T6)
[INFO] [stdout]            and 37 others
[INFO] [stdout] note: required by a bound in `Recorder`
[INFO] [stdout]   --> src/recorder.rs:23:24
[INFO] [stdout]    |
[INFO] [stdout] 23 | pub struct Recorder<C: Keyed, DC: Keyed = BTreeMap<<C as Keyed>::Key, <C as Container>::Value>> {
[INFO] [stdout]    |                        ^^^^^ required by this bound in `Recorder`
[INFO] [stdout] 
[INFO] [stdout] 
[INFO] [stdout] error[E0277]: the trait bound `TestEnum: Container` is not satisfied
[INFO] [stdout]   --> tests/enum.rs:37:27
[INFO] [stdout]    |
[INFO] [stdout] 37 |     assert!(undoredo.undo(&mut recorder).is_some());
[INFO] [stdout]    |                      ---- ^^^^^^^^^^^^^ unsatisfied trait bound
[INFO] [stdout]    |                      |
[INFO] [stdout]    |                      required by a bound introduced by this call
[INFO] [stdout]    |
[INFO] [stdout] help: the trait `Container` is not implemented for `TestEnum`
[INFO] [stdout]   --> tests/enum.rs:14:1
[INFO] [stdout]    |
[INFO] [stdout] 14 | enum TestEnum {
[INFO] [stdout]    | ^^^^^^^^^^^^^
[INFO] [stdout]    = help: the following other types implement trait `Container`:
[INFO] [stdout]              ()
[INFO] [stdout]              (T0,)
[INFO] [stdout]              (T0, T1)
[INFO] [stdout]              (T0, T1, T2)
[INFO] [stdout]              (T0, T1, T2, T3)
[INFO] [stdout]              (T0, T1, T2, T3, T4)
[INFO] [stdout]              (T0, T1, T2, T3, T4, T5)
[INFO] [stdout]              (T0, T1, T2, T3, T4, T5, T6)
[INFO] [stdout]            and 37 others
[INFO] [stdout]    = note: required for `Recorder<TestEnum, BTreeMap<usize, TestEnum>>` to implement `ApplyDelta<BTreeMap<usize, TestEnum>>`
[INFO] [stdout]    = note: required for `Delta<BTreeMap<usize, TestEnum>>` to implement `RevertEdit<Recorder<TestEnum, BTreeMap<usize, TestEnum>>>`
[INFO] [stdout] note: required by a bound in `UndoRedo::<E, Cmd>::undo`
[INFO] [stdout]   --> src/undoredo.rs:96:12
[INFO] [stdout]    |
[INFO] [stdout] 94 |     pub fn undo<T>(&mut self, target: &mut T) -> Option<Cmd>
[INFO] [stdout]    |            ---- required by a bound in this associated function
[INFO] [stdout] 95 |     where
[INFO] [stdout] 96 |         E: RevertEdit<T>,
[INFO] [stdout]    |            ^^^^^^^^^^^^^ required by this bound in `UndoRedo::<E, Cmd>::undo`
[INFO] [stdout] 
[INFO] [stdout] 
[INFO] [stdout] error[E0277]: the trait bound `TestEnum: ApplyDelta<BTreeMap<usize, TestEnum>>` is not satisfied
[INFO] [stdout]   --> tests/enum.rs:37:27
[INFO] [stdout]    |
[INFO] [stdout] 37 |     assert!(undoredo.undo(&mut recorder).is_some());
[INFO] [stdout]    |                      ---- ^^^^^^^^^^^^^ unsatisfied trait bound
[INFO] [stdout]    |                      |
[INFO] [stdout]    |                      required by a bound introduced by this call
[INFO] [stdout]    |
[INFO] [stdout] help: the trait `ApplyDelta<BTreeMap<usize, TestEnum>>` is not implemented for `TestEnum`
[INFO] [stdout]   --> tests/enum.rs:14:1
[INFO] [stdout]    |
[INFO] [stdout] 14 | enum TestEnum {
[INFO] [stdout]    | ^^^^^^^^^^^^^
[INFO] [stdout]    = help: the following other types implement trait `ApplyDelta<DC>`:
[INFO] [stdout]              `()` implements `ApplyDelta<BTreeMap<usize, ()>>`
[INFO] [stdout]              `(T0,)` implements `ApplyDelta<BTreeMap<usize, (T0,)>>`
[INFO] [stdout]              `(T0, T1)` implements `ApplyDelta<BTreeMap<usize, (T0, T1)>>`
[INFO] [stdout]              `(T0, T1, T2)` implements `ApplyDelta<BTreeMap<usize, (T0, T1, T2)>>`
[INFO] [stdout]              `(T0, T1, T2, T3)` implements `ApplyDelta<BTreeMap<usize, (T0, T1, T2, T3)>>`
[INFO] [stdout]              `(T0, T1, T2, T3, T4)` implements `ApplyDelta<BTreeMap<usize, (T0, T1, T2, T3, T4)>>`
[INFO] [stdout]              `(T0, T1, T2, T3, T4, T5)` implements `ApplyDelta<BTreeMap<usize, (T0, T1, T2, T3, T4, T5)>>`
[INFO] [stdout]              `(T0, T1, T2, T3, T4, T5, T6)` implements `ApplyDelta<BTreeMap<usize, (T0, T1, T2, T3, T4, T5, T6)>>`
[INFO] [stdout]            and 33 others
[INFO] [stdout]    = note: required for `Recorder<TestEnum, BTreeMap<usize, TestEnum>>` to implement `ApplyDelta<BTreeMap<usize, TestEnum>>`
[INFO] [stdout]    = note: required for `Delta<BTreeMap<usize, TestEnum>>` to implement `RevertEdit<Recorder<TestEnum, BTreeMap<usize, TestEnum>>>`
[INFO] [stdout] note: required by a bound in `UndoRedo::<E, Cmd>::undo`
[INFO] [stdout]   --> src/undoredo.rs:96:12
[INFO] [stdout]    |
[INFO] [stdout] 94 |     pub fn undo<T>(&mut self, target: &mut T) -> Option<Cmd>
[INFO] [stdout]    |            ---- required by a bound in this associated function
[INFO] [stdout] 95 |     where
[INFO] [stdout] 96 |         E: RevertEdit<T>,
[INFO] [stdout]    |            ^^^^^^^^^^^^^ required by this bound in `UndoRedo::<E, Cmd>::undo`
[INFO] [stdout] 
[INFO] [stdout] 
[INFO] [stdout] error[E0599]: the method `container` exists for struct `Recorder<TestEnum, BTreeMap<usize, TestEnum>>`, but its trait bounds were not satisfied
[INFO] [stdout]   --> tests/enum.rs:38:25
[INFO] [stdout]    |
[INFO] [stdout] 14 | enum TestEnum {
[INFO] [stdout]    | ------------- doesn't satisfy `TestEnum: Keyed`
[INFO] [stdout] ...
[INFO] [stdout] 38 |     assert_eq!(recorder.container(), &TestEnum::Unit);
[INFO] [stdout]    |                         ^^^^^^^^^ private field, not a method
[INFO] [stdout]    |
[INFO] [stdout]    = note: the following trait bounds were not satisfied:
[INFO] [stdout]            `TestEnum: Keyed`
[INFO] [stdout] note: the trait `Keyed` must be implemented
[INFO] [stdout]   --> /opt/rustwide/cargo-home/registry/src/index.crates.io-1949cf8c6b5b557f/maplike-0.15.0/src/abc.rs:28:1
[INFO] [stdout]    |
[INFO] [stdout] 28 | pub trait Keyed: Container {
[INFO] [stdout]    | ^^^^^^^^^^^^^^^^^^^^^^^^^^
[INFO] [stdout] 
[INFO] [stdout] 
[INFO] [stdout] error[E0277]: the trait bound `TestEnum: Keyed` is not satisfied
[INFO] [stdout]   --> tests/enum.rs:40:13
[INFO] [stdout]    |
[INFO] [stdout] 40 |     assert!(undoredo.undo(&mut recorder).is_none());
[INFO] [stdout]    |             ^^^^^^^^^^^^^^^^^^^^^^^^^^^^ unsatisfied trait bound
[INFO] [stdout]    |
[INFO] [stdout] help: the trait `Keyed` is not implemented for `TestEnum`
[INFO] [stdout]   --> tests/enum.rs:14:1
[INFO] [stdout]    |
[INFO] [stdout] 14 | enum TestEnum {
[INFO] [stdout]    | ^^^^^^^^^^^^^
[INFO] [stdout]    = help: the following other types implement trait `Keyed`:
[INFO] [stdout]              ()
[INFO] [stdout]              (T0,)
[INFO] [stdout]              (T0, T1)
[INFO] [stdout]              (T0, T1, T2)
[INFO] [stdout]              (T0, T1, T2, T3)
[INFO] [stdout]              (T0, T1, T2, T3, T4)
[INFO] [stdout]              (T0, T1, T2, T3, T4, T5)
[INFO] [stdout]              (T0, T1, T2, T3, T4, T5, T6)
[INFO] [stdout]            and 37 others
[INFO] [stdout] note: required by a bound in `Recorder`
[INFO] [stdout]   --> src/recorder.rs:23:24
[INFO] [stdout]    |
[INFO] [stdout] 23 | pub struct Recorder<C: Keyed, DC: Keyed = BTreeMap<<C as Keyed>::Key, <C as Container>::Value>> {
[INFO] [stdout]    |                        ^^^^^ required by this bound in `Recorder`
[INFO] [stdout] 
[INFO] [stdout] 
[INFO] [stdout] error[E0277]: the trait bound `TestEnum: Container` is not satisfied
[INFO] [stdout]   --> tests/enum.rs:40:27
[INFO] [stdout]    |
[INFO] [stdout] 40 |     assert!(undoredo.undo(&mut recorder).is_none());
[INFO] [stdout]    |                      ---- ^^^^^^^^^^^^^ unsatisfied trait bound
[INFO] [stdout]    |                      |
[INFO] [stdout]    |                      required by a bound introduced by this call
[INFO] [stdout]    |
[INFO] [stdout] help: the trait `Container` is not implemented for `TestEnum`
[INFO] [stdout]   --> tests/enum.rs:14:1
[INFO] [stdout]    |
[INFO] [stdout] 14 | enum TestEnum {
[INFO] [stdout]    | ^^^^^^^^^^^^^
[INFO] [stdout]    = help: the following other types implement trait `Container`:
[INFO] [stdout]              ()
[INFO] [stdout]              (T0,)
[INFO] [stdout]              (T0, T1)
[INFO] [stdout]              (T0, T1, T2)
[INFO] [stdout]              (T0, T1, T2, T3)
[INFO] [stdout]              (T0, T1, T2, T3, T4)
[INFO] [stdout]              (T0, T1, T2, T3, T4, T5)
[INFO] [stdout]              (T0, T1, T2, T3, T4, T5, T6)
[INFO] [stdout]            and 37 others
[INFO] [stdout]    = note: required for `Recorder<TestEnum, BTreeMap<usize, TestEnum>>` to implement `ApplyDelta<BTreeMap<usize, TestEnum>>`
[INFO] [stdout]    = note: required for `Delta<BTreeMap<usize, TestEnum>>` to implement `RevertEdit<Recorder<TestEnum, BTreeMap<usize, TestEnum>>>`
[INFO] [stdout] note: required by a bound in `UndoRedo::<E, Cmd>::undo`
[INFO] [stdout]   --> src/undoredo.rs:96:12
[INFO] [stdout]    |
[INFO] [stdout] 94 |     pub fn undo<T>(&mut self, target: &mut T) -> Option<Cmd>
[INFO] [stdout]    |            ---- required by a bound in this associated function
[INFO] [stdout] 95 |     where
[INFO] [stdout] 96 |         E: RevertEdit<T>,
[INFO] [stdout]    |            ^^^^^^^^^^^^^ required by this bound in `UndoRedo::<E, Cmd>::undo`
[INFO] [stdout] 
[INFO] [stdout] 
[INFO] [stdout] error[E0277]: the trait bound `TestEnum: ApplyDelta<BTreeMap<usize, TestEnum>>` is not satisfied
[INFO] [stdout]   --> tests/enum.rs:40:27
[INFO] [stdout]    |
[INFO] [stdout] 40 |     assert!(undoredo.undo(&mut recorder).is_none());
[INFO] [stdout]    |                      ---- ^^^^^^^^^^^^^ unsatisfied trait bound
[INFO] [stdout]    |                      |
[INFO] [stdout]    |                      required by a bound introduced by this call
[INFO] [stdout]    |
[INFO] [stdout] help: the trait `ApplyDelta<BTreeMap<usize, TestEnum>>` is not implemented for `TestEnum`
[INFO] [stdout]   --> tests/enum.rs:14:1
[INFO] [stdout]    |
[INFO] [stdout] 14 | enum TestEnum {
[INFO] [stdout]    | ^^^^^^^^^^^^^
[INFO] [stdout]    = help: the following other types implement trait `ApplyDelta<DC>`:
[INFO] [stdout]              `()` implements `ApplyDelta<BTreeMap<usize, ()>>`
[INFO] [stdout]              `(T0,)` implements `ApplyDelta<BTreeMap<usize, (T0,)>>`
[INFO] [stdout]              `(T0, T1)` implements `ApplyDelta<BTreeMap<usize, (T0, T1)>>`
[INFO] [stdout]              `(T0, T1, T2)` implements `ApplyDelta<BTreeMap<usize, (T0, T1, T2)>>`
[INFO] [stdout]              `(T0, T1, T2, T3)` implements `ApplyDelta<BTreeMap<usize, (T0, T1, T2, T3)>>`
[INFO] [stdout]              `(T0, T1, T2, T3, T4)` implements `ApplyDelta<BTreeMap<usize, (T0, T1, T2, T3, T4)>>`
[INFO] [stdout]              `(T0, T1, T2, T3, T4, T5)` implements `ApplyDelta<BTreeMap<usize, (T0, T1, T2, T3, T4, T5)>>`
[INFO] [stdout]              `(T0, T1, T2, T3, T4, T5, T6)` implements `ApplyDelta<BTreeMap<usize, (T0, T1, T2, T3, T4, T5, T6)>>`
[INFO] [stdout]            and 33 others
[INFO] [stdout]    = note: required for `Recorder<TestEnum, BTreeMap<usize, TestEnum>>` to implement `ApplyDelta<BTreeMap<usize, TestEnum>>`
[INFO] [stdout]    = note: required for `Delta<BTreeMap<usize, TestEnum>>` to implement `RevertEdit<Recorder<TestEnum, BTreeMap<usize, TestEnum>>>`
[INFO] [stdout] note: required by a bound in `UndoRedo::<E, Cmd>::undo`
[INFO] [stdout]   --> src/undoredo.rs:96:12
[INFO] [stdout]    |
[INFO] [stdout] 94 |     pub fn undo<T>(&mut self, target: &mut T) -> Option<Cmd>
[INFO] [stdout]    |            ---- required by a bound in this associated function
[INFO] [stdout] 95 |     where
[INFO] [stdout] 96 |         E: RevertEdit<T>,
[INFO] [stdout]    |            ^^^^^^^^^^^^^ required by this bound in `UndoRedo::<E, Cmd>::undo`
[INFO] [stdout] 
[INFO] [stdout] 
[INFO] [stdout] error[E0599]: the method `container` exists for struct `Recorder<TestEnum, BTreeMap<usize, TestEnum>>`, but its trait bounds were not satisfied
[INFO] [stdout]   --> tests/enum.rs:41:25
[INFO] [stdout]    |
[INFO] [stdout] 14 | enum TestEnum {
[INFO] [stdout]    | ------------- doesn't satisfy `TestEnum: Keyed`
[INFO] [stdout] ...
[INFO] [stdout] 41 |     assert_eq!(recorder.container(), &TestEnum::Unit);
[INFO] [stdout]    |                         ^^^^^^^^^ private field, not a method
[INFO] [stdout]    |
[INFO] [stdout]    = note: the following trait bounds were not satisfied:
[INFO] [stdout]            `TestEnum: Keyed`
[INFO] [stdout] note: the trait `Keyed` must be implemented
[INFO] [stdout]   --> /opt/rustwide/cargo-home/registry/src/index.crates.io-1949cf8c6b5b557f/maplike-0.15.0/src/abc.rs:28:1
[INFO] [stdout]    |
[INFO] [stdout] 28 | pub trait Keyed: Container {
[INFO] [stdout]    | ^^^^^^^^^^^^^^^^^^^^^^^^^^
[INFO] [stdout] 
[INFO] [stdout] 
[INFO] [stdout] error[E0277]: the trait bound `TestEnum: Keyed` is not satisfied
[INFO] [stdout]   --> tests/enum.rs:43:13
[INFO] [stdout]    |
[INFO] [stdout] 43 |     assert!(undoredo.redo(&mut recorder).is_some());
[INFO] [stdout]    |             ^^^^^^^^^^^^^^^^^^^^^^^^^^^^ unsatisfied trait bound
[INFO] [stdout]    |
[INFO] [stdout] help: the trait `Keyed` is not implemented for `TestEnum`
[INFO] [stdout]   --> tests/enum.rs:14:1
[INFO] [stdout]    |
[INFO] [stdout] 14 | enum TestEnum {
[INFO] [stdout]    | ^^^^^^^^^^^^^
[INFO] [stdout]    = help: the following other types implement trait `Keyed`:
[INFO] [stdout]              ()
[INFO] [stdout]              (T0,)
[INFO] [stdout]              (T0, T1)
[INFO] [stdout]              (T0, T1, T2)
[INFO] [stdout]              (T0, T1, T2, T3)
[INFO] [stdout]              (T0, T1, T2, T3, T4)
[INFO] [stdout]              (T0, T1, T2, T3, T4, T5)
[INFO] [stdout]              (T0, T1, T2, T3, T4, T5, T6)
[INFO] [stdout]            and 37 others
[INFO] [stdout] note: required by a bound in `Recorder`
[INFO] [stdout]   --> src/recorder.rs:23:24
[INFO] [stdout]    |
[INFO] [stdout] 23 | pub struct Recorder<C: Keyed, DC: Keyed = BTreeMap<<C as Keyed>::Key, <C as Container>::Value>> {
[INFO] [stdout]    |                        ^^^^^ required by this bound in `Recorder`
[INFO] [stdout] 
[INFO] [stdout] 
[INFO] [stdout] error[E0277]: the trait bound `TestEnum: Container` is not satisfied
[INFO] [stdout]    --> tests/enum.rs:43:27
[INFO] [stdout]     |
[INFO] [stdout]  43 |     assert!(undoredo.redo(&mut recorder).is_some());
[INFO] [stdout]     |                      ---- ^^^^^^^^^^^^^ unsatisfied trait bound
[INFO] [stdout]     |                      |
[INFO] [stdout]     |                      required by a bound introduced by this call
[INFO] [stdout]     |
[INFO] [stdout] help: the trait `Container` is not implemented for `TestEnum`
[INFO] [stdout]    --> tests/enum.rs:14:1
[INFO] [stdout]     |
[INFO] [stdout]  14 | enum TestEnum {
[INFO] [stdout]     | ^^^^^^^^^^^^^
[INFO] [stdout]     = help: the following other types implement trait `Container`:
[INFO] [stdout]               ()
[INFO] [stdout]               (T0,)
[INFO] [stdout]               (T0, T1)
[INFO] [stdout]               (T0, T1, T2)
[INFO] [stdout]               (T0, T1, T2, T3)
[INFO] [stdout]               (T0, T1, T2, T3, T4)
[INFO] [stdout]               (T0, T1, T2, T3, T4, T5)
[INFO] [stdout]               (T0, T1, T2, T3, T4, T5, T6)
[INFO] [stdout]             and 37 others
[INFO] [stdout]     = note: required for `Recorder<TestEnum, BTreeMap<usize, TestEnum>>` to implement `ApplyDelta<BTreeMap<usize, TestEnum>>`
[INFO] [stdout]     = note: required for `Delta<BTreeMap<usize, TestEnum>>` to implement `RevertEdit<Recorder<TestEnum, BTreeMap<usize, TestEnum>>>`
[INFO] [stdout] note: required by a bound in `UndoRedo::<E, Cmd>::redo`
[INFO] [stdout]    --> src/undoredo.rs:114:12
[INFO] [stdout]     |
[INFO] [stdout] 112 |     pub fn redo<T>(&mut self, target: &mut T) -> Option<Cmd>
[INFO] [stdout]     |            ---- required by a bound in this associated function
[INFO] [stdout] 113 |     where
[INFO] [stdout] 114 |         E: RevertEdit<T>,
[INFO] [stdout]     |            ^^^^^^^^^^^^^ required by this bound in `UndoRedo::<E, Cmd>::redo`
[INFO] [stdout] 
[INFO] [stdout] 
[INFO] [stdout] error[E0277]: the trait bound `TestEnum: ApplyDelta<BTreeMap<usize, TestEnum>>` is not satisfied
[INFO] [stdout]    --> tests/enum.rs:43:27
[INFO] [stdout]     |
[INFO] [stdout]  43 |     assert!(undoredo.redo(&mut recorder).is_some());
[INFO] [stdout]     |                      ---- ^^^^^^^^^^^^^ unsatisfied trait bound
[INFO] [stdout]     |                      |
[INFO] [stdout]     |                      required by a bound introduced by this call
[INFO] [stdout]     |
[INFO] [stdout] help: the trait `ApplyDelta<BTreeMap<usize, TestEnum>>` is not implemented for `TestEnum`
[INFO] [stdout]    --> tests/enum.rs:14:1
[INFO] [stdout]     |
[INFO] [stdout]  14 | enum TestEnum {
[INFO] [stdout]     | ^^^^^^^^^^^^^
[INFO] [stdout]     = help: the following other types implement trait `ApplyDelta<DC>`:
[INFO] [stdout]               `()` implements `ApplyDelta<BTreeMap<usize, ()>>`
[INFO] [stdout]               `(T0,)` implements `ApplyDelta<BTreeMap<usize, (T0,)>>`
[INFO] [stdout]               `(T0, T1)` implements `ApplyDelta<BTreeMap<usize, (T0, T1)>>`
[INFO] [stdout]               `(T0, T1, T2)` implements `ApplyDelta<BTreeMap<usize, (T0, T1, T2)>>`
[INFO] [stdout]               `(T0, T1, T2, T3)` implements `ApplyDelta<BTreeMap<usize, (T0, T1, T2, T3)>>`
[INFO] [stdout]               `(T0, T1, T2, T3, T4)` implements `ApplyDelta<BTreeMap<usize, (T0, T1, T2, T3, T4)>>`
[INFO] [stdout]               `(T0, T1, T2, T3, T4, T5)` implements `ApplyDelta<BTreeMap<usize, (T0, T1, T2, T3, T4, T5)>>`
[INFO] [stdout]               `(T0, T1, T2, T3, T4, T5, T6)` implements `ApplyDelta<BTreeMap<usize, (T0, T1, T2, T3, T4, T5, T6)>>`
[INFO] [stdout]             and 33 others
[INFO] [stdout]     = note: required for `Recorder<TestEnum, BTreeMap<usize, TestEnum>>` to implement `ApplyDelta<BTreeMap<usize, TestEnum>>`
[INFO] [stdout]     = note: required for `Delta<BTreeMap<usize, TestEnum>>` to implement `RevertEdit<Recorder<TestEnum, BTreeMap<usize, TestEnum>>>`
[INFO] [stdout] note: required by a bound in `UndoRedo::<E, Cmd>::redo`
[INFO] [stdout]    --> src/undoredo.rs:114:12
[INFO] [stdout]     |
[INFO] [stdout] 112 |     pub fn redo<T>(&mut self, target: &mut T) -> Option<Cmd>
[INFO] [stdout]     |            ---- required by a bound in this associated function
[INFO] [stdout] 113 |     where
[INFO] [stdout] 114 |         E: RevertEdit<T>,
[INFO] [stdout]     |            ^^^^^^^^^^^^^ required by this bound in `UndoRedo::<E, Cmd>::redo`
[INFO] [stdout] 
[INFO] [stdout] 
[INFO] [stdout] error[E0599]: the method `container` exists for struct `Recorder<TestEnum, BTreeMap<usize, TestEnum>>`, but its trait bounds were not satisfied
[INFO] [stdout]   --> tests/enum.rs:44:25
[INFO] [stdout]    |
[INFO] [stdout] 14 | enum TestEnum {
[INFO] [stdout]    | ------------- doesn't satisfy `TestEnum: Keyed`
[INFO] [stdout] ...
[INFO] [stdout] 44 |     assert_eq!(recorder.container(), &TestEnum::Tuple(vec![1], vec![2, 3]));
[INFO] [stdout]    |                         ^^^^^^^^^ private field, not a method
[INFO] [stdout]    |
[INFO] [stdout]    = note: the following trait bounds were not satisfied:
[INFO] [stdout]            `TestEnum: Keyed`
[INFO] [stdout] note: the trait `Keyed` must be implemented
[INFO] [stdout]   --> /opt/rustwide/cargo-home/registry/src/index.crates.io-1949cf8c6b5b557f/maplike-0.15.0/src/abc.rs:28:1
[INFO] [stdout]    |
[INFO] [stdout] 28 | pub trait Keyed: Container {
[INFO] [stdout]    | ^^^^^^^^^^^^^^^^^^^^^^^^^^
[INFO] [stdout] 
[INFO] [stdout] 
[INFO] [stdout] error[E0277]: the trait bound `TestEnum: Keyed` is not satisfied
[INFO] [stdout]   --> tests/enum.rs:46:13
[INFO] [stdout]    |
[INFO] [stdout] 46 |     assert!(undoredo.redo(&mut recorder).is_some());
[INFO] [stdout]    |             ^^^^^^^^^^^^^^^^^^^^^^^^^^^^ unsatisfied trait bound
[INFO] [stdout]    |
[INFO] [stdout] help: the trait `Keyed` is not implemented for `TestEnum`
[INFO] [stdout]   --> tests/enum.rs:14:1
[INFO] [stdout]    |
[INFO] [stdout] 14 | enum TestEnum {
[INFO] [stdout]    | ^^^^^^^^^^^^^
[INFO] [stdout]    = help: the following other types implement trait `Keyed`:
[INFO] [stdout]              ()
[INFO] [stdout]              (T0,)
[INFO] [stdout]              (T0, T1)
[INFO] [stdout]              (T0, T1, T2)
[INFO] [stdout]              (T0, T1, T2, T3)
[INFO] [stdout]              (T0, T1, T2, T3, T4)
[INFO] [stdout]              (T0, T1, T2, T3, T4, T5)
[INFO] [stdout]              (T0, T1, T2, T3, T4, T5, T6)
[INFO] [stdout]            and 37 others
[INFO] [stdout] note: required by a bound in `Recorder`
[INFO] [stdout]   --> src/recorder.rs:23:24
[INFO] [stdout]    |
[INFO] [stdout] 23 | pub struct Recorder<C: Keyed, DC: Keyed = BTreeMap<<C as Keyed>::Key, <C as Container>::Value>> {
[INFO] [stdout]    |                        ^^^^^ required by this bound in `Recorder`
[INFO] [stdout] 
[INFO] [stdout] 
[INFO] [stdout] error[E0277]: the trait bound `TestEnum: Container` is not satisfied
[INFO] [stdout]    --> tests/enum.rs:46:27
[INFO] [stdout]     |
[INFO] [stdout]  46 |     assert!(undoredo.redo(&mut recorder).is_some());
[INFO] [stdout]     |                      ---- ^^^^^^^^^^^^^ unsatisfied trait bound
[INFO] [stdout]     |                      |
[INFO] [stdout]     |                      required by a bound introduced by this call
[INFO] [stdout]     |
[INFO] [stdout] help: the trait `Container` is not implemented for `TestEnum`
[INFO] [stdout]    --> tests/enum.rs:14:1
[INFO] [stdout]     |
[INFO] [stdout]  14 | enum TestEnum {
[INFO] [stdout]     | ^^^^^^^^^^^^^
[INFO] [stdout]     = help: the following other types implement trait `Container`:
[INFO] [stdout]               ()
[INFO] [stdout]               (T0,)
[INFO] [stdout]               (T0, T1)
[INFO] [stdout]               (T0, T1, T2)
[INFO] [stdout]               (T0, T1, T2, T3)
[INFO] [stdout]               (T0, T1, T2, T3, T4)
[INFO] [stdout]               (T0, T1, T2, T3, T4, T5)
[INFO] [stdout]               (T0, T1, T2, T3, T4, T5, T6)
[INFO] [stdout]             and 37 others
[INFO] [stdout]     = note: required for `Recorder<TestEnum, BTreeMap<usize, TestEnum>>` to implement `ApplyDelta<BTreeMap<usize, TestEnum>>`
[INFO] [stdout]     = note: required for `Delta<BTreeMap<usize, TestEnum>>` to implement `RevertEdit<Recorder<TestEnum, BTreeMap<usize, TestEnum>>>`
[INFO] [stdout] note: required by a bound in `UndoRedo::<E, Cmd>::redo`
[INFO] [stdout]    --> src/undoredo.rs:114:12
[INFO] [stdout]     |
[INFO] [stdout] 112 |     pub fn redo<T>(&mut self, target: &mut T) -> Option<Cmd>
[INFO] [stdout]     |            ---- required by a bound in this associated function
[INFO] [stdout] 113 |     where
[INFO] [stdout] 114 |         E: RevertEdit<T>,
[INFO] [stdout]     |            ^^^^^^^^^^^^^ required by this bound in `UndoRedo::<E, Cmd>::redo`
[INFO] [stdout] 
[INFO] [stdout] 
[INFO] [stdout] error[E0277]: the trait bound `TestEnum: ApplyDelta<BTreeMap<usize, TestEnum>>` is not satisfied
[INFO] [stdout]    --> tests/enum.rs:46:27
[INFO] [stdout]     |
[INFO] [stdout]  46 |     assert!(undoredo.redo(&mut recorder).is_some());
[INFO] [stdout]     |                      ---- ^^^^^^^^^^^^^ unsatisfied trait bound
[INFO] [stdout]     |                      |
[INFO] [stdout]     |                      required by a bound introduced by this call
[INFO] [stdout]     |
[INFO] [stdout] help: the trait `ApplyDelta<BTreeMap<usize, TestEnum>>` is not implemented for `TestEnum`
[INFO] [stdout]    --> tests/enum.rs:14:1
[INFO] [stdout]     |
[INFO] [stdout]  14 | enum TestEnum {
[INFO] [stdout]     | ^^^^^^^^^^^^^
[INFO] [stdout]     = help: the following other types implement trait `ApplyDelta<DC>`:
[INFO] [stdout]               `()` implements `ApplyDelta<BTreeMap<usize, ()>>`
[INFO] [stdout]               `(T0,)` implements `ApplyDelta<BTreeMap<usize, (T0,)>>`
[INFO] [stdout]               `(T0, T1)` implements `ApplyDelta<BTreeMap<usize, (T0, T1)>>`
[INFO] [stdout]               `(T0, T1, T2)` implements `ApplyDelta<BTreeMap<usize, (T0, T1, T2)>>`
[INFO] [stdout]               `(T0, T1, T2, T3)` implements `ApplyDelta<BTreeMap<usize, (T0, T1, T2, T3)>>`
[INFO] [stdout]               `(T0, T1, T2, T3, T4)` implements `ApplyDelta<BTreeMap<usize, (T0, T1, T2, T3, T4)>>`
[INFO] [stdout]               `(T0, T1, T2, T3, T4, T5)` implements `ApplyDelta<BTreeMap<usize, (T0, T1, T2, T3, T4, T5)>>`
[INFO] [stdout]               `(T0, T1, T2, T3, T4, T5, T6)` implements `ApplyDelta<BTreeMap<usize, (T0, T1, T2, T3, T4, T5, T6)>>`
[INFO] [stdout]             and 33 others
[INFO] [stdout]     = note: required for `Recorder<TestEnum, BTreeMap<usize, TestEnum>>` to implement `ApplyDelta<BTreeMap<usize, TestEnum>>`
[INFO] [stdout]     = note: required for `Delta<BTreeMap<usize, TestEnum>>` to implement `RevertEdit<Recorder<TestEnum, BTreeMap<usize, TestEnum>>>`
[INFO] [stdout] note: required by a bound in `UndoRedo::<E, Cmd>::redo`
[INFO] [stdout]    --> src/undoredo.rs:114:12
[INFO] [stdout]     |
[INFO] [stdout] 112 |     pub fn redo<T>(&mut self, target: &mut T) -> Option<Cmd>
[INFO] [stdout]     |            ---- required by a bound in this associated function
[INFO] [stdout] 113 |     where
[INFO] [stdout] 114 |         E: RevertEdit<T>,
[INFO] [stdout]     |            ^^^^^^^^^^^^^ required by this bound in `UndoRedo::<E, Cmd>::redo`
[INFO] [stdout] 
[INFO] [stdout] 
[INFO] [stdout] error[E0599]: the method `container` exists for struct `Recorder<TestEnum, BTreeMap<usize, TestEnum>>`, but its trait bounds were not satisfied
[INFO] [stdout]   --> tests/enum.rs:47:25
[INFO] [stdout]    |
[INFO] [stdout] 14 | enum TestEnum {
[INFO] [stdout]    | ------------- doesn't satisfy `TestEnum: Keyed`
[INFO] [stdout] ...
[INFO] [stdout] 47 |     assert_eq!(recorder.container(), &TestEnum::Fields { i: 1, u: 2 });
[INFO] [stdout]    |                         ^^^^^^^^^ private field, not a method
[INFO] [stdout]    |
[INFO] [stdout]    = note: the following trait bounds were not satisfied:
[INFO] [stdout]            `TestEnum: Keyed`
[INFO] [stdout] note: the trait `Keyed` must be implemented
[INFO] [stdout]   --> /opt/rustwide/cargo-home/registry/src/index.crates.io-1949cf8c6b5b557f/maplike-0.15.0/src/abc.rs:28:1
[INFO] [stdout]    |
[INFO] [stdout] 28 | pub trait Keyed: Container {
[INFO] [stdout]    | ^^^^^^^^^^^^^^^^^^^^^^^^^^
[INFO] [stdout] 
[INFO] [stdout] 
[INFO] [stdout] error[E0277]: the trait bound `TestEnum: Keyed` is not satisfied
[INFO] [stdout]   --> tests/enum.rs:49:13
[INFO] [stdout]    |
[INFO] [stdout] 49 |     assert!(undoredo.redo(&mut recorder).is_none());
[INFO] [stdout]    |             ^^^^^^^^^^^^^^^^^^^^^^^^^^^^ unsatisfied trait bound
[INFO] [stdout]    |
[INFO] [stdout] help: the trait `Keyed` is not implemented for `TestEnum`
[INFO] [stdout]   --> tests/enum.rs:14:1
[INFO] [stdout]    |
[INFO] [stdout] 14 | enum TestEnum {
[INFO] [stdout]    | ^^^^^^^^^^^^^
[INFO] [stdout]    = help: the following other types implement trait `Keyed`:
[INFO] [stdout]              ()
[INFO] [stdout]              (T0,)
[INFO] [stdout]              (T0, T1)
[INFO] [stdout]              (T0, T1, T2)
[INFO] [stdout]              (T0, T1, T2, T3)
[INFO] [stdout]              (T0, T1, T2, T3, T4)
[INFO] [stdout]              (T0, T1, T2, T3, T4, T5)
[INFO] [stdout]              (T0, T1, T2, T3, T4, T5, T6)
[INFO] [stdout]            and 37 others
[INFO] [stdout] note: required by a bound in `Recorder`
[INFO] [stdout]   --> src/recorder.rs:23:24
[INFO] [stdout]    |
[INFO] [stdout] 23 | pub struct Recorder<C: Keyed, DC: Keyed = BTreeMap<<C as Keyed>::Key, <C as Container>::Value>> {
[INFO] [stdout]    |                        ^^^^^ required by this bound in `Recorder`
[INFO] [stdout] 
[INFO] [stdout] 
[INFO] [stdout] error[E0277]: the trait bound `TestEnum: Container` is not satisfied
[INFO] [stdout]    --> tests/enum.rs:49:27
[INFO] [stdout]     |
[INFO] [stdout]  49 |     assert!(undoredo.redo(&mut recorder).is_none());
[INFO] [stdout]     |                      ---- ^^^^^^^^^^^^^ unsatisfied trait bound
[INFO] [stdout]     |                      |
[INFO] [stdout]     |                      required by a bound introduced by this call
[INFO] [stdout]     |
[INFO] [stdout] help: the trait `Container` is not implemented for `TestEnum`
[INFO] [stdout]    --> tests/enum.rs:14:1
[INFO] [stdout]     |
[INFO] [stdout]  14 | enum TestEnum {
[INFO] [stdout]     | ^^^^^^^^^^^^^
[INFO] [stdout]     = help: the following other types implement trait `Container`:
[INFO] [stdout]               ()
[INFO] [stdout]               (T0,)
[INFO] [stdout]               (T0, T1)
[INFO] [stdout]               (T0, T1, T2)
[INFO] [stdout]               (T0, T1, T2, T3)
[INFO] [stdout]               (T0, T1, T2, T3, T4)
[INFO] [stdout]               (T0, T1, T2, T3, T4, T5)
[INFO] [stdout]               (T0, T1, T2, T3, T4, T5, T6)
[INFO] [stdout]             and 37 others
[INFO] [stdout]     = note: required for `Recorder<TestEnum, BTreeMap<usize, TestEnum>>` to implement `ApplyDelta<BTreeMap<usize, TestEnum>>`
[INFO] [stdout]     = note: required for `Delta<BTreeMap<usize, TestEnum>>` to implement `RevertEdit<Recorder<TestEnum, BTreeMap<usize, TestEnum>>>`
[INFO] [stdout] note: required by a bound in `UndoRedo::<E, Cmd>::redo`
[INFO] [stdout]    --> src/undoredo.rs:114:12
[INFO] [stdout]     |
[INFO] [stdout] 112 |     pub fn redo<T>(&mut self, target: &mut T) -> Option<Cmd>
[INFO] [stdout]     |            ---- required by a bound in this associated function
[INFO] [stdout] 113 |     where
[INFO] [stdout] 114 |         E: RevertEdit<T>,
[INFO] [stdout]     |            ^^^^^^^^^^^^^ required by this bound in `UndoRedo::<E, Cmd>::redo`
[INFO] [stdout] 
[INFO] [stdout] 
[INFO] [stdout] error[E0277]: the trait bound `TestEnum: ApplyDelta<BTreeMap<usize, TestEnum>>` is not satisfied
[INFO] [stdout]    --> tests/enum.rs:49:27
[INFO] [stdout]     |
[INFO] [stdout]  49 |     assert!(undoredo.redo(&mut recorder).is_none());
[INFO] [stdout]     |                      ---- ^^^^^^^^^^^^^ unsatisfied trait bound
[INFO] [stdout]     |                      |
[INFO] [stdout]     |                      required by a bound introduced by this call
[INFO] [stdout]     |
[INFO] [stdout] help: the trait `ApplyDelta<BTreeMap<usize, TestEnum>>` is not implemented for `TestEnum`
[INFO] [stdout]    --> tests/enum.rs:14:1
[INFO] [stdout]     |
[INFO] [stdout]  14 | enum TestEnum {
[INFO] [stdout]     | ^^^^^^^^^^^^^
[INFO] [stdout]     = help: the following other types implement trait `ApplyDelta<DC>`:
[INFO] [stdout]               `()` implements `ApplyDelta<BTreeMap<usize, ()>>`
[INFO] [stdout]               `(T0,)` implements `ApplyDelta<BTreeMap<usize, (T0,)>>`
[INFO] [stdout]               `(T0, T1)` implements `ApplyDelta<BTreeMap<usize, (T0, T1)>>`
[INFO] [stdout]               `(T0, T1, T2)` implements `ApplyDelta<BTreeMap<usize, (T0, T1, T2)>>`
[INFO] [stdout]               `(T0, T1, T2, T3)` implements `ApplyDelta<BTreeMap<usize, (T0, T1, T2, T3)>>`
[INFO] [stdout]               `(T0, T1, T2, T3, T4)` implements `ApplyDelta<BTreeMap<usize, (T0, T1, T2, T3, T4)>>`
[INFO] [stdout]               `(T0, T1, T2, T3, T4, T5)` implements `ApplyDelta<BTreeMap<usize, (T0, T1, T2, T3, T4, T5)>>`
[INFO] [stdout]               `(T0, T1, T2, T3, T4, T5, T6)` implements `ApplyDelta<BTreeMap<usize, (T0, T1, T2, T3, T4, T5, T6)>>`
[INFO] [stdout]             and 33 others
[INFO] [stdout]     = note: required for `Recorder<TestEnum, BTreeMap<usize, TestEnum>>` to implement `ApplyDelta<BTreeMap<usize, TestEnum>>`
[INFO] [stdout]     = note: required for `Delta<BTreeMap<usize, TestEnum>>` to implement `RevertEdit<Recorder<TestEnum, BTreeMap<usize, TestEnum>>>`
[INFO] [stdout] note: required by a bound in `UndoRedo::<E, Cmd>::redo`
[INFO] [stdout]    --> src/undoredo.rs:114:12
[INFO] [stdout]     |
[INFO] [stdout] 112 |     pub fn redo<T>(&mut self, target: &mut T) -> Option<Cmd>
[INFO] [stdout]     |            ---- required by a bound in this associated function
[INFO] [stdout] 113 |     where
[INFO] [stdout] 114 |         E: RevertEdit<T>,
[INFO] [stdout]     |            ^^^^^^^^^^^^^ required by this bound in `UndoRedo::<E, Cmd>::redo`
[INFO] [stdout] 
[INFO] [stdout] 
[INFO] [stdout] error[E0599]: the method `container` exists for struct `Recorder<TestEnum, BTreeMap<usize, TestEnum>>`, but its trait bounds were not satisfied
[INFO] [stdout]   --> tests/enum.rs:50:25
[INFO] [stdout]    |
[INFO] [stdout] 14 | enum TestEnum {
[INFO] [stdout]    | ------------- doesn't satisfy `TestEnum: Keyed`
[INFO] [stdout] ...
[INFO] [stdout] 50 |     assert_eq!(recorder.container(), &TestEnum::Fields { i: 1, u: 2 });
[INFO] [stdout]    |                         ^^^^^^^^^ private field, not a method
[INFO] [stdout]    |
[INFO] [stdout]    = note: the following trait bounds were not satisfied:
[INFO] [stdout]            `TestEnum: Keyed`
[INFO] [stdout] note: the trait `Keyed` must be implemented
[INFO] [stdout]   --> /opt/rustwide/cargo-home/registry/src/index.crates.io-1949cf8c6b5b557f/maplike-0.15.0/src/abc.rs:28:1
[INFO] [stdout]    |
[INFO] [stdout] 28 | pub trait Keyed: Container {
[INFO] [stdout]    | ^^^^^^^^^^^^^^^^^^^^^^^^^^
[INFO] [stdout] 
[INFO] [stdout] 
[INFO] [stdout] For more information about this error, try `rustc --explain E0425`.
[INFO] [stdout] 
[INFO] [stderr] error: could not compile `undoredo` (test "struct") due to 3 previous errors
[INFO] [stderr] warning: build failed, waiting for other jobs to finish...
[INFO] [stdout] Some errors have detailed explanations: E0277, E0599.
[INFO] [stdout] 
[INFO] [stdout] For more information about an error, try `rustc --explain E0277`.
[INFO] [stdout] 
[INFO] [stderr] error: could not compile `undoredo` (test "enum") due to 35 previous errors
[INFO] running `Command { std: "docker" "inspect" "d1848887763b18ded55fa35f5de0e0d1ae540f9ddf7f2d21397e86dc7706b2ac", kill_on_drop: false }`
[INFO] running `Command { std: "docker" "rm" "-f" "d1848887763b18ded55fa35f5de0e0d1ae540f9ddf7f2d21397e86dc7706b2ac", kill_on_drop: false }`
[INFO] [stdout] d1848887763b18ded55fa35f5de0e0d1ae540f9ddf7f2d21397e86dc7706b2ac
