[INFO] fetching crate umbral-macros 0.0.13...
[INFO] testing umbral-macros-0.0.13 against 1.100.0-beta.1 for beta-1.100-2
[INFO] extracting crate umbral-macros 0.0.13 into /workspace/builds/worker-3-tc2/source
[INFO] started tweaking crates.io crate umbral-macros 0.0.13
[INFO] removed 0 missing tests
[INFO] finished tweaking crates.io crate umbral-macros 0.0.13
[INFO] tweaked toml for crates.io crate umbral-macros 0.0.13 written to /workspace/builds/worker-3-tc2/source/Cargo.toml
[INFO] validating manifest of crates.io crate umbral-macros 0.0.13 on toolchain 1.100.0-beta.1
[INFO] running `Command { std: CARGO_HOME="/workspace/cargo-home" RUSTUP_HOME="/workspace/rustup-home" "/workspace/cargo-home/bin/cargo" "+1.100.0-beta.1" "metadata" "--manifest-path" "Cargo.toml" "--no-deps", kill_on_drop: false }`
[INFO] crate crates.io crate umbral-macros 0.0.13 already has a lockfile, it will not be regenerated
[INFO] running `Command { std: CARGO_HOME="/workspace/cargo-home" RUSTUP_HOME="/workspace/rustup-home" "/workspace/cargo-home/bin/cargo" "+1.100.0-beta.1" "fetch" "--manifest-path" "Cargo.toml", kill_on_drop: false }`
[INFO] running `Command { std: "docker" "create" "-v" "/var/lib/crater-agent-workspace/builds/worker-3-tc2/source:/opt/rustwide/workdir:ro,Z" "-v" "/var/lib/crater-agent-workspace/builds/worker-3-tc2/target:/opt/rustwide/target:rw,Z" "-v" "/var/lib/crater-agent-workspace/cargo-home:/opt/rustwide/cargo-home:ro,Z" "-v" "/var/lib/crater-agent-workspace/rustup-home:/opt/rustwide/rustup-home:ro,Z" "-m" "1610612736" "--network" "none" "ghcr.io/rust-lang/crates-build-env/linux@sha256:3111399a4047eeb3a02b7a90e478d715f38a8c6669b5c4b49d30a17385265909" "sleep" "infinity", kill_on_drop: false }`
[INFO] [stdout] 1a34794880554e5187bab23af9e194affdef7c7785e6267ca3f9d1cf174de9e5
[INFO] running `Command { std: "docker" "start" "1a34794880554e5187bab23af9e194affdef7c7785e6267ca3f9d1cf174de9e5", kill_on_drop: false }`
[INFO] running `Command { std: "docker" "inspect" "1a34794880554e5187bab23af9e194affdef7c7785e6267ca3f9d1cf174de9e5", kill_on_drop: false }`
[INFO] running `Command { std: "docker" "exec" "-e" "SOURCE_DIR=/opt/rustwide/workdir" "-e" "CARGO_HOME=/opt/rustwide/cargo-home" "-e" "RUSTUP_HOME=/opt/rustwide/rustup-home" "-e" "CARGO_TARGET_DIR=/opt/rustwide/target" "-w" "/opt/rustwide/workdir" "--user" "0:0" "1a34794880554e5187bab23af9e194affdef7c7785e6267ca3f9d1cf174de9e5" "/opt/rustwide/cargo-home/bin/cargo" "+1.100.0-beta.1" "metadata" "--no-deps" "--format-version=1", kill_on_drop: false }`
[INFO] running `Command { std: "docker" "inspect" "1a34794880554e5187bab23af9e194affdef7c7785e6267ca3f9d1cf174de9e5", kill_on_drop: false }`
[INFO] running `Command { std: "docker" "exec" "-e" "SOURCE_DIR=/opt/rustwide/workdir" "-e" "CARGO_HOME=/opt/rustwide/cargo-home" "-e" "RUSTUP_HOME=/opt/rustwide/rustup-home" "-e" "CARGO_TARGET_DIR=/opt/rustwide/target" "-e" "CARGO_INCREMENTAL=0" "-e" "RUST_BACKTRACE=full" "-e" "RUSTFLAGS=--cap-lints=warn" "-e" "RUSTDOCFLAGS=--cap-lints=warn" "-w" "/opt/rustwide/workdir" "--user" "0:0" "1a34794880554e5187bab23af9e194affdef7c7785e6267ca3f9d1cf174de9e5" "/opt/rustwide/cargo-home/bin/cargo" "+1.100.0-beta.1" "build" "--frozen" "--message-format=json", kill_on_drop: false }`
[INFO] [stderr]    Compiling umbral-casing v0.0.13
[INFO] [stderr]    Compiling umbral-macros v0.0.13 (/opt/rustwide/workdir)
[INFO] [stderr]     Finished `dev` profile [unoptimized + debuginfo] target(s) in 2.77s
[INFO] running `Command { std: "docker" "inspect" "1a34794880554e5187bab23af9e194affdef7c7785e6267ca3f9d1cf174de9e5", kill_on_drop: false }`
[INFO] running `Command { std: "docker" "exec" "-e" "SOURCE_DIR=/opt/rustwide/workdir" "-e" "CARGO_HOME=/opt/rustwide/cargo-home" "-e" "RUSTUP_HOME=/opt/rustwide/rustup-home" "-e" "CARGO_TARGET_DIR=/opt/rustwide/target" "-e" "CARGO_INCREMENTAL=0" "-e" "RUST_BACKTRACE=full" "-e" "RUSTFLAGS=--cap-lints=warn" "-e" "RUSTDOCFLAGS=--cap-lints=warn" "-w" "/opt/rustwide/workdir" "--user" "0:0" "1a34794880554e5187bab23af9e194affdef7c7785e6267ca3f9d1cf174de9e5" "/opt/rustwide/cargo-home/bin/cargo" "+1.100.0-beta.1" "test" "--frozen" "--no-run" "--message-format=json", kill_on_drop: false }`
[INFO] [stderr]    Compiling proc-macro2 v1.0.106
[INFO] [stderr]    Compiling serde_core v1.0.228
[INFO] [stderr]    Compiling serde v1.0.228
[INFO] [stderr]    Compiling quote v1.0.45
[INFO] [stderr]    Compiling futures-sink v0.3.32
[INFO] [stderr]    Compiling parking_lot_core v0.9.12
[INFO] [stderr]    Compiling futures-io v0.3.32
[INFO] [stderr]    Compiling num-traits v0.2.19
[INFO] [stderr]    Compiling hashbrown v0.15.5
[INFO] [stderr]    Compiling concurrent-queue v2.5.0
[INFO] [stderr]    Compiling crc-catalog v2.5.0
[INFO] [stderr]    Compiling log v0.4.30
[INFO] [stderr]    Compiling libsqlite3-sys v0.30.1
[INFO] [stderr]    Compiling crossbeam-queue v0.3.12
[INFO] [stderr]    Compiling base64 v0.22.1
[INFO] [stderr]    Compiling digest v0.10.7
[INFO] [stderr]    Compiling flume v0.11.1
[INFO] [stderr]    Compiling futures-channel v0.3.32
[INFO] [stderr]    Compiling crc v3.4.0
[INFO] [stderr]    Compiling parking_lot v0.12.5
[INFO] [stderr]    Compiling futures-util v0.3.32
[INFO] [stderr]    Compiling event-listener v5.4.1
[INFO] [stderr]    Compiling sha2 v0.10.9
[INFO] [stderr]    Compiling hex v0.4.3
[INFO] [stderr]    Compiling dotenvy v0.15.7
[INFO] [stderr]    Compiling target-triple v1.0.0
[INFO] [stderr]    Compiling umbral-casing v0.0.13
[INFO] [stderr]    Compiling dissimilar v1.0.11
[INFO] [stderr]    Compiling futures-intrusive v0.5.0
[INFO] [stderr]    Compiling glob v0.3.3
[INFO] [stderr]    Compiling hashlink v0.10.0
[INFO] [stderr]    Compiling syn v2.0.117
[INFO] [stderr]    Compiling atoi v2.0.0
[INFO] [stderr]    Compiling serde_json v1.0.150
[INFO] [stderr]    Compiling toml_datetime v1.1.1+spec-1.1.0
[INFO] [stderr]    Compiling serde_spanned v1.1.1
[INFO] [stderr]    Compiling toml v1.1.2+spec-1.1.0
[INFO] [stderr]    Compiling futures-executor v0.3.32
[INFO] [stderr]    Compiling synstructure v0.13.2
[INFO] [stderr]    Compiling zerofrom-derive v0.1.7
[INFO] [stderr]    Compiling yoke-derive v0.8.2
[INFO] [stderr]    Compiling zerovec-derive v0.11.3
[INFO] [stderr]    Compiling displaydoc v0.2.6
[INFO] [stderr]    Compiling serde_derive v1.0.228
[INFO] [stderr]    Compiling tokio-macros v2.7.0
[INFO] [stderr]    Compiling tracing-attributes v0.1.31
[INFO] [stderr]    Compiling thiserror-impl v2.0.18
[INFO] [stderr]    Compiling umbral-macros v0.0.13 (/opt/rustwide/workdir)
[INFO] [stderr]    Compiling tokio v1.52.3
[INFO] [stderr]    Compiling thiserror v2.0.18
[INFO] [stderr]    Compiling zerofrom v0.1.8
[INFO] [stderr]    Compiling tracing v0.1.44
[INFO] [stderr]    Compiling yoke v0.8.2
[INFO] [stderr]    Compiling zerovec v0.11.6
[INFO] [stderr]    Compiling zerotrie v0.2.4
[INFO] [stderr]    Compiling tinystr v0.8.3
[INFO] [stderr]    Compiling potential_utf v0.1.5
[INFO] [stderr]    Compiling icu_collections v2.1.1
[INFO] [stderr]    Compiling icu_locale_core v2.1.1
[INFO] [stderr]    Compiling icu_provider v2.1.1
[INFO] [stderr]    Compiling icu_properties v2.1.2
[INFO] [stderr]    Compiling icu_normalizer v2.1.1
[INFO] [stderr]    Compiling either v1.16.0
[INFO] [stderr]    Compiling serde_urlencoded v0.7.1
[INFO] [stderr]    Compiling chrono v0.4.44
[INFO] [stderr]    Compiling trybuild v1.0.116
[INFO] [stderr]    Compiling idna_adapter v1.2.1
[INFO] [stderr]    Compiling idna v1.1.0
[INFO] [stderr]    Compiling url v2.5.8
[INFO] [stderr]    Compiling tokio-stream v0.1.18
[INFO] [stderr]    Compiling sqlx-core v0.8.6
[INFO] [stderr]    Compiling sqlx-sqlite v0.8.6
[INFO] [stderr]    Compiling sqlx-macros-core v0.8.6
[INFO] [stderr]    Compiling sqlx-macros v0.8.6
[INFO] [stderr]    Compiling sqlx v0.8.6
[INFO] [stdout] error[E0433]: cannot find module or crate `umbral` in this scope
[INFO] [stdout]   --> tests/task_macro.rs:72:3
[INFO] [stdout]    |
[INFO] [stdout] 72 | #[umbral::task]
[INFO] [stdout]    |   ^^^^^^ use of unresolved module or unlinked crate `umbral`
[INFO] [stdout] 
[INFO] [stdout] 
[INFO] [stdout] error[E0433]: cannot find module or crate `umbral` in this scope
[INFO] [stdout]   --> tests/task_macro.rs:79:3
[INFO] [stdout]    |
[INFO] [stdout] 79 | #[umbral::task(name = "myapp.process_item_v2")]
[INFO] [stdout]    |   ^^^^^^ use of unresolved module or unlinked crate `umbral`
[INFO] [stdout] 
[INFO] [stdout] 
[INFO] [stdout] error[E0433]: cannot find module or crate `umbral` in this scope
[INFO] [stdout]   --> tests/gap73_m2m_reverse_sqlx_skip.rs:17:5
[INFO] [stdout]    |
[INFO] [stdout] 17 | use umbral::orm::{ForeignKey, M2M, Model, ReverseSet};
[INFO] [stdout]    |     ^^^^^^ use of unresolved module or unlinked crate `umbral`
[INFO] [stdout]    |
[INFO] [stdout]    = help: if you wanted to use a crate named `umbral`, use `cargo add umbral` to add it to your `Cargo.toml`
[INFO] [stdout] 
[INFO] [stdout] 
[INFO] [stdout] error[E0433]: cannot find module or crate `umbral` in this scope
[INFO] [stdout]   --> tests/form_fk_string_pk.rs:19:5
[INFO] [stdout]    |
[INFO] [stdout] 19 | use umbral::forms::FormValidate;
[INFO] [stdout]    |     ^^^^^^ use of unresolved module or unlinked crate `umbral`
[INFO] [stdout]    |
[INFO] [stdout]    = help: if you wanted to use a crate named `umbral`, use `cargo add umbral` to add it to your `Cargo.toml`
[INFO] [stdout] 
[INFO] [stdout] 
[INFO] [stdout] error[E0433]: cannot find module or crate `umbral` in this scope
[INFO] [stdout]   --> tests/form_fk_string_pk.rs:20:5
[INFO] [stdout]    |
[INFO] [stdout] 20 | use umbral::orm::ForeignKey;
[INFO] [stdout]    |     ^^^^^^ use of unresolved module or unlinked crate `umbral`
[INFO] [stdout]    |
[INFO] [stdout]    = help: if you wanted to use a crate named `umbral`, use `cargo add umbral` to add it to your `Cargo.toml`
[INFO] [stdout] 
[INFO] [stdout] 
[INFO] [stdout] error[E0433]: cannot find module or crate `umbral` in this scope
[INFO] [stdout]   --> tests/form_fk_string_pk.rs:23:63
[INFO] [stdout]    |
[INFO] [stdout] 23 | #[derive(Debug, Clone, sqlx::FromRow, Serialize, Deserialize, umbral::orm::Model)]
[INFO] [stdout]    |                                                               ^^^^^^ use of unresolved module or unlinked crate `umbral`
[INFO] [stdout] 
[INFO] [stdout] 
[INFO] [stdout] error[E0433]: cannot find module or crate `umbral` in this scope
[INFO] [stdout]   --> tests/form_fk_string_pk.rs:40:5
[INFO] [stdout]    |
[INFO] [stdout] 40 |     umbral::orm::Model,
[INFO] [stdout]    |     ^^^^^^ use of unresolved module or unlinked crate `umbral`
[INFO] [stdout] 
[INFO] [stdout] 
[INFO] [stdout] error[E0433]: cannot find module or crate `umbral` in this scope
[INFO] [stdout]   --> tests/form_fk_string_pk.rs:41:5
[INFO] [stdout]    |
[INFO] [stdout] 41 |     umbral::forms::Form,
[INFO] [stdout]    |     ^^^^^^ use of unresolved module or unlinked crate `umbral`
[INFO] [stdout] 
[INFO] [stdout] 
[INFO] [stdout] error: cannot find attribute `umbral` in this scope
[INFO] [stdout]   --> tests/gap73_m2m_reverse_sqlx_skip.rs:38:7
[INFO] [stdout]    |
[INFO] [stdout] 38 |     #[umbral(m2m = "tag")]
[INFO] [stdout]    |       ^^^^^^
[INFO] [stdout] 
[INFO] [stdout] 
[INFO] [stdout] error: cannot find attribute `umbral` in this scope
[INFO] [stdout]   --> tests/gap73_m2m_reverse_sqlx_skip.rs:42:7
[INFO] [stdout]    |
[INFO] [stdout] 42 |     #[umbral(reverse_fk = "post")]
[INFO] [stdout]    |       ^^^^^^
[INFO] [stdout] 
[INFO] [stdout] 
[INFO] [stdout] error[E0433]: cannot find module or crate `umbral` in this scope
[INFO] [stdout]   --> tests/task_macro.rs:24:24
[INFO] [stdout]    |
[INFO] [stdout] 24 |         let settings = umbral::Settings::from_env().expect("settings from env");
[INFO] [stdout]    |                        ^^^^^^ use of unresolved module or unlinked crate `umbral`
[INFO] [stdout]    |
[INFO] [stdout]    = help: if you wanted to use a crate named `umbral`, use `cargo add umbral` to add it to your `Cargo.toml`
[INFO] [stdout] 
[INFO] [stdout] 
[INFO] [stdout] error[E0433]: cannot find module or crate `umbral` in this scope
[INFO] [stdout]   --> tests/display_icon.rs:18:5
[INFO] [stdout]    |
[INFO] [stdout] 18 | use umbral::orm::Model;
[INFO] [stdout]    |     ^^^^^^ use of unresolved module or unlinked crate `umbral`
[INFO] [stdout]    |
[INFO] [stdout]    = help: if you wanted to use a crate named `umbral`, use `cargo add umbral` to add it to your `Cargo.toml`
[INFO] [stdout] 
[INFO] [stdout] 
[INFO] [stdout] error[E0433]: cannot find module or crate `umbral` in this scope
[INFO] [stdout]    --> tests/display_icon.rs:222:5
[INFO] [stdout]     |
[INFO] [stdout] 222 | use umbral::orm::{Email, Slug, Url, ValidatorError};
[INFO] [stdout]     |     ^^^^^^ use of unresolved module or unlinked crate `umbral`
[INFO] [stdout]     |
[INFO] [stdout]     = help: if you wanted to use a crate named `umbral`, use `cargo add umbral` to add it to your `Cargo.toml`
[INFO] [stdout] 
[INFO] [stdout] 
[INFO] [stdout] error[E0433]: cannot find module or crate `umbral` in this scope
[INFO] [stdout]    --> tests/display_icon.rs:297:5
[INFO] [stdout]     |
[INFO] [stdout] 297 | use umbral::orm::{HydrateRelated, M2M};
[INFO] [stdout]     |     ^^^^^^ use of unresolved module or unlinked crate `umbral`
[INFO] [stdout]     |
[INFO] [stdout]     = help: if you wanted to use a crate named `umbral`, use `cargo add umbral` to add it to your `Cargo.toml`
[INFO] [stdout] 
[INFO] [stdout] 
[INFO] [stdout] error: cannot find attribute `umbral` in this scope
[INFO] [stdout]   --> tests/form_fk_string_pk.rs:24:3
[INFO] [stdout]    |
[INFO] [stdout] 24 | #[umbral(table = "ffk_str_country")]
[INFO] [stdout]    |   ^^^^^^
[INFO] [stdout] 
[INFO] [stdout] 
[INFO] [stdout] error: cannot find attribute `umbral` in this scope
[INFO] [stdout]   --> tests/form_fk_string_pk.rs:26:7
[INFO] [stdout]    |
[INFO] [stdout] 26 |     #[umbral(primary_key)]
[INFO] [stdout]    |       ^^^^^^
[INFO] [stdout] 
[INFO] [stdout] 
[INFO] [stdout] error[E0433]: cannot find module or crate `umbral` in this scope
[INFO] [stdout]   --> tests/task_macro.rs:28:9
[INFO] [stdout]    |
[INFO] [stdout] 28 |         umbral::App::builder()
[INFO] [stdout]    |         ^^^^^^ use of unresolved module or unlinked crate `umbral`
[INFO] [stdout]    |
[INFO] [stdout]    = help: if you wanted to use a crate named `umbral`, use `cargo add umbral` to add it to your `Cargo.toml`
[INFO] [stdout] 
[INFO] [stdout] 
[INFO] [stdout] error: cannot find attribute `umbral` in this scope
[INFO] [stdout]   --> tests/form_fk_string_pk.rs:43:3
[INFO] [stdout]    |
[INFO] [stdout] 43 | #[umbral(table = "ffk_str_city")]
[INFO] [stdout]    |   ^^^^^^
[INFO] [stdout] 
[INFO] [stdout] 
[INFO] [stdout] error: cannot find attribute `umbral` in this scope
[INFO] [stdout]   --> tests/form_fk_string_pk.rs:45:7
[INFO] [stdout]    |
[INFO] [stdout] 45 |     #[umbral(primary_key)]
[INFO] [stdout]    |       ^^^^^^
[INFO] [stdout] 
[INFO] [stdout] 
[INFO] [stdout] error[E0433]: cannot find module or crate `umbral_tasks` in this scope
[INFO] [stdout]   --> tests/task_macro.rs:35:21
[INFO] [stdout]    |
[INFO] [stdout] 35 |             .plugin(umbral_tasks::TasksPlugin::default())
[INFO] [stdout]    |                     ^^^^^^^^^^^^ use of unresolved module or unlinked crate `umbral_tasks`
[INFO] [stdout]    |
[INFO] [stdout] help: there is a crate or module with a similar name
[INFO] [stdout]    |
[INFO] [stdout] 35 -             .plugin(umbral_tasks::TasksPlugin::default())
[INFO] [stdout] 35 +             .plugin(umbral_casing::TasksPlugin::default())
[INFO] [stdout]    |
[INFO] [stdout] 
[INFO] [stdout] 
[INFO] [stdout] error: cannot find attribute `form` in this scope
[INFO] [stdout]   --> tests/form_fk_string_pk.rs:47:7
[INFO] [stdout]    |
[INFO] [stdout] 47 |     #[form(required, length(min = 1, max = 120))]
[INFO] [stdout]    |       ^^^^
[INFO] [stdout]    |
[INFO] [stdout] help: the derive macro `Error` accepts the similarly named `from` attribute
[INFO] [stdout]    |
[INFO] [stdout] 47 -     #[form(required, length(min = 1, max = 120))]
[INFO] [stdout] 47 +     #[from(required, length(min = 1, max = 120))]
[INFO] [stdout]    |
[INFO] [stdout] 
[INFO] [stdout] 
[INFO] [stdout] error[E0433]: cannot find module or crate `umbral` in this scope
[INFO] [stdout]   --> tests/task_macro.rs:39:9
[INFO] [stdout]    |
[INFO] [stdout] 39 |         umbral::migrate::create_tables_for_tests()
[INFO] [stdout]    |         ^^^^^^ use of unresolved module or unlinked crate `umbral`
[INFO] [stdout]    |
[INFO] [stdout]    = help: if you wanted to use a crate named `umbral`, use `cargo add umbral` to add it to your `Cargo.toml`
[INFO] [stdout] 
[INFO] [stdout] 
[INFO] [stdout] error[E0433]: cannot find module or crate `umbral` in this scope
[INFO] [stdout]   --> tests/form_fk_string_pk.rs:62:24
[INFO] [stdout]    |
[INFO] [stdout] 62 |         let settings = umbral::Settings::from_env().expect("figment defaults");
[INFO] [stdout]    |                        ^^^^^^ use of unresolved module or unlinked crate `umbral`
[INFO] [stdout]    |
[INFO] [stdout]    = help: if you wanted to use a crate named `umbral`, use `cargo add umbral` to add it to your `Cargo.toml`
[INFO] [stdout] 
[INFO] [stdout] 
[INFO] [stdout] error: cannot find attribute `umbral` in this scope
[INFO] [stdout]   --> tests/display_icon.rs:26:3
[INFO] [stdout]    |
[INFO] [stdout] 26 | #[umbral(display = "Users", icon = "users")]
[INFO] [stdout]    |   ^^^^^^
[INFO] [stdout] 
[INFO] [stdout] 
[INFO] [stdout] error[E0433]: cannot find module or crate `umbral` in this scope
[INFO] [stdout]   --> tests/task_macro.rs:49:16
[INFO] [stdout]    |
[INFO] [stdout] 49 |     let pool = umbral::db::pool();
[INFO] [stdout]    |                ^^^^^^ use of unresolved module or unlinked crate `umbral`
[INFO] [stdout]    |
[INFO] [stdout]    = help: if you wanted to use a crate named `umbral`, use `cargo add umbral` to add it to your `Cargo.toml`
[INFO] [stdout] 
[INFO] [stdout] 
[INFO] [stdout] error[E0433]: cannot find module or crate `umbral` in this scope
[INFO] [stdout]   --> tests/form_fk_string_pk.rs:63:20
[INFO] [stdout]    |
[INFO] [stdout] 63 |         let pool = umbral::db::connect_sqlite("sqlite::memory:")
[INFO] [stdout]    |                    ^^^^^^ use of unresolved module or unlinked crate `umbral`
[INFO] [stdout]    |
[INFO] [stdout]    = help: if you wanted to use a crate named `umbral`, use `cargo add umbral` to add it to your `Cargo.toml`
[INFO] [stdout] 
[INFO] [stdout] 
[INFO] [stdout] For more information about this error, try `rustc --explain E0433`.
[INFO] [stdout] 
[INFO] [stdout] error: cannot find attribute `umbral` in this scope
[INFO] [stdout]   --> tests/display_icon.rs:41:3
[INFO] [stdout]    |
[INFO] [stdout] 41 | #[umbral(display = "Articles")]
[INFO] [stdout]    |   ^^^^^^
[INFO] [stdout] 
[INFO] [stdout] 
[INFO] [stdout] error: cannot find attribute `umbral` in this scope
[INFO] [stdout]   --> tests/display_icon.rs:49:3
[INFO] [stdout]    |
[INFO] [stdout] 49 | #[umbral(icon = "file-text")]
[INFO] [stdout]    |   ^^^^^^
[INFO] [stdout] 
[INFO] [stdout] 
[INFO] [stderr] error: could not compile `umbral-macros` (test "gap73_m2m_reverse_sqlx_skip") due to 3 previous errors
[INFO] [stderr] warning: build failed, waiting for other jobs to finish...
[INFO] [stdout] error: cannot find attribute `umbral` in this scope
[INFO] [stdout]   --> tests/display_icon.rs:94:3
[INFO] [stdout]    |
[INFO] [stdout] 94 | #[umbral(singleton)]
[INFO] [stdout]    |   ^^^^^^
[INFO] [stdout] 
[INFO] [stdout] 
[INFO] [stdout] error[E0433]: cannot find module or crate `umbral` in this scope
[INFO] [stdout]   --> tests/form_fk_string_pk.rs:66:9
[INFO] [stdout]    |
[INFO] [stdout] 66 |         umbral::App::builder()
[INFO] [stdout]    |         ^^^^^^ use of unresolved module or unlinked crate `umbral`
[INFO] [stdout]    |
[INFO] [stdout]    = help: if you wanted to use a crate named `umbral`, use `cargo add umbral` to add it to your `Cargo.toml`
[INFO] [stdout] 
[INFO] [stdout] 
[INFO] [stdout] error: cannot find attribute `umbral` in this scope
[INFO] [stdout]    --> tests/display_icon.rs:146:7
[INFO] [stdout]     |
[INFO] [stdout] 146 |     #[umbral(min = 0, max = 150)]
[INFO] [stdout]     |       ^^^^^^
[INFO] [stdout] 
[INFO] [stdout] 
[INFO] [stdout] error: cannot find attribute `umbral` in this scope
[INFO] [stdout]    --> tests/display_icon.rs:148:7
[INFO] [stdout]     |
[INFO] [stdout] 148 |     #[umbral(min = 1)]
[INFO] [stdout]     |       ^^^^^^
[INFO] [stdout] 
[INFO] [stdout] 
[INFO] [stdout] error: cannot find attribute `umbral` in this scope
[INFO] [stdout]    --> tests/display_icon.rs:184:3
[INFO] [stdout]     |
[INFO] [stdout] 184 | #[umbral(
[INFO] [stdout]     |   ^^^^^^
[INFO] [stdout] 
[INFO] [stdout] 
[INFO] [stdout] error[E0433]: cannot find module or crate `umbral` in this scope
[INFO] [stdout]   --> tests/form_fk_string_pk.rs:74:9
[INFO] [stdout]    |
[INFO] [stdout] 74 |         umbral::migrate::create_tables_for_tests()
[INFO] [stdout]    |         ^^^^^^ use of unresolved module or unlinked crate `umbral`
[INFO] [stdout]    |
[INFO] [stdout]    = help: if you wanted to use a crate named `umbral`, use `cargo add umbral` to add it to your `Cargo.toml`
[INFO] [stdout] 
[INFO] [stdout] 
[INFO] [stdout] error: cannot find attribute `umbral` in this scope
[INFO] [stdout]    --> tests/display_icon.rs:430:7
[INFO] [stdout]     |
[INFO] [stdout] 430 |     #[umbral(email)]
[INFO] [stdout]     |       ^^^^^^
[INFO] [stdout] 
[INFO] [stdout] 
[INFO] [stdout] error: cannot find attribute `umbral` in this scope
[INFO] [stdout]    --> tests/display_icon.rs:432:7
[INFO] [stdout]     |
[INFO] [stdout] 432 |     #[umbral(url)]
[INFO] [stdout]     |       ^^^^^^
[INFO] [stdout] 
[INFO] [stdout] 
[INFO] [stdout] error: cannot find attribute `umbral` in this scope
[INFO] [stdout]    --> tests/display_icon.rs:434:7
[INFO] [stdout]     |
[INFO] [stdout] 434 |     #[umbral(slug)]
[INFO] [stdout]     |       ^^^^^^
[INFO] [stdout] 
[INFO] [stdout] 
[INFO] [stdout] error[E0433]: cannot find module or crate `umbral` in this scope
[INFO] [stdout]    --> tests/form_fk_string_pk.rs:100:19
[INFO] [stdout]     |
[INFO] [stdout] 100 |         .resolve(&umbral::db::pool())
[INFO] [stdout]     |                   ^^^^^^ use of unresolved module or unlinked crate `umbral`
[INFO] [stdout]     |
[INFO] [stdout]     = help: if you wanted to use a crate named `umbral`, use `cargo add umbral` to add it to your `Cargo.toml`
[INFO] [stdout] 
[INFO] [stdout] 
[INFO] [stdout] error[E0433]: cannot find module or crate `umbral_tasks` in this scope
[INFO] [stdout]    --> tests/task_macro.rs:102:9
[INFO] [stdout]     |
[INFO] [stdout] 102 |         umbral_tasks::EnqueueOptions::default(),
[INFO] [stdout]     |         ^^^^^^^^^^^^ use of unresolved module or unlinked crate `umbral_tasks`
[INFO] [stdout]     |
[INFO] [stdout] help: there is a crate or module with a similar name
[INFO] [stdout]     |
[INFO] [stdout] 102 -         umbral_tasks::EnqueueOptions::default(),
[INFO] [stdout] 102 +         umbral_casing::EnqueueOptions::default(),
[INFO] [stdout]     |
[INFO] [stdout] 
[INFO] [stdout] 
[INFO] [stdout] error[E0433]: cannot find module or crate `umbral` in this scope
[INFO] [stdout]    --> tests/display_icon.rs:108:16
[INFO] [stdout]     |
[INFO] [stdout] 108 |     let meta = umbral::migrate::ModelMeta::for_::<SiteSettings>();
[INFO] [stdout]     |                ^^^^^^ use of unresolved module or unlinked crate `umbral`
[INFO] [stdout]     |
[INFO] [stdout]     = help: if you wanted to use a crate named `umbral`, use `cargo add umbral` to add it to your `Cargo.toml`
[INFO] [stdout] 
[INFO] [stdout] 
[INFO] [stdout] error[E0433]: cannot find module or crate `umbral` in this scope
[INFO] [stdout]    --> tests/display_icon.rs:122:16
[INFO] [stdout]     |
[INFO] [stdout] 122 |     let meta = umbral::migrate::ModelMeta::for_::<BlogPost>();
[INFO] [stdout]     |                ^^^^^^ use of unresolved module or unlinked crate `umbral`
[INFO] [stdout]     |
[INFO] [stdout]     = help: if you wanted to use a crate named `umbral`, use `cargo add umbral` to add it to your `Cargo.toml`
[INFO] [stdout] 
[INFO] [stdout] 
[INFO] [stdout] error[E0433]: cannot find module or crate `umbral` in this scope
[INFO] [stdout]    --> tests/task_macro.rs:112:21
[INFO] [stdout]     |
[INFO] [stdout] 112 |         .fetch_one(&umbral::db::pool())
[INFO] [stdout]     |                     ^^^^^^ use of unresolved module or unlinked crate `umbral`
[INFO] [stdout]     |
[INFO] [stdout]     = help: if you wanted to use a crate named `umbral`, use `cargo add umbral` to add it to your `Cargo.toml`
[INFO] [stdout] 
[INFO] [stdout] 
[INFO] [stdout] error[E0433]: cannot find module or crate `umbral` in this scope
[INFO] [stdout]    --> tests/display_icon.rs:128:16
[INFO] [stdout]     |
[INFO] [stdout] 128 |     let meta = umbral::migrate::ModelMeta::for_::<SiteSettings>();
[INFO] [stdout]     |                ^^^^^^ use of unresolved module or unlinked crate `umbral`
[INFO] [stdout]     |
[INFO] [stdout]     = help: if you wanted to use a crate named `umbral`, use `cargo add umbral` to add it to your `Cargo.toml`
[INFO] [stdout] 
[INFO] [stdout] 
[INFO] [stdout] error[E0433]: cannot find module or crate `umbral` in this scope
[INFO] [stdout]    --> tests/display_icon.rs:134:16
[INFO] [stdout]     |
[INFO] [stdout] 134 |     let round: umbral::migrate::ModelMeta = serde_json::from_str(&json).unwrap();
[INFO] [stdout]     |                ^^^^^^ use of unresolved module or unlinked crate `umbral`
[INFO] [stdout]     |
[INFO] [stdout]     = help: if you wanted to use a crate named `umbral`, use `cargo add umbral` to add it to your `Cargo.toml`
[INFO] [stdout] 
[INFO] [stdout] 
[INFO] [stdout] error[E0433]: cannot find module or crate `umbral` in this scope
[INFO] [stdout]    --> tests/display_icon.rs:235:51
[INFO] [stdout]     |
[INFO] [stdout] 235 |     let by_name: std::collections::HashMap<&str, &umbral::orm::FieldSpec> =
[INFO] [stdout]     |                                                   ^^^^^^ use of unresolved module or unlinked crate `umbral`
[INFO] [stdout]     |
[INFO] [stdout]     = help: if you wanted to use a crate named `umbral`, use `cargo add umbral` to add it to your `Cargo.toml`
[INFO] [stdout] 
[INFO] [stdout] 
[INFO] [stdout] error[E0433]: cannot find module or crate `umbral` in this scope
[INFO] [stdout]    --> tests/display_icon.rs:242:36
[INFO] [stdout]     |
[INFO] [stdout] 242 |     assert_eq!(by_name["slug"].ty, umbral::orm::SqlType::Text);
[INFO] [stdout]     |                                    ^^^^^^ use of unresolved module or unlinked crate `umbral`
[INFO] [stdout]     |
[INFO] [stdout]     = help: if you wanted to use a crate named `umbral`, use `cargo add umbral` to add it to your `Cargo.toml`
[INFO] [stdout] 
[INFO] [stdout] 
[INFO] [stdout] error[E0433]: cannot find module or crate `umbral_tasks` in this scope
[INFO] [stdout]    --> tests/task_macro.rs:135:9
[INFO] [stdout]     |
[INFO] [stdout] 135 |         umbral_tasks::EnqueueOptions::default(),
[INFO] [stdout]     |         ^^^^^^^^^^^^ use of unresolved module or unlinked crate `umbral_tasks`
[INFO] [stdout]     |
[INFO] [stdout] help: there is a crate or module with a similar name
[INFO] [stdout]     |
[INFO] [stdout] 135 -         umbral_tasks::EnqueueOptions::default(),
[INFO] [stdout] 135 +         umbral_casing::EnqueueOptions::default(),
[INFO] [stdout]     |
[INFO] [stdout] 
[INFO] [stdout] 
[INFO] [stdout] error[E0433]: cannot find module or crate `umbral` in this scope
[INFO] [stdout]    --> tests/display_icon.rs:244:37
[INFO] [stdout]     |
[INFO] [stdout] 244 |     assert_eq!(by_name["email"].ty, umbral::orm::SqlType::Text);
[INFO] [stdout]     |                                     ^^^^^^ use of unresolved module or unlinked crate `umbral`
[INFO] [stdout]     |
[INFO] [stdout]     = help: if you wanted to use a crate named `umbral`, use `cargo add umbral` to add it to your `Cargo.toml`
[INFO] [stdout] 
[INFO] [stdout] 
[INFO] [stdout] error[E0433]: cannot find module or crate `umbral` in this scope
[INFO] [stdout]    --> tests/display_icon.rs:246:40
[INFO] [stdout]     |
[INFO] [stdout] 246 |     assert_eq!(by_name["homepage"].ty, umbral::orm::SqlType::Text);
[INFO] [stdout]     |                                        ^^^^^^ use of unresolved module or unlinked crate `umbral`
[INFO] [stdout]     |
[INFO] [stdout]     = help: if you wanted to use a crate named `umbral`, use `cargo add umbral` to add it to your `Cargo.toml`
[INFO] [stdout] 
[INFO] [stdout] 
[INFO] [stdout] error[E0433]: cannot find module or crate `umbral` in this scope
[INFO] [stdout]    --> tests/task_macro.rs:145:21
[INFO] [stdout]     |
[INFO] [stdout] 145 |         .fetch_one(&umbral::db::pool())
[INFO] [stdout]     |                     ^^^^^^ use of unresolved module or unlinked crate `umbral`
[INFO] [stdout]     |
[INFO] [stdout]     = help: if you wanted to use a crate named `umbral`, use `cargo add umbral` to add it to your `Cargo.toml`
[INFO] [stdout] 
[INFO] [stdout] 
[INFO] [stdout] error[E0433]: cannot find module or crate `umbral` in this scope
[INFO] [stdout]    --> tests/display_icon.rs:248:37
[INFO] [stdout]     |
[INFO] [stdout] 248 |     assert_eq!(by_name["plain"].ty, umbral::orm::SqlType::Text);
[INFO] [stdout]     |                                     ^^^^^^ use of unresolved module or unlinked crate `umbral`
[INFO] [stdout]     |
[INFO] [stdout]     = help: if you wanted to use a crate named `umbral`, use `cargo add umbral` to add it to your `Cargo.toml`
[INFO] [stdout] 
[INFO] [stdout] 
[INFO] [stdout] error[E0599]: no associated function or constant named `validate` found for struct `City` in the current scope
[INFO] [stdout]   --> tests/form_fk_string_pk.rs:89:22
[INFO] [stdout]    |
[INFO] [stdout] 44 | pub struct City {
[INFO] [stdout]    | --------------- associated function or constant `validate` not found for this struct
[INFO] [stdout] ...
[INFO] [stdout] 89 |     let city = City::validate(&data(&[("name", "Nairobi"), ("country", "ke")]))
[INFO] [stdout]    |                      ^^^^^^^^ associated function or constant not found in `City`
[INFO] [stdout] 
[INFO] [stdout] 
[INFO] [stdout] error[E0433]: cannot find module or crate `umbral` in this scope
[INFO] [stdout]    --> tests/display_icon.rs:274:16
[INFO] [stdout]     |
[INFO] [stdout] 274 |     let meta = umbral::migrate::ModelMeta::for_::<ValidatorRow>();
[INFO] [stdout]     |                ^^^^^^ use of unresolved module or unlinked crate `umbral`
[INFO] [stdout]     |
[INFO] [stdout]     = help: if you wanted to use a crate named `umbral`, use `cargo add umbral` to add it to your `Cargo.toml`
[INFO] [stdout] 
[INFO] [stdout] 
[INFO] [stdout] error[E0599]: no associated function or constant named `objects` found for struct `City` in the current scope
[INFO] [stdout]   --> tests/form_fk_string_pk.rs:97:25
[INFO] [stdout]    |
[INFO] [stdout] 44 | pub struct City {
[INFO] [stdout]    | --------------- associated function or constant `objects` not found for this struct
[INFO] [stdout] ...
[INFO] [stdout] 97 |     let created = City::objects().create(city).await.expect("create city");
[INFO] [stdout]    |                         ^^^^^^^ associated function or constant not found in `City`
[INFO] [stdout] 
[INFO] [stdout] 
[INFO] [stdout] error[E0433]: cannot find module or crate `umbral` in this scope
[INFO] [stdout]    --> tests/display_icon.rs:281:15
[INFO] [stdout]     |
[INFO] [stdout] 281 |     let back: umbral::migrate::ModelMeta = serde_json::from_str(&json).unwrap();
[INFO] [stdout]     |               ^^^^^^ use of unresolved module or unlinked crate `umbral`
[INFO] [stdout]     |
[INFO] [stdout]     = help: if you wanted to use a crate named `umbral`, use `cargo add umbral` to add it to your `Cargo.toml`
[INFO] [stdout] 
[INFO] [stdout] 
[INFO] [stdout] error[E0599]: no associated function or constant named `validate` found for struct `City` in the current scope
[INFO] [stdout]    --> tests/form_fk_string_pk.rs:109:21
[INFO] [stdout]     |
[INFO] [stdout]  44 | pub struct City {
[INFO] [stdout]     | --------------- associated function or constant `validate` not found for this struct
[INFO] [stdout] ...
[INFO] [stdout] 109 |     let err = City::validate(&data(&[
[INFO] [stdout]     |                     ^^^^^^^^ associated function or constant not found in `City`
[INFO] [stdout] 
[INFO] [stdout] 
[INFO] [stdout] error[E0433]: cannot find module or crate `umbral` in this scope
[INFO] [stdout]    --> tests/display_icon.rs:331:16
[INFO] [stdout]     |
[INFO] [stdout] 331 |     let meta = umbral::migrate::ModelMeta::for_::<PostWithTags>();
[INFO] [stdout]     |                ^^^^^^ use of unresolved module or unlinked crate `umbral`
[INFO] [stdout]     |
[INFO] [stdout]     = help: if you wanted to use a crate named `umbral`, use `cargo add umbral` to add it to your `Cargo.toml`
[INFO] [stdout] 
[INFO] [stdout] 
[INFO] [stdout] error[E0599]: no associated function or constant named `objects` found for struct `City` in the current scope
[INFO] [stdout]    --> tests/form_fk_string_pk.rs:119:23
[INFO] [stdout]     |
[INFO] [stdout]  44 | pub struct City {
[INFO] [stdout]     | --------------- associated function or constant `objects` not found for this struct
[INFO] [stdout] ...
[INFO] [stdout] 119 |     let count = City::objects()
[INFO] [stdout]     |                       ^^^^^^^ associated function or constant not found in `City`
[INFO] [stdout] 
[INFO] [stdout] 
[INFO] [stdout] error[E0433]: cannot find module or crate `city` in this scope
[INFO] [stdout]    --> tests/form_fk_string_pk.rs:120:17
[INFO] [stdout]     |
[INFO] [stdout] 120 |         .filter(city::NAME.eq("Ghost-string-pk-city"))
[INFO] [stdout]     |                 ^^^^ use of unresolved module or unlinked crate `city`
[INFO] [stdout]     |
[INFO] [stdout]     = help: if you wanted to use a crate named `city`, use `cargo add city` to add it to your `Cargo.toml`
[INFO] [stdout] help: a struct with a similar name exists (notice the capitalization)
[INFO] [stdout]     |
[INFO] [stdout] 120 -         .filter(city::NAME.eq("Ghost-string-pk-city"))
[INFO] [stdout] 120 +         .filter(City::NAME.eq("Ghost-string-pk-city"))
[INFO] [stdout]     |
[INFO] [stdout] 
[INFO] [stdout] 
[INFO] [stdout] error[E0433]: cannot find module or crate `umbral` in this scope
[INFO] [stdout]    --> tests/display_icon.rs:367:16
[INFO] [stdout]     |
[INFO] [stdout] 367 |     let meta = umbral::migrate::ModelMeta::for_::<PostWithStructAttrs>();
[INFO] [stdout]     |                ^^^^^^ use of unresolved module or unlinked crate `umbral`
[INFO] [stdout]     |
[INFO] [stdout]     = help: if you wanted to use a crate named `umbral`, use `cargo add umbral` to add it to your `Cargo.toml`
[INFO] [stdout] 
[INFO] [stdout] 
[INFO] [stdout] error[E0433]: cannot find module or crate `umbral_tasks` in this scope
[INFO] [stdout]   --> tests/task_macro.rs:94:5
[INFO] [stdout]    |
[INFO] [stdout] 94 |     umbral_tasks::_clear_handlers_for_tests();
[INFO] [stdout]    |     ^^^^^^^^^^^^ use of unresolved module or unlinked crate `umbral_tasks`
[INFO] [stdout]    |
[INFO] [stdout] help: there is a crate or module with a similar name
[INFO] [stdout]    |
[INFO] [stdout] 94 -     umbral_tasks::_clear_handlers_for_tests();
[INFO] [stdout] 94 +     umbral_casing::_clear_handlers_for_tests();
[INFO] [stdout]    |
[INFO] [stdout] 
[INFO] [stdout] 
[INFO] [stdout] error[E0425]: cannot find function `register_process_item` in this scope
[INFO] [stdout]   --> tests/task_macro.rs:97:5
[INFO] [stdout]    |
[INFO] [stdout] 97 |     register_process_item();
[INFO] [stdout]    |     ^^^^^^^^^^^^^^^^^^^^^ not found in this scope
[INFO] [stdout] 
[INFO] [stdout] 
[INFO] [stdout] error[E0433]: cannot find module or crate `umbral_tasks` in this scope
[INFO] [stdout]   --> tests/task_macro.rs:99:14
[INFO] [stdout]    |
[INFO] [stdout] 99 |     let id = umbral_tasks::enqueue(
[INFO] [stdout]    |              ^^^^^^^^^^^^ use of unresolved module or unlinked crate `umbral_tasks`
[INFO] [stdout]    |
[INFO] [stdout] help: there is a crate or module with a similar name
[INFO] [stdout]    |
[INFO] [stdout] 99 -     let id = umbral_tasks::enqueue(
[INFO] [stdout] 99 +     let id = umbral_casing::enqueue(
[INFO] [stdout]    |
[INFO] [stdout] 
[INFO] [stdout] 
[INFO] [stdout] error[E0433]: cannot find module or crate `umbral_tasks` in this scope
[INFO] [stdout]    --> tests/task_macro.rs:107:21
[INFO] [stdout]     |
[INFO] [stdout] 107 |     let processed = umbral_tasks::run_worker_once().await.expect("worker step");
[INFO] [stdout]     |                     ^^^^^^^^^^^^ use of unresolved module or unlinked crate `umbral_tasks`
[INFO] [stdout]     |
[INFO] [stdout] help: there is a crate or module with a similar name
[INFO] [stdout]     |
[INFO] [stdout] 107 -     let processed = umbral_tasks::run_worker_once().await.expect("worker step");
[INFO] [stdout] 107 +     let processed = umbral_casing::run_worker_once().await.expect("worker step");
[INFO] [stdout]     |
[INFO] [stdout] 
[INFO] [stdout] 
[INFO] [stdout] error[E0433]: cannot find module or crate `umbral_tasks` in this scope
[INFO] [stdout]    --> tests/task_macro.rs:115:23
[INFO] [stdout]     |
[INFO] [stdout] 115 |     assert_eq!(row.0, umbral_tasks::STATUS_SUCCEEDED);
[INFO] [stdout]     |                       ^^^^^^^^^^^^ use of unresolved module or unlinked crate `umbral_tasks`
[INFO] [stdout]     |
[INFO] [stdout] help: there is a crate or module with a similar name
[INFO] [stdout]     |
[INFO] [stdout] 115 -     assert_eq!(row.0, umbral_tasks::STATUS_SUCCEEDED);
[INFO] [stdout] 115 +     assert_eq!(row.0, umbral_casing::STATUS_SUCCEEDED);
[INFO] [stdout]     |
[INFO] [stdout] 
[INFO] [stdout] 
[INFO] [stdout] error[E0433]: cannot find module or crate `umbral_tasks` in this scope
[INFO] [stdout]    --> tests/task_macro.rs:127:5
[INFO] [stdout]     |
[INFO] [stdout] 127 |     umbral_tasks::_clear_handlers_for_tests();
[INFO] [stdout]     |     ^^^^^^^^^^^^ use of unresolved module or unlinked crate `umbral_tasks`
[INFO] [stdout]     |
[INFO] [stdout] help: there is a crate or module with a similar name
[INFO] [stdout]     |
[INFO] [stdout] 127 -     umbral_tasks::_clear_handlers_for_tests();
[INFO] [stdout] 127 +     umbral_casing::_clear_handlers_for_tests();
[INFO] [stdout]     |
[INFO] [stdout] 
[INFO] [stdout] 
[INFO] [stdout] error[E0425]: cannot find function `register_process_item_v2` in this scope
[INFO] [stdout]    --> tests/task_macro.rs:130:5
[INFO] [stdout]     |
[INFO] [stdout] 130 |     register_process_item_v2();
[INFO] [stdout]     |     ^^^^^^^^^^^^^^^^^^^^^^^^ not found in this scope
[INFO] [stdout] 
[INFO] [stdout] 
[INFO] [stdout] error[E0433]: cannot find module or crate `umbral_tasks` in this scope
[INFO] [stdout]    --> tests/task_macro.rs:132:14
[INFO] [stdout]     |
[INFO] [stdout] 132 |     let id = umbral_tasks::enqueue(
[INFO] [stdout]     |              ^^^^^^^^^^^^ use of unresolved module or unlinked crate `umbral_tasks`
[INFO] [stdout]     |
[INFO] [stdout] help: there is a crate or module with a similar name
[INFO] [stdout]     |
[INFO] [stdout] 132 -     let id = umbral_tasks::enqueue(
[INFO] [stdout] 132 +     let id = umbral_casing::enqueue(
[INFO] [stdout]     |
[INFO] [stdout] 
[INFO] [stdout] 
[INFO] [stdout] error[E0433]: cannot find module or crate `umbral_tasks` in this scope
[INFO] [stdout]    --> tests/task_macro.rs:140:21
[INFO] [stdout]     |
[INFO] [stdout] 140 |     let processed = umbral_tasks::run_worker_once().await.expect("worker step");
[INFO] [stdout]     |                     ^^^^^^^^^^^^ use of unresolved module or unlinked crate `umbral_tasks`
[INFO] [stdout]     |
[INFO] [stdout] help: there is a crate or module with a similar name
[INFO] [stdout]     |
[INFO] [stdout] 140 -     let processed = umbral_tasks::run_worker_once().await.expect("worker step");
[INFO] [stdout] 140 +     let processed = umbral_casing::run_worker_once().await.expect("worker step");
[INFO] [stdout]     |
[INFO] [stdout] 
[INFO] [stdout] 
[INFO] [stdout] error[E0433]: cannot find module or crate `umbral` in this scope
[INFO] [stdout]    --> tests/display_icon.rs:392:15
[INFO] [stdout]     |
[INFO] [stdout] 392 |     let back: umbral::migrate::ModelMeta = serde_json::from_str(&json).unwrap();
[INFO] [stdout]     |               ^^^^^^ use of unresolved module or unlinked crate `umbral`
[INFO] [stdout]     |
[INFO] [stdout]     = help: if you wanted to use a crate named `umbral`, use `cargo add umbral` to add it to your `Cargo.toml`
[INFO] [stdout] 
[INFO] [stdout] 
[INFO] [stdout] error[E0433]: cannot find module or crate `umbral_tasks` in this scope
[INFO] [stdout]    --> tests/task_macro.rs:148:23
[INFO] [stdout]     |
[INFO] [stdout] 148 |     assert_eq!(row.0, umbral_tasks::STATUS_SUCCEEDED);
[INFO] [stdout]     |                       ^^^^^^^^^^^^ use of unresolved module or unlinked crate `umbral_tasks`
[INFO] [stdout]     |
[INFO] [stdout] help: there is a crate or module with a similar name
[INFO] [stdout]     |
[INFO] [stdout] 148 -     assert_eq!(row.0, umbral_tasks::STATUS_SUCCEEDED);
[INFO] [stdout] 148 +     assert_eq!(row.0, umbral_casing::STATUS_SUCCEEDED);
[INFO] [stdout]     |
[INFO] [stdout] 
[INFO] [stdout] 
[INFO] [stdout] Some errors have detailed explanations: E0433, E0599.
[INFO] [stdout] 
[INFO] [stdout] For more information about an error, try `rustc --explain E0433`.
[INFO] [stdout] 
[INFO] [stdout] error[E0433]: cannot find module or crate `umbral` in this scope
[INFO] [stdout]    --> tests/display_icon.rs:400:16
[INFO] [stdout]     |
[INFO] [stdout] 400 |     let meta = umbral::migrate::ModelMeta::for_::<PersonRow>();
[INFO] [stdout]     |                ^^^^^^ use of unresolved module or unlinked crate `umbral`
[INFO] [stdout]     |
[INFO] [stdout]     = help: if you wanted to use a crate named `umbral`, use `cargo add umbral` to add it to your `Cargo.toml`
[INFO] [stdout] 
[INFO] [stdout] 
[INFO] [stderr] error: could not compile `umbral-macros` (test "form_fk_string_pk") due to 20 previous errors
[INFO] [stdout] error[E0433]: cannot find module or crate `umbral` in this scope
[INFO] [stdout]    --> tests/display_icon.rs:413:16
[INFO] [stdout]     |
[INFO] [stdout] 413 |     let round: umbral::migrate::ModelMeta = serde_json::from_str(&json).unwrap();
[INFO] [stdout]     |                ^^^^^^ use of unresolved module or unlinked crate `umbral`
[INFO] [stdout]     |
[INFO] [stdout]     = help: if you wanted to use a crate named `umbral`, use `cargo add umbral` to add it to your `Cargo.toml`
[INFO] [stdout] 
[INFO] [stdout] 
[INFO] [stdout] Some errors have detailed explanations: E0425, E0433.
[INFO] [stdout] 
[INFO] [stdout] For more information about an error, try `rustc --explain E0425`.
[INFO] [stdout] 
[INFO] [stderr] error: could not compile `umbral-macros` (test "task_macro") due to 21 previous errors
[INFO] [stdout] error[E0433]: cannot find module or crate `umbral` in this scope
[INFO] [stdout]    --> tests/display_icon.rs:441:51
[INFO] [stdout]     |
[INFO] [stdout] 441 |     let by_name: std::collections::HashMap<&str, &umbral::orm::FieldSpec> =
[INFO] [stdout]     |                                                   ^^^^^^ use of unresolved module or unlinked crate `umbral`
[INFO] [stdout]     |
[INFO] [stdout]     = help: if you wanted to use a crate named `umbral`, use `cargo add umbral` to add it to your `Cargo.toml`
[INFO] [stdout] 
[INFO] [stdout] 
[INFO] [stdout] error[E0599]: no method named `set_m2m_parent_ids` found for struct `PostWithTags` in the current scope
[INFO] [stdout]    --> tests/display_icon.rs:344:9
[INFO] [stdout]     |
[INFO] [stdout] 312 | struct PostWithTags {
[INFO] [stdout]     | ------------------- method `set_m2m_parent_ids` not found for this struct
[INFO] [stdout] ...
[INFO] [stdout] 344 |     row.set_m2m_parent_ids();
[INFO] [stdout]     |         ^^^^^^^^^^^^^^^^^^ method not found in `PostWithTags`
[INFO] [stdout] 
[INFO] [stdout] 
[INFO] [stdout] error[E0599]: no method named `set_m2m_parent_ids` found for struct `BlogPost` in the current scope
[INFO] [stdout]    --> tests/display_icon.rs:360:9
[INFO] [stdout]     |
[INFO] [stdout]  34 | struct BlogPost {
[INFO] [stdout]     | --------------- method `set_m2m_parent_ids` not found for this struct
[INFO] [stdout] ...
[INFO] [stdout] 360 |     row.set_m2m_parent_ids();
[INFO] [stdout]     |         ^^^^^^^^^^^^^^^^^^ method not found in `BlogPost`
[INFO] [stdout] 
[INFO] [stdout] 
[INFO] [stdout] Some errors have detailed explanations: E0433, E0599.
[INFO] [stdout] 
[INFO] [stdout] For more information about an error, try `rustc --explain E0433`.
[INFO] [stdout] 
[INFO] [stderr] error: could not compile `umbral-macros` (test "display_icon") due to 32 previous errors
[INFO] running `Command { std: "docker" "inspect" "1a34794880554e5187bab23af9e194affdef7c7785e6267ca3f9d1cf174de9e5", kill_on_drop: false }`
[INFO] running `Command { std: "docker" "rm" "-f" "1a34794880554e5187bab23af9e194affdef7c7785e6267ca3f9d1cf174de9e5", kill_on_drop: false }`
[INFO] [stdout] 1a34794880554e5187bab23af9e194affdef7c7785e6267ca3f9d1cf174de9e5
