[INFO] fetching crate ulua-require 0.1.5...
[INFO] testing ulua-require-0.1.5 against 1.99.0-beta.8 for beta-1.100-2
[INFO] extracting crate ulua-require 0.1.5 into /workspace/builds/worker-2-tc1/source
[INFO] started tweaking crates.io crate ulua-require 0.1.5
[INFO] removed 0 missing tests
[INFO] finished tweaking crates.io crate ulua-require 0.1.5
[INFO] tweaked toml for crates.io crate ulua-require 0.1.5 written to /workspace/builds/worker-2-tc1/source/Cargo.toml
[INFO] validating manifest of crates.io crate ulua-require 0.1.5 on toolchain 1.99.0-beta.8
[INFO] running `Command { std: CARGO_HOME="/workspace/cargo-home" RUSTUP_HOME="/workspace/rustup-home" "/workspace/cargo-home/bin/cargo" "+1.99.0-beta.8" "metadata" "--manifest-path" "Cargo.toml" "--no-deps", kill_on_drop: false }`
[INFO] crate crates.io crate ulua-require 0.1.5 already has a lockfile, it will not be regenerated
[INFO] running `Command { std: CARGO_HOME="/workspace/cargo-home" RUSTUP_HOME="/workspace/rustup-home" "/workspace/cargo-home/bin/cargo" "+1.99.0-beta.8" "fetch" "--manifest-path" "Cargo.toml", kill_on_drop: false }`
[INFO] [stderr]     Updating crates.io index
[INFO] [stderr]  Downloading crates ...
[INFO] [stderr]   Downloaded fast-float2 v0.2.4
[INFO] [stderr]   Downloaded rustc-std-workspace-alloc v1.0.1
[INFO] [stderr]   Downloaded jiff-static v0.2.37
[INFO] [stderr]   Downloaded coarsetime v0.1.38
[INFO] [stderr]   Downloaded museair v0.6.0
[INFO] [stderr]   Downloaded ulua-config v0.1.5
[INFO] [stderr]   Downloaded generator v0.8.10
[INFO] [stderr]   Downloaded ulua-common v0.1.5
[INFO] [stderr]   Downloaded hipstr v0.8.0
[INFO] [stderr]   Downloaded jiff-core v0.1.1
[INFO] [stderr]   Downloaded ulua-bytecode v0.1.5
[INFO] [stderr]   Downloaded ulua-compiler v0.1.5
[INFO] [stderr]   Downloaded ulua-ast v0.1.5
[INFO] [stderr]   Downloaded ulua-vm v0.1.5
[INFO] [stderr]   Downloaded jiff v0.2.37
[INFO] running `Command { std: "docker" "create" "-v" "/var/lib/crater-agent-workspace/builds/worker-2-tc1/source:/opt/rustwide/workdir:ro,Z" "-v" "/var/lib/crater-agent-workspace/builds/worker-2-tc1/target:/opt/rustwide/target:rw,Z" "-v" "/var/lib/crater-agent-workspace/cargo-home:/opt/rustwide/cargo-home:ro,Z" "-v" "/var/lib/crater-agent-workspace/rustup-home:/opt/rustwide/rustup-home:ro,Z" "-m" "1610612736" "--network" "none" "ghcr.io/rust-lang/crates-build-env/linux@sha256:3111399a4047eeb3a02b7a90e478d715f38a8c6669b5c4b49d30a17385265909" "sleep" "infinity", kill_on_drop: false }`
[INFO] [stdout] 559269de2f4e516754c447f8f3e9cea6d47b0aee1db91ac6aae83ebcdca7ad6b
[INFO] running `Command { std: "docker" "start" "559269de2f4e516754c447f8f3e9cea6d47b0aee1db91ac6aae83ebcdca7ad6b", kill_on_drop: false }`
[INFO] running `Command { std: "docker" "inspect" "559269de2f4e516754c447f8f3e9cea6d47b0aee1db91ac6aae83ebcdca7ad6b", kill_on_drop: false }`
[INFO] running `Command { std: "docker" "exec" "-e" "SOURCE_DIR=/opt/rustwide/workdir" "-e" "CARGO_HOME=/opt/rustwide/cargo-home" "-e" "RUSTUP_HOME=/opt/rustwide/rustup-home" "-e" "CARGO_TARGET_DIR=/opt/rustwide/target" "-w" "/opt/rustwide/workdir" "--user" "0:0" "559269de2f4e516754c447f8f3e9cea6d47b0aee1db91ac6aae83ebcdca7ad6b" "/opt/rustwide/cargo-home/bin/cargo" "+1.99.0-beta.8" "metadata" "--no-deps" "--format-version=1", kill_on_drop: false }`
[INFO] running `Command { std: "docker" "inspect" "559269de2f4e516754c447f8f3e9cea6d47b0aee1db91ac6aae83ebcdca7ad6b", kill_on_drop: false }`
[INFO] running `Command { std: "docker" "exec" "-e" "SOURCE_DIR=/opt/rustwide/workdir" "-e" "CARGO_HOME=/opt/rustwide/cargo-home" "-e" "RUSTUP_HOME=/opt/rustwide/rustup-home" "-e" "CARGO_TARGET_DIR=/opt/rustwide/target" "-e" "CARGO_INCREMENTAL=0" "-e" "RUST_BACKTRACE=full" "-e" "RUSTFLAGS=--cap-lints=warn" "-e" "RUSTDOCFLAGS=--cap-lints=warn" "-w" "/opt/rustwide/workdir" "--user" "0:0" "559269de2f4e516754c447f8f3e9cea6d47b0aee1db91ac6aae83ebcdca7ad6b" "/opt/rustwide/cargo-home/bin/cargo" "+1.99.0-beta.8" "build" "--frozen" "--message-format=json", kill_on_drop: false }`
[INFO] [stderr]    Compiling rustc-std-workspace-alloc v1.0.1
[INFO] [stderr]    Compiling foldhash v0.2.0
[INFO] [stderr]    Compiling memchr v2.8.3
[INFO] [stderr]    Compiling fast-float2 v0.2.4
[INFO] [stderr]    Compiling thiserror v2.0.21
[INFO] [stderr]    Compiling jiff-core v0.1.1
[INFO] [stderr]    Compiling ulua-vm v0.1.5
[INFO] [stderr]    Compiling museair v0.6.0
[INFO] [stderr]    Compiling hipstr v0.8.0
[INFO] [stderr]    Compiling syn v2.0.119
[INFO] [stderr]    Compiling parking_lot_core v0.9.12
[INFO] [stderr]    Compiling syn v3.0.6
[INFO] [stderr]    Compiling coarsetime v0.1.38
[INFO] [stderr]    Compiling parking_lot v0.12.5
[INFO] [stderr]    Compiling hashbrown v0.17.1
[INFO] [stderr]    Compiling jiff v0.2.37
[INFO] [stderr]    Compiling indexmap v2.14.2
[INFO] [stderr]    Compiling thiserror-impl v2.0.21
[INFO] [stderr]    Compiling strum_macros v0.28.0
[INFO] [stderr]    Compiling strum v0.28.0
[INFO] [stderr]    Compiling ulua-common v0.1.5
[INFO] [stderr]    Compiling ulua-ast v0.1.5
[INFO] [stderr]    Compiling ulua-bytecode v0.1.5
[INFO] [stderr]    Compiling ulua-compiler v0.1.5
[INFO] [stderr]    Compiling ulua-config v0.1.5
[INFO] [stderr]    Compiling ulua-require v0.1.5 (/opt/rustwide/workdir)
[INFO] [stderr]     Finished `dev` profile [unoptimized + debuginfo] target(s) in 19.19s
[INFO] running `Command { std: "docker" "inspect" "559269de2f4e516754c447f8f3e9cea6d47b0aee1db91ac6aae83ebcdca7ad6b", kill_on_drop: false }`
[INFO] running `Command { std: "docker" "exec" "-e" "SOURCE_DIR=/opt/rustwide/workdir" "-e" "CARGO_HOME=/opt/rustwide/cargo-home" "-e" "RUSTUP_HOME=/opt/rustwide/rustup-home" "-e" "CARGO_TARGET_DIR=/opt/rustwide/target" "-e" "CARGO_INCREMENTAL=0" "-e" "RUST_BACKTRACE=full" "-e" "RUSTFLAGS=--cap-lints=warn" "-e" "RUSTDOCFLAGS=--cap-lints=warn" "-w" "/opt/rustwide/workdir" "--user" "0:0" "559269de2f4e516754c447f8f3e9cea6d47b0aee1db91ac6aae83ebcdca7ad6b" "/opt/rustwide/cargo-home/bin/cargo" "+1.99.0-beta.8" "test" "--frozen" "--no-run" "--message-format=json", kill_on_drop: false }`
[INFO] [stderr]    Compiling ulua-require v0.1.5 (/opt/rustwide/workdir)
[INFO] [stdout] error[E0433]: cannot find module or crate `ulua_ast` in this scope
[INFO] [stdout]   --> tests/corpus.rs:25:5
[INFO] [stdout]    |
[INFO] [stdout] 25 | use ulua_ast::records::parse_options::ParseOptions;
[INFO] [stdout]    |     ^^^^^^^^ use of unresolved module or unlinked crate `ulua_ast`
[INFO] [stdout]    |
[INFO] [stdout]    = help: if you wanted to use a crate named `ulua_ast`, use `cargo add ulua_ast` to add it to your `Cargo.toml`
[INFO] [stdout] 
[INFO] [stdout] 
[INFO] [stdout] error[E0433]: cannot find module or crate `ulua_bytecode` in this scope
[INFO] [stdout]   --> tests/corpus.rs:26:5
[INFO] [stdout]    |
[INFO] [stdout] 26 | use ulua_bytecode::records::bytecode_encoder::NoopEncoder;
[INFO] [stdout]    |     ^^^^^^^^^^^^^ use of unresolved module or unlinked crate `ulua_bytecode`
[INFO] [stdout]    |
[INFO] [stdout]    = help: if you wanted to use a crate named `ulua_bytecode`, use `cargo add ulua_bytecode` to add it to your `Cargo.toml`
[INFO] [stdout] 
[INFO] [stdout] 
[INFO] [stdout] error[E0433]: cannot find module or crate `ulua_compiler` in this scope
[INFO] [stdout]   --> tests/corpus.rs:27:5
[INFO] [stdout]    |
[INFO] [stdout] 27 | use ulua_compiler::{functions::compile::compile, records::compile_options::CompileOptions};
[INFO] [stdout]    |     ^^^^^^^^^^^^^ use of unresolved module or unlinked crate `ulua_compiler`
[INFO] [stdout]    |
[INFO] [stdout]    = help: if you wanted to use a crate named `ulua_compiler`, use `cargo add ulua_compiler` to add it to your `Cargo.toml`
[INFO] [stdout] 
[INFO] [stdout] 
[INFO] [stdout] For more information about this error, try `rustc --explain E0433`.
[INFO] [stdout] 
[INFO] [stderr] error: could not compile `ulua-require` (test "corpus") due to 3 previous errors
[INFO] [stderr] warning: build failed, waiting for other jobs to finish...
[INFO] running `Command { std: "docker" "inspect" "559269de2f4e516754c447f8f3e9cea6d47b0aee1db91ac6aae83ebcdca7ad6b", kill_on_drop: false }`
[INFO] running `Command { std: "docker" "rm" "-f" "559269de2f4e516754c447f8f3e9cea6d47b0aee1db91ac6aae83ebcdca7ad6b", kill_on_drop: false }`
[INFO] [stdout] 559269de2f4e516754c447f8f3e9cea6d47b0aee1db91ac6aae83ebcdca7ad6b
