[INFO] fetching crate ugnos 0.6.0...
[INFO] testing ugnos-0.6.0 against 1.99.0-beta.8 for beta-1.100-2
[INFO] extracting crate ugnos 0.6.0 into /workspace/builds/worker-0-tc1/source
[INFO] started tweaking crates.io crate ugnos 0.6.0
[INFO] removed 0 missing examples
[INFO] removed 0 missing tests
[INFO] finished tweaking crates.io crate ugnos 0.6.0
[INFO] tweaked toml for crates.io crate ugnos 0.6.0 written to /workspace/builds/worker-0-tc1/source/Cargo.toml
[INFO] validating manifest of crates.io crate ugnos 0.6.0 on toolchain 1.99.0-beta.8
[INFO] running `Command { std: CARGO_HOME="/workspace/cargo-home" RUSTUP_HOME="/workspace/rustup-home" "/workspace/cargo-home/bin/cargo" "+1.99.0-beta.8" "metadata" "--manifest-path" "Cargo.toml" "--no-deps", kill_on_drop: false }`
[INFO] crate crates.io crate ugnos 0.6.0 already has a lockfile, it will not be regenerated
[INFO] running `Command { std: CARGO_HOME="/workspace/cargo-home" RUSTUP_HOME="/workspace/rustup-home" "/workspace/cargo-home/bin/cargo" "+1.99.0-beta.8" "fetch" "--manifest-path" "Cargo.toml", kill_on_drop: false }`
[INFO] [stderr]     Updating crates.io index
[INFO] [stderr]  Downloading crates ...
[INFO] [stderr]   Downloaded prost-types v0.14.3
[INFO] [stderr]   Downloaded tempfile v3.19.1
[INFO] [stderr]   Downloaded tonic-prost-build v0.14.4
[INFO] [stderr]   Downloaded tonic-build v0.14.4
[INFO] [stderr]   Downloaded vob v3.0.6
[INFO] [stderr]   Downloaded prettyplease v0.2.34
[INFO] [stderr]   Downloaded sparsevec v0.2.2
[INFO] [stderr]   Downloaded redox_syscall v0.7.1
[INFO] [stderr]   Downloaded packedvec v1.2.5
[INFO] [stderr]   Downloaded sketches-ddsketch v0.3.0
[INFO] [stderr]   Downloaded time-core v0.1.7
[INFO] [stderr]   Downloaded cactus v1.0.7
[INFO] [stderr]   Downloaded iai-callgrind-macros v0.6.1
[INFO] [stderr]   Downloaded tonic-prost v0.14.4
[INFO] [stderr]   Downloaded time-macros v0.2.25
[INFO] [stderr]   Downloaded rustversion v1.0.20
[INFO] [stderr]   Downloaded hermit-abi v0.5.0
[INFO] [stderr]   Downloaded getopts v0.2.24
[INFO] [stderr]   Downloaded vergen v8.3.2
[INFO] [stderr]   Downloaded lz4_flex v0.12.0
[INFO] [stderr]   Downloaded json5 v0.4.1
[INFO] [stderr]   Downloaded deranged v0.5.6
[INFO] [stderr]   Downloaded lrtable v0.13.10
[INFO] [stderr]   Downloaded cfgrammar v0.13.10
[INFO] [stderr]   Downloaded lrlex v0.13.10
[INFO] [stderr]   Downloaded toml_parser v1.0.8+spec-1.1.0
[INFO] [stderr]   Downloaded erased-serde v0.4.9
[INFO] [stderr]   Downloaded rust-ini v0.21.3
[INFO] [stderr]   Downloaded ordered-multimap v0.7.3
[INFO] [stderr]   Downloaded dlv-list v0.5.2
[INFO] [stderr]   Downloaded pulldown-cmark-to-cmark v22.0.0
[INFO] [stderr]   Downloaded lrpar v0.13.10
[INFO] [stderr]   Downloaded metrics-exporter-prometheus v0.18.1
[INFO] [stderr]   Downloaded metrics v0.24.3
[INFO] [stderr]   Downloaded prost-build v0.14.3
[INFO] [stderr]   Downloaded half v2.6.0
[INFO] [stderr]   Downloaded metrics-util v0.20.1
[INFO] [stderr]   Downloaded clap v4.5.37
[INFO] [stderr]   Downloaded config v0.15.19
[INFO] [stderr]   Downloaded convert_case v0.6.0
[INFO] [stderr]   Downloaded promql-parser v0.7.2
[INFO] [stderr]   Downloaded yaml-rust2 v0.10.4
[INFO] [stderr]   Downloaded tonic v0.14.4
[INFO] [stderr]   Downloaded roaring v0.11.3
[INFO] [stderr]   Downloaded iai-callgrind v0.16.1
[INFO] [stderr]   Downloaded ron v0.12.0
[INFO] [stderr]   Downloaded pulldown-cmark v0.13.0
[INFO] [stderr]   Downloaded clap_builder v4.5.37
[INFO] [stderr]   Downloaded time v0.3.45
[INFO] [stderr]   Downloaded chrono v0.4.43
[INFO] [stderr]   Downloaded iai-callgrind-runner v0.16.1
[INFO] running `Command { std: "docker" "create" "-v" "/var/lib/crater-agent-workspace/builds/worker-0-tc1/source:/opt/rustwide/workdir:ro,Z" "-v" "/var/lib/crater-agent-workspace/builds/worker-0-tc1/target:/opt/rustwide/target:rw,Z" "-v" "/var/lib/crater-agent-workspace/cargo-home:/opt/rustwide/cargo-home:ro,Z" "-v" "/var/lib/crater-agent-workspace/rustup-home:/opt/rustwide/rustup-home:ro,Z" "-m" "1610612736" "--network" "none" "ghcr.io/rust-lang/crates-build-env/linux@sha256:3111399a4047eeb3a02b7a90e478d715f38a8c6669b5c4b49d30a17385265909" "sleep" "infinity", kill_on_drop: false }`
[INFO] [stdout] bba7b45d1fcb2cc3775f4952cc89463b243f6365d6cbd478c3cf4614f0570aeb
[INFO] running `Command { std: "docker" "start" "bba7b45d1fcb2cc3775f4952cc89463b243f6365d6cbd478c3cf4614f0570aeb", kill_on_drop: false }`
[INFO] running `Command { std: "docker" "inspect" "bba7b45d1fcb2cc3775f4952cc89463b243f6365d6cbd478c3cf4614f0570aeb", kill_on_drop: false }`
[INFO] running `Command { std: "docker" "exec" "-e" "SOURCE_DIR=/opt/rustwide/workdir" "-e" "CARGO_HOME=/opt/rustwide/cargo-home" "-e" "RUSTUP_HOME=/opt/rustwide/rustup-home" "-e" "CARGO_TARGET_DIR=/opt/rustwide/target" "-w" "/opt/rustwide/workdir" "--user" "0:0" "bba7b45d1fcb2cc3775f4952cc89463b243f6365d6cbd478c3cf4614f0570aeb" "/opt/rustwide/cargo-home/bin/cargo" "+1.99.0-beta.8" "metadata" "--no-deps" "--format-version=1", kill_on_drop: false }`
[INFO] running `Command { std: "docker" "inspect" "bba7b45d1fcb2cc3775f4952cc89463b243f6365d6cbd478c3cf4614f0570aeb", kill_on_drop: false }`
[INFO] running `Command { std: "docker" "exec" "-e" "SOURCE_DIR=/opt/rustwide/workdir" "-e" "CARGO_HOME=/opt/rustwide/cargo-home" "-e" "RUSTUP_HOME=/opt/rustwide/rustup-home" "-e" "CARGO_TARGET_DIR=/opt/rustwide/target" "-e" "CARGO_INCREMENTAL=0" "-e" "RUST_BACKTRACE=full" "-e" "RUSTFLAGS=--cap-lints=warn" "-e" "RUSTDOCFLAGS=--cap-lints=warn" "-w" "/opt/rustwide/workdir" "--user" "0:0" "bba7b45d1fcb2cc3775f4952cc89463b243f6365d6cbd478c3cf4614f0570aeb" "/opt/rustwide/cargo-home/bin/cargo" "+1.99.0-beta.8" "build" "--frozen" "--message-format=json", kill_on_drop: false }`
[INFO] [stderr]    Compiling unicode-ident v1.0.18
[INFO] [stderr]    Compiling libc v0.2.172
[INFO] [stderr]    Compiling serde_core v1.0.228
[INFO] [stderr]    Compiling memchr v2.7.4
[INFO] [stderr]    Compiling regex-syntax v0.8.5
[INFO] [stderr]    Compiling rustversion v1.0.20
[INFO] [stderr]    Compiling anyhow v1.0.101
[INFO] [stderr]    Compiling num-traits v0.2.19
[INFO] [stderr]    Compiling hashbrown v0.16.1
[INFO] [stderr]    Compiling powerfmt v0.2.0
[INFO] [stderr]    Compiling time-core v0.1.7
[INFO] [stderr]    Compiling num_threads v0.1.7
[INFO] [stderr]    Compiling num-conv v0.1.0
[INFO] [stderr]    Compiling once_cell v1.21.3
[INFO] [stderr]    Compiling http v1.4.0
[INFO] [stderr]    Compiling itertools v0.10.5
[INFO] [stderr]    Compiling proc-macro2 v1.0.95
[INFO] [stderr]    Compiling rustix v1.0.7
[INFO] [stderr]    Compiling getrandom v0.3.2
[INFO] [stderr]    Compiling crunchy v0.2.3
[INFO] [stderr]    Compiling hashbrown v0.15.5
[INFO] [stderr]    Compiling bitflags v2.10.0
[INFO] [stderr]    Compiling deranged v0.5.6
[INFO] [stderr]    Compiling tiny-keccak v2.0.2
[INFO] [stderr]    Compiling quote v1.0.40
[INFO] [stderr]    Compiling linux-raw-sys v0.9.4
[INFO] [stderr]    Compiling cactus v1.0.7
[INFO] [stderr]    Compiling prettyplease v0.2.34
[INFO] [stderr]    Compiling pulldown-cmark v0.13.0
[INFO] [stderr]    Compiling syn v2.0.101
[INFO] [stderr]    Compiling aho-corasick v1.1.3
[INFO] [stderr]    Compiling http-body v1.0.1
[INFO] [stderr]    Compiling vergen v8.3.2
[INFO] [stderr]    Compiling futures-task v0.3.32
[INFO] [stderr]    Compiling typeid v1.0.3
[INFO] [stderr]    Compiling indexmap v2.13.0
[INFO] [stderr]    Compiling unicase v2.9.0
[INFO] [stderr]    Compiling bytes v1.11.1
[INFO] [stderr]    Compiling futures-util v0.3.32
[INFO] [stderr]    Compiling errno v0.3.11
[INFO] [stderr]    Compiling socket2 v0.6.2
[INFO] [stderr]    Compiling mio v1.1.0
[INFO] [stderr]    Compiling signal-hook-registry v1.4.8
[INFO] [stderr]    Compiling filetime v0.2.27
[INFO] [stderr]    Compiling time v0.3.45
[INFO] [stderr]    Compiling jobserver v0.1.34
[INFO] [stderr]    Compiling getrandom v0.2.17
[INFO] [stderr]    Compiling ucd-trie v0.1.7
[INFO] [stderr]    Compiling rand_core v0.9.5
[INFO] [stderr]    Compiling const-random-macro v0.1.16
[INFO] [stderr]    Compiling pest v2.8.6
[INFO] [stderr]    Compiling cc v1.2.55
[INFO] [stderr]    Compiling getopts v0.2.24
[INFO] [stderr]    Compiling crossbeam-epoch v0.9.18
[INFO] [stderr]    Compiling futures-channel v0.3.31
[INFO] [stderr]    Compiling fixedbitset v0.5.7
[INFO] [stderr]    Compiling const-random v0.1.18
[INFO] [stderr]    Compiling http-body-util v0.1.3
[INFO] [stderr]    Compiling multimap v0.10.1
[INFO] [stderr]    Compiling erased-serde v0.4.9
[INFO] [stderr]    Compiling petgraph v0.8.3
[INFO] [stderr]    Compiling log v0.4.27
[INFO] [stderr]    Compiling rand_chacha v0.9.0
[INFO] [stderr]    Compiling axum-core v0.5.6
[INFO] [stderr]    Compiling ahash v0.8.12
[INFO] [stderr]    Compiling dlv-list v0.5.2
[INFO] [stderr]    Compiling anstyle v1.0.10
[INFO] [stderr]    Compiling hashbrown v0.14.5
[INFO] [stderr]    Compiling thiserror v2.0.18
[INFO] [stderr]    Compiling regex-automata v0.4.9
[INFO] [stderr]    Compiling pulldown-cmark-to-cmark v22.0.0
[INFO] [stderr]    Compiling zstd-safe v7.2.4
[INFO] [stderr]    Compiling rayon-core v1.12.1
[INFO] [stderr]    Compiling anstream v0.6.21
[INFO] [stderr]    Compiling toml_parser v1.0.8+spec-1.1.0
[INFO] [stderr]    Compiling ordered-multimap v0.7.3
[INFO] [stderr]    Compiling pest_meta v2.8.6
[INFO] [stderr]    Compiling tempfile v3.19.1
[INFO] [stderr]    Compiling serde_spanned v1.0.4
[INFO] [stderr]    Compiling raw-cpuid v11.6.0
[INFO] [stderr]    Compiling zstd-sys v2.0.16+zstd.1.5.7
[INFO] [stderr]    Compiling toml_datetime v0.7.5+spec-1.1.0
[INFO] [stderr]    Compiling metrics v0.24.3
[INFO] [stderr]    Compiling lrpar v0.13.10
[INFO] [stderr]    Compiling lrlex v0.13.10
[INFO] [stderr]    Compiling rand v0.9.2
[INFO] [stderr]    Compiling crossbeam-deque v0.8.6
[INFO] [stderr]    Compiling rand_xoshiro v0.7.0
[INFO] [stderr]    Compiling hashlink v0.10.0
[INFO] [stderr]    Compiling encoding_rs v0.8.35
[INFO] [stderr]    Compiling clap_lex v0.7.4
[INFO] [stderr]    Compiling metrics-exporter-prometheus v0.18.1
[INFO] [stderr]    Compiling sketches-ddsketch v0.3.0
[INFO] [stderr]    Compiling arraydeque v0.5.1
[INFO] [stderr]    Compiling snap v1.1.1
[INFO] [stderr]    Compiling clap_builder v4.5.37
[INFO] [stderr]    Compiling convert_case v0.6.0
[INFO] [stderr]    Compiling serde-untagged v0.1.9
[INFO] [stderr]    Compiling chrono v0.4.43
[INFO] [stderr]    Compiling serde_json v1.0.149
[INFO] [stderr]    Compiling toml v0.9.12+spec-1.1.0
[INFO] [stderr]    Compiling pest_generator v2.8.6
[INFO] [stderr]    Compiling rust-ini v0.21.3
[INFO] [stderr]    Compiling either v1.15.0
[INFO] [stderr]    Compiling lz4_flex v0.12.0
[INFO] [stderr]    Compiling rayon v1.10.0
[INFO] [stderr]    Compiling roaring v0.11.3
[INFO] [stderr]    Compiling yaml-rust2 v0.10.4
[INFO] [stderr]    Compiling tonic-build v0.14.4
[INFO] [stderr]    Compiling regex v1.11.1
[INFO] [stderr]    Compiling crc32fast v1.5.0
[INFO] [stderr]    Compiling urlencoding v2.1.3
[INFO] [stderr]    Compiling quanta v0.12.6
[INFO] [stderr]    Compiling metrics-util v0.20.1
[INFO] [stderr]    Compiling serde_derive v1.0.228
[INFO] [stderr]    Compiling tokio-macros v2.6.0
[INFO] [stderr]    Compiling tracing-attributes v0.1.31
[INFO] [stderr]    Compiling prost-derive v0.14.3
[INFO] [stderr]    Compiling async-trait v0.1.89
[INFO] [stderr]    Compiling pin-project-internal v1.1.10
[INFO] [stderr]    Compiling thiserror-impl v2.0.18
[INFO] [stderr]    Compiling pest_derive v2.8.6
[INFO] [stderr]    Compiling thiserror-impl v1.0.69
[INFO] [stderr]    Compiling clap_derive v4.5.32
[INFO] [stderr]    Compiling tokio v1.49.0
[INFO] [stderr]    Compiling pin-project v1.1.10
[INFO] [stderr]    Compiling thiserror v1.0.69
[INFO] [stderr]    Compiling tracing v0.1.44
[INFO] [stderr]    Compiling prost v0.14.3
[INFO] [stderr]    Compiling prost-types v0.14.3
[INFO] [stderr]    Compiling clap v4.5.37
[INFO] [stderr]    Compiling serde v1.0.228
[INFO] [stderr]    Compiling prost-build v0.14.3
[INFO] [stderr]    Compiling vob v3.0.6
[INFO] [stderr]    Compiling packedvec v1.2.5
[INFO] [stderr]    Compiling bincode v1.3.3
[INFO] [stderr]    Compiling sparsevec v0.2.2
[INFO] [stderr]    Compiling cfgrammar v0.13.10
[INFO] [stderr]    Compiling json5 v0.4.1
[INFO] [stderr]    Compiling ron v0.12.0
[INFO] [stderr]    Compiling tonic-prost-build v0.14.4
[INFO] [stderr]    Compiling ugnos v0.6.0 (/opt/rustwide/workdir)
[INFO] [stderr]    Compiling config v0.15.19
[INFO] [stderr]    Compiling lrtable v0.13.10
[INFO] [stderr]    Compiling zstd v0.13.3
[INFO] [stderr]    Compiling tokio-util v0.7.18
[INFO] [stderr]    Compiling tokio-stream v0.1.18
[INFO] [stderr]    Compiling promql-parser v0.7.2
[INFO] [stderr]    Compiling h2 v0.4.13
[INFO] [stderr]    Compiling tower v0.5.3
[INFO] [stderr]    Compiling axum v0.8.8
[INFO] [stderr]    Compiling hyper v1.8.1
[INFO] [stderr]    Compiling hyper-util v0.1.20
[INFO] [stderr]    Compiling hyper-timeout v0.5.2
[INFO] [stderr]    Compiling tonic v0.14.4
[INFO] [stderr]    Compiling tonic-prost v0.14.4
[INFO] [stderr]     Finished `dev` profile [unoptimized + debuginfo] target(s) in 1m 35s
[INFO] running `Command { std: "docker" "inspect" "bba7b45d1fcb2cc3775f4952cc89463b243f6365d6cbd478c3cf4614f0570aeb", kill_on_drop: false }`
[INFO] running `Command { std: "docker" "exec" "-e" "SOURCE_DIR=/opt/rustwide/workdir" "-e" "CARGO_HOME=/opt/rustwide/cargo-home" "-e" "RUSTUP_HOME=/opt/rustwide/rustup-home" "-e" "CARGO_TARGET_DIR=/opt/rustwide/target" "-e" "CARGO_INCREMENTAL=0" "-e" "RUST_BACKTRACE=full" "-e" "RUSTFLAGS=--cap-lints=warn" "-e" "RUSTDOCFLAGS=--cap-lints=warn" "-w" "/opt/rustwide/workdir" "--user" "0:0" "bba7b45d1fcb2cc3775f4952cc89463b243f6365d6cbd478c3cf4614f0570aeb" "/opt/rustwide/cargo-home/bin/cargo" "+1.99.0-beta.8" "test" "--frozen" "--no-run" "--message-format=json", kill_on_drop: false }`
[INFO] [stderr]    Compiling syn v2.0.101
[INFO] [stderr]    Compiling itertools v0.10.5
[INFO] [stderr]    Compiling getrandom v0.2.17
[INFO] [stderr]    Compiling rand_chacha v0.9.0
[INFO] [stderr]    Compiling ring v0.17.14
[INFO] [stderr]    Compiling rayon v1.10.0
[INFO] [stderr]    Compiling half v2.6.0
[INFO] [stderr]    Compiling proc-macro-error-attr2 v2.0.0
[INFO] [stderr]    Compiling simd-adler32 v0.3.8
[INFO] [stderr]    Compiling rustls v0.23.37
[INFO] [stderr]    Compiling iai-callgrind-runner v0.16.1
[INFO] [stderr]    Compiling form_urlencoded v1.2.2
[INFO] [stderr]    Compiling serde_json v1.0.149
[INFO] [stderr]    Compiling wait-timeout v0.2.1
[INFO] [stderr]    Compiling bit-vec v0.8.0
[INFO] [stderr]    Compiling iai-callgrind v0.16.1
[INFO] [stderr]    Compiling webpki-roots v0.26.11
[INFO] [stderr]    Compiling plotters v0.3.7
[INFO] [stderr]    Compiling rand v0.9.2
[INFO] [stderr]    Compiling const-random-macro v0.1.16
[INFO] [stderr]    Compiling rusty-fork v0.3.1
[INFO] [stderr]    Compiling miniz_oxide v0.8.9
[INFO] [stderr]    Compiling bit-set v0.8.0
[INFO] [stderr]    Compiling rand_xorshift v0.4.0
[INFO] [stderr]    Compiling is-terminal v0.4.16
[INFO] [stderr]    Compiling ciborium-ll v0.2.2
[INFO] [stderr]    Compiling unarray v0.1.4
[INFO] [stderr]    Compiling const-random v0.1.18
[INFO] [stderr]    Compiling dlv-list v0.5.2
[INFO] [stderr]    Compiling ordered-multimap v0.7.3
[INFO] [stderr]    Compiling flate2 v1.1.9
[INFO] [stderr]    Compiling rust-ini v0.21.3
[INFO] [stderr]    Compiling criterion-plot v0.5.0
[INFO] [stderr]    Compiling metrics-util v0.20.1
[INFO] [stderr]    Compiling proptest v1.10.0
[INFO] [stderr]    Compiling rustls-webpki v0.103.9
[INFO] [stderr]    Compiling synstructure v0.13.2
[INFO] [stderr]    Compiling prettyplease v0.2.34
[INFO] [stderr]    Compiling pest_generator v2.8.6
[INFO] [stderr]    Compiling proc-macro-error2 v2.0.1
[INFO] [stderr]    Compiling tonic-build v0.14.4
[INFO] [stderr]    Compiling serde_derive v1.0.228
[INFO] [stderr]    Compiling tokio-macros v2.6.0
[INFO] [stderr]    Compiling zerovec-derive v0.11.2
[INFO] [stderr]    Compiling displaydoc v0.2.5
[INFO] [stderr]    Compiling tracing-attributes v0.1.31
[INFO] [stderr]    Compiling prost-derive v0.14.3
[INFO] [stderr]    Compiling async-trait v0.1.89
[INFO] [stderr]    Compiling pin-project-internal v1.1.10
[INFO] [stderr]    Compiling thiserror-impl v2.0.18
[INFO] [stderr]    Compiling derive_more-impl v2.1.1
[INFO] [stderr]    Compiling clap_derive v4.5.32
[INFO] [stderr]    Compiling zerofrom-derive v0.1.6
[INFO] [stderr]    Compiling yoke-derive v0.8.1
[INFO] [stderr]    Compiling tokio v1.49.0
[INFO] [stderr]    Compiling thiserror-impl v1.0.69
[INFO] [stderr]    Compiling pest_derive v2.8.6
[INFO] [stderr]    Compiling tracing v0.1.44
[INFO] [stderr]    Compiling pin-project v1.1.10
[INFO] [stderr]    Compiling thiserror v2.0.18
[INFO] [stderr]    Compiling derive_more v2.1.1
[INFO] [stderr]    Compiling metrics-exporter-prometheus v0.18.1
[INFO] [stderr]    Compiling prost v0.14.3
[INFO] [stderr]    Compiling thiserror v1.0.69
[INFO] [stderr]    Compiling zerofrom v0.1.6
[INFO] [stderr]    Compiling yoke v0.8.1
[INFO] [stderr]    Compiling zerovec v0.11.5
[INFO] [stderr]    Compiling zerotrie v0.2.3
[INFO] [stderr]    Compiling clap v4.5.37
[INFO] [stderr]    Compiling prost-types v0.14.3
[INFO] [stderr]    Compiling tinystr v0.8.2
[INFO] [stderr]    Compiling potential_utf v0.1.4
[INFO] [stderr]    Compiling icu_collections v2.1.1
[INFO] [stderr]    Compiling icu_locale_core v2.1.1
[INFO] [stderr]    Compiling serde v1.0.228
[INFO] [stderr]    Compiling vob v3.0.6
[INFO] [stderr]    Compiling packedvec v1.2.5
[INFO] [stderr]    Compiling bincode v1.3.3
[INFO] [stderr]    Compiling iai-callgrind-macros v0.6.1
[INFO] [stderr]    Compiling ron v0.12.0
[INFO] [stderr]    Compiling json5 v0.4.1
[INFO] [stderr]    Compiling tinytemplate v1.2.1
[INFO] [stderr]    Compiling ciborium v0.2.2
[INFO] [stderr]    Compiling cfgrammar v0.13.10
[INFO] [stderr]    Compiling sparsevec v0.2.2
[INFO] [stderr]    Compiling icu_provider v2.1.1
[INFO] [stderr]    Compiling prost-build v0.14.3
[INFO] [stderr]    Compiling icu_normalizer v2.1.1
[INFO] [stderr]    Compiling icu_properties v2.1.2
[INFO] [stderr]    Compiling criterion v0.5.1
[INFO] [stderr]    Compiling lrtable v0.13.10
[INFO] [stderr]    Compiling tonic-prost-build v0.14.4
[INFO] [stderr]    Compiling idna_adapter v1.2.1
[INFO] [stderr]    Compiling lrpar v0.13.10
[INFO] [stderr]    Compiling idna v1.1.0
[INFO] [stderr]    Compiling config v0.15.19
[INFO] [stderr]    Compiling tokio-util v0.7.18
[INFO] [stderr]    Compiling tokio-stream v0.1.18
[INFO] [stderr]    Compiling ugnos v0.6.0 (/opt/rustwide/workdir)
[INFO] [stderr]    Compiling url v2.5.8
[INFO] [stderr]    Compiling lrlex v0.13.10
[INFO] [stderr]    Compiling ureq v2.12.1
[INFO] [stderr]    Compiling h2 v0.4.13
[INFO] [stderr]    Compiling tower v0.5.3
[INFO] [stderr]    Compiling promql-parser v0.7.2
[INFO] [stderr]    Compiling axum v0.8.8
[INFO] [stderr]    Compiling hyper v1.8.1
[INFO] [stderr]    Compiling hyper-util v0.1.20
[INFO] [stderr]    Compiling hyper-timeout v0.5.2
[INFO] [stderr]    Compiling tonic v0.14.4
[INFO] [stderr]    Compiling tonic-prost v0.14.4
[INFO] [stderr] error: could not compile `ugnos` (lib test)
[INFO] [stderr] 
[INFO] [stderr] Caused by:
[INFO] [stderr]   process didn't exit successfully: `/opt/rustwide/rustup-home/toolchains/1.99.0-beta.8-x86_64-unknown-linux-gnu/bin/rustc --crate-name ugnos --edition=2024 src/lib.rs --error-format=json --json=diagnostic-rendered-ansi,artifacts,future-incompat --emit=dep-info,link -C embed-bitcode=no -C debuginfo=2 --test --cfg 'feature="default"' --cfg 'feature="prometheus"' --check-cfg 'cfg(docsrs,test)' --check-cfg 'cfg(feature, values("default", "prometheus"))' -C metadata=d27d2efa0c08f855 -C extra-filename=-57f3a5fc672e247d --out-dir /opt/rustwide/target/debug/deps -L dependency=/opt/rustwide/target/debug/deps --extern bincode=/opt/rustwide/target/debug/deps/libbincode-731a28890776b45e.rlib --extern bytes=/opt/rustwide/target/debug/deps/libbytes-2ed9460101f17bbf.rlib --extern clap=/opt/rustwide/target/debug/deps/libclap-c0246fc54d574fef.rlib --extern config=/opt/rustwide/target/debug/deps/libconfig-edbcfb024b633795.rlib --extern constant_time_eq=/opt/rustwide/target/debug/deps/libconstant_time_eq-efbf8da8f259d1ea.rlib --extern crc32fast=/opt/rustwide/target/debug/deps/libcrc32fast-03418c62ee590b0f.rlib --extern criterion=/opt/rustwide/target/debug/deps/libcriterion-256cd6883c2fcbb9.rlib --extern http=/opt/rustwide/target/debug/deps/libhttp-a8e905df6d4be4cf.rlib --extern http_body_util=/opt/rustwide/target/debug/deps/libhttp_body_util-9d5f0c9b94ef1368.rlib --extern hyper=/opt/rustwide/target/debug/deps/libhyper-d80e5be00c603f32.rlib --extern hyper_util=/opt/rustwide/target/debug/deps/libhyper_util-1218ffc5d879a47a.rlib --extern iai_callgrind=/opt/rustwide/target/debug/deps/libiai_callgrind-43cc68d3687371e4.rlib --extern lz4_flex=/opt/rustwide/target/debug/deps/liblz4_flex-b82d574d53991a23.rlib --extern metrics=/opt/rustwide/target/debug/deps/libmetrics-7e53296110ff9440.rlib --extern metrics_exporter_prometheus=/opt/rustwide/target/debug/deps/libmetrics_exporter_prometheus-c9fedd52da3300a6.rlib --extern promql_parser=/opt/rustwide/target/debug/deps/libpromql_parser-745402407c787c7f.rlib --extern proptest=/opt/rustwide/target/debug/deps/libproptest-1f32ab03c79b1df1.rlib --extern prost=/opt/rustwide/target/debug/deps/libprost-3549ed46e8e6b250.rlib --extern rand=/opt/rustwide/target/debug/deps/librand-7b3e63186e559c8f.rlib --extern rand_chacha=/opt/rustwide/target/debug/deps/librand_chacha-13e4442b334f1fde.rlib --extern rayon=/opt/rustwide/target/debug/deps/librayon-4d150a99f02a3a7e.rlib --extern roaring=/opt/rustwide/target/debug/deps/libroaring-5b2efb84203bd521.rlib --extern serde=/opt/rustwide/target/debug/deps/libserde-9234d7c36c559c99.rlib --extern serde_json=/opt/rustwide/target/debug/deps/libserde_json-24f614ba315786ed.rlib --extern snap=/opt/rustwide/target/debug/deps/libsnap-7a9fb91fda548707.rlib --extern tempfile=/opt/rustwide/target/debug/deps/libtempfile-d4488bfb9f660589.rlib --extern thiserror=/opt/rustwide/target/debug/deps/libthiserror-e74c5e3acb3e8c5d.rlib --extern tokio=/opt/rustwide/target/debug/deps/libtokio-67e7042cb252a94b.rlib --extern tonic=/opt/rustwide/target/debug/deps/libtonic-9b9cf3be64dacaf8.rlib --extern tonic_prost=/opt/rustwide/target/debug/deps/libtonic_prost-3388c85286a3852d.rlib --extern tower=/opt/rustwide/target/debug/deps/libtower-b82dc9ec651413ec.rlib --extern ureq=/opt/rustwide/target/debug/deps/libureq-d415bdc613c704a2.rlib --extern urlencoding=/opt/rustwide/target/debug/deps/liburlencoding-061758bc6028ea3e.rlib --extern zstd=/opt/rustwide/target/debug/deps/libzstd-4dbb41c83a97823e.rlib --cap-lints=warn -L native=/opt/rustwide/target/debug/build/ring-6918574f2fc361b4/out -L native=/opt/rustwide/target/debug/build/zstd-sys-1ce0f2efc2ae71d7/out` (signal: 9, SIGKILL: kill)
[INFO] [stderr] warning: build failed, waiting for other jobs to finish...
[INFO] [stderr] error: could not compile `ugnos` (bin "ugnosd")
[INFO] [stderr] 
[INFO] [stderr] Caused by:
[INFO] [stderr]   process didn't exit successfully: `/opt/rustwide/rustup-home/toolchains/1.99.0-beta.8-x86_64-unknown-linux-gnu/bin/rustc --crate-name ugnosd --edition=2024 src/bin/ugnosd.rs --error-format=json --json=diagnostic-rendered-ansi,artifacts,future-incompat --crate-type bin --emit=dep-info,link -C embed-bitcode=no -C debuginfo=2 --cfg 'feature="default"' --cfg 'feature="prometheus"' --check-cfg 'cfg(docsrs,test)' --check-cfg 'cfg(feature, values("default", "prometheus"))' -C metadata=478f890b90a5711b -C extra-filename=-eccdb66fcfcd1534 --out-dir /opt/rustwide/target/debug/deps -L dependency=/opt/rustwide/target/debug/deps --extern bincode=/opt/rustwide/target/debug/deps/libbincode-731a28890776b45e.rlib --extern bytes=/opt/rustwide/target/debug/deps/libbytes-2ed9460101f17bbf.rlib --extern clap=/opt/rustwide/target/debug/deps/libclap-c0246fc54d574fef.rlib --extern config=/opt/rustwide/target/debug/deps/libconfig-edbcfb024b633795.rlib --extern constant_time_eq=/opt/rustwide/target/debug/deps/libconstant_time_eq-efbf8da8f259d1ea.rlib --extern crc32fast=/opt/rustwide/target/debug/deps/libcrc32fast-03418c62ee590b0f.rlib --extern http=/opt/rustwide/target/debug/deps/libhttp-a8e905df6d4be4cf.rlib --extern http_body_util=/opt/rustwide/target/debug/deps/libhttp_body_util-9d5f0c9b94ef1368.rlib --extern hyper=/opt/rustwide/target/debug/deps/libhyper-d80e5be00c603f32.rlib --extern hyper_util=/opt/rustwide/target/debug/deps/libhyper_util-1218ffc5d879a47a.rlib --extern lz4_flex=/opt/rustwide/target/debug/deps/liblz4_flex-b82d574d53991a23.rlib --extern metrics=/opt/rustwide/target/debug/deps/libmetrics-7e53296110ff9440.rlib --extern metrics_exporter_prometheus=/opt/rustwide/target/debug/deps/libmetrics_exporter_prometheus-c9fedd52da3300a6.rlib --extern promql_parser=/opt/rustwide/target/debug/deps/libpromql_parser-745402407c787c7f.rlib --extern prost=/opt/rustwide/target/debug/deps/libprost-3549ed46e8e6b250.rlib --extern rayon=/opt/rustwide/target/debug/deps/librayon-4d150a99f02a3a7e.rlib --extern roaring=/opt/rustwide/target/debug/deps/libroaring-5b2efb84203bd521.rlib --extern serde=/opt/rustwide/target/debug/deps/libserde-9234d7c36c559c99.rlib --extern serde_json=/opt/rustwide/target/debug/deps/libserde_json-24f614ba315786ed.rlib --extern snap=/opt/rustwide/target/debug/deps/libsnap-7a9fb91fda548707.rlib --extern tempfile=/opt/rustwide/target/debug/deps/libtempfile-d4488bfb9f660589.rlib --extern thiserror=/opt/rustwide/target/debug/deps/libthiserror-e74c5e3acb3e8c5d.rlib --extern tokio=/opt/rustwide/target/debug/deps/libtokio-67e7042cb252a94b.rlib --extern tonic=/opt/rustwide/target/debug/deps/libtonic-9b9cf3be64dacaf8.rlib --extern tonic_prost=/opt/rustwide/target/debug/deps/libtonic_prost-3388c85286a3852d.rlib --extern tower=/opt/rustwide/target/debug/deps/libtower-b82dc9ec651413ec.rlib --extern ugnos=/opt/rustwide/target/debug/deps/libugnos-edf6744f50182210.rlib --extern urlencoding=/opt/rustwide/target/debug/deps/liburlencoding-061758bc6028ea3e.rlib --extern zstd=/opt/rustwide/target/debug/deps/libzstd-4dbb41c83a97823e.rlib --cap-lints=warn -L native=/opt/rustwide/target/debug/build/zstd-sys-1ce0f2efc2ae71d7/out` (signal: 9, SIGKILL: kill)
[INFO] [stderr] error: could not compile `ugnos` (test "grpc_integration_tests")
[INFO] [stderr] 
[INFO] [stderr] Caused by:
[INFO] [stderr]   process didn't exit successfully: `/opt/rustwide/rustup-home/toolchains/1.99.0-beta.8-x86_64-unknown-linux-gnu/bin/rustc --crate-name grpc_integration_tests --edition=2024 tests/grpc_integration_tests.rs --error-format=json --json=diagnostic-rendered-ansi,artifacts,future-incompat --emit=dep-info,link -C embed-bitcode=no -C debuginfo=2 --test --cfg 'feature="default"' --cfg 'feature="prometheus"' --check-cfg 'cfg(docsrs,test)' --check-cfg 'cfg(feature, values("default", "prometheus"))' -C metadata=54b4c1af360ecc0d -C extra-filename=-2b899b41ac19c70b --out-dir /opt/rustwide/target/debug/deps -L dependency=/opt/rustwide/target/debug/deps --extern bincode=/opt/rustwide/target/debug/deps/libbincode-731a28890776b45e.rlib --extern bytes=/opt/rustwide/target/debug/deps/libbytes-2ed9460101f17bbf.rlib --extern clap=/opt/rustwide/target/debug/deps/libclap-c0246fc54d574fef.rlib --extern config=/opt/rustwide/target/debug/deps/libconfig-edbcfb024b633795.rlib --extern constant_time_eq=/opt/rustwide/target/debug/deps/libconstant_time_eq-efbf8da8f259d1ea.rlib --extern crc32fast=/opt/rustwide/target/debug/deps/libcrc32fast-03418c62ee590b0f.rlib --extern criterion=/opt/rustwide/target/debug/deps/libcriterion-256cd6883c2fcbb9.rlib --extern http=/opt/rustwide/target/debug/deps/libhttp-a8e905df6d4be4cf.rlib --extern http_body_util=/opt/rustwide/target/debug/deps/libhttp_body_util-9d5f0c9b94ef1368.rlib --extern hyper=/opt/rustwide/target/debug/deps/libhyper-d80e5be00c603f32.rlib --extern hyper_util=/opt/rustwide/target/debug/deps/libhyper_util-1218ffc5d879a47a.rlib --extern iai_callgrind=/opt/rustwide/target/debug/deps/libiai_callgrind-43cc68d3687371e4.rlib --extern lz4_flex=/opt/rustwide/target/debug/deps/liblz4_flex-b82d574d53991a23.rlib --extern metrics=/opt/rustwide/target/debug/deps/libmetrics-7e53296110ff9440.rlib --extern metrics_exporter_prometheus=/opt/rustwide/target/debug/deps/libmetrics_exporter_prometheus-c9fedd52da3300a6.rlib --extern promql_parser=/opt/rustwide/target/debug/deps/libpromql_parser-745402407c787c7f.rlib --extern proptest=/opt/rustwide/target/debug/deps/libproptest-1f32ab03c79b1df1.rlib --extern prost=/opt/rustwide/target/debug/deps/libprost-3549ed46e8e6b250.rlib --extern rand=/opt/rustwide/target/debug/deps/librand-7b3e63186e559c8f.rlib --extern rand_chacha=/opt/rustwide/target/debug/deps/librand_chacha-13e4442b334f1fde.rlib --extern rayon=/opt/rustwide/target/debug/deps/librayon-4d150a99f02a3a7e.rlib --extern roaring=/opt/rustwide/target/debug/deps/libroaring-5b2efb84203bd521.rlib --extern serde=/opt/rustwide/target/debug/deps/libserde-9234d7c36c559c99.rlib --extern serde_json=/opt/rustwide/target/debug/deps/libserde_json-24f614ba315786ed.rlib --extern snap=/opt/rustwide/target/debug/deps/libsnap-7a9fb91fda548707.rlib --extern tempfile=/opt/rustwide/target/debug/deps/libtempfile-d4488bfb9f660589.rlib --extern thiserror=/opt/rustwide/target/debug/deps/libthiserror-e74c5e3acb3e8c5d.rlib --extern tokio=/opt/rustwide/target/debug/deps/libtokio-67e7042cb252a94b.rlib --extern tonic=/opt/rustwide/target/debug/deps/libtonic-9b9cf3be64dacaf8.rlib --extern tonic_prost=/opt/rustwide/target/debug/deps/libtonic_prost-3388c85286a3852d.rlib --extern tower=/opt/rustwide/target/debug/deps/libtower-b82dc9ec651413ec.rlib --extern ugnos=/opt/rustwide/target/debug/deps/libugnos-edf6744f50182210.rlib --extern ureq=/opt/rustwide/target/debug/deps/libureq-d415bdc613c704a2.rlib --extern urlencoding=/opt/rustwide/target/debug/deps/liburlencoding-061758bc6028ea3e.rlib --extern zstd=/opt/rustwide/target/debug/deps/libzstd-4dbb41c83a97823e.rlib --cap-lints=warn -L native=/opt/rustwide/target/debug/build/zstd-sys-1ce0f2efc2ae71d7/out -L native=/opt/rustwide/target/debug/build/ring-6918574f2fc361b4/out` (signal: 9, SIGKILL: kill)
[INFO] [stdout] error: linking with `cc` failed: exit status: 1
[INFO] [stdout]   |
[INFO] [stdout]   = note:  "cc" "-m64" "/opt/rustwide/target/debug/deps/rustcsX0XfD/symbols.o" "<2 object files omitted>" "-Wl,--as-needed" "-Wl,-Bstatic" "<sysroot>/lib/rustlib/x86_64-unknown-linux-gnu/lib/{libtest-*,libgetopts-*,librustc_std_workspace_std-*}.rlib" "/opt/rustwide/target/debug/deps/{libugnos-edf6744f50182210,libserde_json-24f614ba315786ed,libzmij-ef63f1da73704b4c,libsnap-7a9fb91fda548707,libtonic_prost-3388c85286a3852d,libzstd-4dbb41c83a97823e,libzstd_safe-37df23e078dfc5a8,libzstd_sys-f9afd0e45703bb24,liblz4_flex-b82d574d53991a23,libtwox_hash-c9d9f93d232d2481,libprost-3549ed46e8e6b250,libtonic-9b9cf3be64dacaf8,libhyper_timeout-7e52bbb3ed87d1da,libhyper_util-1218ffc5d879a47a,libhyper-d80e5be00c603f32,libwant-7a6260b9c50f1479,libtry_lock-8fa2f6971035be84,libsmallvec-bc3128fdd57228fc,libhttparse-8c9b827b8f345444,libh2-c8a40f53d18d914d,libslab-0582d648e59ab406,libpin_utils-3860774ad9b215b5,libatomic_waker-06950c8c08d2b8fa,libhttpdate-331798cefc82cc7e,libfutures_channel-b54b017169f0ad61,libaxum-e4f7597f3d46eefa,libpercent_encoding-fa055ecaa1e57cfa,libmatchit-9aa922efa503b546,libaxum_core-7f89f74536cad17e,libmime-0188e0814ca7ddbf,libbase64-32787b0325ea6df8,libpin_project-285eba5337625f51,libtokio_stream-21e4b70327ee803d,libhttp_body_util-9d5f0c9b94ef1368,libhttp_body-fe4f483549157e90,libhttp-a8e905df6d4be4cf,libitoa-ef40fa516293a9d3,libtower-b82dc9ec651413ec,libsync_wrapper-b4537d9de714f6d1,libtokio_util-e0d8743f340f8494,libfutures_sink-ae1eb2d060de53a2,libtokio-67e7042cb252a94b,libsignal_hook_registry-14bcaceb7dcf5303,liberrno-0dc7403a220ed456,libsocket2-25f50bed3fee3e18,libbytes-2ed9460101f17bbf,libmio-3357c2f85319d6ad,libtracing-2a5379e071bc13bf,libtracing_core-5514c019623f0390,libfutures_util-385ffb356a623301,libfutures_task-5326a9841e0a3cd0,libfutures_core-1121ff913ed87f93,libtower_service-3fb88d28c2218805,libpin_project_lite-72bf04572caa1c84,libtower_layer-d908dd771b239ecd,libconstant_time_eq-efbf8da8f259d1ea,libmetrics_exporter_prometheus-c9fedd52da3300a6,libmetrics_util-2ad6fe6951ebd035,libsketches_ddsketch-5c6bab328eab5677,librand_xoshiro-017b8d6a14295704,librand-7b3e63186e559c8f,librand_chacha-13e4442b334f1fde,libppv_lite86-ab86d466baec27fa,librand_core-37cff70fe4a8fada,libquanta-15b03f4ef67862bd,libraw_cpuid-aaee28679f0cb3c0,libthiserror-37b6801eb73fd476,libmetrics-7e53296110ff9440,libahash-2d9964e65289a026,libzerocopy-04d31f9721d0da51,libpromql_parser-745402407c787c7f,liblrlex-91c8ea4cd77d8ca2,libquote-5d82a667b15f3b2f,libproc_macro2-b02fca93faaeceed,libunicode_ident-4a25721f1aaca7af}.rlib" "<sysroot>/lib/rustlib/x86_64-unknown-linux-gnu/lib/{libproc_macro-*,librustc_literal_escaper-*}.rlib" "/opt/rustwide/target/debug/deps/{liblrpar-0863ac138e889fb1,libfiletime-754a4d9731f9f45e,libbincode-731a28890776b45e,liblrtable-2738e9a37c0e290b,libsparsevec-2832dfb05bc40b8c,libpackedvec-2781c1940e08af79,libfnv-79e2cbfbe03dcd16,libcactus-7af6961edd27ffb8,libcfgrammar-db5e6030bdc46b56,libvob-7fd4ad8472c08824,libindexmap-455f5772f90a1916,libequivalent-6a754676e6af62ae,libhashbrown-93423c56428fb526,libfoldhash-3b780c428974a407,liblazy_static-3674be3f4245d19b,libchrono-d1643377256d1542,libiana_time_zone-bcd81aefedc374a6,libnum_traits-cd368c1666e63380,libregex-6c01582c2a55ef83,libregex_automata-364a2725dc1d6a56,libaho_corasick-c633c294b3f5f5b4,libmemchr-08f38e9718637002,libregex_syntax-cf9ef9729ec61e4c,librayon-4d150a99f02a3a7e,librayon_core-2d1ac166307a4b93,libcrossbeam_deque-e71c6317821167fb,libcrossbeam_epoch-5fdcd5978a9f0010,libcrossbeam_utils-f696a08ab1e94e7a,libeither-e5ea87bd27ac73a9,libthiserror-e74c5e3acb3e8c5d,libserde-9234d7c36c559c99,libroaring-5b2efb84203bd521,libbytemuck-6bf6ebae036d989e,libbyteorder-8f59b6d1bfdaa844,libcrc32fast-03418c62ee590b0f,libtempfile-d4488bfb9f660589,libgetrandom-91c6e521d572c0b6,liblibc-e97dc10e4d08f66c,libcfg_if-3e7fc4e38d4a72b5,libfastrand-751bcde24b8aa073,libonce_cell-e9252a7b5119f3eb,librustix-260bca0020333661,libbitflags-d7135dafcd8de9d7,libserde_core-9c6a4a1faf3c1a34,liblinux_raw_sys-d28fdc10158f862f}.rlib" "<sysroot>/lib/rustlib/x86_64-unknown-linux-gnu/lib/{libstd-*,libpanic_unwind-*,libobject-*,libmemchr-*,libaddr2line-*,libgimli-*,libcfg_if-*,librustc_demangle-*,libstd_detect-*,libhashbrown-*,librustc_std_workspace_alloc-*,libminiz_oxide-*,libadler2-*,libunwind-*,liblibc-*,librustc_std_workspace_core-*,liballoc-*,libcore-*,libcompiler_builtins-*}.rlib" "-Wl,-Bdynamic" "-lgcc_s" "-lutil" "-lrt" "-lpthread" "-lm" "-ldl" "-lc" "-L" "/opt/rustwide/target/debug/deps/rustcsX0XfD/raw-dylibs" "-B<sysroot>/lib/rustlib/x86_64-unknown-linux-gnu/bin/gcc-ld" "-fuse-ld=lld" "-Wl,--eh-frame-hdr" "-Wl,-z,noexecstack" "-L" "/opt/rustwide/target/debug/build/zstd-sys-1ce0f2efc2ae71d7/out" "-L" "/opt/rustwide/target/debug/build/ring-6918574f2fc361b4/out" "-L" "<sysroot>/lib/rustlib/x86_64-unknown-linux-gnu/lib" "-o" "/opt/rustwide/target/debug/deps/segment_postings_index_tests-dd25d297172392d6" "-Wl,--gc-sections" "-pie" "-Wl,-z,relro,-z,now" "-nodefaultlibs"
[INFO] [stdout]   = note: some arguments are omitted. use `--verbose` to show all linker arguments
[INFO] [stdout]   = note: collect2: fatal error: ld terminated with signal 9 [Killed]
[INFO] [stdout]           compilation terminated.
[INFO] [stdout]           
[INFO] [stdout] 
[INFO] [stdout] 
[INFO] [stderr] error: could not compile `ugnos` (test "segment_postings_index_tests") due to 1 previous error
[INFO] [stdout] error: linking with `cc` failed: exit status: 1
[INFO] [stdout]   |
[INFO] [stdout]   = note:  "cc" "-m64" "/opt/rustwide/target/debug/deps/rustc5BF1TQ/symbols.o" "<2 object files omitted>" "-Wl,--as-needed" "-Wl,-Bstatic" "<sysroot>/lib/rustlib/x86_64-unknown-linux-gnu/lib/{libtest-*,libgetopts-*,librustc_std_workspace_std-*}.rlib" "/opt/rustwide/target/debug/deps/{libugnos-edf6744f50182210,libserde_json-24f614ba315786ed,libzmij-ef63f1da73704b4c,libsnap-7a9fb91fda548707,libtonic_prost-3388c85286a3852d,libzstd-4dbb41c83a97823e,libzstd_safe-37df23e078dfc5a8,libzstd_sys-f9afd0e45703bb24,liblz4_flex-b82d574d53991a23,libtwox_hash-c9d9f93d232d2481,libprost-3549ed46e8e6b250,libtonic-9b9cf3be64dacaf8,libhyper_timeout-7e52bbb3ed87d1da,libhyper_util-1218ffc5d879a47a,libhyper-d80e5be00c603f32,libwant-7a6260b9c50f1479,libtry_lock-8fa2f6971035be84,libsmallvec-bc3128fdd57228fc,libhttparse-8c9b827b8f345444,libh2-c8a40f53d18d914d,libslab-0582d648e59ab406,libpin_utils-3860774ad9b215b5,libatomic_waker-06950c8c08d2b8fa,libhttpdate-331798cefc82cc7e,libfutures_channel-b54b017169f0ad61,libaxum-e4f7597f3d46eefa,libpercent_encoding-fa055ecaa1e57cfa,libmatchit-9aa922efa503b546,libaxum_core-7f89f74536cad17e,libmime-0188e0814ca7ddbf,libbase64-32787b0325ea6df8,libpin_project-285eba5337625f51,libtokio_stream-21e4b70327ee803d,libhttp_body_util-9d5f0c9b94ef1368,libhttp_body-fe4f483549157e90,libhttp-a8e905df6d4be4cf,libitoa-ef40fa516293a9d3,libtower-b82dc9ec651413ec,libsync_wrapper-b4537d9de714f6d1,libtokio_util-e0d8743f340f8494,libfutures_sink-ae1eb2d060de53a2,libtokio-67e7042cb252a94b,libsignal_hook_registry-14bcaceb7dcf5303,liberrno-0dc7403a220ed456,libsocket2-25f50bed3fee3e18,libbytes-2ed9460101f17bbf,libmio-3357c2f85319d6ad,libtracing-2a5379e071bc13bf,libtracing_core-5514c019623f0390,libfutures_util-385ffb356a623301,libfutures_task-5326a9841e0a3cd0,libfutures_core-1121ff913ed87f93,libtower_service-3fb88d28c2218805,libpin_project_lite-72bf04572caa1c84,libtower_layer-d908dd771b239ecd,libconstant_time_eq-efbf8da8f259d1ea,libmetrics_exporter_prometheus-c9fedd52da3300a6,libmetrics_util-2ad6fe6951ebd035,libsketches_ddsketch-5c6bab328eab5677,librand_xoshiro-017b8d6a14295704,librand-7b3e63186e559c8f,librand_chacha-13e4442b334f1fde,libppv_lite86-ab86d466baec27fa,librand_core-37cff70fe4a8fada,libquanta-15b03f4ef67862bd,libraw_cpuid-aaee28679f0cb3c0,libthiserror-37b6801eb73fd476,libmetrics-7e53296110ff9440,libahash-2d9964e65289a026,libzerocopy-04d31f9721d0da51,libpromql_parser-745402407c787c7f,liblrlex-91c8ea4cd77d8ca2,libquote-5d82a667b15f3b2f,libproc_macro2-b02fca93faaeceed,libunicode_ident-4a25721f1aaca7af}.rlib" "<sysroot>/lib/rustlib/x86_64-unknown-linux-gnu/lib/{libproc_macro-*,librustc_literal_escaper-*}.rlib" "/opt/rustwide/target/debug/deps/{liblrpar-0863ac138e889fb1,libfiletime-754a4d9731f9f45e,libbincode-731a28890776b45e,liblrtable-2738e9a37c0e290b,libsparsevec-2832dfb05bc40b8c,libpackedvec-2781c1940e08af79,libfnv-79e2cbfbe03dcd16,libcactus-7af6961edd27ffb8,libcfgrammar-db5e6030bdc46b56,libvob-7fd4ad8472c08824,libindexmap-455f5772f90a1916,libequivalent-6a754676e6af62ae,libhashbrown-93423c56428fb526,libfoldhash-3b780c428974a407,liblazy_static-3674be3f4245d19b,libchrono-d1643377256d1542,libiana_time_zone-bcd81aefedc374a6,libnum_traits-cd368c1666e63380,libregex-6c01582c2a55ef83,libregex_automata-364a2725dc1d6a56,libaho_corasick-c633c294b3f5f5b4,libmemchr-08f38e9718637002,libregex_syntax-cf9ef9729ec61e4c,librayon-4d150a99f02a3a7e,librayon_core-2d1ac166307a4b93,libcrossbeam_deque-e71c6317821167fb,libcrossbeam_epoch-5fdcd5978a9f0010,libcrossbeam_utils-f696a08ab1e94e7a,libeither-e5ea87bd27ac73a9,libthiserror-e74c5e3acb3e8c5d,libserde-9234d7c36c559c99,libroaring-5b2efb84203bd521,libbytemuck-6bf6ebae036d989e,libbyteorder-8f59b6d1bfdaa844,libcrc32fast-03418c62ee590b0f,libtempfile-d4488bfb9f660589,libgetrandom-91c6e521d572c0b6,liblibc-e97dc10e4d08f66c,libcfg_if-3e7fc4e38d4a72b5,libfastrand-751bcde24b8aa073,libonce_cell-e9252a7b5119f3eb,librustix-260bca0020333661,libbitflags-d7135dafcd8de9d7,libserde_core-9c6a4a1faf3c1a34,liblinux_raw_sys-d28fdc10158f862f}.rlib" "<sysroot>/lib/rustlib/x86_64-unknown-linux-gnu/lib/{libstd-*,libpanic_unwind-*,libobject-*,libmemchr-*,libaddr2line-*,libgimli-*,libcfg_if-*,librustc_demangle-*,libstd_detect-*,libhashbrown-*,librustc_std_workspace_alloc-*,libminiz_oxide-*,libadler2-*,libunwind-*,liblibc-*,librustc_std_workspace_core-*,liballoc-*,libcore-*,libcompiler_builtins-*}.rlib" "-Wl,-Bdynamic" "-lgcc_s" "-lutil" "-lrt" "-lpthread" "-lm" "-ldl" "-lc" "-L" "/opt/rustwide/target/debug/deps/rustc5BF1TQ/raw-dylibs" "-B<sysroot>/lib/rustlib/x86_64-unknown-linux-gnu/bin/gcc-ld" "-fuse-ld=lld" "-Wl,--eh-frame-hdr" "-Wl,-z,noexecstack" "-L" "/opt/rustwide/target/debug/build/zstd-sys-1ce0f2efc2ae71d7/out" "-L" "/opt/rustwide/target/debug/build/ring-6918574f2fc361b4/out" "-L" "<sysroot>/lib/rustlib/x86_64-unknown-linux-gnu/lib" "-o" "/opt/rustwide/target/debug/deps/indexing_cardinality_tests-63d897ed3e484a8a" "-Wl,--gc-sections" "-pie" "-Wl,-z,relro,-z,now" "-nodefaultlibs"
[INFO] [stdout]   = note: some arguments are omitted. use `--verbose` to show all linker arguments
[INFO] [stdout]   = note: collect2: fatal error: ld terminated with signal 9 [Killed]
[INFO] [stdout]           compilation terminated.
[INFO] [stdout]           
[INFO] [stdout] 
[INFO] [stdout] 
[INFO] [stdout] error: linking with `cc` failed: exit status: 1
[INFO] [stdout]   |
[INFO] [stdout]   = note:  "cc" "-m64" "/opt/rustwide/target/debug/deps/rustcrmq7zq/symbols.o" "<2 object files omitted>" "-Wl,--as-needed" "-Wl,-Bstatic" "<sysroot>/lib/rustlib/x86_64-unknown-linux-gnu/lib/{libtest-*,libgetopts-*,librustc_std_workspace_std-*}.rlib" "/opt/rustwide/target/debug/deps/{libugnos-edf6744f50182210,libserde_json-24f614ba315786ed,libzmij-ef63f1da73704b4c,libsnap-7a9fb91fda548707,libtonic_prost-3388c85286a3852d,libzstd-4dbb41c83a97823e,libzstd_safe-37df23e078dfc5a8,libzstd_sys-f9afd0e45703bb24,liblz4_flex-b82d574d53991a23,libtwox_hash-c9d9f93d232d2481,libprost-3549ed46e8e6b250,libtonic-9b9cf3be64dacaf8,libhyper_timeout-7e52bbb3ed87d1da,libhyper_util-1218ffc5d879a47a,libhyper-d80e5be00c603f32,libwant-7a6260b9c50f1479,libtry_lock-8fa2f6971035be84,libsmallvec-bc3128fdd57228fc,libhttparse-8c9b827b8f345444,libh2-c8a40f53d18d914d,libslab-0582d648e59ab406,libpin_utils-3860774ad9b215b5,libatomic_waker-06950c8c08d2b8fa,libhttpdate-331798cefc82cc7e,libfutures_channel-b54b017169f0ad61,libaxum-e4f7597f3d46eefa,libpercent_encoding-fa055ecaa1e57cfa,libmatchit-9aa922efa503b546,libaxum_core-7f89f74536cad17e,libmime-0188e0814ca7ddbf,libbase64-32787b0325ea6df8,libpin_project-285eba5337625f51,libtokio_stream-21e4b70327ee803d,libhttp_body_util-9d5f0c9b94ef1368,libhttp_body-fe4f483549157e90,libhttp-a8e905df6d4be4cf,libitoa-ef40fa516293a9d3,libtower-b82dc9ec651413ec,libsync_wrapper-b4537d9de714f6d1,libtokio_util-e0d8743f340f8494,libfutures_sink-ae1eb2d060de53a2,libtokio-67e7042cb252a94b,libsignal_hook_registry-14bcaceb7dcf5303,liberrno-0dc7403a220ed456,libsocket2-25f50bed3fee3e18,libbytes-2ed9460101f17bbf,libmio-3357c2f85319d6ad,libtracing-2a5379e071bc13bf,libtracing_core-5514c019623f0390,libfutures_util-385ffb356a623301,libfutures_task-5326a9841e0a3cd0,libfutures_core-1121ff913ed87f93,libtower_service-3fb88d28c2218805,libpin_project_lite-72bf04572caa1c84,libtower_layer-d908dd771b239ecd,libconstant_time_eq-efbf8da8f259d1ea,libmetrics_exporter_prometheus-c9fedd52da3300a6,libmetrics_util-2ad6fe6951ebd035,libsketches_ddsketch-5c6bab328eab5677,librand_xoshiro-017b8d6a14295704,librand-7b3e63186e559c8f,librand_chacha-13e4442b334f1fde,libppv_lite86-ab86d466baec27fa,librand_core-37cff70fe4a8fada,libquanta-15b03f4ef67862bd,libraw_cpuid-aaee28679f0cb3c0,libthiserror-37b6801eb73fd476,libmetrics-7e53296110ff9440,libahash-2d9964e65289a026,libzerocopy-04d31f9721d0da51,libpromql_parser-745402407c787c7f,liblrlex-91c8ea4cd77d8ca2,libquote-5d82a667b15f3b2f,libproc_macro2-b02fca93faaeceed,libunicode_ident-4a25721f1aaca7af}.rlib" "<sysroot>/lib/rustlib/x86_64-unknown-linux-gnu/lib/{libproc_macro-*,librustc_literal_escaper-*}.rlib" "/opt/rustwide/target/debug/deps/{liblrpar-0863ac138e889fb1,libfiletime-754a4d9731f9f45e,libbincode-731a28890776b45e,liblrtable-2738e9a37c0e290b,libsparsevec-2832dfb05bc40b8c,libpackedvec-2781c1940e08af79,libfnv-79e2cbfbe03dcd16,libcactus-7af6961edd27ffb8,libcfgrammar-db5e6030bdc46b56,libvob-7fd4ad8472c08824,libindexmap-455f5772f90a1916,libequivalent-6a754676e6af62ae,libhashbrown-93423c56428fb526,libfoldhash-3b780c428974a407,liblazy_static-3674be3f4245d19b,libchrono-d1643377256d1542,libiana_time_zone-bcd81aefedc374a6,libnum_traits-cd368c1666e63380,libregex-6c01582c2a55ef83,libregex_automata-364a2725dc1d6a56,libaho_corasick-c633c294b3f5f5b4,libmemchr-08f38e9718637002,libregex_syntax-cf9ef9729ec61e4c,librayon-4d150a99f02a3a7e,librayon_core-2d1ac166307a4b93,libcrossbeam_deque-e71c6317821167fb,libcrossbeam_epoch-5fdcd5978a9f0010,libcrossbeam_utils-f696a08ab1e94e7a,libeither-e5ea87bd27ac73a9,libthiserror-e74c5e3acb3e8c5d,libserde-9234d7c36c559c99,libroaring-5b2efb84203bd521,libbytemuck-6bf6ebae036d989e,libbyteorder-8f59b6d1bfdaa844,libcrc32fast-03418c62ee590b0f,libtempfile-d4488bfb9f660589,libgetrandom-91c6e521d572c0b6,liblibc-e97dc10e4d08f66c,libcfg_if-3e7fc4e38d4a72b5,libfastrand-751bcde24b8aa073,libonce_cell-e9252a7b5119f3eb,librustix-260bca0020333661,libbitflags-d7135dafcd8de9d7,libserde_core-9c6a4a1faf3c1a34,liblinux_raw_sys-d28fdc10158f862f}.rlib" "<sysroot>/lib/rustlib/x86_64-unknown-linux-gnu/lib/{libstd-*,libpanic_unwind-*,libobject-*,libmemchr-*,libaddr2line-*,libgimli-*,libcfg_if-*,librustc_demangle-*,libstd_detect-*,libhashbrown-*,librustc_std_workspace_alloc-*,libminiz_oxide-*,libadler2-*,libunwind-*,liblibc-*,librustc_std_workspace_core-*,liballoc-*,libcore-*,libcompiler_builtins-*}.rlib" "-Wl,-Bdynamic" "-lgcc_s" "-lutil" "-lrt" "-lpthread" "-lm" "-ldl" "-lc" "-L" "/opt/rustwide/target/debug/deps/rustcrmq7zq/raw-dylibs" "-B<sysroot>/lib/rustlib/x86_64-unknown-linux-gnu/bin/gcc-ld" "-fuse-ld=lld" "-Wl,--eh-frame-hdr" "-Wl,-z,noexecstack" "-L" "/opt/rustwide/target/debug/build/zstd-sys-1ce0f2efc2ae71d7/out" "-L" "/opt/rustwide/target/debug/build/ring-6918574f2fc361b4/out" "-L" "<sysroot>/lib/rustlib/x86_64-unknown-linux-gnu/lib" "-o" "/opt/rustwide/target/debug/deps/cardinality_metrics_tests-6b2c24c93ef2327d" "-Wl,--gc-sections" "-pie" "-Wl,-z,relro,-z,now" "-nodefaultlibs"
[INFO] [stdout]   = note: some arguments are omitted. use `--verbose` to show all linker arguments
[INFO] [stdout]   = note: collect2: fatal error: ld terminated with signal 9 [Killed]
[INFO] [stdout]           compilation terminated.
[INFO] [stdout]           
[INFO] [stdout] 
[INFO] [stdout] 
[INFO] [stderr] error: could not compile `ugnos` (test "indexing_cardinality_tests") due to 1 previous error
[INFO] [stderr] error: could not compile `ugnos` (test "cardinality_metrics_tests") due to 1 previous error
[INFO] running `Command { std: "docker" "inspect" "bba7b45d1fcb2cc3775f4952cc89463b243f6365d6cbd478c3cf4614f0570aeb", kill_on_drop: false }`
[INFO] running `Command { std: "docker" "rm" "-f" "bba7b45d1fcb2cc3775f4952cc89463b243f6365d6cbd478c3cf4614f0570aeb", kill_on_drop: false }`
[INFO] [stdout] bba7b45d1fcb2cc3775f4952cc89463b243f6365d6cbd478c3cf4614f0570aeb
