[INFO] fetching crate uc_service 2.13.0...
[INFO] testing uc_service-2.13.0 against 1.99.0-beta.8 for beta-1.100-2
[INFO] extracting crate uc_service 2.13.0 into /workspace/builds/worker-2-tc1/source
[INFO] started tweaking crates.io crate uc_service 2.13.0
[INFO] removed 0 missing tests
[INFO] finished tweaking crates.io crate uc_service 2.13.0
[INFO] tweaked toml for crates.io crate uc_service 2.13.0 written to /workspace/builds/worker-2-tc1/source/Cargo.toml
[INFO] validating manifest of crates.io crate uc_service 2.13.0 on toolchain 1.99.0-beta.8
[INFO] running `Command { std: CARGO_HOME="/workspace/cargo-home" RUSTUP_HOME="/workspace/rustup-home" "/workspace/cargo-home/bin/cargo" "+1.99.0-beta.8" "metadata" "--manifest-path" "Cargo.toml" "--no-deps", kill_on_drop: false }`
[INFO] crate crates.io crate uc_service 2.13.0 already has a lockfile, it will not be regenerated
[INFO] running `Command { std: CARGO_HOME="/workspace/cargo-home" RUSTUP_HOME="/workspace/rustup-home" "/workspace/cargo-home/bin/cargo" "+1.99.0-beta.8" "fetch" "--manifest-path" "Cargo.toml", kill_on_drop: false }`
[INFO] [stderr]     Updating crates.io index
[INFO] [stderr]  Downloading crates ...
[INFO] [stderr]   Downloaded uc_journal v2.13.0
[INFO] [stderr]   Downloaded uc_obs v2.13.0
[INFO] [stderr]   Downloaded uc_log v2.13.0
[INFO] [stderr]   Downloaded uc_client v2.13.0
[INFO] [stderr]   Downloaded uc_crypto v2.13.0
[INFO] [stderr]   Downloaded uc_protocol v2.13.0
[INFO] [stderr]   Downloaded uc_net v2.13.0
[INFO] [stderr]   Downloaded snow v0.10.0
[INFO] running `Command { std: "docker" "create" "-v" "/var/lib/crater-agent-workspace/builds/worker-2-tc1/source:/opt/rustwide/workdir:ro,Z" "-v" "/var/lib/crater-agent-workspace/builds/worker-2-tc1/target:/opt/rustwide/target:rw,Z" "-v" "/var/lib/crater-agent-workspace/cargo-home:/opt/rustwide/cargo-home:ro,Z" "-v" "/var/lib/crater-agent-workspace/rustup-home:/opt/rustwide/rustup-home:ro,Z" "-m" "1610612736" "--network" "none" "ghcr.io/rust-lang/crates-build-env/linux@sha256:3111399a4047eeb3a02b7a90e478d715f38a8c6669b5c4b49d30a17385265909" "sleep" "infinity", kill_on_drop: false }`
[INFO] [stdout] 6be179d0b4eb5234ee33f6eb0b25d2d68bc116dd99b94407dfc5d8af2b3f2600
[INFO] running `Command { std: "docker" "start" "6be179d0b4eb5234ee33f6eb0b25d2d68bc116dd99b94407dfc5d8af2b3f2600", kill_on_drop: false }`
[INFO] running `Command { std: "docker" "inspect" "6be179d0b4eb5234ee33f6eb0b25d2d68bc116dd99b94407dfc5d8af2b3f2600", kill_on_drop: false }`
[INFO] running `Command { std: "docker" "exec" "-e" "SOURCE_DIR=/opt/rustwide/workdir" "-e" "CARGO_HOME=/opt/rustwide/cargo-home" "-e" "RUSTUP_HOME=/opt/rustwide/rustup-home" "-e" "CARGO_TARGET_DIR=/opt/rustwide/target" "-w" "/opt/rustwide/workdir" "--user" "0:0" "6be179d0b4eb5234ee33f6eb0b25d2d68bc116dd99b94407dfc5d8af2b3f2600" "/opt/rustwide/cargo-home/bin/cargo" "+1.99.0-beta.8" "metadata" "--no-deps" "--format-version=1", kill_on_drop: false }`
[INFO] running `Command { std: "docker" "inspect" "6be179d0b4eb5234ee33f6eb0b25d2d68bc116dd99b94407dfc5d8af2b3f2600", kill_on_drop: false }`
[INFO] running `Command { std: "docker" "exec" "-e" "SOURCE_DIR=/opt/rustwide/workdir" "-e" "CARGO_HOME=/opt/rustwide/cargo-home" "-e" "RUSTUP_HOME=/opt/rustwide/rustup-home" "-e" "CARGO_TARGET_DIR=/opt/rustwide/target" "-e" "CARGO_INCREMENTAL=0" "-e" "RUST_BACKTRACE=full" "-e" "RUSTFLAGS=--cap-lints=warn" "-e" "RUSTDOCFLAGS=--cap-lints=warn" "-w" "/opt/rustwide/workdir" "--user" "0:0" "6be179d0b4eb5234ee33f6eb0b25d2d68bc116dd99b94407dfc5d8af2b3f2600" "/opt/rustwide/cargo-home/bin/cargo" "+1.99.0-beta.8" "build" "--frozen" "--message-format=json", kill_on_drop: false }`
[INFO] [stderr]    Compiling zerocopy v0.8.48
[INFO] [stderr]    Compiling virtue v0.0.18
[INFO] [stderr]    Compiling thiserror-impl v2.0.18
[INFO] [stderr]    Compiling unty v0.0.4
[INFO] [stderr]    Compiling page_size v0.6.0
[INFO] [stderr]    Compiling memmap2 v0.9.11
[INFO] [stderr]    Compiling serde v1.0.228
[INFO] [stderr]    Compiling parking_lot_core v0.9.12
[INFO] [stderr]    Compiling rustix v1.1.4
[INFO] [stderr]    Compiling fs2 v0.4.3
[INFO] [stderr]    Compiling tokio v1.52.3
[INFO] [stderr]    Compiling sha2 v0.10.9
[INFO] [stderr]    Compiling parking_lot v0.12.5
[INFO] [stderr]    Compiling bincode_derive v2.0.1
[INFO] [stderr]    Compiling bincode v2.0.1
[INFO] [stderr]    Compiling thiserror v2.0.18
[INFO] [stderr]    Compiling uc_protocol v2.13.0
[INFO] [stderr]    Compiling uc_journal v2.13.0
[INFO] [stderr]    Compiling ppv-lite86 v0.2.21
[INFO] [stderr]    Compiling rand_chacha v0.9.0
[INFO] [stderr]    Compiling rand v0.9.4
[INFO] [stderr]    Compiling uc_log v2.13.0
[INFO] [stderr]    Compiling uc_service v2.13.0 (/opt/rustwide/workdir)
[INFO] [stderr]     Finished `dev` profile [unoptimized + debuginfo] target(s) in 13.75s
[INFO] running `Command { std: "docker" "inspect" "6be179d0b4eb5234ee33f6eb0b25d2d68bc116dd99b94407dfc5d8af2b3f2600", kill_on_drop: false }`
[INFO] running `Command { std: "docker" "exec" "-e" "SOURCE_DIR=/opt/rustwide/workdir" "-e" "CARGO_HOME=/opt/rustwide/cargo-home" "-e" "RUSTUP_HOME=/opt/rustwide/rustup-home" "-e" "CARGO_TARGET_DIR=/opt/rustwide/target" "-e" "CARGO_INCREMENTAL=0" "-e" "RUST_BACKTRACE=full" "-e" "RUSTFLAGS=--cap-lints=warn" "-e" "RUSTDOCFLAGS=--cap-lints=warn" "-w" "/opt/rustwide/workdir" "--user" "0:0" "6be179d0b4eb5234ee33f6eb0b25d2d68bc116dd99b94407dfc5d8af2b3f2600" "/opt/rustwide/cargo-home/bin/cargo" "+1.99.0-beta.8" "test" "--frozen" "--no-run" "--message-format=json", kill_on_drop: false }`
[INFO] [stderr]    Compiling rand_core v0.6.4
[INFO] [stderr]    Compiling syn v2.0.117
[INFO] [stderr]    Compiling opaque-debug v0.3.1
[INFO] [stderr]    Compiling curve25519-dalek v4.1.3
[INFO] [stderr]    Compiling snow v0.10.0
[INFO] [stderr]    Compiling uc_obs v2.13.0
[INFO] [stderr]    Compiling inout v0.1.4
[INFO] [stderr]    Compiling tempfile v3.27.0
[INFO] [stderr]    Compiling crypto-common v0.1.7
[INFO] [stderr]    Compiling universal-hash v0.5.1
[INFO] [stderr]    Compiling digest v0.10.7
[INFO] [stderr]    Compiling aead v0.5.2
[INFO] [stderr]    Compiling polyval v0.6.2
[INFO] [stderr]    Compiling poly1305 v0.8.0
[INFO] [stderr]    Compiling sha2 v0.10.9
[INFO] [stderr]    Compiling hmac v0.12.1
[INFO] [stderr]    Compiling ghash v0.5.1
[INFO] [stderr]    Compiling hkdf v0.12.4
[INFO] [stderr]    Compiling zeroize_derive v1.5.0
[INFO] [stderr]    Compiling serde_derive v1.0.228
[INFO] [stderr]    Compiling thiserror-impl v2.0.18
[INFO] [stderr]    Compiling curve25519-dalek-derive v0.1.1
[INFO] [stderr]    Compiling zeroize v1.9.0
[INFO] [stderr]    Compiling cipher v0.4.4
[INFO] [stderr]    Compiling chacha20 v0.9.1
[INFO] [stderr]    Compiling ctr v0.9.2
[INFO] [stderr]    Compiling aes v0.8.4
[INFO] [stderr]    Compiling thiserror v2.0.18
[INFO] [stderr]    Compiling chacha20poly1305 v0.10.1
[INFO] [stderr]    Compiling aes-gcm v0.10.3
[INFO] [stderr]    Compiling x25519-dalek v2.0.1
[INFO] [stderr]    Compiling serde v1.0.228
[INFO] [stderr]    Compiling bincode v2.0.1
[INFO] [stderr]    Compiling bytes v1.12.1
[INFO] [stderr]    Compiling uc_protocol v2.13.0
[INFO] [stderr]    Compiling uc_journal v2.13.0
[INFO] [stderr]    Compiling uc_crypto v2.13.0
[INFO] [stderr]    Compiling uc_log v2.13.0
[INFO] [stderr]    Compiling uc_client v2.13.0
[INFO] [stderr]    Compiling uc_net v2.13.0
[INFO] [stderr]    Compiling uc_service v2.13.0 (/opt/rustwide/workdir)
[INFO] [stdout] error[E0433]: cannot find module or crate `uc_lincheck` in this scope
[INFO] [stdout]   --> tests/reconstruction.rs:24:5
[INFO] [stdout]    |
[INFO] [stdout] 24 | use uc_lincheck::register::{Cmd as RegCmd, DoublingRegisterSm, RegisterSm};
[INFO] [stdout]    |     ^^^^^^^^^^^ use of unresolved module or unlinked crate `uc_lincheck`
[INFO] [stdout]    |
[INFO] [stdout]    = help: if you wanted to use a crate named `uc_lincheck`, use `cargo add uc_lincheck` to add it to your `Cargo.toml`
[INFO] [stdout] 
[INFO] [stdout] 
[INFO] [stdout] error[E0432]: unresolved import `uc_node`
[INFO] [stdout]   --> tests/reconstruction.rs:19:5
[INFO] [stdout]    |
[INFO] [stdout] 19 | use uc_node::{Node, NodeConfig, PurgePolicy};
[INFO] [stdout]    |     ^^^^^^^ use of unresolved module or unlinked crate `uc_node`
[INFO] [stdout]    |
[INFO] [stdout]    = help: if you wanted to use a crate named `uc_node`, use `cargo add uc_node` to add it to your `Cargo.toml`
[INFO] [stdout] 
[INFO] [stdout] 
[INFO] [stdout] error[E0433]: cannot find module or crate `uc_lincheck` in this scope
[INFO] [stdout]  --> tests/session.rs:7:5
[INFO] [stdout]   |
[INFO] [stdout] 7 | use uc_lincheck::register::{Cmd, CmdResp, RegisterSm};
[INFO] [stdout]   |     ^^^^^^^^^^^ use of unresolved module or unlinked crate `uc_lincheck`
[INFO] [stdout]   |
[INFO] [stdout]   = help: if you wanted to use a crate named `uc_lincheck`, use `cargo add uc_lincheck` to add it to your `Cargo.toml`
[INFO] [stdout] 
[INFO] [stdout] 
[INFO] [stdout] error[E0432]: unresolved import `uc_node`
[INFO] [stdout]   --> tests/apply.rs:16:5
[INFO] [stdout]    |
[INFO] [stdout] 16 | use uc_node::{Node, NodeConfig};
[INFO] [stdout]    |     ^^^^^^^ use of unresolved module or unlinked crate `uc_node`
[INFO] [stdout]    |
[INFO] [stdout]    = help: if you wanted to use a crate named `uc_node`, use `cargo add uc_node` to add it to your `Cargo.toml`
[INFO] [stdout] 
[INFO] [stdout] 
[INFO] [stdout] error[E0433]: cannot find module or crate `uc_lincheck` in this scope
[INFO] [stdout]   --> tests/snapshot_build.rs:22:5
[INFO] [stdout]    |
[INFO] [stdout] 22 | use uc_lincheck::register::{Cmd, CmdResp, RegisterSm};
[INFO] [stdout]    |     ^^^^^^^^^^^ use of unresolved module or unlinked crate `uc_lincheck`
[INFO] [stdout]    |
[INFO] [stdout]    = help: if you wanted to use a crate named `uc_lincheck`, use `cargo add uc_lincheck` to add it to your `Cargo.toml`
[INFO] [stdout] 
[INFO] [stdout] 
[INFO] [stdout] error[E0432]: unresolved import `uc_node`
[INFO] [stdout]   --> tests/snapshot_build.rs:25:5
[INFO] [stdout]    |
[INFO] [stdout] 25 | use uc_node::{Node, NodeConfig};
[INFO] [stdout]    |     ^^^^^^^ use of unresolved module or unlinked crate `uc_node`
[INFO] [stdout]    |
[INFO] [stdout]    = help: if you wanted to use a crate named `uc_node`, use `cargo add uc_node` to add it to your `Cargo.toml`
[INFO] [stdout] 
[INFO] [stdout] 
[INFO] [stdout] error[E0432]: unresolved import `uc_node`
[INFO] [stdout]   --> tests/output.rs:27:5
[INFO] [stdout]    |
[INFO] [stdout] 27 | use uc_node::{Node, NodeConfig};
[INFO] [stdout]    |     ^^^^^^^ use of unresolved module or unlinked crate `uc_node`
[INFO] [stdout]    |
[INFO] [stdout]    = help: if you wanted to use a crate named `uc_node`, use `cargo add uc_node` to add it to your `Cargo.toml`
[INFO] [stdout] 
[INFO] [stdout] 
[INFO] [stdout] error[E0433]: cannot find module or crate `uc_node` in this scope
[INFO] [stdout]   --> tests/apply.rs:86:16
[INFO] [stdout]    |
[INFO] [stdout] 86 |         purge: uc_node::PurgePolicy::Disabled,
[INFO] [stdout]    |                ^^^^^^^ use of unresolved module or unlinked crate `uc_node`
[INFO] [stdout]    |
[INFO] [stdout]    = help: if you wanted to use a crate named `uc_node`, use `cargo add uc_node` to add it to your `Cargo.toml`
[INFO] [stdout] 
[INFO] [stdout] 
[INFO] [stdout] For more information about this error, try `rustc --explain E0433`.
[INFO] [stdout] 
[INFO] [stdout] error[E0433]: cannot find module or crate `uc_node` in this scope
[INFO] [stdout]    --> tests/reconstruction.rs:132:16
[INFO] [stdout]     |
[INFO] [stdout] 132 |         purge: uc_node::PurgePolicy::Disabled,
[INFO] [stdout]     |                ^^^^^^^ use of unresolved module or unlinked crate `uc_node`
[INFO] [stdout]     |
[INFO] [stdout]     = help: if you wanted to use a crate named `uc_node`, use `cargo add uc_node` to add it to your `Cargo.toml`
[INFO] [stdout] 
[INFO] [stdout] 
[INFO] [stdout] error[E0433]: cannot find module or crate `uc_node` in this scope
[INFO] [stdout]   --> tests/apply.rs:89:17
[INFO] [stdout]    |
[INFO] [stdout] 89 |         crypto: uc_node::CryptoConfig::Disabled,
[INFO] [stdout]    |                 ^^^^^^^ use of unresolved module or unlinked crate `uc_node`
[INFO] [stdout]    |
[INFO] [stdout]    = help: if you wanted to use a crate named `uc_node`, use `cargo add uc_node` to add it to your `Cargo.toml`
[INFO] [stdout] 
[INFO] [stdout] 
[INFO] [stdout] error[E0432]: unresolved import `uc_node`
[INFO] [stdout]   --> tests/query.rs:26:5
[INFO] [stdout]    |
[INFO] [stdout] 26 | use uc_node::{Node, NodeConfig};
[INFO] [stdout]    |     ^^^^^^^ use of unresolved module or unlinked crate `uc_node`
[INFO] [stdout]    |
[INFO] [stdout]    = help: if you wanted to use a crate named `uc_node`, use `cargo add uc_node` to add it to your `Cargo.toml`
[INFO] [stdout] 
[INFO] [stdout] 
[INFO] [stdout] error[E0433]: cannot find module or crate `uc_node` in this scope
[INFO] [stdout]   --> tests/apply.rs:90:19
[INFO] [stdout]    |
[INFO] [stdout] 90 |         services: uc_node::ServicesConfig::single(svc_name),
[INFO] [stdout]    |                   ^^^^^^^ use of unresolved module or unlinked crate `uc_node`
[INFO] [stdout]    |
[INFO] [stdout]    = help: if you wanted to use a crate named `uc_node`, use `cargo add uc_node` to add it to your `Cargo.toml`
[INFO] [stdout] 
[INFO] [stdout] 
[INFO] [stderr] error: could not compile `uc_service` (test "session") due to 1 previous error
[INFO] [stderr] warning: build failed, waiting for other jobs to finish...
[INFO] [stdout] error[E0433]: cannot find module or crate `uc_node` in this scope
[INFO] [stdout]   --> tests/apply.rs:88:32
[INFO] [stdout]    |
[INFO] [stdout] 88 |         journal_segment_bytes: uc_node::DEFAULT_JOURNAL_SEGMENT_BYTES,
[INFO] [stdout]    |                                ^^^^^^^ use of unresolved module or unlinked crate `uc_node`
[INFO] [stdout]    |
[INFO] [stdout]    = help: if you wanted to use a crate named `uc_node`, use `cargo add uc_node` to add it to your `Cargo.toml`
[INFO] [stdout] 
[INFO] [stdout] 
[INFO] [stdout] error[E0433]: cannot find module or crate `uc_node` in this scope
[INFO] [stdout]    --> tests/output.rs:123:16
[INFO] [stdout]     |
[INFO] [stdout] 123 |         purge: uc_node::PurgePolicy::Disabled,
[INFO] [stdout]     |                ^^^^^^^ use of unresolved module or unlinked crate `uc_node`
[INFO] [stdout]     |
[INFO] [stdout]     = help: if you wanted to use a crate named `uc_node`, use `cargo add uc_node` to add it to your `Cargo.toml`
[INFO] [stdout] 
[INFO] [stdout] 
[INFO] [stdout] error[E0433]: cannot find module or crate `uc_node` in this scope
[INFO] [stdout]   --> tests/snapshot_build.rs:47:16
[INFO] [stdout]    |
[INFO] [stdout] 47 |         purge: uc_node::PurgePolicy::Disabled,
[INFO] [stdout]    |                ^^^^^^^ use of unresolved module or unlinked crate `uc_node`
[INFO] [stdout]    |
[INFO] [stdout]    = help: if you wanted to use a crate named `uc_node`, use `cargo add uc_node` to add it to your `Cargo.toml`
[INFO] [stdout] 
[INFO] [stdout] 
[INFO] [stdout] error[E0433]: cannot find module or crate `uc_node` in this scope
[INFO] [stdout]    --> tests/reconstruction.rs:135:17
[INFO] [stdout]     |
[INFO] [stdout] 135 |         crypto: uc_node::CryptoConfig::Disabled,
[INFO] [stdout]     |                 ^^^^^^^ use of unresolved module or unlinked crate `uc_node`
[INFO] [stdout]     |
[INFO] [stdout]     = help: if you wanted to use a crate named `uc_node`, use `cargo add uc_node` to add it to your `Cargo.toml`
[INFO] [stdout] 
[INFO] [stdout] 
[INFO] [stdout] Some errors have detailed explanations: E0432, E0433.
[INFO] [stdout] 
[INFO] [stdout] For more information about an error, try `rustc --explain E0432`.
[INFO] [stdout] 
[INFO] [stderr] error: could not compile `uc_service` (test "apply") due to 5 previous errors
[INFO] [stdout] error[E0433]: cannot find module or crate `uc_lincheck` in this scope
[INFO] [stdout]   --> tests/pinned_attach.rs:43:5
[INFO] [stdout]    |
[INFO] [stdout] 43 | use uc_lincheck::register::{Cmd as RegCmd, DoublingRegisterSm, RegisterSm};
[INFO] [stdout]    |     ^^^^^^^^^^^ use of unresolved module or unlinked crate `uc_lincheck`
[INFO] [stdout]    |
[INFO] [stdout]    = help: if you wanted to use a crate named `uc_lincheck`, use `cargo add uc_lincheck` to add it to your `Cargo.toml`
[INFO] [stdout] 
[INFO] [stdout] 
[INFO] [stdout] error[E0432]: unresolved import `uc_node`
[INFO] [stdout]   --> tests/pinned_attach.rs:30:5
[INFO] [stdout]    |
[INFO] [stdout] 30 | use uc_node::{Node, NodeConfig, PurgePolicy};
[INFO] [stdout]    |     ^^^^^^^ use of unresolved module or unlinked crate `uc_node`
[INFO] [stdout]    |
[INFO] [stdout]    = help: if you wanted to use a crate named `uc_node`, use `cargo add uc_node` to add it to your `Cargo.toml`
[INFO] [stdout] 
[INFO] [stdout] 
[INFO] [stdout] error[E0433]: cannot find module or crate `uc_node` in this scope
[INFO] [stdout]   --> tests/query.rs:92:16
[INFO] [stdout]    |
[INFO] [stdout] 92 |         purge: uc_node::PurgePolicy::Disabled,
[INFO] [stdout]    |                ^^^^^^^ use of unresolved module or unlinked crate `uc_node`
[INFO] [stdout]    |
[INFO] [stdout]    = help: if you wanted to use a crate named `uc_node`, use `cargo add uc_node` to add it to your `Cargo.toml`
[INFO] [stdout] 
[INFO] [stdout] 
[INFO] [stdout] error[E0433]: cannot find module or crate `uc_node` in this scope
[INFO] [stdout]    --> tests/reconstruction.rs:143:19
[INFO] [stdout]     |
[INFO] [stdout] 143 |         services: uc_node::ServicesConfig::none_for_tests(),
[INFO] [stdout]     |                   ^^^^^^^ use of unresolved module or unlinked crate `uc_node`
[INFO] [stdout]     |
[INFO] [stdout]     = help: if you wanted to use a crate named `uc_node`, use `cargo add uc_node` to add it to your `Cargo.toml`
[INFO] [stdout] 
[INFO] [stdout] 
[INFO] [stdout] error[E0433]: cannot find module or crate `uc_node` in this scope
[INFO] [stdout]    --> tests/output.rs:126:17
[INFO] [stdout]     |
[INFO] [stdout] 126 |         crypto: uc_node::CryptoConfig::Disabled,
[INFO] [stdout]     |                 ^^^^^^^ use of unresolved module or unlinked crate `uc_node`
[INFO] [stdout]     |
[INFO] [stdout]     = help: if you wanted to use a crate named `uc_node`, use `cargo add uc_node` to add it to your `Cargo.toml`
[INFO] [stdout] 
[INFO] [stdout] 
[INFO] [stdout] error[E0433]: cannot find module or crate `uc_node` in this scope
[INFO] [stdout]    --> tests/reconstruction.rs:179:17
[INFO] [stdout]     |
[INFO] [stdout] 179 |             Err(uc_node::SnapshotRefusal::Retry) if Instant::now() < deadline => {
[INFO] [stdout]     |                 ^^^^^^^ use of unresolved module or unlinked crate `uc_node`
[INFO] [stdout]     |
[INFO] [stdout]     = help: if you wanted to use a crate named `uc_node`, use `cargo add uc_node` to add it to your `Cargo.toml`
[INFO] [stdout] 
[INFO] [stdout] 
[INFO] [stdout] error[E0433]: cannot find module or crate `uc_node` in this scope
[INFO] [stdout]   --> tests/query.rs:95:17
[INFO] [stdout]    |
[INFO] [stdout] 95 |         crypto: uc_node::CryptoConfig::Disabled,
[INFO] [stdout]    |                 ^^^^^^^ use of unresolved module or unlinked crate `uc_node`
[INFO] [stdout]    |
[INFO] [stdout]    = help: if you wanted to use a crate named `uc_node`, use `cargo add uc_node` to add it to your `Cargo.toml`
[INFO] [stdout] 
[INFO] [stdout] 
[INFO] [stdout] error[E0433]: cannot find module or crate `uc_node` in this scope
[INFO] [stdout]    --> tests/output.rs:127:19
[INFO] [stdout]     |
[INFO] [stdout] 127 |         services: uc_node::ServicesConfig::single(CountSm::NAME),
[INFO] [stdout]     |                   ^^^^^^^ use of unresolved module or unlinked crate `uc_node`
[INFO] [stdout]     |
[INFO] [stdout]     = help: if you wanted to use a crate named `uc_node`, use `cargo add uc_node` to add it to your `Cargo.toml`
[INFO] [stdout] 
[INFO] [stdout] 
[INFO] [stdout] error[E0433]: cannot find module or crate `uc_node` in this scope
[INFO] [stdout]   --> tests/snapshot_build.rs:50:17
[INFO] [stdout]    |
[INFO] [stdout] 50 |         crypto: uc_node::CryptoConfig::Disabled,
[INFO] [stdout]    |                 ^^^^^^^ use of unresolved module or unlinked crate `uc_node`
[INFO] [stdout]    |
[INFO] [stdout]    = help: if you wanted to use a crate named `uc_node`, use `cargo add uc_node` to add it to your `Cargo.toml`
[INFO] [stdout] 
[INFO] [stdout] 
[INFO] [stdout] error[E0433]: cannot find module or crate `uc_node` in this scope
[INFO] [stdout]    --> tests/reconstruction.rs:754:17
[INFO] [stdout]     |
[INFO] [stdout] 754 |         crypto: uc_node::CryptoConfig::Disabled,
[INFO] [stdout]     |                 ^^^^^^^ use of unresolved module or unlinked crate `uc_node`
[INFO] [stdout]     |
[INFO] [stdout]     = help: if you wanted to use a crate named `uc_node`, use `cargo add uc_node` to add it to your `Cargo.toml`
[INFO] [stdout] 
[INFO] [stdout] 
[INFO] [stdout] error[E0433]: cannot find module or crate `uc_node` in this scope
[INFO] [stdout]   --> tests/query.rs:96:19
[INFO] [stdout]    |
[INFO] [stdout] 96 |         services: uc_node::ServicesConfig::single(CountSm::NAME),
[INFO] [stdout]    |                   ^^^^^^^ use of unresolved module or unlinked crate `uc_node`
[INFO] [stdout]    |
[INFO] [stdout]    = help: if you wanted to use a crate named `uc_node`, use `cargo add uc_node` to add it to your `Cargo.toml`
[INFO] [stdout] 
[INFO] [stdout] 
[INFO] [stdout] error[E0433]: cannot find module or crate `uc_node` in this scope
[INFO] [stdout]    --> tests/pinned_attach.rs:142:17
[INFO] [stdout]     |
[INFO] [stdout] 142 |         crypto: uc_node::CryptoConfig::Disabled,
[INFO] [stdout]     |                 ^^^^^^^ use of unresolved module or unlinked crate `uc_node`
[INFO] [stdout]     |
[INFO] [stdout]     = help: if you wanted to use a crate named `uc_node`, use `cargo add uc_node` to add it to your `Cargo.toml`
[INFO] [stdout] 
[INFO] [stdout] 
[INFO] [stdout] error[E0433]: cannot find module or crate `uc_node` in this scope
[INFO] [stdout]   --> tests/snapshot_build.rs:51:19
[INFO] [stdout]    |
[INFO] [stdout] 51 |         services: uc_node::ServicesConfig::single(RegisterSm::NAME),
[INFO] [stdout]    |                   ^^^^^^^ use of unresolved module or unlinked crate `uc_node`
[INFO] [stdout]    |
[INFO] [stdout]    = help: if you wanted to use a crate named `uc_node`, use `cargo add uc_node` to add it to your `Cargo.toml`
[INFO] [stdout] 
[INFO] [stdout] 
[INFO] [stdout] error[E0433]: cannot find module or crate `uc_node` in this scope
[INFO] [stdout]   --> tests/snapshot_build.rs:80:17
[INFO] [stdout]    |
[INFO] [stdout] 80 |             Err(uc_node::SnapshotRefusal::Retry) if Instant::now() < deadline => {
[INFO] [stdout]    |                 ^^^^^^^ use of unresolved module or unlinked crate `uc_node`
[INFO] [stdout]    |
[INFO] [stdout]    = help: if you wanted to use a crate named `uc_node`, use `cargo add uc_node` to add it to your `Cargo.toml`
[INFO] [stdout] 
[INFO] [stdout] 
[INFO] [stdout] warning: unused import: `StateMachine`
[INFO] [stdout]   --> tests/snapshot_build.rs:26:49
[INFO] [stdout]    |
[INFO] [stdout] 26 | use uc_service::{ServiceBuilder, ServiceConfig, StateMachine};
[INFO] [stdout]    |                                                 ^^^^^^^^^^^^
[INFO] [stdout]    |
[INFO] [stdout]    = note: `#[warn(unused_imports)]` (part of `#[warn(unused)]`) on by default
[INFO] [stdout] 
[INFO] [stdout] 
[INFO] [stdout] error[E0433]: cannot find module or crate `uc_node` in this scope
[INFO] [stdout]    --> tests/pinned_attach.rs:143:19
[INFO] [stdout]     |
[INFO] [stdout] 143 |         services: uc_node::ServicesConfig::single(<RegisterSm as StateMachine>::NAME),
[INFO] [stdout]     |                   ^^^^^^^ use of unresolved module or unlinked crate `uc_node`
[INFO] [stdout]     |
[INFO] [stdout]     = help: if you wanted to use a crate named `uc_node`, use `cargo add uc_node` to add it to your `Cargo.toml`
[INFO] [stdout] 
[INFO] [stdout] 
[INFO] [stdout] error[E0433]: cannot find module or crate `uc_node` in this scope
[INFO] [stdout]   --> tests/query.rs:94:32
[INFO] [stdout]    |
[INFO] [stdout] 94 |         journal_segment_bytes: uc_node::DEFAULT_JOURNAL_SEGMENT_BYTES,
[INFO] [stdout]    |                                ^^^^^^^ use of unresolved module or unlinked crate `uc_node`
[INFO] [stdout]    |
[INFO] [stdout]    = help: if you wanted to use a crate named `uc_node`, use `cargo add uc_node` to add it to your `Cargo.toml`
[INFO] [stdout] 
[INFO] [stdout] 
[INFO] [stdout] error[E0433]: cannot find module or crate `uc_node` in this scope
[INFO] [stdout]    --> tests/reconstruction.rs:755:19
[INFO] [stdout]     |
[INFO] [stdout] 755 |         services: uc_node::ServicesConfig::single(sm_name),
[INFO] [stdout]     |                   ^^^^^^^ use of unresolved module or unlinked crate `uc_node`
[INFO] [stdout]     |
[INFO] [stdout]     = help: if you wanted to use a crate named `uc_node`, use `cargo add uc_node` to add it to your `Cargo.toml`
[INFO] [stdout] 
[INFO] [stdout] 
[INFO] [stdout] error[E0433]: cannot find module or crate `uc_node` in this scope
[INFO] [stdout]   --> tests/snapshot_build.rs:49:32
[INFO] [stdout]    |
[INFO] [stdout] 49 |         journal_segment_bytes: uc_node::DEFAULT_JOURNAL_SEGMENT_BYTES,
[INFO] [stdout]    |                                ^^^^^^^ use of unresolved module or unlinked crate `uc_node`
[INFO] [stdout]    |
[INFO] [stdout]    = help: if you wanted to use a crate named `uc_node`, use `cargo add uc_node` to add it to your `Cargo.toml`
[INFO] [stdout] 
[INFO] [stdout] 
[INFO] [stdout] error[E0433]: cannot find module or crate `uc_node` in this scope
[INFO] [stdout]    --> tests/output.rs:125:32
[INFO] [stdout]     |
[INFO] [stdout] 125 |         journal_segment_bytes: uc_node::DEFAULT_JOURNAL_SEGMENT_BYTES,
[INFO] [stdout]     |                                ^^^^^^^ use of unresolved module or unlinked crate `uc_node`
[INFO] [stdout]     |
[INFO] [stdout]     = help: if you wanted to use a crate named `uc_node`, use `cargo add uc_node` to add it to your `Cargo.toml`
[INFO] [stdout] 
[INFO] [stdout] 
[INFO] [stdout] error[E0433]: cannot find module or crate `uc_node` in this scope
[INFO] [stdout]    --> tests/pinned_attach.rs:206:17
[INFO] [stdout]     |
[INFO] [stdout] 206 |             Err(uc_node::SnapshotRefusal::Retry) if Instant::now() < deadline => {
[INFO] [stdout]     |                 ^^^^^^^ use of unresolved module or unlinked crate `uc_node`
[INFO] [stdout]     |
[INFO] [stdout]     = help: if you wanted to use a crate named `uc_node`, use `cargo add uc_node` to add it to your `Cargo.toml`
[INFO] [stdout] 
[INFO] [stdout] 
[INFO] [stdout] Some errors have detailed explanations: E0432, E0433.
[INFO] [stdout] 
[INFO] [stdout] For more information about an error, try `rustc --explain E0432`.
[INFO] [stdout] 
[INFO] [stderr] error: could not compile `uc_service` (test "query") due to 5 previous errors
[INFO] [stdout] error[E0433]: cannot find module or crate `uc_node` in this scope
[INFO] [stdout]    --> tests/reconstruction.rs:134:32
[INFO] [stdout]     |
[INFO] [stdout] 134 |         journal_segment_bytes: uc_node::DEFAULT_JOURNAL_SEGMENT_BYTES,
[INFO] [stdout]     |                                ^^^^^^^ use of unresolved module or unlinked crate `uc_node`
[INFO] [stdout]     |
[INFO] [stdout]     = help: if you wanted to use a crate named `uc_node`, use `cargo add uc_node` to add it to your `Cargo.toml`
[INFO] [stdout] 
[INFO] [stdout] 
[INFO] [stdout] Some errors have detailed explanations: E0432, E0433.
[INFO] [stdout] 
[INFO] [stdout] For more information about an error, try `rustc --explain E0432`.
[INFO] [stdout] 
[INFO] [stderr] error: could not compile `uc_service` (test "snapshot_build") due to 7 previous errors; 1 warning emitted
[INFO] [stdout] Some errors have detailed explanations: E0432, E0433.
[INFO] [stdout] 
[INFO] [stdout] For more information about an error, try `rustc --explain E0432`.
[INFO] [stdout] 
[INFO] [stderr] error: could not compile `uc_service` (test "output") due to 5 previous errors
[INFO] [stdout] error[E0433]: cannot find module or crate `uc_node` in this scope
[INFO] [stdout]    --> tests/pinned_attach.rs:451:26
[INFO] [stdout]     |
[INFO] [stdout] 451 |     let (id, ip, port) = uc_node::staged_digest(&bytes);
[INFO] [stdout]     |                          ^^^^^^^ use of unresolved module or unlinked crate `uc_node`
[INFO] [stdout]     |
[INFO] [stdout]     = help: if you wanted to use a crate named `uc_node`, use `cargo add uc_node` to add it to your `Cargo.toml`
[INFO] [stdout] 
[INFO] [stdout] 
[INFO] [stdout] error[E0433]: cannot find module or crate `uc_node` in this scope
[INFO] [stdout]    --> tests/pinned_attach.rs:454:32
[INFO] [stdout]     |
[INFO] [stdout] 454 |         let pending = dir.join(uc_node::UPGRADE_PENDING_FILE);
[INFO] [stdout]     |                                ^^^^^^^ use of unresolved module or unlinked crate `uc_node`
[INFO] [stdout]     |
[INFO] [stdout]     = help: if you wanted to use a crate named `uc_node`, use `cargo add uc_node` to add it to your `Cargo.toml`
[INFO] [stdout] 
[INFO] [stdout] 
[INFO] [stdout] error[E0433]: cannot find module or crate `uc_node` in this scope
[INFO] [stdout]    --> tests/pinned_attach.rs:455:46
[INFO] [stdout]     |
[INFO] [stdout] 455 |         let tmp = dir.join(format!("{}.tmp", uc_node::UPGRADE_PENDING_FILE));
[INFO] [stdout]     |                                              ^^^^^^^ use of unresolved module or unlinked crate `uc_node`
[INFO] [stdout]     |
[INFO] [stdout]     = help: if you wanted to use a crate named `uc_node`, use `cargo add uc_node` to add it to your `Cargo.toml`
[INFO] [stdout] 
[INFO] [stdout] 
[INFO] [stdout] error[E0433]: cannot find module or crate `uc_node` in this scope
[INFO] [stdout]    --> tests/pinned_attach.rs:489:55
[INFO] [stdout]     |
[INFO] [stdout] 489 |         let racy = resp.status == 2 || resp.reason == uc_node::REASON_PIN_NO_SET;
[INFO] [stdout]     |                                                       ^^^^^^^ use of unresolved module or unlinked crate `uc_node`
[INFO] [stdout]     |
[INFO] [stdout]     = help: if you wanted to use a crate named `uc_node`, use `cargo add uc_node` to add it to your `Cargo.toml`
[INFO] [stdout] 
[INFO] [stdout] 
[INFO] [stdout] Some errors have detailed explanations: E0432, E0433.
[INFO] [stdout] 
[INFO] [stdout] For more information about an error, try `rustc --explain E0432`.
[INFO] [stdout] 
[INFO] [stderr] error: could not compile `uc_service` (test "reconstruction") due to 9 previous errors
[INFO] [stdout] Some errors have detailed explanations: E0432, E0433.
[INFO] [stdout] 
[INFO] [stdout] For more information about an error, try `rustc --explain E0432`.
[INFO] [stdout] 
[INFO] [stderr] error: could not compile `uc_service` (test "pinned_attach") due to 9 previous errors
[INFO] running `Command { std: "docker" "inspect" "6be179d0b4eb5234ee33f6eb0b25d2d68bc116dd99b94407dfc5d8af2b3f2600", kill_on_drop: false }`
[INFO] running `Command { std: "docker" "rm" "-f" "6be179d0b4eb5234ee33f6eb0b25d2d68bc116dd99b94407dfc5d8af2b3f2600", kill_on_drop: false }`
[INFO] [stdout] 6be179d0b4eb5234ee33f6eb0b25d2d68bc116dd99b94407dfc5d8af2b3f2600
