[INFO] fetching crate uc_node 2.13.0...
[INFO] testing uc_node-2.13.0 against 1.99.0-beta.8 for beta-1.100-2
[INFO] extracting crate uc_node 2.13.0 into /workspace/builds/worker-7-tc1/source
[INFO] started tweaking crates.io crate uc_node 2.13.0
[INFO] removed 0 missing examples
[INFO] removed 0 missing tests
[INFO] finished tweaking crates.io crate uc_node 2.13.0
[INFO] tweaked toml for crates.io crate uc_node 2.13.0 written to /workspace/builds/worker-7-tc1/source/Cargo.toml
[INFO] validating manifest of crates.io crate uc_node 2.13.0 on toolchain 1.99.0-beta.8
[INFO] running `Command { std: CARGO_HOME="/workspace/cargo-home" RUSTUP_HOME="/workspace/rustup-home" "/workspace/cargo-home/bin/cargo" "+1.99.0-beta.8" "metadata" "--manifest-path" "Cargo.toml" "--no-deps", kill_on_drop: false }`
[INFO] crate crates.io crate uc_node 2.13.0 already has a lockfile, it will not be regenerated
[INFO] running `Command { std: CARGO_HOME="/workspace/cargo-home" RUSTUP_HOME="/workspace/rustup-home" "/workspace/cargo-home/bin/cargo" "+1.99.0-beta.8" "fetch" "--manifest-path" "Cargo.toml", kill_on_drop: false }`
[INFO] [stderr]     Updating crates.io index
[INFO] [stderr]  Downloading crates ...
[INFO] [stderr]   Downloaded uc_obs v2.13.0
[INFO] [stderr]   Downloaded uc_journal v2.13.0
[INFO] [stderr]   Downloaded uc_log v2.13.0
[INFO] [stderr]   Downloaded uc_consensus v2.13.0
[INFO] [stderr]   Downloaded uc_client v2.13.0
[INFO] [stderr]   Downloaded uc_service v2.13.0
[INFO] [stderr]   Downloaded uc_protocol v2.13.0
[INFO] [stderr]   Downloaded uc_crypto v2.13.0
[INFO] [stderr]   Downloaded uc_net v2.13.0
[INFO] [stderr]   Downloaded snow v0.10.0
[INFO] running `Command { std: "docker" "create" "-v" "/var/lib/crater-agent-workspace/builds/worker-7-tc1/source:/opt/rustwide/workdir:ro,Z" "-v" "/var/lib/crater-agent-workspace/builds/worker-7-tc1/target:/opt/rustwide/target:rw,Z" "-v" "/var/lib/crater-agent-workspace/cargo-home:/opt/rustwide/cargo-home:ro,Z" "-v" "/var/lib/crater-agent-workspace/rustup-home:/opt/rustwide/rustup-home:ro,Z" "-m" "1610612736" "--network" "none" "ghcr.io/rust-lang/crates-build-env/linux@sha256:3111399a4047eeb3a02b7a90e478d715f38a8c6669b5c4b49d30a17385265909" "sleep" "infinity", kill_on_drop: false }`
[INFO] [stdout] 7eb3ce8af6898150af39edeeee4d499d43a92a163c7d455bae97691aa84a1575
[INFO] running `Command { std: "docker" "start" "7eb3ce8af6898150af39edeeee4d499d43a92a163c7d455bae97691aa84a1575", kill_on_drop: false }`
[INFO] running `Command { std: "docker" "inspect" "7eb3ce8af6898150af39edeeee4d499d43a92a163c7d455bae97691aa84a1575", kill_on_drop: false }`
[INFO] running `Command { std: "docker" "exec" "-e" "SOURCE_DIR=/opt/rustwide/workdir" "-e" "CARGO_HOME=/opt/rustwide/cargo-home" "-e" "RUSTUP_HOME=/opt/rustwide/rustup-home" "-e" "CARGO_TARGET_DIR=/opt/rustwide/target" "-w" "/opt/rustwide/workdir" "--user" "0:0" "7eb3ce8af6898150af39edeeee4d499d43a92a163c7d455bae97691aa84a1575" "/opt/rustwide/cargo-home/bin/cargo" "+1.99.0-beta.8" "metadata" "--no-deps" "--format-version=1", kill_on_drop: false }`
[INFO] running `Command { std: "docker" "inspect" "7eb3ce8af6898150af39edeeee4d499d43a92a163c7d455bae97691aa84a1575", kill_on_drop: false }`
[INFO] running `Command { std: "docker" "exec" "-e" "SOURCE_DIR=/opt/rustwide/workdir" "-e" "CARGO_HOME=/opt/rustwide/cargo-home" "-e" "RUSTUP_HOME=/opt/rustwide/rustup-home" "-e" "CARGO_TARGET_DIR=/opt/rustwide/target" "-e" "CARGO_INCREMENTAL=0" "-e" "RUST_BACKTRACE=full" "-e" "RUSTFLAGS=--cap-lints=warn" "-e" "RUSTDOCFLAGS=--cap-lints=warn" "-w" "/opt/rustwide/workdir" "--user" "0:0" "7eb3ce8af6898150af39edeeee4d499d43a92a163c7d455bae97691aa84a1575" "/opt/rustwide/cargo-home/bin/cargo" "+1.99.0-beta.8" "build" "--frozen" "--message-format=json", kill_on_drop: false }`
[INFO] [stderr]    Compiling syn v2.0.117
[INFO] [stderr]    Compiling zerocopy v0.8.48
[INFO] [stderr]    Compiling virtue v0.0.18
[INFO] [stderr]    Compiling smallvec v1.15.1
[INFO] [stderr]    Compiling unty v0.0.4
[INFO] [stderr]    Compiling curve25519-dalek v4.1.3
[INFO] [stderr]    Compiling memmap2 v0.9.11
[INFO] [stderr]    Compiling page_size v0.6.0
[INFO] [stderr]    Compiling bitflags v2.11.1
[INFO] [stderr]    Compiling snow v0.10.0
[INFO] [stderr]    Compiling aead v0.5.2
[INFO] [stderr]    Compiling winnow v1.0.4
[INFO] [stderr]    Compiling tokio v1.52.3
[INFO] [stderr]    Compiling toml_datetime v0.7.5+spec-1.1.0
[INFO] [stderr]    Compiling toml_writer v1.1.2+spec-1.1.0
[INFO] [stderr]    Compiling winnow v0.7.15
[INFO] [stderr]    Compiling uc_consensus v2.13.0
[INFO] [stderr]    Compiling uc_obs v2.13.0
[INFO] [stderr]    Compiling rustix v1.1.4
[INFO] [stderr]    Compiling parking_lot_core v0.9.12
[INFO] [stderr]    Compiling parking_lot v0.12.5
[INFO] [stderr]    Compiling bincode_derive v2.0.1
[INFO] [stderr]    Compiling toml_parser v1.1.3+spec-1.1.0
[INFO] [stderr]    Compiling toml v0.9.12+spec-1.1.0
[INFO] [stderr]    Compiling ppv-lite86 v0.2.21
[INFO] [stderr]    Compiling rand_chacha v0.9.0
[INFO] [stderr]    Compiling rand v0.9.4
[INFO] [stderr]    Compiling zeroize_derive v1.5.0
[INFO] [stderr]    Compiling serde_derive v1.0.228
[INFO] [stderr]    Compiling thiserror-impl v2.0.18
[INFO] [stderr]    Compiling curve25519-dalek-derive v0.1.1
[INFO] [stderr]    Compiling clap_derive v4.6.1
[INFO] [stderr]    Compiling zeroize v1.9.0
[INFO] [stderr]    Compiling cipher v0.4.4
[INFO] [stderr]    Compiling chacha20 v0.9.1
[INFO] [stderr]    Compiling ctr v0.9.2
[INFO] [stderr]    Compiling aes v0.8.4
[INFO] [stderr]    Compiling chacha20poly1305 v0.10.1
[INFO] [stderr]    Compiling thiserror v2.0.18
[INFO] [stderr]    Compiling clap v4.6.1
[INFO] [stderr]    Compiling aes-gcm v0.10.3
[INFO] [stderr]    Compiling x25519-dalek v2.0.1
[INFO] [stderr]    Compiling serde v1.0.228
[INFO] [stderr]    Compiling bincode v2.0.1
[INFO] [stderr]    Compiling uc_protocol v2.13.0
[INFO] [stderr]    Compiling uc_journal v2.13.0
[INFO] [stderr]    Compiling uc_crypto v2.13.0
[INFO] [stderr]    Compiling uc_log v2.13.0
[INFO] [stderr]    Compiling uc_net v2.13.0
[INFO] [stderr]    Compiling uc_service v2.13.0
[INFO] [stderr]    Compiling uc_node v2.13.0 (/opt/rustwide/workdir)
[INFO] [stderr]     Finished `dev` profile [unoptimized + debuginfo] target(s) in 31.55s
[INFO] running `Command { std: "docker" "inspect" "7eb3ce8af6898150af39edeeee4d499d43a92a163c7d455bae97691aa84a1575", kill_on_drop: false }`
[INFO] running `Command { std: "docker" "exec" "-e" "SOURCE_DIR=/opt/rustwide/workdir" "-e" "CARGO_HOME=/opt/rustwide/cargo-home" "-e" "RUSTUP_HOME=/opt/rustwide/rustup-home" "-e" "CARGO_TARGET_DIR=/opt/rustwide/target" "-e" "CARGO_INCREMENTAL=0" "-e" "RUST_BACKTRACE=full" "-e" "RUSTFLAGS=--cap-lints=warn" "-e" "RUSTDOCFLAGS=--cap-lints=warn" "-w" "/opt/rustwide/workdir" "--user" "0:0" "7eb3ce8af6898150af39edeeee4d499d43a92a163c7d455bae97691aa84a1575" "/opt/rustwide/cargo-home/bin/cargo" "+1.99.0-beta.8" "test" "--frozen" "--no-run" "--message-format=json", kill_on_drop: false }`
[INFO] [stderr]    Compiling crossbeam-utils v0.8.21
[INFO] [stderr]    Compiling getrandom v0.4.2
[INFO] [stderr]    Compiling minimal-lexical v0.2.1
[INFO] [stderr]    Compiling anyhow v1.0.104
[INFO] [stderr]    Compiling memchr v2.8.0
[INFO] [stderr]    Compiling bytes v1.12.1
[INFO] [stderr]    Compiling tempfile v3.27.0
[INFO] [stderr]    Compiling nom v7.1.3
[INFO] [stderr]    Compiling crossbeam-channel v0.5.15
[INFO] [stderr]    Compiling uc_client v2.13.0
[INFO] [stderr]    Compiling hdrhistogram v7.5.4
[INFO] [stderr]    Compiling uc_node v2.13.0 (/opt/rustwide/workdir)
[INFO] [stdout] error[E0433]: cannot find module or crate `uc_lincheck` in this scope
[INFO] [stdout]   --> tests/lincheck_v2/mod.rs:69:5
[INFO] [stdout]    |
[INFO] [stdout] 69 | use uc_lincheck::history::{History, Outcome};
[INFO] [stdout]    |     ^^^^^^^^^^^ use of unresolved module or unlinked crate `uc_lincheck`
[INFO] [stdout]    |
[INFO] [stdout]    = help: if you wanted to use a crate named `uc_lincheck`, use `cargo add uc_lincheck` to add it to your `Cargo.toml`
[INFO] [stdout] 
[INFO] [stdout] 
[INFO] [stdout] error[E0433]: cannot find module or crate `uc_lincheck` in this scope
[INFO] [stdout]   --> tests/lincheck_v2/mod.rs:70:5
[INFO] [stdout]    |
[INFO] [stdout] 70 | use uc_lincheck::model::{Op, RegResp};
[INFO] [stdout]    |     ^^^^^^^^^^^ use of unresolved module or unlinked crate `uc_lincheck`
[INFO] [stdout]    |
[INFO] [stdout]    = help: if you wanted to use a crate named `uc_lincheck`, use `cargo add uc_lincheck` to add it to your `Cargo.toml`
[INFO] [stdout] 
[INFO] [stdout] 
[INFO] [stdout] error[E0433]: cannot find module or crate `uc_lincheck` in this scope
[INFO] [stdout]   --> tests/lincheck_v2/mod.rs:71:5
[INFO] [stdout]    |
[INFO] [stdout] 71 | use uc_lincheck::register::{Cmd, CmdResp, RegisterSm};
[INFO] [stdout]    |     ^^^^^^^^^^^ use of unresolved module or unlinked crate `uc_lincheck`
[INFO] [stdout]    |
[INFO] [stdout]    = help: if you wanted to use a crate named `uc_lincheck`, use `cargo add uc_lincheck` to add it to your `Cargo.toml`
[INFO] [stdout] 
[INFO] [stdout] 
[INFO] [stdout] error[E0433]: cannot find module or crate `uc_lincheck` in this scope
[INFO] [stdout]   --> tests/lincheck_v2/mod.rs:72:5
[INFO] [stdout]    |
[INFO] [stdout] 72 | use uc_lincheck::timer::{MixedCmd, TimerCmd, TimerReport, TimerResp, TimerSm};
[INFO] [stdout]    |     ^^^^^^^^^^^ use of unresolved module or unlinked crate `uc_lincheck`
[INFO] [stdout]    |
[INFO] [stdout]    = help: if you wanted to use a crate named `uc_lincheck`, use `cargo add uc_lincheck` to add it to your `Cargo.toml`
[INFO] [stdout] 
[INFO] [stdout] 
[INFO] [stdout] error[E0433]: cannot find module or crate `uc_lincheck` in this scope
[INFO] [stdout]   --> tests/lin_partition_v2.rs:34:5
[INFO] [stdout]    |
[INFO] [stdout] 34 | use uc_lincheck::checker::{Verdict, check_register};
[INFO] [stdout]    |     ^^^^^^^^^^^ use of unresolved module or unlinked crate `uc_lincheck`
[INFO] [stdout]    |
[INFO] [stdout]    = help: if you wanted to use a crate named `uc_lincheck`, use `cargo add uc_lincheck` to add it to your `Cargo.toml`
[INFO] [stdout] 
[INFO] [stdout] 
[INFO] [stdout] error[E0433]: cannot find module or crate `uc_lincheck` in this scope
[INFO] [stdout]   --> tests/lin_partition_v2.rs:35:5
[INFO] [stdout]    |
[INFO] [stdout] 35 | use uc_lincheck::history::{Entry, History, Outcome};
[INFO] [stdout]    |     ^^^^^^^^^^^ use of unresolved module or unlinked crate `uc_lincheck`
[INFO] [stdout]    |
[INFO] [stdout]    = help: if you wanted to use a crate named `uc_lincheck`, use `cargo add uc_lincheck` to add it to your `Cargo.toml`
[INFO] [stdout] 
[INFO] [stdout] 
[INFO] [stdout] error[E0433]: cannot find module or crate `uc_lincheck` in this scope
[INFO] [stdout]   --> tests/lin_partition_v2.rs:36:5
[INFO] [stdout]    |
[INFO] [stdout] 36 | use uc_lincheck::model::Op;
[INFO] [stdout]    |     ^^^^^^^^^^^ use of unresolved module or unlinked crate `uc_lincheck`
[INFO] [stdout]    |
[INFO] [stdout]    = help: if you wanted to use a crate named `uc_lincheck`, use `cargo add uc_lincheck` to add it to your `Cargo.toml`
[INFO] [stdout] 
[INFO] [stdout] 
[INFO] [stdout] error[E0433]: cannot find module or crate `uc_lincheck` in this scope
[INFO] [stdout]   --> tests/admin_auth.rs:34:5
[INFO] [stdout]    |
[INFO] [stdout] 34 | use uc_lincheck::register::RegisterSm;
[INFO] [stdout]    |     ^^^^^^^^^^^ use of unresolved module or unlinked crate `uc_lincheck`
[INFO] [stdout]    |
[INFO] [stdout]    = help: if you wanted to use a crate named `uc_lincheck`, use `cargo add uc_lincheck` to add it to your `Cargo.toml`
[INFO] [stdout] 
[INFO] [stdout] 
[INFO] [stdout] error[E0433]: cannot find module or crate `uc_lincheck` in this scope
[INFO] [stdout]   --> tests/lincheck_v2/mod.rs:69:5
[INFO] [stdout]    |
[INFO] [stdout] 69 | use uc_lincheck::history::{History, Outcome};
[INFO] [stdout]    |     ^^^^^^^^^^^ use of unresolved module or unlinked crate `uc_lincheck`
[INFO] [stdout]    |
[INFO] [stdout]    = help: if you wanted to use a crate named `uc_lincheck`, use `cargo add uc_lincheck` to add it to your `Cargo.toml`
[INFO] [stdout] 
[INFO] [stdout] 
[INFO] [stdout] error[E0433]: cannot find module or crate `uc_lincheck` in this scope
[INFO] [stdout]   --> tests/backup.rs:40:5
[INFO] [stdout]    |
[INFO] [stdout] 40 | use uc_lincheck::register::{Cmd as RegCmd, RegisterSm};
[INFO] [stdout]    |     ^^^^^^^^^^^ use of unresolved module or unlinked crate `uc_lincheck`
[INFO] [stdout]    |
[INFO] [stdout]    = help: if you wanted to use a crate named `uc_lincheck`, use `cargo add uc_lincheck` to add it to your `Cargo.toml`
[INFO] [stdout] 
[INFO] [stdout] 
[INFO] [stdout] error[E0433]: cannot find module or crate `uc_lincheck` in this scope
[INFO] [stdout]   --> tests/lincheck_v2/mod.rs:70:5
[INFO] [stdout]    |
[INFO] [stdout] 70 | use uc_lincheck::model::{Op, RegResp};
[INFO] [stdout]    |     ^^^^^^^^^^^ use of unresolved module or unlinked crate `uc_lincheck`
[INFO] [stdout]    |
[INFO] [stdout]    = help: if you wanted to use a crate named `uc_lincheck`, use `cargo add uc_lincheck` to add it to your `Cargo.toml`
[INFO] [stdout] 
[INFO] [stdout] 
[INFO] [stdout] error[E0433]: cannot find module or crate `uc_lincheck` in this scope
[INFO] [stdout]   --> tests/lincheck_v2/mod.rs:71:5
[INFO] [stdout]    |
[INFO] [stdout] 71 | use uc_lincheck::register::{Cmd, CmdResp, RegisterSm};
[INFO] [stdout]    |     ^^^^^^^^^^^ use of unresolved module or unlinked crate `uc_lincheck`
[INFO] [stdout]    |
[INFO] [stdout]    = help: if you wanted to use a crate named `uc_lincheck`, use `cargo add uc_lincheck` to add it to your `Cargo.toml`
[INFO] [stdout] 
[INFO] [stdout] 
[INFO] [stdout] error[E0433]: cannot find module or crate `uc_lincheck` in this scope
[INFO] [stdout]   --> tests/lincheck_v2/mod.rs:72:5
[INFO] [stdout]    |
[INFO] [stdout] 72 | use uc_lincheck::timer::{MixedCmd, TimerCmd, TimerReport, TimerResp, TimerSm};
[INFO] [stdout]    |     ^^^^^^^^^^^ use of unresolved module or unlinked crate `uc_lincheck`
[INFO] [stdout]    |
[INFO] [stdout]    = help: if you wanted to use a crate named `uc_lincheck`, use `cargo add uc_lincheck` to add it to your `Cargo.toml`
[INFO] [stdout] 
[INFO] [stdout] 
[INFO] [stdout] error[E0433]: cannot find module or crate `uc_lincheck` in this scope
[INFO] [stdout]   --> tests/stale_read_hunt.rs:26:5
[INFO] [stdout]    |
[INFO] [stdout] 26 | use uc_lincheck::register::{Cmd, CmdResp, RegisterSm};
[INFO] [stdout]    |     ^^^^^^^^^^^ use of unresolved module or unlinked crate `uc_lincheck`
[INFO] [stdout]    |
[INFO] [stdout]    = help: if you wanted to use a crate named `uc_lincheck`, use `cargo add uc_lincheck` to add it to your `Cargo.toml`
[INFO] [stdout] 
[INFO] [stdout] 
[INFO] [stdout] error[E0433]: cannot find module or crate `uc_sim` in this scope
[INFO] [stdout]   --> tests/timers.rs:68:5
[INFO] [stdout]    |
[INFO] [stdout] 68 | use uc_sim::timers::{Frame as SimFrame, Kind as SimKind, check_frames};
[INFO] [stdout]    |     ^^^^^^ use of unresolved module or unlinked crate `uc_sim`
[INFO] [stdout]    |
[INFO] [stdout]    = help: if you wanted to use a crate named `uc_sim`, use `cargo add uc_sim` to add it to your `Cargo.toml`
[INFO] [stdout] 
[INFO] [stdout] 
[INFO] [stdout] error[E0433]: cannot find module or crate `uc_lincheck` in this scope
[INFO] [stdout]     --> tests/backup.rs:1248:16
[INFO] [stdout]      |
[INFO] [stdout] 1248 |         let _: uc_lincheck::register::CmdResp = client.submit(&RegCmd::Write(v)).expect("write");
[INFO] [stdout]      |                ^^^^^^^^^^^ use of unresolved module or unlinked crate `uc_lincheck`
[INFO] [stdout]      |
[INFO] [stdout]      = help: if you wanted to use a crate named `uc_lincheck`, use `cargo add uc_lincheck` to add it to your `Cargo.toml`
[INFO] [stdout] 
[INFO] [stdout] 
[INFO] [stdout] error[E0433]: cannot find module or crate `uc_lincheck` in this scope
[INFO] [stdout]     --> tests/backup.rs:1254:16
[INFO] [stdout]      |
[INFO] [stdout] 1254 |         let _: uc_lincheck::register::CmdResp = client.submit(&RegCmd::Write(v)).expect("write");
[INFO] [stdout]      |                ^^^^^^^^^^^ use of unresolved module or unlinked crate `uc_lincheck`
[INFO] [stdout]      |
[INFO] [stdout]      = help: if you wanted to use a crate named `uc_lincheck`, use `cargo add uc_lincheck` to add it to your `Cargo.toml`
[INFO] [stdout] 
[INFO] [stdout] 
[INFO] [stdout] For more information about this error, try `rustc --explain E0433`.
[INFO] [stdout] 
[INFO] [stderr] error: could not compile `uc_node` (test "admin_auth") due to 1 previous error
[INFO] [stderr] warning: build failed, waiting for other jobs to finish...
[INFO] [stdout] For more information about this error, try `rustc --explain E0433`.
[INFO] [stdout] 
[INFO] [stderr] error: could not compile `uc_node` (test "backup") due to 3 previous errors
[INFO] [stdout] For more information about this error, try `rustc --explain E0433`.
[INFO] [stdout] 
[INFO] [stderr] error: could not compile `uc_node` (test "timers") due to 1 previous error
[INFO] [stdout] For more information about this error, try `rustc --explain E0433`.
[INFO] [stdout] 
[INFO] [stderr] error: could not compile `uc_node` (test "stale_read_hunt") due to 5 previous errors
[INFO] [stdout] For more information about this error, try `rustc --explain E0433`.
[INFO] [stdout] 
[INFO] [stderr] error: could not compile `uc_node` (test "lin_partition_v2") due to 7 previous errors
[INFO] running `Command { std: "docker" "inspect" "7eb3ce8af6898150af39edeeee4d499d43a92a163c7d455bae97691aa84a1575", kill_on_drop: false }`
[INFO] running `Command { std: "docker" "rm" "-f" "7eb3ce8af6898150af39edeeee4d499d43a92a163c7d455bae97691aa84a1575", kill_on_drop: false }`
[INFO] [stdout] 7eb3ce8af6898150af39edeeee4d499d43a92a163c7d455bae97691aa84a1575
