[INFO] fetching crate uc_gateway 2.13.0...
[INFO] testing uc_gateway-2.13.0 against 1.100.0-beta.1 for beta-1.100-2
[INFO] extracting crate uc_gateway 2.13.0 into /workspace/builds/worker-5-tc2/source
[INFO] started tweaking crates.io crate uc_gateway 2.13.0
[INFO] removed 0 missing examples
[INFO] removed 0 missing tests
[INFO] finished tweaking crates.io crate uc_gateway 2.13.0
[INFO] tweaked toml for crates.io crate uc_gateway 2.13.0 written to /workspace/builds/worker-5-tc2/source/Cargo.toml
[INFO] validating manifest of crates.io crate uc_gateway 2.13.0 on toolchain 1.100.0-beta.1
[INFO] running `Command { std: CARGO_HOME="/workspace/cargo-home" RUSTUP_HOME="/workspace/rustup-home" "/workspace/cargo-home/bin/cargo" "+1.100.0-beta.1" "metadata" "--manifest-path" "Cargo.toml" "--no-deps", kill_on_drop: false }`
[INFO] crate crates.io crate uc_gateway 2.13.0 already has a lockfile, it will not be regenerated
[INFO] running `Command { std: CARGO_HOME="/workspace/cargo-home" RUSTUP_HOME="/workspace/rustup-home" "/workspace/cargo-home/bin/cargo" "+1.100.0-beta.1" "fetch" "--manifest-path" "Cargo.toml", kill_on_drop: false }`
[INFO] [stderr] warning: `package.homepage` is redundant with `package.repository`
[INFO] [stderr]    --> Cargo.toml:102:12
[INFO] [stderr]     |
[INFO] [stderr] 102 | homepage = "https://github.com/PeterKnego/ultima_cluster"
[INFO] [stderr]     |            ^^^^^^^^^^^^^^^^^^^^^^^^^^^^^^^^^^^^^^^^^^^^^^
[INFO] [stderr] ...
[INFO] [stderr] 107 | repository = "https://github.com/PeterKnego/ultima_cluster"
[INFO] [stderr]     |              ----------------------------------------------
[INFO] [stderr]     |
[INFO] [stderr]     = note: `cargo::redundant_homepage` is set to `warn` by default
[INFO] [stderr] help: consider removing `package.homepage`
[INFO] [stderr] warning: `uc_gateway` (manifest) generated 1 warning
[INFO] running `Command { std: "docker" "create" "-v" "/var/lib/crater-agent-workspace/builds/worker-5-tc2/source:/opt/rustwide/workdir:ro,Z" "-v" "/var/lib/crater-agent-workspace/builds/worker-5-tc2/target:/opt/rustwide/target:rw,Z" "-v" "/var/lib/crater-agent-workspace/cargo-home:/opt/rustwide/cargo-home:ro,Z" "-v" "/var/lib/crater-agent-workspace/rustup-home:/opt/rustwide/rustup-home:ro,Z" "-m" "1610612736" "--network" "none" "ghcr.io/rust-lang/crates-build-env/linux@sha256:3111399a4047eeb3a02b7a90e478d715f38a8c6669b5c4b49d30a17385265909" "sleep" "infinity", kill_on_drop: false }`
[INFO] [stdout] 98f0893d6232a7a7042641b62cc36cb013f7fbcd998b32a92f622d4305182314
[INFO] running `Command { std: "docker" "start" "98f0893d6232a7a7042641b62cc36cb013f7fbcd998b32a92f622d4305182314", kill_on_drop: false }`
[INFO] running `Command { std: "docker" "inspect" "98f0893d6232a7a7042641b62cc36cb013f7fbcd998b32a92f622d4305182314", kill_on_drop: false }`
[INFO] running `Command { std: "docker" "exec" "-e" "SOURCE_DIR=/opt/rustwide/workdir" "-e" "CARGO_HOME=/opt/rustwide/cargo-home" "-e" "RUSTUP_HOME=/opt/rustwide/rustup-home" "-e" "CARGO_TARGET_DIR=/opt/rustwide/target" "-w" "/opt/rustwide/workdir" "--user" "0:0" "98f0893d6232a7a7042641b62cc36cb013f7fbcd998b32a92f622d4305182314" "/opt/rustwide/cargo-home/bin/cargo" "+1.100.0-beta.1" "metadata" "--no-deps" "--format-version=1", kill_on_drop: false }`
[INFO] running `Command { std: "docker" "inspect" "98f0893d6232a7a7042641b62cc36cb013f7fbcd998b32a92f622d4305182314", kill_on_drop: false }`
[INFO] running `Command { std: "docker" "exec" "-e" "SOURCE_DIR=/opt/rustwide/workdir" "-e" "CARGO_HOME=/opt/rustwide/cargo-home" "-e" "RUSTUP_HOME=/opt/rustwide/rustup-home" "-e" "CARGO_TARGET_DIR=/opt/rustwide/target" "-e" "CARGO_INCREMENTAL=0" "-e" "RUST_BACKTRACE=full" "-e" "RUSTFLAGS=--cap-lints=warn" "-e" "RUSTDOCFLAGS=--cap-lints=warn" "-w" "/opt/rustwide/workdir" "--user" "0:0" "98f0893d6232a7a7042641b62cc36cb013f7fbcd998b32a92f622d4305182314" "/opt/rustwide/cargo-home/bin/cargo" "+1.100.0-beta.1" "build" "--frozen" "--message-format=json", kill_on_drop: false }`
[INFO] [stderr] warning: `package.homepage` is redundant with `package.repository`
[INFO] [stderr]    --> Cargo.toml:102:12
[INFO] [stderr]     |
[INFO] [stderr] 102 | homepage = "https://github.com/PeterKnego/ultima_cluster"
[INFO] [stderr]     |            ^^^^^^^^^^^^^^^^^^^^^^^^^^^^^^^^^^^^^^^^^^^^^^
[INFO] [stderr] ...
[INFO] [stderr] 107 | repository = "https://github.com/PeterKnego/ultima_cluster"
[INFO] [stderr]     |              ----------------------------------------------
[INFO] [stderr]     |
[INFO] [stderr]     = note: `cargo::redundant_homepage` is set to `warn` by default
[INFO] [stderr] help: consider removing `package.homepage`
[INFO] [stderr] warning: `uc_gateway` (manifest) generated 1 warning
[INFO] [stderr]    Compiling zerocopy v0.8.48
[INFO] [stderr]    Compiling virtue v0.0.18
[INFO] [stderr]    Compiling unty v0.0.4
[INFO] [stderr]    Compiling bitflags v2.11.1
[INFO] [stderr]    Compiling syn v2.0.117
[INFO] [stderr]    Compiling parking_lot_core v0.9.12
[INFO] [stderr]    Compiling memmap2 v0.9.11
[INFO] [stderr]    Compiling page_size v0.6.0
[INFO] [stderr]    Compiling anstyle-parse v1.0.0
[INFO] [stderr]    Compiling anstyle-query v1.1.5
[INFO] [stderr]    Compiling is_terminal_polyfill v1.70.2
[INFO] [stderr]    Compiling anstyle v1.0.14
[INFO] [stderr]    Compiling colorchoice v1.0.5
[INFO] [stderr]    Compiling clap_lex v1.1.0
[INFO] [stderr]    Compiling winnow v1.0.4
[INFO] [stderr]    Compiling uc_obs v2.13.0
[INFO] [stderr]    Compiling signal-hook v0.3.18
[INFO] [stderr]    Compiling anyhow v1.0.104
[INFO] [stderr]    Compiling serde_spanned v1.1.1
[INFO] [stderr]    Compiling toml_datetime v0.7.5+spec-1.1.0
[INFO] [stderr]    Compiling winnow v0.7.15
[INFO] [stderr]    Compiling rustix v1.1.4
[INFO] [stderr]    Compiling toml_writer v1.1.2+spec-1.1.0
[INFO] [stderr]    Compiling anstream v1.0.0
[INFO] [stderr]    Compiling parking_lot v0.12.5
[INFO] [stderr]    Compiling clap_builder v4.6.0
[INFO] [stderr]    Compiling toml_parser v1.1.3+spec-1.1.0
[INFO] [stderr]    Compiling bincode_derive v2.0.1
[INFO] [stderr]    Compiling toml v0.9.12+spec-1.1.0
[INFO] [stderr]    Compiling serde_derive v1.0.228
[INFO] [stderr]    Compiling thiserror-impl v2.0.18
[INFO] [stderr]    Compiling clap_derive v4.6.1
[INFO] [stderr]    Compiling ppv-lite86 v0.2.21
[INFO] [stderr]    Compiling rand_chacha v0.9.0
[INFO] [stderr]    Compiling thiserror v2.0.18
[INFO] [stderr]    Compiling rand v0.9.4
[INFO] [stderr]    Compiling clap v4.6.1
[INFO] [stderr]    Compiling serde v1.0.228
[INFO] [stderr]    Compiling bincode v2.0.1
[INFO] [stderr]    Compiling bytes v1.12.1
[INFO] [stderr]    Compiling uc_remote v2.13.0
[INFO] [stderr]    Compiling uc_journal v2.13.0
[INFO] [stderr]    Compiling uc_protocol v2.13.0
[INFO] [stderr]    Compiling uc_log v2.13.0
[INFO] [stderr]    Compiling uc_client v2.13.0
[INFO] [stderr]    Compiling uc_gateway v2.13.0 (/opt/rustwide/workdir)
[INFO] [stdout] warning: use of deprecated method `std::sync::atomic::Atomic::<u32>::fetch_update`: renamed to `try_update` for consistency
[INFO] [stdout]    --> src/conn.rs:407:14
[INFO] [stdout]     |
[INFO] [stdout] 407 |             .fetch_update(Ordering::SeqCst, Ordering::SeqCst, |c| Some((c / 2).max(1)));
[INFO] [stdout]     |              ^^^^^^^^^^^^
[INFO] [stdout]     |
[INFO] [stdout]     = note: `#[warn(deprecated)]` on by default
[INFO] [stdout] help: replace the use of the deprecated method
[INFO] [stdout]     |
[INFO] [stdout] 407 -             .fetch_update(Ordering::SeqCst, Ordering::SeqCst, |c| Some((c / 2).max(1)));
[INFO] [stdout] 407 +             .try_update(Ordering::SeqCst, Ordering::SeqCst, |c| Some((c / 2).max(1)));
[INFO] [stdout]     |
[INFO] [stdout] 
[INFO] [stdout] 
[INFO] [stdout] warning: use of deprecated method `std::sync::atomic::Atomic::<u32>::fetch_update`: renamed to `try_update` for consistency
[INFO] [stdout]    --> src/conn.rs:429:14
[INFO] [stdout]     |
[INFO] [stdout] 429 |             .fetch_update(Ordering::SeqCst, Ordering::SeqCst, |c| {
[INFO] [stdout]     |              ^^^^^^^^^^^^
[INFO] [stdout]     |
[INFO] [stdout] help: replace the use of the deprecated method
[INFO] [stdout]     |
[INFO] [stdout] 429 -             .fetch_update(Ordering::SeqCst, Ordering::SeqCst, |c| {
[INFO] [stdout] 429 +             .try_update(Ordering::SeqCst, Ordering::SeqCst, |c| {
[INFO] [stdout]     |
[INFO] [stdout] 
[INFO] [stdout] 
[INFO] [stdout] warning: use of deprecated method `std::sync::atomic::Atomic::<u32>::fetch_update`: renamed to `try_update` for consistency
[INFO] [stdout]    --> src/conn.rs:474:18
[INFO] [stdout]     |
[INFO] [stdout] 474 |                 .fetch_update(Ordering::SeqCst, Ordering::SeqCst, |c| {
[INFO] [stdout]     |                  ^^^^^^^^^^^^
[INFO] [stdout]     |
[INFO] [stdout] help: replace the use of the deprecated method
[INFO] [stdout]     |
[INFO] [stdout] 474 -                 .fetch_update(Ordering::SeqCst, Ordering::SeqCst, |c| {
[INFO] [stdout] 474 +                 .try_update(Ordering::SeqCst, Ordering::SeqCst, |c| {
[INFO] [stdout]     |
[INFO] [stdout] 
[INFO] [stdout] 
[INFO] [stdout] warning: use of deprecated method `std::sync::atomic::Atomic::<u32>::fetch_update`: renamed to `try_update` for consistency
[INFO] [stdout]    --> src/conn.rs:482:22
[INFO] [stdout]     |
[INFO] [stdout] 482 |                     .fetch_update(Ordering::SeqCst, Ordering::SeqCst, |c| {
[INFO] [stdout]     |                      ^^^^^^^^^^^^
[INFO] [stdout]     |
[INFO] [stdout] help: replace the use of the deprecated method
[INFO] [stdout]     |
[INFO] [stdout] 482 -                     .fetch_update(Ordering::SeqCst, Ordering::SeqCst, |c| {
[INFO] [stdout] 482 +                     .try_update(Ordering::SeqCst, Ordering::SeqCst, |c| {
[INFO] [stdout]     |
[INFO] [stdout] 
[INFO] [stdout] 
[INFO] [stderr] warning: unused dependency `anyhow`
[INFO] [stderr]  --> Cargo.toml:5:15
[INFO] [stderr]   |
[INFO] [stderr] 5 | [dependencies.anyhow]
[INFO] [stderr]   |               ^^^^^^^
[INFO] [stderr]   |
[INFO] [stderr]   = note: `cargo::unused_dependencies` is set to `warn` by default
[INFO] [stderr] help: consider removing the dependency on `anyhow`
[INFO] [stderr] warning: `uc_gateway` (manifest) generated 1 warning
[INFO] [stderr]     Finished `dev` profile [unoptimized + debuginfo] target(s) in 20.81s
[INFO] running `Command { std: "docker" "inspect" "98f0893d6232a7a7042641b62cc36cb013f7fbcd998b32a92f622d4305182314", kill_on_drop: false }`
[INFO] running `Command { std: "docker" "exec" "-e" "SOURCE_DIR=/opt/rustwide/workdir" "-e" "CARGO_HOME=/opt/rustwide/cargo-home" "-e" "RUSTUP_HOME=/opt/rustwide/rustup-home" "-e" "CARGO_TARGET_DIR=/opt/rustwide/target" "-e" "CARGO_INCREMENTAL=0" "-e" "RUST_BACKTRACE=full" "-e" "RUSTFLAGS=--cap-lints=warn" "-e" "RUSTDOCFLAGS=--cap-lints=warn" "-w" "/opt/rustwide/workdir" "--user" "0:0" "98f0893d6232a7a7042641b62cc36cb013f7fbcd998b32a92f622d4305182314" "/opt/rustwide/cargo-home/bin/cargo" "+1.100.0-beta.1" "test" "--frozen" "--no-run" "--message-format=json", kill_on_drop: false }`
[INFO] [stderr] warning: `package.homepage` is redundant with `package.repository`
[INFO] [stderr]    --> Cargo.toml:102:12
[INFO] [stderr]     |
[INFO] [stderr] 102 | homepage = "https://github.com/PeterKnego/ultima_cluster"
[INFO] [stderr]     |            ^^^^^^^^^^^^^^^^^^^^^^^^^^^^^^^^^^^^^^^^^^^^^^
[INFO] [stderr] ...
[INFO] [stderr] 107 | repository = "https://github.com/PeterKnego/ultima_cluster"
[INFO] [stderr]     |              ----------------------------------------------
[INFO] [stderr]     |
[INFO] [stderr]     = note: `cargo::redundant_homepage` is set to `warn` by default
[INFO] [stderr] help: consider removing `package.homepage`
[INFO] [stderr] warning: `uc_gateway` (manifest) generated 1 warning
[INFO] [stderr]    Compiling typenum v1.20.1
[INFO] [stderr]    Compiling getrandom v0.2.17
[INFO] [stderr]    Compiling semver v1.0.28
[INFO] [stderr]    Compiling syn v2.0.117
[INFO] [stderr]    Compiling crossbeam-utils v0.8.21
[INFO] [stderr]    Compiling num-traits v0.2.19
[INFO] [stderr]    Compiling fs2 v0.4.3
[INFO] [stderr]    Compiling tokio v1.52.3
[INFO] [stderr]    Compiling getrandom v0.4.2
[INFO] [stderr]    Compiling uc_consensus v2.13.0
[INFO] [stderr]    Compiling base64 v0.21.7
[INFO] [stderr]    Compiling fastrand v2.4.1
[INFO] [stderr]    Compiling once_cell v1.21.4
[INFO] [stderr]    Compiling nom v7.1.3
[INFO] [stderr]    Compiling byteorder v1.5.0
[INFO] [stderr]    Compiling rand_core v0.6.4
[INFO] [stderr]    Compiling rustc_version v0.4.1
[INFO] [stderr]    Compiling tempfile v3.27.0
[INFO] [stderr]    Compiling curve25519-dalek v4.1.3
[INFO] [stderr]    Compiling snow v0.10.0
[INFO] [stderr]    Compiling crossbeam-channel v0.5.15
[INFO] [stderr]    Compiling generic-array v0.14.7
[INFO] [stderr]    Compiling crypto-common v0.1.7
[INFO] [stderr]    Compiling inout v0.1.4
[INFO] [stderr]    Compiling block-buffer v0.10.4
[INFO] [stderr]    Compiling universal-hash v0.5.1
[INFO] [stderr]    Compiling digest v0.10.7
[INFO] [stderr]    Compiling aead v0.5.2
[INFO] [stderr]    Compiling polyval v0.6.2
[INFO] [stderr]    Compiling poly1305 v0.8.0
[INFO] [stderr]    Compiling sha2 v0.10.9
[INFO] [stderr]    Compiling hmac v0.12.1
[INFO] [stderr]    Compiling hkdf v0.12.4
[INFO] [stderr]    Compiling hdrhistogram v7.5.4
[INFO] [stderr]    Compiling ghash v0.5.1
[INFO] [stderr]    Compiling serde_derive v1.0.228
[INFO] [stderr]    Compiling zeroize_derive v1.5.0
[INFO] [stderr]    Compiling thiserror-impl v2.0.18
[INFO] [stderr]    Compiling curve25519-dalek-derive v0.1.1
[INFO] [stderr]    Compiling clap_derive v4.6.1
[INFO] [stderr]    Compiling zeroize v1.9.0
[INFO] [stderr]    Compiling cipher v0.4.4
[INFO] [stderr]    Compiling ctr v0.9.2
[INFO] [stderr]    Compiling aes v0.8.4
[INFO] [stderr]    Compiling chacha20 v0.9.1
[INFO] [stderr]    Compiling chacha20poly1305 v0.10.1
[INFO] [stderr]    Compiling thiserror v2.0.18
[INFO] [stderr]    Compiling aes-gcm v0.10.3
[INFO] [stderr]    Compiling clap v4.6.1
[INFO] [stderr]    Compiling x25519-dalek v2.0.1
[INFO] [stderr]    Compiling serde v1.0.228
[INFO] [stderr]    Compiling bincode v2.0.1
[INFO] [stderr]    Compiling bytes v1.12.1
[INFO] [stderr]    Compiling uc_remote v2.13.0
[INFO] [stderr]    Compiling uc_protocol v2.13.0
[INFO] [stderr]    Compiling uc_journal v2.13.0
[INFO] [stderr]    Compiling uc_crypto v2.13.0
[INFO] [stderr]    Compiling uc_log v2.13.0
[INFO] [stderr]    Compiling uc_client v2.13.0
[INFO] [stderr]    Compiling uc_net v2.13.0
[INFO] [stderr]    Compiling uc_service v2.13.0
[INFO] [stderr]    Compiling uc_gateway v2.13.0 (/opt/rustwide/workdir)
[INFO] [stdout] warning: use of deprecated method `std::sync::atomic::Atomic::<u32>::fetch_update`: renamed to `try_update` for consistency
[INFO] [stdout]    --> src/conn.rs:407:14
[INFO] [stdout]     |
[INFO] [stdout] 407 |             .fetch_update(Ordering::SeqCst, Ordering::SeqCst, |c| Some((c / 2).max(1)));
[INFO] [stdout]     |              ^^^^^^^^^^^^
[INFO] [stdout]     |
[INFO] [stdout]     = note: `#[warn(deprecated)]` on by default
[INFO] [stdout] help: replace the use of the deprecated method
[INFO] [stdout]     |
[INFO] [stdout] 407 -             .fetch_update(Ordering::SeqCst, Ordering::SeqCst, |c| Some((c / 2).max(1)));
[INFO] [stdout] 407 +             .try_update(Ordering::SeqCst, Ordering::SeqCst, |c| Some((c / 2).max(1)));
[INFO] [stdout]     |
[INFO] [stdout] 
[INFO] [stdout] 
[INFO] [stdout] warning: use of deprecated method `std::sync::atomic::Atomic::<u32>::fetch_update`: renamed to `try_update` for consistency
[INFO] [stdout]    --> src/conn.rs:429:14
[INFO] [stdout]     |
[INFO] [stdout] 429 |             .fetch_update(Ordering::SeqCst, Ordering::SeqCst, |c| {
[INFO] [stdout]     |              ^^^^^^^^^^^^
[INFO] [stdout]     |
[INFO] [stdout] help: replace the use of the deprecated method
[INFO] [stdout]     |
[INFO] [stdout] 429 -             .fetch_update(Ordering::SeqCst, Ordering::SeqCst, |c| {
[INFO] [stdout] 429 +             .try_update(Ordering::SeqCst, Ordering::SeqCst, |c| {
[INFO] [stdout]     |
[INFO] [stdout] 
[INFO] [stdout] 
[INFO] [stdout] warning: use of deprecated method `std::sync::atomic::Atomic::<u32>::fetch_update`: renamed to `try_update` for consistency
[INFO] [stdout]    --> src/conn.rs:474:18
[INFO] [stdout]     |
[INFO] [stdout] 474 |                 .fetch_update(Ordering::SeqCst, Ordering::SeqCst, |c| {
[INFO] [stdout]     |                  ^^^^^^^^^^^^
[INFO] [stdout]     |
[INFO] [stdout] help: replace the use of the deprecated method
[INFO] [stdout]     |
[INFO] [stdout] 474 -                 .fetch_update(Ordering::SeqCst, Ordering::SeqCst, |c| {
[INFO] [stdout] 474 +                 .try_update(Ordering::SeqCst, Ordering::SeqCst, |c| {
[INFO] [stdout]     |
[INFO] [stdout] 
[INFO] [stdout] 
[INFO] [stdout] warning: use of deprecated method `std::sync::atomic::Atomic::<u32>::fetch_update`: renamed to `try_update` for consistency
[INFO] [stdout]    --> src/conn.rs:482:22
[INFO] [stdout]     |
[INFO] [stdout] 482 |                     .fetch_update(Ordering::SeqCst, Ordering::SeqCst, |c| {
[INFO] [stdout]     |                      ^^^^^^^^^^^^
[INFO] [stdout]     |
[INFO] [stdout] help: replace the use of the deprecated method
[INFO] [stdout]     |
[INFO] [stdout] 482 -                     .fetch_update(Ordering::SeqCst, Ordering::SeqCst, |c| {
[INFO] [stdout] 482 +                     .try_update(Ordering::SeqCst, Ordering::SeqCst, |c| {
[INFO] [stdout]     |
[INFO] [stdout] 
[INFO] [stdout] 
[INFO] [stderr]    Compiling uc_node v2.13.0
[INFO] [stdout] error[E0433]: cannot find module or crate `uc_lincheck` in this scope
[INFO] [stdout]   --> tests/credits.rs:21:5
[INFO] [stdout]    |
[INFO] [stdout] 21 | use uc_lincheck::register::{Cmd, CmdResp};
[INFO] [stdout]    |     ^^^^^^^^^^^ use of unresolved module or unlinked crate `uc_lincheck`
[INFO] [stdout]    |
[INFO] [stdout]    = help: if you wanted to use a crate named `uc_lincheck`, use `cargo add uc_lincheck` to add it to your `Cargo.toml`
[INFO] [stdout] 
[INFO] [stdout] 
[INFO] [stdout] error[E0433]: cannot find module or crate `uc_lincheck` in this scope
[INFO] [stdout]   --> tests/common/mod.rs:26:5
[INFO] [stdout]    |
[INFO] [stdout] 26 | use uc_lincheck::register::RegisterSm;
[INFO] [stdout]    |     ^^^^^^^^^^^ use of unresolved module or unlinked crate `uc_lincheck`
[INFO] [stdout]    |
[INFO] [stdout]    = help: if you wanted to use a crate named `uc_lincheck`, use `cargo add uc_lincheck` to add it to your `Cargo.toml`
[INFO] [stdout] 
[INFO] [stdout] 
[INFO] [stdout] error[E0433]: cannot find module or crate `uc_lincheck` in this scope
[INFO] [stdout]   --> tests/roundtrip.rs:20:5
[INFO] [stdout]    |
[INFO] [stdout] 20 | use uc_lincheck::register::{Cmd, CmdResp, RegisterSm};
[INFO] [stdout]    |     ^^^^^^^^^^^ use of unresolved module or unlinked crate `uc_lincheck`
[INFO] [stdout]    |
[INFO] [stdout]    = help: if you wanted to use a crate named `uc_lincheck`, use `cargo add uc_lincheck` to add it to your `Cargo.toml`
[INFO] [stdout] 
[INFO] [stdout] 
[INFO] [stdout] error[E0433]: cannot find module or crate `uc_lincheck` in this scope
[INFO] [stdout]   --> tests/common/mod.rs:26:5
[INFO] [stdout]    |
[INFO] [stdout] 26 | use uc_lincheck::register::RegisterSm;
[INFO] [stdout]    |     ^^^^^^^^^^^ use of unresolved module or unlinked crate `uc_lincheck`
[INFO] [stdout]    |
[INFO] [stdout]    = help: if you wanted to use a crate named `uc_lincheck`, use `cargo add uc_lincheck` to add it to your `Cargo.toml`
[INFO] [stdout] 
[INFO] [stdout] 
[INFO] [stdout] error[E0433]: cannot find module or crate `uc_lincheck` in this scope
[INFO] [stdout]   --> tests/failover.rs:51:5
[INFO] [stdout]    |
[INFO] [stdout] 51 | use uc_lincheck::register::{Cmd, CmdResp};
[INFO] [stdout]    |     ^^^^^^^^^^^ use of unresolved module or unlinked crate `uc_lincheck`
[INFO] [stdout]    |
[INFO] [stdout]    = help: if you wanted to use a crate named `uc_lincheck`, use `cargo add uc_lincheck` to add it to your `Cargo.toml`
[INFO] [stdout] 
[INFO] [stdout] 
[INFO] [stdout] error[E0433]: cannot find module or crate `uc_lincheck` in this scope
[INFO] [stdout]   --> tests/common/mod.rs:26:5
[INFO] [stdout]    |
[INFO] [stdout] 26 | use uc_lincheck::register::RegisterSm;
[INFO] [stdout]    |     ^^^^^^^^^^^ use of unresolved module or unlinked crate `uc_lincheck`
[INFO] [stdout]    |
[INFO] [stdout]    = help: if you wanted to use a crate named `uc_lincheck`, use `cargo add uc_lincheck` to add it to your `Cargo.toml`
[INFO] [stdout] 
[INFO] [stdout] 
[INFO] [stdout] warning: unused import: `StateMachine`
[INFO] [stdout]   --> tests/common/mod.rs:29:84
[INFO] [stdout]    |
[INFO] [stdout] 29 | use uc_service::{Service, ServiceBuilder, ServiceConfig, SessionConfig, Sessioned, StateMachine};
[INFO] [stdout]    |                                                                                    ^^^^^^^^^^^^
[INFO] [stdout]    |
[INFO] [stdout]    = note: `#[warn(unused_imports)]` (part of `#[warn(unused)]`) on by default
[INFO] [stdout] 
[INFO] [stdout] 
[INFO] [stdout] warning: unused import: `StateMachine`
[INFO] [stdout]   --> tests/common/mod.rs:29:84
[INFO] [stdout]    |
[INFO] [stdout] 29 | use uc_service::{Service, ServiceBuilder, ServiceConfig, SessionConfig, Sessioned, StateMachine};
[INFO] [stdout]    |                                                                                    ^^^^^^^^^^^^
[INFO] [stdout]    |
[INFO] [stdout]    = note: `#[warn(unused_imports)]` (part of `#[warn(unused)]`) on by default
[INFO] [stdout] 
[INFO] [stdout] 
[INFO] [stdout] error[E0433]: cannot find module or crate `uc_lincheck` in this scope
[INFO] [stdout]   --> tests/credits.rs:91:13
[INFO] [stdout]    |
[INFO] [stdout] 91 |             uc_lincheck::register::RegisterSm::default(),
[INFO] [stdout]    |             ^^^^^^^^^^^ use of unresolved module or unlinked crate `uc_lincheck`
[INFO] [stdout]    |
[INFO] [stdout]    = help: if you wanted to use a crate named `uc_lincheck`, use `cargo add uc_lincheck` to add it to your `Cargo.toml`
[INFO] [stdout] 
[INFO] [stdout] 
[INFO] [stdout] error[E0433]: cannot find module or crate `uc_lincheck` in this scope
[INFO] [stdout]    --> tests/credits.rs:168:13
[INFO] [stdout]     |
[INFO] [stdout] 168 |             uc_lincheck::register::RegisterSm::default(),
[INFO] [stdout]     |             ^^^^^^^^^^^ use of unresolved module or unlinked crate `uc_lincheck`
[INFO] [stdout]     |
[INFO] [stdout]     = help: if you wanted to use a crate named `uc_lincheck`, use `cargo add uc_lincheck` to add it to your `Cargo.toml`
[INFO] [stdout] 
[INFO] [stdout] 
[INFO] [stdout] error[E0433]: cannot find module or crate `uc_lincheck` in this scope
[INFO] [stdout]   --> tests/credits_wire.rs:35:5
[INFO] [stdout]    |
[INFO] [stdout] 35 | use uc_lincheck::register::RegisterSm;
[INFO] [stdout]    |     ^^^^^^^^^^^ use of unresolved module or unlinked crate `uc_lincheck`
[INFO] [stdout]    |
[INFO] [stdout]    = help: if you wanted to use a crate named `uc_lincheck`, use `cargo add uc_lincheck` to add it to your `Cargo.toml`
[INFO] [stdout] 
[INFO] [stdout] 
[INFO] [stdout] error[E0433]: cannot find module or crate `uc_lincheck` in this scope
[INFO] [stdout]   --> tests/common/mod.rs:26:5
[INFO] [stdout]    |
[INFO] [stdout] 26 | use uc_lincheck::register::RegisterSm;
[INFO] [stdout]    |     ^^^^^^^^^^^ use of unresolved module or unlinked crate `uc_lincheck`
[INFO] [stdout]    |
[INFO] [stdout]    = help: if you wanted to use a crate named `uc_lincheck`, use `cargo add uc_lincheck` to add it to your `Cargo.toml`
[INFO] [stdout] 
[INFO] [stdout] 
[INFO] [stdout] error[E0433]: cannot find module or crate `uc_lincheck` in this scope
[INFO] [stdout]    --> tests/credits.rs:227:13
[INFO] [stdout]     |
[INFO] [stdout] 227 |             uc_lincheck::register::RegisterSm::default(),
[INFO] [stdout]     |             ^^^^^^^^^^^ use of unresolved module or unlinked crate `uc_lincheck`
[INFO] [stdout]     |
[INFO] [stdout]     = help: if you wanted to use a crate named `uc_lincheck`, use `cargo add uc_lincheck` to add it to your `Cargo.toml`
[INFO] [stdout] 
[INFO] [stdout] 
[INFO] [stdout] warning: use of deprecated method `std::sync::atomic::Atomic::<u32>::fetch_update`: renamed to `try_update` for consistency
[INFO] [stdout]    --> src/conn.rs:407:14
[INFO] [stdout]     |
[INFO] [stdout] 407 |             .fetch_update(Ordering::SeqCst, Ordering::SeqCst, |c| Some((c / 2).max(1)));
[INFO] [stdout]     |              ^^^^^^^^^^^^
[INFO] [stdout]     |
[INFO] [stdout]     = note: `#[warn(deprecated)]` on by default
[INFO] [stdout] help: replace the use of the deprecated method
[INFO] [stdout]     |
[INFO] [stdout] 407 -             .fetch_update(Ordering::SeqCst, Ordering::SeqCst, |c| Some((c / 2).max(1)));
[INFO] [stdout] 407 +             .try_update(Ordering::SeqCst, Ordering::SeqCst, |c| Some((c / 2).max(1)));
[INFO] [stdout]     |
[INFO] [stdout] 
[INFO] [stdout] 
[INFO] [stdout] warning: use of deprecated method `std::sync::atomic::Atomic::<u32>::fetch_update`: renamed to `try_update` for consistency
[INFO] [stdout]    --> src/conn.rs:429:14
[INFO] [stdout]     |
[INFO] [stdout] 429 |             .fetch_update(Ordering::SeqCst, Ordering::SeqCst, |c| {
[INFO] [stdout]     |              ^^^^^^^^^^^^
[INFO] [stdout]     |
[INFO] [stdout] help: replace the use of the deprecated method
[INFO] [stdout]     |
[INFO] [stdout] 429 -             .fetch_update(Ordering::SeqCst, Ordering::SeqCst, |c| {
[INFO] [stdout] 429 +             .try_update(Ordering::SeqCst, Ordering::SeqCst, |c| {
[INFO] [stdout]     |
[INFO] [stdout] 
[INFO] [stdout] 
[INFO] [stdout] warning: use of deprecated method `std::sync::atomic::Atomic::<u32>::fetch_update`: renamed to `try_update` for consistency
[INFO] [stdout]    --> src/conn.rs:474:18
[INFO] [stdout]     |
[INFO] [stdout] 474 |                 .fetch_update(Ordering::SeqCst, Ordering::SeqCst, |c| {
[INFO] [stdout]     |                  ^^^^^^^^^^^^
[INFO] [stdout]     |
[INFO] [stdout] help: replace the use of the deprecated method
[INFO] [stdout]     |
[INFO] [stdout] 474 -                 .fetch_update(Ordering::SeqCst, Ordering::SeqCst, |c| {
[INFO] [stdout] 474 +                 .try_update(Ordering::SeqCst, Ordering::SeqCst, |c| {
[INFO] [stdout]     |
[INFO] [stdout] 
[INFO] [stdout] 
[INFO] [stdout] warning: use of deprecated method `std::sync::atomic::Atomic::<u32>::fetch_update`: renamed to `try_update` for consistency
[INFO] [stdout]    --> src/conn.rs:482:22
[INFO] [stdout]     |
[INFO] [stdout] 482 |                     .fetch_update(Ordering::SeqCst, Ordering::SeqCst, |c| {
[INFO] [stdout]     |                      ^^^^^^^^^^^^
[INFO] [stdout]     |
[INFO] [stdout] help: replace the use of the deprecated method
[INFO] [stdout]     |
[INFO] [stdout] 482 -                     .fetch_update(Ordering::SeqCst, Ordering::SeqCst, |c| {
[INFO] [stdout] 482 +                     .try_update(Ordering::SeqCst, Ordering::SeqCst, |c| {
[INFO] [stdout]     |
[INFO] [stdout] 
[INFO] [stdout] 
[INFO] [stdout] error[E0433]: cannot find module or crate `uc_lincheck` in this scope
[INFO] [stdout]    --> tests/credits.rs:307:13
[INFO] [stdout]     |
[INFO] [stdout] 307 |             uc_lincheck::register::RegisterSm::default(),
[INFO] [stdout]     |             ^^^^^^^^^^^ use of unresolved module or unlinked crate `uc_lincheck`
[INFO] [stdout]     |
[INFO] [stdout]     = help: if you wanted to use a crate named `uc_lincheck`, use `cargo add uc_lincheck` to add it to your `Cargo.toml`
[INFO] [stdout] 
[INFO] [stdout] 
[INFO] [stdout] error[E0433]: cannot find module or crate `uc_lincheck` in this scope
[INFO] [stdout]    --> tests/credits.rs:417:13
[INFO] [stdout]     |
[INFO] [stdout] 417 |             uc_lincheck::register::RegisterSm::default(),
[INFO] [stdout]     |             ^^^^^^^^^^^ use of unresolved module or unlinked crate `uc_lincheck`
[INFO] [stdout]     |
[INFO] [stdout]     = help: if you wanted to use a crate named `uc_lincheck`, use `cargo add uc_lincheck` to add it to your `Cargo.toml`
[INFO] [stdout] 
[INFO] [stdout] 
[INFO] [stdout] error[E0433]: cannot find module or crate `uc_lincheck` in this scope
[INFO] [stdout]    --> tests/credits.rs:550:13
[INFO] [stdout]     |
[INFO] [stdout] 550 |             uc_lincheck::register::RegisterSm::default(),
[INFO] [stdout]     |             ^^^^^^^^^^^ use of unresolved module or unlinked crate `uc_lincheck`
[INFO] [stdout]     |
[INFO] [stdout]     = help: if you wanted to use a crate named `uc_lincheck`, use `cargo add uc_lincheck` to add it to your `Cargo.toml`
[INFO] [stdout] 
[INFO] [stdout] 
[INFO] [stdout] warning: unused import: `StateMachine`
[INFO] [stdout]   --> tests/common/mod.rs:29:84
[INFO] [stdout]    |
[INFO] [stdout] 29 | use uc_service::{Service, ServiceBuilder, ServiceConfig, SessionConfig, Sessioned, StateMachine};
[INFO] [stdout]    |                                                                                    ^^^^^^^^^^^^
[INFO] [stdout]    |
[INFO] [stdout]    = note: `#[warn(unused_imports)]` (part of `#[warn(unused)]`) on by default
[INFO] [stdout] 
[INFO] [stdout] 
[INFO] [stdout] error[E0433]: cannot find module or crate `uc_lincheck` in this scope
[INFO] [stdout]    --> tests/credits_wire.rs:169:9
[INFO] [stdout]     |
[INFO] [stdout] 169 |         uc_lincheck::register::Cmd::Write(5),
[INFO] [stdout]     |         ^^^^^^^^^^^ use of unresolved module or unlinked crate `uc_lincheck`
[INFO] [stdout]     |
[INFO] [stdout]     = help: if you wanted to use a crate named `uc_lincheck`, use `cargo add uc_lincheck` to add it to your `Cargo.toml`
[INFO] [stdout] 
[INFO] [stdout] 
[INFO] [stdout] For more information about this error, try `rustc --explain E0433`.
[INFO] [stdout] 
[INFO] [stdout] For more information about this error, try `rustc --explain E0433`.
[INFO] [stdout] 
[INFO] [stderr] error: could not compile `uc_gateway` (test "roundtrip") due to 2 previous errors; 1 warning emitted
[INFO] [stderr] warning: build failed, waiting for other jobs to finish...
[INFO] [stderr] error: could not compile `uc_gateway` (test "failover") due to 2 previous errors; 1 warning emitted
[INFO] [stdout] error[E0433]: cannot find module or crate `uc_lincheck` in this scope
[INFO] [stdout]    --> tests/credits_wire.rs:236:9
[INFO] [stdout]     |
[INFO] [stdout] 236 |         uc_lincheck::register::Cmd::Write(1),
[INFO] [stdout]     |         ^^^^^^^^^^^ use of unresolved module or unlinked crate `uc_lincheck`
[INFO] [stdout]     |
[INFO] [stdout]     = help: if you wanted to use a crate named `uc_lincheck`, use `cargo add uc_lincheck` to add it to your `Cargo.toml`
[INFO] [stdout] 
[INFO] [stdout] 
[INFO] [stdout] error[E0433]: cannot find module or crate `uc_lincheck` in this scope
[INFO] [stdout]    --> tests/credits_wire.rs:335:9
[INFO] [stdout]     |
[INFO] [stdout] 335 |         uc_lincheck::register::Cmd::Write(7),
[INFO] [stdout]     |         ^^^^^^^^^^^ use of unresolved module or unlinked crate `uc_lincheck`
[INFO] [stdout]     |
[INFO] [stdout]     = help: if you wanted to use a crate named `uc_lincheck`, use `cargo add uc_lincheck` to add it to your `Cargo.toml`
[INFO] [stdout] 
[INFO] [stdout] 
[INFO] [stdout] warning: unused import: `StateMachine`
[INFO] [stdout]   --> tests/common/mod.rs:29:84
[INFO] [stdout]    |
[INFO] [stdout] 29 | use uc_service::{Service, ServiceBuilder, ServiceConfig, SessionConfig, Sessioned, StateMachine};
[INFO] [stdout]    |                                                                                    ^^^^^^^^^^^^
[INFO] [stdout]    |
[INFO] [stdout]    = note: `#[warn(unused_imports)]` (part of `#[warn(unused)]`) on by default
[INFO] [stdout] 
[INFO] [stdout] 
[INFO] [stdout] error[E0599]: no method named `grants_for_tests` found for struct `Arc<Edge>` in the current scope
[INFO] [stdout]    --> tests/credits.rs:335:31
[INFO] [stdout]     |
[INFO] [stdout] 335 |             let sum: u32 = e2.grants_for_tests().iter().map(|(_, g)| *g).sum();
[INFO] [stdout]     |                               ^^^^^^^^^^^^^^^^ method not found in `Arc<Edge>`
[INFO] [stdout] 
[INFO] [stdout] 
[INFO] [stdout] error[E0599]: no method named `grants_for_tests` found for struct `Arc<Edge>` in the current scope
[INFO] [stdout]    --> tests/credits.rs:376:22
[INFO] [stdout]     |
[INFO] [stdout] 376 |         let g = edge.grants_for_tests();
[INFO] [stdout]     |                      ^^^^^^^^^^^^^^^^ method not found in `Arc<Edge>`
[INFO] [stdout] 
[INFO] [stdout] 
[INFO] [stdout] error[E0599]: no method named `grants_for_tests` found for struct `Arc<Edge>` in the current scope
[INFO] [stdout]    --> tests/credits.rs:443:22
[INFO] [stdout]     |
[INFO] [stdout] 443 |         let g = edge.grants_for_tests();
[INFO] [stdout]     |                      ^^^^^^^^^^^^^^^^ method not found in `Arc<Edge>`
[INFO] [stdout] 
[INFO] [stdout] 
[INFO] [stdout] error[E0599]: no method named `fault_for_tests` found for struct `Edge` in the current scope
[INFO] [stdout]    --> tests/credits_wire.rs:208:10
[INFO] [stdout]     |
[INFO] [stdout] 208 |     edge.fault_for_tests();
[INFO] [stdout]     |          ^^^^^^^^^^^^^^^ method not found in `Edge`
[INFO] [stdout] 
[INFO] [stdout] 
[INFO] [stdout] error[E0599]: no method named `fault_for_tests` found for struct `Edge` in the current scope
[INFO] [stdout]    --> tests/credits_wire.rs:269:10
[INFO] [stdout]     |
[INFO] [stdout] 269 |     edge.fault_for_tests();
[INFO] [stdout]     |          ^^^^^^^^^^^^^^^ method not found in `Edge`
[INFO] [stdout] 
[INFO] [stdout] 
[INFO] [stdout] error[E0599]: no method named `grants_for_tests` found for struct `Arc<Edge>` in the current scope
[INFO] [stdout]    --> tests/credits.rs:450:18
[INFO] [stdout]     |
[INFO] [stdout] 450 |             edge.grants_for_tests()
[INFO] [stdout]     |                  ^^^^^^^^^^^^^^^^ method not found in `Arc<Edge>`
[INFO] [stdout] 
[INFO] [stdout] 
[INFO] [stdout] error[E0599]: no method named `grants_for_tests` found for struct `Arc<Edge>` in the current scope
[INFO] [stdout]    --> tests/credits.rs:466:31
[INFO] [stdout]     |
[INFO] [stdout] 466 |             let sum: u32 = e2.grants_for_tests().iter().map(|(_, g)| *g).sum();
[INFO] [stdout]     |                               ^^^^^^^^^^^^^^^^ method not found in `Arc<Edge>`
[INFO] [stdout] 
[INFO] [stdout] 
[INFO] [stdout] error[E0599]: no method named `grants_for_tests` found for struct `Arc<Edge>` in the current scope
[INFO] [stdout]    --> tests/credits.rs:509:22
[INFO] [stdout]     |
[INFO] [stdout] 509 |         let g = edge.grants_for_tests();
[INFO] [stdout]     |                      ^^^^^^^^^^^^^^^^ method not found in `Arc<Edge>`
[INFO] [stdout] 
[INFO] [stdout] 
[INFO] [stdout] Some errors have detailed explanations: E0433, E0599.
[INFO] [stdout] 
[INFO] [stdout] For more information about an error, try `rustc --explain E0433`.
[INFO] [stdout] 
[INFO] [stderr] error: could not compile `uc_gateway` (test "credits_wire") due to 7 previous errors; 1 warning emitted
[INFO] [stdout] error[E0599]: no method named `grants_for_tests` found for struct `Arc<Edge>` in the current scope
[INFO] [stdout]    --> tests/credits.rs:516:18
[INFO] [stdout]     |
[INFO] [stdout] 516 |             edge.grants_for_tests()
[INFO] [stdout]     |                  ^^^^^^^^^^^^^^^^ method not found in `Arc<Edge>`
[INFO] [stdout] 
[INFO] [stdout] 
[INFO] [stdout] error[E0599]: no method named `grants_for_tests` found for struct `Edge` in the current scope
[INFO] [stdout]    --> tests/credits.rs:588:22
[INFO] [stdout]     |
[INFO] [stdout] 588 |         let g = edge.grants_for_tests();
[INFO] [stdout]     |                      ^^^^^^^^^^^^^^^^ method not found in `Edge`
[INFO] [stdout] 
[INFO] [stdout] 
[INFO] [stdout] Some errors have detailed explanations: E0433, E0599.
[INFO] [stdout] 
[INFO] [stdout] For more information about an error, try `rustc --explain E0433`.
[INFO] [stdout] 
[INFO] [stderr] error: could not compile `uc_gateway` (test "credits") due to 16 previous errors; 1 warning emitted
[INFO] [stderr] warning: unused dependency `anyhow`
[INFO] [stderr]  --> Cargo.toml:5:15
[INFO] [stderr]   |
[INFO] [stderr] 5 | [dependencies.anyhow]
[INFO] [stderr]   |               ^^^^^^^
[INFO] [stderr]   |
[INFO] [stderr]   = note: `cargo::unused_dependencies` is set to `warn` by default
[INFO] [stderr] help: consider removing the dependency on `anyhow`
[INFO] [stderr] help: to still use for development builds, move to `dev-dependencies`
[INFO] [stderr] warning: `uc_gateway` (manifest) generated 1 warning
[INFO] running `Command { std: "docker" "inspect" "98f0893d6232a7a7042641b62cc36cb013f7fbcd998b32a92f622d4305182314", kill_on_drop: false }`
[INFO] running `Command { std: "docker" "rm" "-f" "98f0893d6232a7a7042641b62cc36cb013f7fbcd998b32a92f622d4305182314", kill_on_drop: false }`
[INFO] [stdout] 98f0893d6232a7a7042641b62cc36cb013f7fbcd998b32a92f622d4305182314
