[INFO] fetching crate typdoc-fs 0.7.0...
[INFO] testing typdoc-fs-0.7.0 against 1.99.0-beta.8 for beta-1.100-2
[INFO] extracting crate typdoc-fs 0.7.0 into /workspace/builds/worker-4-tc1/source
[INFO] started tweaking crates.io crate typdoc-fs 0.7.0
[INFO] removed 0 missing tests
[INFO] finished tweaking crates.io crate typdoc-fs 0.7.0
[INFO] tweaked toml for crates.io crate typdoc-fs 0.7.0 written to /workspace/builds/worker-4-tc1/source/Cargo.toml
[INFO] validating manifest of crates.io crate typdoc-fs 0.7.0 on toolchain 1.99.0-beta.8
[INFO] running `Command { std: CARGO_HOME="/workspace/cargo-home" RUSTUP_HOME="/workspace/rustup-home" "/workspace/cargo-home/bin/cargo" "+1.99.0-beta.8" "metadata" "--manifest-path" "Cargo.toml" "--no-deps", kill_on_drop: false }`
[INFO] crate crates.io crate typdoc-fs 0.7.0 already has a lockfile, it will not be regenerated
[INFO] running `Command { std: CARGO_HOME="/workspace/cargo-home" RUSTUP_HOME="/workspace/rustup-home" "/workspace/cargo-home/bin/cargo" "+1.99.0-beta.8" "fetch" "--manifest-path" "Cargo.toml", kill_on_drop: false }`
[INFO] [stderr]     Updating crates.io index
[INFO] [stderr]  Downloading crates ...
[INFO] [stderr]   Downloaded libyaml-rs v0.3.0
[INFO] [stderr]   Downloaded yaml_serde v0.10.7
[INFO] [stderr]   Downloaded typdoc-core v0.7.0
[INFO] running `Command { std: "docker" "create" "-v" "/var/lib/crater-agent-workspace/builds/worker-4-tc1/source:/opt/rustwide/workdir:ro,Z" "-v" "/var/lib/crater-agent-workspace/builds/worker-4-tc1/target:/opt/rustwide/target:rw,Z" "-v" "/var/lib/crater-agent-workspace/cargo-home:/opt/rustwide/cargo-home:ro,Z" "-v" "/var/lib/crater-agent-workspace/rustup-home:/opt/rustwide/rustup-home:ro,Z" "-m" "1610612736" "--network" "none" "ghcr.io/rust-lang/crates-build-env/linux@sha256:3111399a4047eeb3a02b7a90e478d715f38a8c6669b5c4b49d30a17385265909" "sleep" "infinity", kill_on_drop: false }`
[INFO] [stdout] 845657910e615726448bf7ca2f9600d95c97c65a424916e9c252fd8c23637db0
[INFO] running `Command { std: "docker" "start" "845657910e615726448bf7ca2f9600d95c97c65a424916e9c252fd8c23637db0", kill_on_drop: false }`
[INFO] running `Command { std: "docker" "inspect" "845657910e615726448bf7ca2f9600d95c97c65a424916e9c252fd8c23637db0", kill_on_drop: false }`
[INFO] running `Command { std: "docker" "exec" "-e" "SOURCE_DIR=/opt/rustwide/workdir" "-e" "CARGO_HOME=/opt/rustwide/cargo-home" "-e" "RUSTUP_HOME=/opt/rustwide/rustup-home" "-e" "CARGO_TARGET_DIR=/opt/rustwide/target" "-w" "/opt/rustwide/workdir" "--user" "0:0" "845657910e615726448bf7ca2f9600d95c97c65a424916e9c252fd8c23637db0" "/opt/rustwide/cargo-home/bin/cargo" "+1.99.0-beta.8" "metadata" "--no-deps" "--format-version=1", kill_on_drop: false }`
[INFO] running `Command { std: "docker" "inspect" "845657910e615726448bf7ca2f9600d95c97c65a424916e9c252fd8c23637db0", kill_on_drop: false }`
[INFO] running `Command { std: "docker" "exec" "-e" "SOURCE_DIR=/opt/rustwide/workdir" "-e" "CARGO_HOME=/opt/rustwide/cargo-home" "-e" "RUSTUP_HOME=/opt/rustwide/rustup-home" "-e" "CARGO_TARGET_DIR=/opt/rustwide/target" "-e" "CARGO_INCREMENTAL=0" "-e" "RUST_BACKTRACE=full" "-e" "RUSTFLAGS=--cap-lints=warn" "-e" "RUSTDOCFLAGS=--cap-lints=warn" "-w" "/opt/rustwide/workdir" "--user" "0:0" "845657910e615726448bf7ca2f9600d95c97c65a424916e9c252fd8c23637db0" "/opt/rustwide/cargo-home/bin/cargo" "+1.99.0-beta.8" "build" "--frozen" "--message-format=json", kill_on_drop: false }`
[INFO] [stderr]    Compiling serde_core v1.0.229
[INFO] [stderr]    Compiling pulldown-cmark v0.13.4
[INFO] [stderr]    Compiling unicode-general-category v1.1.0
[INFO] [stderr]    Compiling hybrid-array v0.4.15
[INFO] [stderr]    Compiling num-traits v0.2.19
[INFO] [stderr]    Compiling indexmap v2.14.2
[INFO] [stderr]    Compiling libyaml-rs v0.3.0
[INFO] [stderr]    Compiling bitflags v2.13.2
[INFO] [stderr]    Compiling cpufeatures v0.3.1
[INFO] [stderr]    Compiling syn v3.0.6
[INFO] [stderr]    Compiling crypto-common v0.2.2
[INFO] [stderr]    Compiling block-buffer v0.12.1
[INFO] [stderr]    Compiling chrono v0.4.45
[INFO] [stderr]    Compiling digest v0.11.3
[INFO] [stderr]    Compiling sha2 v0.11.0
[INFO] [stderr]    Compiling serde_derive v1.0.229
[INFO] [stderr]    Compiling thiserror-impl v2.0.20
[INFO] [stderr]    Compiling serde_json v1.0.151
[INFO] [stderr]    Compiling thiserror v2.0.20
[INFO] [stderr]    Compiling serde v1.0.229
[INFO] [stderr]    Compiling yaml_serde v0.10.7
[INFO] [stderr]    Compiling typdoc-core v0.7.0
[INFO] [stderr]    Compiling typdoc-fs v0.7.0 (/opt/rustwide/workdir)
[INFO] [stderr]     Finished `dev` profile [unoptimized + debuginfo] target(s) in 20.26s
[INFO] running `Command { std: "docker" "inspect" "845657910e615726448bf7ca2f9600d95c97c65a424916e9c252fd8c23637db0", kill_on_drop: false }`
[INFO] running `Command { std: "docker" "exec" "-e" "SOURCE_DIR=/opt/rustwide/workdir" "-e" "CARGO_HOME=/opt/rustwide/cargo-home" "-e" "RUSTUP_HOME=/opt/rustwide/rustup-home" "-e" "CARGO_TARGET_DIR=/opt/rustwide/target" "-e" "CARGO_INCREMENTAL=0" "-e" "RUST_BACKTRACE=full" "-e" "RUSTFLAGS=--cap-lints=warn" "-e" "RUSTDOCFLAGS=--cap-lints=warn" "-w" "/opt/rustwide/workdir" "--user" "0:0" "845657910e615726448bf7ca2f9600d95c97c65a424916e9c252fd8c23637db0" "/opt/rustwide/cargo-home/bin/cargo" "+1.99.0-beta.8" "test" "--frozen" "--no-run" "--message-format=json", kill_on_drop: false }`
[INFO] [stderr]    Compiling libc v0.2.189
[INFO] [stderr]    Compiling rustix v1.1.5
[INFO] [stderr]    Compiling fastrand v2.5.0
[INFO] [stderr]    Compiling pulldown-cmark v0.13.4
[INFO] [stderr]    Compiling typdoc-core v0.7.0
[INFO] [stderr]    Compiling getrandom v0.4.3
[INFO] [stderr]    Compiling tempfile v3.27.0
[INFO] [stderr]    Compiling typdoc-fs v0.7.0 (/opt/rustwide/workdir)
[INFO] [stdout] error[E0433]: cannot find module or crate `typdoc_testkit` in this scope
[INFO] [stdout]   --> tests/state_write.rs:12:5
[INFO] [stdout]    |
[INFO] [stdout] 12 | use typdoc_testkit::fake::FixedClock;
[INFO] [stdout]    |     ^^^^^^^^^^^^^^ use of unresolved module or unlinked crate `typdoc_testkit`
[INFO] [stdout]    |
[INFO] [stdout]    = help: if you wanted to use a crate named `typdoc_testkit`, use `cargo add typdoc_testkit` to add it to your `Cargo.toml`
[INFO] [stdout] 
[INFO] [stdout] 
[INFO] [stdout] error[E0433]: cannot find module or crate `typdoc_testkit` in this scope
[INFO] [stdout]   --> tests/state_write.rs:19:10
[INFO] [stdout]    |
[INFO] [stdout] 19 |         &typdoc_testkit::fake::HostEnv::new("state-write-test-host"),
[INFO] [stdout]    |          ^^^^^^^^^^^^^^ use of unresolved module or unlinked crate `typdoc_testkit`
[INFO] [stdout]    |
[INFO] [stdout]    = help: if you wanted to use a crate named `typdoc_testkit`, use `cargo add typdoc_testkit` to add it to your `Cargo.toml`
[INFO] [stdout] 
[INFO] [stdout] 
[INFO] [stdout] error[E0433]: cannot find module or crate `typdoc_testkit` in this scope
[INFO] [stdout]   --> tests/write_seam.rs:18:5
[INFO] [stdout]    |
[INFO] [stdout] 18 | use typdoc_testkit::fake::{Failure, FakeFs, FixedClock, On, Stage};
[INFO] [stdout]    |     ^^^^^^^^^^^^^^ use of unresolved module or unlinked crate `typdoc_testkit`
[INFO] [stdout]    |
[INFO] [stdout]    = help: if you wanted to use a crate named `typdoc_testkit`, use `cargo add typdoc_testkit` to add it to your `Cargo.toml`
[INFO] [stdout] 
[INFO] [stdout] 
[INFO] [stdout] For more information about this error, try `rustc --explain E0433`.
[INFO] [stdout] 
[INFO] [stderr] error: could not compile `typdoc-fs` (test "state_write") due to 2 previous errors
[INFO] [stderr] warning: build failed, waiting for other jobs to finish...
[INFO] [stdout] error[E0433]: cannot find module or crate `typdoc_testkit` in this scope
[INFO] [stdout]   --> tests/leftovers.rs:15:5
[INFO] [stdout]    |
[INFO] [stdout] 15 | use typdoc_testkit::fake::{Failure, FakeFs, FixedClock, On, Stage};
[INFO] [stdout]    |     ^^^^^^^^^^^^^^ use of unresolved module or unlinked crate `typdoc_testkit`
[INFO] [stdout]    |
[INFO] [stdout]    = help: if you wanted to use a crate named `typdoc_testkit`, use `cargo add typdoc_testkit` to add it to your `Cargo.toml`
[INFO] [stdout] 
[INFO] [stdout] 
[INFO] [stdout] error[E0433]: cannot find module or crate `typdoc_testkit` in this scope
[INFO] [stdout]   --> tests/namespace_lock_timeout.rs:14:5
[INFO] [stdout]    |
[INFO] [stdout] 14 | use typdoc_testkit::fake::{FixedClock, HostEnv};
[INFO] [stdout]    |     ^^^^^^^^^^^^^^ use of unresolved module or unlinked crate `typdoc_testkit`
[INFO] [stdout]    |
[INFO] [stdout]    = help: if you wanted to use a crate named `typdoc_testkit`, use `cargo add typdoc_testkit` to add it to your `Cargo.toml`
[INFO] [stdout] 
[INFO] [stdout] 
[INFO] [stdout] error[E0433]: cannot find module or crate `typdoc_testkit` in this scope
[INFO] [stdout]   --> tests/leftovers.rs:22:10
[INFO] [stdout]    |
[INFO] [stdout] 22 |         &typdoc_testkit::fake::HostEnv::new("leftovers-test-host"),
[INFO] [stdout]    |          ^^^^^^^^^^^^^^ use of unresolved module or unlinked crate `typdoc_testkit`
[INFO] [stdout]    |
[INFO] [stdout]    = help: if you wanted to use a crate named `typdoc_testkit`, use `cargo add typdoc_testkit` to add it to your `Cargo.toml`
[INFO] [stdout] 
[INFO] [stdout] 
[INFO] [stdout] error[E0433]: cannot find module or crate `typdoc_testkit` in this scope
[INFO] [stdout]   --> tests/leftovers.rs:55:5
[INFO] [stdout]    |
[INFO] [stdout] 55 |     typdoc_testkit::link::dir(root.join("real"), root.join("linked")).unwrap();
[INFO] [stdout]    |     ^^^^^^^^^^^^^^ use of unresolved module or unlinked crate `typdoc_testkit`
[INFO] [stdout]    |
[INFO] [stdout]    = help: if you wanted to use a crate named `typdoc_testkit`, use `cargo add typdoc_testkit` to add it to your `Cargo.toml`
[INFO] [stdout] 
[INFO] [stdout] 
[INFO] [stdout] For more information about this error, try `rustc --explain E0433`.
[INFO] [stdout] 
[INFO] [stderr] error: could not compile `typdoc-fs` (test "namespace_lock_timeout") due to 1 previous error
[INFO] [stdout] error[E0433]: cannot find module or crate `typdoc_testkit` in this scope
[INFO] [stdout]   --> tests/leftovers.rs:56:5
[INFO] [stdout]    |
[INFO] [stdout] 56 |     typdoc_testkit::link::file(&real_leftover, root.join(format!("{TEMP_PREFIX}444-ddd"))).unwrap();
[INFO] [stdout]    |     ^^^^^^^^^^^^^^ use of unresolved module or unlinked crate `typdoc_testkit`
[INFO] [stdout]    |
[INFO] [stdout]    = help: if you wanted to use a crate named `typdoc_testkit`, use `cargo add typdoc_testkit` to add it to your `Cargo.toml`
[INFO] [stdout] 
[INFO] [stdout] 
[INFO] [stdout] error[E0433]: cannot find module or crate `typdoc_testkit` in this scope
[INFO] [stdout]   --> tests/write_seam.rs:51:10
[INFO] [stdout]    |
[INFO] [stdout] 51 |         &typdoc_testkit::fake::HostEnv::new("write-seam-test-host"),
[INFO] [stdout]    |          ^^^^^^^^^^^^^^ use of unresolved module or unlinked crate `typdoc_testkit`
[INFO] [stdout]    |
[INFO] [stdout]    = help: if you wanted to use a crate named `typdoc_testkit`, use `cargo add typdoc_testkit` to add it to your `Cargo.toml`
[INFO] [stdout] 
[INFO] [stdout] 
[INFO] [stderr] error: could not compile `typdoc-fs` (test "leftovers") due to 4 previous errors
[INFO] [stdout] For more information about this error, try `rustc --explain E0433`.
[INFO] [stdout] 
[INFO] [stdout] For more information about this error, try `rustc --explain E0433`.
[INFO] [stdout] 
[INFO] [stderr] error: could not compile `typdoc-fs` (test "write_seam") due to 2 previous errors
[INFO] running `Command { std: "docker" "inspect" "845657910e615726448bf7ca2f9600d95c97c65a424916e9c252fd8c23637db0", kill_on_drop: false }`
[INFO] running `Command { std: "docker" "rm" "-f" "845657910e615726448bf7ca2f9600d95c97c65a424916e9c252fd8c23637db0", kill_on_drop: false }`
[INFO] [stdout] 845657910e615726448bf7ca2f9600d95c97c65a424916e9c252fd8c23637db0
