[INFO] fetching crate turdo-sqlx 0.1.1...
[INFO] testing turdo-sqlx-0.1.1 against 1.99.0-beta.8 for beta-1.100-2
[INFO] extracting crate turdo-sqlx 0.1.1 into /workspace/builds/worker-6-tc1/source
[INFO] started tweaking crates.io crate turdo-sqlx 0.1.1
[INFO] removed 0 missing examples
[INFO] removed 0 missing tests
[INFO] finished tweaking crates.io crate turdo-sqlx 0.1.1
[INFO] tweaked toml for crates.io crate turdo-sqlx 0.1.1 written to /workspace/builds/worker-6-tc1/source/Cargo.toml
[INFO] validating manifest of crates.io crate turdo-sqlx 0.1.1 on toolchain 1.99.0-beta.8
[INFO] running `Command { std: CARGO_HOME="/workspace/cargo-home" RUSTUP_HOME="/workspace/rustup-home" "/workspace/cargo-home/bin/cargo" "+1.99.0-beta.8" "metadata" "--manifest-path" "Cargo.toml" "--no-deps", kill_on_drop: false }`
[INFO] crate crates.io crate turdo-sqlx 0.1.1 already has a lockfile, it will not be regenerated
[INFO] running `Command { std: CARGO_HOME="/workspace/cargo-home" RUSTUP_HOME="/workspace/rustup-home" "/workspace/cargo-home/bin/cargo" "+1.99.0-beta.8" "fetch" "--manifest-path" "Cargo.toml", kill_on_drop: false }`
[INFO] [stderr]     Updating crates.io index
[INFO] [stderr]  Downloading crates ...
[INFO] [stderr]   Downloaded turdo-types v0.1.1
[INFO] [stderr]   Downloaded turdo-query-builder v0.1.1
[INFO] [stderr]   Downloaded hashlink v0.11.1
[INFO] [stderr]   Downloaded sqlx-macros v0.9.0
[INFO] [stderr]   Downloaded sqlx-sqlite v0.9.0
[INFO] [stderr]   Downloaded sqlx-macros-core v0.9.0
[INFO] [stderr]   Downloaded sqlx v0.9.0
[INFO] [stderr]   Downloaded sqlx-core v0.9.0
[INFO] [stderr]   Downloaded libsqlite3-sys v0.37.0
[INFO] running `Command { std: "docker" "create" "-v" "/var/lib/crater-agent-workspace/builds/worker-6-tc1/source:/opt/rustwide/workdir:ro,Z" "-v" "/var/lib/crater-agent-workspace/builds/worker-6-tc1/target:/opt/rustwide/target:rw,Z" "-v" "/var/lib/crater-agent-workspace/cargo-home:/opt/rustwide/cargo-home:ro,Z" "-v" "/var/lib/crater-agent-workspace/rustup-home:/opt/rustwide/rustup-home:ro,Z" "-m" "1610612736" "--network" "none" "ghcr.io/rust-lang/crates-build-env/linux@sha256:3111399a4047eeb3a02b7a90e478d715f38a8c6669b5c4b49d30a17385265909" "sleep" "infinity", kill_on_drop: false }`
[INFO] [stdout] 7d6d3baa4c1383271497bf22aae6fd8dc3b0747f8f38602379bf2af03308ef31
[INFO] running `Command { std: "docker" "start" "7d6d3baa4c1383271497bf22aae6fd8dc3b0747f8f38602379bf2af03308ef31", kill_on_drop: false }`
[INFO] running `Command { std: "docker" "inspect" "7d6d3baa4c1383271497bf22aae6fd8dc3b0747f8f38602379bf2af03308ef31", kill_on_drop: false }`
[INFO] running `Command { std: "docker" "exec" "-e" "SOURCE_DIR=/opt/rustwide/workdir" "-e" "CARGO_HOME=/opt/rustwide/cargo-home" "-e" "RUSTUP_HOME=/opt/rustwide/rustup-home" "-e" "CARGO_TARGET_DIR=/opt/rustwide/target" "-w" "/opt/rustwide/workdir" "--user" "0:0" "7d6d3baa4c1383271497bf22aae6fd8dc3b0747f8f38602379bf2af03308ef31" "/opt/rustwide/cargo-home/bin/cargo" "+1.99.0-beta.8" "metadata" "--no-deps" "--format-version=1", kill_on_drop: false }`
[INFO] running `Command { std: "docker" "inspect" "7d6d3baa4c1383271497bf22aae6fd8dc3b0747f8f38602379bf2af03308ef31", kill_on_drop: false }`
[INFO] running `Command { std: "docker" "exec" "-e" "SOURCE_DIR=/opt/rustwide/workdir" "-e" "CARGO_HOME=/opt/rustwide/cargo-home" "-e" "RUSTUP_HOME=/opt/rustwide/rustup-home" "-e" "CARGO_TARGET_DIR=/opt/rustwide/target" "-e" "CARGO_INCREMENTAL=0" "-e" "RUST_BACKTRACE=full" "-e" "RUSTFLAGS=--cap-lints=warn" "-e" "RUSTDOCFLAGS=--cap-lints=warn" "-w" "/opt/rustwide/workdir" "--user" "0:0" "7d6d3baa4c1383271497bf22aae6fd8dc3b0747f8f38602379bf2af03308ef31" "/opt/rustwide/cargo-home/bin/cargo" "+1.99.0-beta.8" "build" "--frozen" "--message-format=json", kill_on_drop: false }`
[INFO] [stderr]    Compiling synstructure v0.13.2
[INFO] [stderr]    Compiling syn v3.0.3
[INFO] [stderr]    Compiling smallvec v1.15.2
[INFO] [stderr]    Compiling litemap v0.8.3
[INFO] [stderr]    Compiling writeable v0.6.4
[INFO] [stderr]    Compiling typenum v1.20.1
[INFO] [stderr]    Compiling futures-sink v0.3.34
[INFO] [stderr]    Compiling shlex v2.0.1
[INFO] [stderr]    Compiling find-msvc-tools v0.1.11
[INFO] [stderr]    Compiling num-traits v0.2.19
[INFO] [stderr]    Compiling mio v1.2.2
[INFO] [stderr]    Compiling socket2 v0.6.5
[INFO] [stderr]    Compiling futures-task v0.3.34
[INFO] [stderr]    Compiling foldhash v0.2.0
[INFO] [stderr]    Compiling allocator-api2 v0.2.21
[INFO] [stderr]    Compiling pkg-config v0.3.34
[INFO] [stderr]    Compiling futures-io v0.3.34
[INFO] [stderr]    Compiling slab v0.4.12
[INFO] [stderr]    Compiling thiserror v2.0.20
[INFO] [stderr]    Compiling cc v1.4.4
[INFO] [stderr]    Compiling vcpkg v0.2.15
[INFO] [stderr]    Compiling tracing-core v0.1.36
[INFO] [stderr]    Compiling form_urlencoded v1.2.2
[INFO] [stderr]    Compiling tracing-attributes v0.1.31
[INFO] [stderr]    Compiling parking_lot_core v0.9.12
[INFO] [stderr]    Compiling futures-util v0.3.34
[INFO] [stderr]    Compiling crc-catalog v2.5.0
[INFO] [stderr]    Compiling log v0.4.33
[INFO] [stderr]    Compiling hashbrown v0.16.1
[INFO] [stderr]    Compiling parking v2.2.1
[INFO] [stderr]    Compiling crc v3.4.0
[INFO] [stderr]    Compiling indexmap v2.14.0
[INFO] [stderr]    Compiling event-listener v5.4.2
[INFO] [stderr]    Compiling tokio v1.53.1
[INFO] [stderr]    Compiling zerofrom-derive v0.1.7
[INFO] [stderr]    Compiling yoke-derive v0.8.2
[INFO] [stderr]    Compiling parking_lot v0.12.5
[INFO] [stderr]    Compiling generic-array v0.14.7
[INFO] [stderr]    Compiling spin v0.9.9
[INFO] [stderr]    Compiling futures-intrusive v0.5.0
[INFO] [stderr]    Compiling base64 v0.22.1
[INFO] [stderr]    Compiling block-buffer v0.10.4
[INFO] [stderr]    Compiling crypto-common v0.1.7
[INFO] [stderr]    Compiling either v1.18.0
[INFO] [stderr]    Compiling digest v0.10.7
[INFO] [stderr]    Compiling sha2 v0.10.9
[INFO] [stderr]    Compiling flume v0.12.0
[INFO] [stderr]    Compiling futures-channel v0.3.34
[INFO] [stderr]    Compiling turdo-types v0.1.1
[INFO] [stderr]    Compiling hashlink v0.11.1
[INFO] [stderr]    Compiling turdo-query-builder v0.1.1
[INFO] [stderr]    Compiling atoi v2.0.0
[INFO] [stderr]    Compiling zerofrom v0.1.8
[INFO] [stderr]    Compiling yoke v0.8.3
[INFO] [stderr]    Compiling tracing v0.1.44
[INFO] [stderr]    Compiling libsqlite3-sys v0.37.0
[INFO] [stderr]    Compiling futures-executor v0.3.34
[INFO] [stderr]    Compiling zerovec-derive v0.11.6
[INFO] [stderr]    Compiling displaydoc v0.2.7
[INFO] [stderr]    Compiling thiserror-impl v2.0.20
[INFO] [stderr]    Compiling zerotrie v0.2.5
[INFO] [stderr]    Compiling zerovec v0.11.8
[INFO] [stderr]    Compiling tinystr v0.8.4
[INFO] [stderr]    Compiling potential_utf v0.1.6
[INFO] [stderr]    Compiling icu_locale_core v2.1.1
[INFO] [stderr]    Compiling icu_collections v2.1.1
[INFO] [stderr]    Compiling icu_provider v2.1.1
[INFO] [stderr]    Compiling icu_properties v2.1.2
[INFO] [stderr]    Compiling icu_normalizer v2.1.1
[INFO] [stderr]    Compiling tokio-stream v0.1.19
[INFO] [stderr]    Compiling idna_adapter v1.2.1
[INFO] [stderr]    Compiling idna v1.1.0
[INFO] [stderr]    Compiling url v2.5.8
[INFO] [stderr]    Compiling sqlx-core v0.9.0
[INFO] [stderr]    Compiling sqlx-sqlite v0.9.0
[INFO] [stderr]    Compiling sqlx v0.9.0
[INFO] [stderr]    Compiling turdo-sqlx v0.1.1 (/opt/rustwide/workdir)
[INFO] [stdout] warning: function `decode_sqlite_value_ref` is never used
[INFO] [stdout]    --> src/value.rs:101:8
[INFO] [stdout]     |
[INFO] [stdout] 101 | pub fn decode_sqlite_value_ref(value_ref: SqliteValueRef<'_>) -> Value {
[INFO] [stdout]     |        ^^^^^^^^^^^^^^^^^^^^^^^
[INFO] [stdout]     |
[INFO] [stdout]     = note: `#[warn(dead_code)]` (part of `#[warn(unused)]`) on by default
[INFO] [stdout] 
[INFO] [stdout] 
[INFO] [stderr]     Finished `dev` profile [unoptimized + debuginfo] target(s) in 30.64s
[INFO] running `Command { std: "docker" "inspect" "7d6d3baa4c1383271497bf22aae6fd8dc3b0747f8f38602379bf2af03308ef31", kill_on_drop: false }`
[INFO] running `Command { std: "docker" "exec" "-e" "SOURCE_DIR=/opt/rustwide/workdir" "-e" "CARGO_HOME=/opt/rustwide/cargo-home" "-e" "RUSTUP_HOME=/opt/rustwide/rustup-home" "-e" "CARGO_TARGET_DIR=/opt/rustwide/target" "-e" "CARGO_INCREMENTAL=0" "-e" "RUST_BACKTRACE=full" "-e" "RUSTFLAGS=--cap-lints=warn" "-e" "RUSTDOCFLAGS=--cap-lints=warn" "-w" "/opt/rustwide/workdir" "--user" "0:0" "7d6d3baa4c1383271497bf22aae6fd8dc3b0747f8f38602379bf2af03308ef31" "/opt/rustwide/cargo-home/bin/cargo" "+1.99.0-beta.8" "test" "--frozen" "--no-run" "--message-format=json", kill_on_drop: false }`
[INFO] [stderr]    Compiling syn v3.0.3
[INFO] [stderr]    Compiling zerovec-derive v0.11.6
[INFO] [stderr]    Compiling displaydoc v0.2.7
[INFO] [stderr]    Compiling tokio-macros v2.7.2
[INFO] [stderr]    Compiling thiserror-impl v2.0.20
[INFO] [stderr]    Compiling zerotrie v0.2.5
[INFO] [stderr]    Compiling zerovec v0.11.8
[INFO] [stderr]    Compiling tokio v1.53.1
[INFO] [stderr]    Compiling thiserror v2.0.20
[INFO] [stderr]    Compiling tinystr v0.8.4
[INFO] [stderr]    Compiling potential_utf v0.1.6
[INFO] [stderr]    Compiling icu_locale_core v2.1.1
[INFO] [stderr]    Compiling icu_collections v2.1.1
[INFO] [stderr]    Compiling icu_provider v2.1.1
[INFO] [stderr]    Compiling icu_normalizer v2.1.1
[INFO] [stderr]    Compiling icu_properties v2.1.2
[INFO] [stderr]    Compiling idna_adapter v1.2.1
[INFO] [stderr]    Compiling idna v1.1.0
[INFO] [stderr]    Compiling url v2.5.8
[INFO] [stderr]    Compiling tokio-stream v0.1.19
[INFO] [stderr]    Compiling sqlx-core v0.9.0
[INFO] [stderr]    Compiling sqlx-sqlite v0.9.0
[INFO] [stderr]    Compiling sqlx v0.9.0
[INFO] [stderr]    Compiling turdo-sqlx v0.1.1 (/opt/rustwide/workdir)
[INFO] [stdout] warning: function `decode_sqlite_value_ref` is never used
[INFO] [stdout]    --> src/value.rs:101:8
[INFO] [stdout]     |
[INFO] [stdout] 101 | pub fn decode_sqlite_value_ref(value_ref: SqliteValueRef<'_>) -> Value {
[INFO] [stdout]     |        ^^^^^^^^^^^^^^^^^^^^^^^
[INFO] [stdout]     |
[INFO] [stdout]     = note: `#[warn(dead_code)]` (part of `#[warn(unused)]`) on by default
[INFO] [stdout] 
[INFO] [stdout] 
[INFO] [stdout] error[E0433]: cannot find module or crate `turdo` in this scope
[INFO] [stdout]  --> examples/basic.rs:7:5
[INFO] [stdout]   |
[INFO] [stdout] 7 | use turdo::qb::{Alias, asc, eq, eq_col, insert_into, select, set};
[INFO] [stdout]   |     ^^^^^ use of unresolved module or unlinked crate `turdo`
[INFO] [stdout]   |
[INFO] [stdout]   = help: if you wanted to use a crate named `turdo`, use `cargo add turdo` to add it to your `Cargo.toml`
[INFO] [stdout] 
[INFO] [stdout] 
[INFO] [stdout] error[E0432]: unresolved import `turdo`
[INFO] [stdout]  --> examples/basic.rs:8:5
[INFO] [stdout]   |
[INFO] [stdout] 8 | use turdo::{FromRow, Table};
[INFO] [stdout]   |     ^^^^^ use of unresolved module or unlinked crate `turdo`
[INFO] [stdout]   |
[INFO] [stdout]   = help: if you wanted to use a crate named `turdo`, use `cargo add turdo` to add it to your `Cargo.toml`
[INFO] [stdout] 
[INFO] [stdout] 
[INFO] [stdout] error[E0433]: cannot find module or crate `turdo` in this scope
[INFO] [stdout]  --> tests/integration.rs:3:5
[INFO] [stdout]   |
[INFO] [stdout] 3 | use turdo::qb::{
[INFO] [stdout]   |     ^^^^^ use of unresolved module or unlinked crate `turdo`
[INFO] [stdout]   |
[INFO] [stdout]   = help: if you wanted to use a crate named `turdo`, use `cargo add turdo` to add it to your `Cargo.toml`
[INFO] [stdout] 
[INFO] [stdout] 
[INFO] [stdout] error[E0432]: unresolved import `turdo`
[INFO] [stdout]  --> tests/integration.rs:7:5
[INFO] [stdout]   |
[INFO] [stdout] 7 | use turdo::{FromRow, Record, Table};
[INFO] [stdout]   |     ^^^^^ use of unresolved module or unlinked crate `turdo`
[INFO] [stdout]   |
[INFO] [stdout]   = help: if you wanted to use a crate named `turdo`, use `cargo add turdo` to add it to your `Cargo.toml`
[INFO] [stdout] 
[INFO] [stdout] 
[INFO] [stdout] error: cannot find attribute `table` in this scope
[INFO] [stdout]   --> examples/basic.rs:12:3
[INFO] [stdout]    |
[INFO] [stdout] 12 | #[table(posts)]
[INFO] [stdout]    |   ^^^^^
[INFO] [stdout]    |
[INFO] [stdout] help: a built-in attribute with a similar name exists
[INFO] [stdout]    |
[INFO] [stdout] 12 | #[stable(posts)]
[INFO] [stdout]    |   +
[INFO] [stdout] 
[INFO] [stdout] 
[INFO] [stdout] error: cannot find attribute `column` in this scope
[INFO] [stdout]   --> examples/basic.rs:14:7
[INFO] [stdout]    |
[INFO] [stdout] 14 |     #[column(primary_key)]
[INFO] [stdout]    |       ^^^^^^
[INFO] [stdout]    |
[INFO] [stdout]    = note: `column` is in scope, but it is a function-like macro
[INFO] [stdout] 
[INFO] [stdout] 
[INFO] [stdout] error: cannot find attribute `column` in this scope
[INFO] [stdout]   --> examples/basic.rs:16:7
[INFO] [stdout]    |
[INFO] [stdout] 16 |     #[column]
[INFO] [stdout]    |       ^^^^^^
[INFO] [stdout]    |
[INFO] [stdout]    = note: `column` is in scope, but it is a function-like macro
[INFO] [stdout] 
[INFO] [stdout] 
[INFO] [stdout] error: cannot find attribute `column` in this scope
[INFO] [stdout]   --> examples/basic.rs:18:7
[INFO] [stdout]    |
[INFO] [stdout] 18 |     #[column]
[INFO] [stdout]    |       ^^^^^^
[INFO] [stdout]    |
[INFO] [stdout]    = note: `column` is in scope, but it is a function-like macro
[INFO] [stdout] 
[INFO] [stdout] 
[INFO] [stdout] error: cannot find attribute `column` in this scope
[INFO] [stdout]   --> examples/basic.rs:20:7
[INFO] [stdout]    |
[INFO] [stdout] 20 |     #[column]
[INFO] [stdout]    |       ^^^^^^
[INFO] [stdout]    |
[INFO] [stdout]    = note: `column` is in scope, but it is a function-like macro
[INFO] [stdout] 
[INFO] [stdout] 
[INFO] [stdout] error: cannot find attribute `column` in this scope
[INFO] [stdout]   --> examples/basic.rs:22:7
[INFO] [stdout]    |
[INFO] [stdout] 22 |     #[column]
[INFO] [stdout]    |       ^^^^^^
[INFO] [stdout]    |
[INFO] [stdout]    = note: `column` is in scope, but it is a function-like macro
[INFO] [stdout] 
[INFO] [stdout] 
[INFO] [stdout] error: cannot find attribute `table` in this scope
[INFO] [stdout]   --> examples/basic.rs:27:3
[INFO] [stdout]    |
[INFO] [stdout] 27 | #[table(authors)]
[INFO] [stdout]    |   ^^^^^
[INFO] [stdout]    |
[INFO] [stdout] help: a built-in attribute with a similar name exists
[INFO] [stdout]    |
[INFO] [stdout] 27 | #[stable(authors)]
[INFO] [stdout]    |   +
[INFO] [stdout] 
[INFO] [stdout] 
[INFO] [stdout] error: cannot find attribute `table` in this scope
[INFO] [stdout]   --> tests/integration.rs:11:3
[INFO] [stdout]    |
[INFO] [stdout] 11 | #[table(posts)]
[INFO] [stdout]    |   ^^^^^
[INFO] [stdout]    |
[INFO] [stdout] help: a built-in attribute with a similar name exists
[INFO] [stdout]    |
[INFO] [stdout] 11 | #[stable(posts)]
[INFO] [stdout]    |   +
[INFO] [stdout] 
[INFO] [stdout] 
[INFO] [stdout] error: cannot find attribute `column` in this scope
[INFO] [stdout]   --> examples/basic.rs:29:7
[INFO] [stdout]    |
[INFO] [stdout] 29 |     #[column(primary_key)]
[INFO] [stdout]    |       ^^^^^^
[INFO] [stdout]    |
[INFO] [stdout]    = note: `column` is in scope, but it is a function-like macro
[INFO] [stdout] 
[INFO] [stdout] 
[INFO] [stdout] error: cannot find attribute `column` in this scope
[INFO] [stdout]   --> tests/integration.rs:13:7
[INFO] [stdout]    |
[INFO] [stdout] 13 |     #[column(primary_key)]
[INFO] [stdout]    |       ^^^^^^
[INFO] [stdout]    |
[INFO] [stdout]    = note: `column` is in scope, but it is a function-like macro
[INFO] [stdout] 
[INFO] [stdout] 
[INFO] [stdout] error: cannot find attribute `column` in this scope
[INFO] [stdout]   --> examples/basic.rs:31:7
[INFO] [stdout]    |
[INFO] [stdout] 31 |     #[column]
[INFO] [stdout]    |       ^^^^^^
[INFO] [stdout]    |
[INFO] [stdout]    = note: `column` is in scope, but it is a function-like macro
[INFO] [stdout] 
[INFO] [stdout] 
[INFO] [stdout] error: cannot find attribute `column` in this scope
[INFO] [stdout]   --> examples/basic.rs:37:7
[INFO] [stdout]    |
[INFO] [stdout] 37 |     #[column]
[INFO] [stdout]    |       ^^^^^^
[INFO] [stdout]    |
[INFO] [stdout]    = note: `column` is in scope, but it is a function-like macro
[INFO] [stdout] 
[INFO] [stdout] 
[INFO] [stdout] error: cannot find attribute `column` in this scope
[INFO] [stdout]   --> examples/basic.rs:39:7
[INFO] [stdout]    |
[INFO] [stdout] 39 |     #[column]
[INFO] [stdout]    |       ^^^^^^
[INFO] [stdout]    |
[INFO] [stdout]    = note: `column` is in scope, but it is a function-like macro
[INFO] [stdout] 
[INFO] [stdout] 
[INFO] [stdout] error: cannot find attribute `column` in this scope
[INFO] [stdout]   --> tests/integration.rs:15:7
[INFO] [stdout]    |
[INFO] [stdout] 15 |     #[column]
[INFO] [stdout]    |       ^^^^^^
[INFO] [stdout]    |
[INFO] [stdout]    = note: `column` is in scope, but it is a function-like macro
[INFO] [stdout] 
[INFO] [stdout] 
[INFO] [stdout] error: cannot find attribute `column` in this scope
[INFO] [stdout]   --> examples/basic.rs:45:7
[INFO] [stdout]    |
[INFO] [stdout] 45 |     #[column]
[INFO] [stdout]    |       ^^^^^^
[INFO] [stdout]    |
[INFO] [stdout]    = note: `column` is in scope, but it is a function-like macro
[INFO] [stdout] 
[INFO] [stdout] 
[INFO] [stdout] error: cannot find attribute `column` in this scope
[INFO] [stdout]   --> tests/integration.rs:17:7
[INFO] [stdout]    |
[INFO] [stdout] 17 |     #[column]
[INFO] [stdout]    |       ^^^^^^
[INFO] [stdout]    |
[INFO] [stdout]    = note: `column` is in scope, but it is a function-like macro
[INFO] [stdout] 
[INFO] [stdout] 
[INFO] [stdout] error: cannot find attribute `column` in this scope
[INFO] [stdout]   --> examples/basic.rs:47:7
[INFO] [stdout]    |
[INFO] [stdout] 47 |     #[column]
[INFO] [stdout]    |       ^^^^^^
[INFO] [stdout]    |
[INFO] [stdout]    = note: `column` is in scope, but it is a function-like macro
[INFO] [stdout] 
[INFO] [stdout] 
[INFO] [stdout] error: cannot find attribute `column` in this scope
[INFO] [stdout]    --> examples/basic.rs:133:7
[INFO] [stdout]     |
[INFO] [stdout] 133 |     #[column]
[INFO] [stdout]     |       ^^^^^^
[INFO] [stdout]     |
[INFO] [stdout]     = note: `column` is in scope, but it is a function-like macro
[INFO] [stdout] 
[INFO] [stdout] 
[INFO] [stdout] error: cannot find attribute `column` in this scope
[INFO] [stdout]   --> tests/integration.rs:19:7
[INFO] [stdout]    |
[INFO] [stdout] 19 |     #[column]
[INFO] [stdout]    |       ^^^^^^
[INFO] [stdout]    |
[INFO] [stdout]    = note: `column` is in scope, but it is a function-like macro
[INFO] [stdout] 
[INFO] [stdout] 
[INFO] [stdout] error: cannot find attribute `column` in this scope
[INFO] [stdout]    --> examples/basic.rs:135:7
[INFO] [stdout]     |
[INFO] [stdout] 135 |     #[column]
[INFO] [stdout]     |       ^^^^^^
[INFO] [stdout]     |
[INFO] [stdout]     = note: `column` is in scope, but it is a function-like macro
[INFO] [stdout] 
[INFO] [stdout] 
[INFO] [stdout] error: cannot find attribute `column` in this scope
[INFO] [stdout]   --> tests/integration.rs:21:7
[INFO] [stdout]    |
[INFO] [stdout] 21 |     #[column]
[INFO] [stdout]    |       ^^^^^^
[INFO] [stdout]    |
[INFO] [stdout]    = note: `column` is in scope, but it is a function-like macro
[INFO] [stdout] 
[INFO] [stdout] 
[INFO] [stdout] error: cannot find attribute `table` in this scope
[INFO] [stdout]   --> tests/integration.rs:26:3
[INFO] [stdout]    |
[INFO] [stdout] 26 | #[table(authors)]
[INFO] [stdout]    |   ^^^^^
[INFO] [stdout]    |
[INFO] [stdout] help: a built-in attribute with a similar name exists
[INFO] [stdout]    |
[INFO] [stdout] 26 | #[stable(authors)]
[INFO] [stdout]    |   +
[INFO] [stdout] 
[INFO] [stdout] 
[INFO] [stdout] error: cannot find attribute `column` in this scope
[INFO] [stdout]   --> tests/integration.rs:28:7
[INFO] [stdout]    |
[INFO] [stdout] 28 |     #[column(primary_key)]
[INFO] [stdout]    |       ^^^^^^
[INFO] [stdout]    |
[INFO] [stdout]    = note: `column` is in scope, but it is a function-like macro
[INFO] [stdout] 
[INFO] [stdout] 
[INFO] [stdout] error: cannot find attribute `column` in this scope
[INFO] [stdout]   --> tests/integration.rs:30:7
[INFO] [stdout]    |
[INFO] [stdout] 30 |     #[column]
[INFO] [stdout]    |       ^^^^^^
[INFO] [stdout]    |
[INFO] [stdout]    = note: `column` is in scope, but it is a function-like macro
[INFO] [stdout] 
[INFO] [stdout] 
[INFO] [stdout] error: cannot find attribute `column` in this scope
[INFO] [stdout]   --> tests/integration.rs:36:7
[INFO] [stdout]    |
[INFO] [stdout] 36 |     #[column]
[INFO] [stdout]    |       ^^^^^^
[INFO] [stdout]    |
[INFO] [stdout]    = note: `column` is in scope, but it is a function-like macro
[INFO] [stdout] 
[INFO] [stdout] 
[INFO] [stdout] error: cannot find attribute `column` in this scope
[INFO] [stdout]   --> tests/integration.rs:38:7
[INFO] [stdout]    |
[INFO] [stdout] 38 |     #[column]
[INFO] [stdout]    |       ^^^^^^
[INFO] [stdout]    |
[INFO] [stdout]    = note: `column` is in scope, but it is a function-like macro
[INFO] [stdout] 
[INFO] [stdout] 
[INFO] [stdout] error: cannot find attribute `column` in this scope
[INFO] [stdout]   --> tests/integration.rs:40:7
[INFO] [stdout]    |
[INFO] [stdout] 40 |     #[column]
[INFO] [stdout]    |       ^^^^^^
[INFO] [stdout]    |
[INFO] [stdout]    = note: `column` is in scope, but it is a function-like macro
[INFO] [stdout] 
[INFO] [stdout] 
[INFO] [stdout] error: cannot find attribute `column` in this scope
[INFO] [stdout]   --> tests/integration.rs:46:7
[INFO] [stdout]    |
[INFO] [stdout] 46 |     #[column]
[INFO] [stdout]    |       ^^^^^^
[INFO] [stdout]    |
[INFO] [stdout]    = note: `column` is in scope, but it is a function-like macro
[INFO] [stdout] 
[INFO] [stdout] 
[INFO] [stdout] error: cannot find attribute `column` in this scope
[INFO] [stdout]   --> tests/integration.rs:48:7
[INFO] [stdout]    |
[INFO] [stdout] 48 |     #[column]
[INFO] [stdout]    |       ^^^^^^
[INFO] [stdout]    |
[INFO] [stdout]    = note: `column` is in scope, but it is a function-like macro
[INFO] [stdout] 
[INFO] [stdout] 
[INFO] [stdout] error: cannot find attribute `table` in this scope
[INFO] [stdout]   --> tests/integration.rs:53:3
[INFO] [stdout]    |
[INFO] [stdout] 53 | #[table(blobs)]
[INFO] [stdout]    |   ^^^^^
[INFO] [stdout]    |
[INFO] [stdout] help: a built-in attribute with a similar name exists
[INFO] [stdout]    |
[INFO] [stdout] 53 | #[stable(blobs)]
[INFO] [stdout]    |   +
[INFO] [stdout] 
[INFO] [stdout] 
[INFO] [stdout] error: cannot find attribute `column` in this scope
[INFO] [stdout]   --> tests/integration.rs:55:7
[INFO] [stdout]    |
[INFO] [stdout] 55 |     #[column(primary_key)]
[INFO] [stdout]    |       ^^^^^^
[INFO] [stdout]    |
[INFO] [stdout]    = note: `column` is in scope, but it is a function-like macro
[INFO] [stdout] 
[INFO] [stdout] 
[INFO] [stdout] error: cannot find attribute `column` in this scope
[INFO] [stdout]   --> tests/integration.rs:57:7
[INFO] [stdout]    |
[INFO] [stdout] 57 |     #[column]
[INFO] [stdout]    |       ^^^^^^
[INFO] [stdout]    |
[INFO] [stdout]    = note: `column` is in scope, but it is a function-like macro
[INFO] [stdout] 
[INFO] [stdout] 
[INFO] [stdout] error: cannot find attribute `column` in this scope
[INFO] [stdout]   --> tests/integration.rs:59:7
[INFO] [stdout]    |
[INFO] [stdout] 59 |     #[column]
[INFO] [stdout]    |       ^^^^^^
[INFO] [stdout]    |
[INFO] [stdout]    = note: `column` is in scope, but it is a function-like macro
[INFO] [stdout] 
[INFO] [stdout] 
[INFO] [stdout] error: cannot find attribute `column` in this scope
[INFO] [stdout]   --> tests/integration.rs:65:7
[INFO] [stdout]    |
[INFO] [stdout] 65 |     #[column]
[INFO] [stdout]    |       ^^^^^^
[INFO] [stdout]    |
[INFO] [stdout]    = note: `column` is in scope, but it is a function-like macro
[INFO] [stdout] 
[INFO] [stdout] 
[INFO] [stdout] error: cannot find attribute `column` in this scope
[INFO] [stdout]   --> tests/integration.rs:67:7
[INFO] [stdout]    |
[INFO] [stdout] 67 |     #[column]
[INFO] [stdout]    |       ^^^^^^
[INFO] [stdout]    |
[INFO] [stdout]    = note: `column` is in scope, but it is a function-like macro
[INFO] [stdout] 
[INFO] [stdout] 
[INFO] [stdout] error: cannot find attribute `column` in this scope
[INFO] [stdout]   --> tests/integration.rs:69:7
[INFO] [stdout]    |
[INFO] [stdout] 69 |     #[column]
[INFO] [stdout]    |       ^^^^^^
[INFO] [stdout]    |
[INFO] [stdout]    = note: `column` is in scope, but it is a function-like macro
[INFO] [stdout] 
[INFO] [stdout] 
[INFO] [stdout] warning: function `decode_sqlite_value_ref` is never used
[INFO] [stdout]    --> src/value.rs:101:8
[INFO] [stdout]     |
[INFO] [stdout] 101 | pub fn decode_sqlite_value_ref(value_ref: SqliteValueRef<'_>) -> Value {
[INFO] [stdout]     |        ^^^^^^^^^^^^^^^^^^^^^^^
[INFO] [stdout]     |
[INFO] [stdout]     = note: `#[warn(dead_code)]` (part of `#[warn(unused)]`) on by default
[INFO] [stdout] 
[INFO] [stdout] 
[INFO] [stdout] error: cannot find attribute `column` in this scope
[INFO] [stdout]    --> tests/integration.rs:463:11
[INFO] [stdout]     |
[INFO] [stdout] 463 |         #[column]
[INFO] [stdout]     |           ^^^^^^
[INFO] [stdout]     |
[INFO] [stdout]     = note: `column` is in scope, but it is a function-like macro
[INFO] [stdout] 
[INFO] [stdout] 
[INFO] [stdout] error: cannot find attribute `column` in this scope
[INFO] [stdout]    --> tests/integration.rs:465:11
[INFO] [stdout]     |
[INFO] [stdout] 465 |         #[column]
[INFO] [stdout]     |           ^^^^^^
[INFO] [stdout]     |
[INFO] [stdout]     = note: `column` is in scope, but it is a function-like macro
[INFO] [stdout] 
[INFO] [stdout] 
[INFO] [stdout] error: cannot find attribute `column` in this scope
[INFO] [stdout]    --> tests/integration.rs:532:7
[INFO] [stdout]     |
[INFO] [stdout] 532 |     #[column]
[INFO] [stdout]     |       ^^^^^^
[INFO] [stdout]     |
[INFO] [stdout]     = note: `column` is in scope, but it is a function-like macro
[INFO] [stdout] 
[INFO] [stdout] 
[INFO] [stdout] error: cannot find attribute `column` in this scope
[INFO] [stdout]    --> tests/integration.rs:534:7
[INFO] [stdout]     |
[INFO] [stdout] 534 |     #[column]
[INFO] [stdout]     |       ^^^^^^
[INFO] [stdout]     |
[INFO] [stdout]     = note: `column` is in scope, but it is a function-like macro
[INFO] [stdout] 
[INFO] [stdout] 
[INFO] [stdout] error[E0599]: no associated function or constant named `CREATE_TABLE_SQL` found for struct `Post` in the current scope
[INFO] [stdout]   --> tests/integration.rs:83:23
[INFO] [stdout]    |
[INFO] [stdout] 12 | struct Post {
[INFO] [stdout]    | ----------- associated function or constant `CREATE_TABLE_SQL` not found for this struct
[INFO] [stdout] ...
[INFO] [stdout] 83 |     sqlx::query(Post::CREATE_TABLE_SQL)
[INFO] [stdout]    |                       ^^^^^^^^^^^^^^^^ associated function or constant not found in `Post`
[INFO] [stdout]    |
[INFO] [stdout]    = help: items from traits can only be used if the trait is implemented and in scope
[INFO] [stdout]    = note: the following trait defines an item `CREATE_TABLE_SQL`, perhaps you need to implement it:
[INFO] [stdout]            candidate #1: `turdo_types::table::Table`
[INFO] [stdout] 
[INFO] [stdout] 
[INFO] [stdout] error[E0599]: no associated function or constant named `CREATE_TABLE_SQL` found for struct `Author` in the current scope
[INFO] [stdout]   --> tests/integration.rs:87:25
[INFO] [stdout]    |
[INFO] [stdout] 27 | struct Author {
[INFO] [stdout]    | ------------- associated function or constant `CREATE_TABLE_SQL` not found for this struct
[INFO] [stdout] ...
[INFO] [stdout] 87 |     sqlx::query(Author::CREATE_TABLE_SQL)
[INFO] [stdout]    |                         ^^^^^^^^^^^^^^^^ associated function or constant not found in `Author`
[INFO] [stdout]    |
[INFO] [stdout]    = help: items from traits can only be used if the trait is implemented and in scope
[INFO] [stdout]    = note: the following trait defines an item `CREATE_TABLE_SQL`, perhaps you need to implement it:
[INFO] [stdout]            candidate #1: `turdo_types::table::Table`
[INFO] [stdout] 
[INFO] [stdout] 
[INFO] [stdout] error[E0599]: no associated function or constant named `ID` found for struct `Author` in the current scope
[INFO] [stdout]   --> tests/integration.rs:98:21
[INFO] [stdout]    |
[INFO] [stdout] 27 | struct Author {
[INFO] [stdout]    | ------------- associated function or constant `ID` not found for this struct
[INFO] [stdout] ...
[INFO] [stdout] 98 |     select((Author::ID, Author::NAME))
[INFO] [stdout]    |                     ^^ associated function or constant not found in `Author`
[INFO] [stdout] 
[INFO] [stdout] 
[INFO] [stdout] error[E0599]: no associated function or constant named `NAME` found for struct `Author` in the current scope
[INFO] [stdout]   --> tests/integration.rs:98:33
[INFO] [stdout]    |
[INFO] [stdout] 27 | struct Author {
[INFO] [stdout]    | ------------- associated function or constant `NAME` not found for this struct
[INFO] [stdout] ...
[INFO] [stdout] 98 |     select((Author::ID, Author::NAME))
[INFO] [stdout]    |                                 ^^^^ associated function or constant not found in `Author`
[INFO] [stdout]    |
[INFO] [stdout]    = help: items from traits can only be used if the trait is implemented and in scope
[INFO] [stdout]    = note: the following traits define an item `NAME`, perhaps you need to implement one of them:
[INFO] [stdout]            candidate #1: `icu_properties::code_point_map::EnumeratedProperty`
[INFO] [stdout]            candidate #2: `icu_properties::code_point_set::BinaryProperty`
[INFO] [stdout]            candidate #3: `icu_properties::emoji::EmojiSet`
[INFO] [stdout]            candidate #4: `sqlx::Database`
[INFO] [stdout]            candidate #5: `turdo_types::col::ColEx`
[INFO] [stdout]            candidate #6: `turdo_types::col::ColName`
[INFO] [stdout] 
[INFO] [stdout] 
[INFO] [stdout] error[E0599]: no associated function or constant named `ID` found for struct `Author` in the current scope
[INFO] [stdout]    --> tests/integration.rs:104:30
[INFO] [stdout]     |
[INFO] [stdout]  27 | struct Author {
[INFO] [stdout]     | ------------- associated function or constant `ID` not found for this struct
[INFO] [stdout] ...
[INFO] [stdout] 104 |         .values((set(Author::ID, 1), set(Author::NAME, "ada")))
[INFO] [stdout]     |                              ^^ associated function or constant not found in `Author`
[INFO] [stdout] 
[INFO] [stdout] 
[INFO] [stdout] error[E0599]: no associated function or constant named `NAME` found for struct `Author` in the current scope
[INFO] [stdout]    --> tests/integration.rs:104:50
[INFO] [stdout]     |
[INFO] [stdout]  27 | struct Author {
[INFO] [stdout]     | ------------- associated function or constant `NAME` not found for this struct
[INFO] [stdout] ...
[INFO] [stdout] 104 |         .values((set(Author::ID, 1), set(Author::NAME, "ada")))
[INFO] [stdout]     |                                                  ^^^^ associated function or constant not found in `Author`
[INFO] [stdout]     |
[INFO] [stdout]     = help: items from traits can only be used if the trait is implemented and in scope
[INFO] [stdout]     = note: the following traits define an item `NAME`, perhaps you need to implement one of them:
[INFO] [stdout]             candidate #1: `icu_properties::code_point_map::EnumeratedProperty`
[INFO] [stdout]             candidate #2: `icu_properties::code_point_set::BinaryProperty`
[INFO] [stdout]             candidate #3: `icu_properties::emoji::EmojiSet`
[INFO] [stdout]             candidate #4: `sqlx::Database`
[INFO] [stdout]             candidate #5: `turdo_types::col::ColEx`
[INFO] [stdout]             candidate #6: `turdo_types::col::ColName`
[INFO] [stdout] 
[INFO] [stdout] 
[INFO] [stdout] error[E0599]: no associated function or constant named `ID` found for struct `Author` in the current scope
[INFO] [stdout]    --> tests/integration.rs:111:30
[INFO] [stdout]     |
[INFO] [stdout]  27 | struct Author {
[INFO] [stdout]     | ------------- associated function or constant `ID` not found for this struct
[INFO] [stdout] ...
[INFO] [stdout] 111 |         .values((set(Author::ID, 2), set(Author::NAME, "bob")))
[INFO] [stdout]     |                              ^^ associated function or constant not found in `Author`
[INFO] [stdout] 
[INFO] [stdout] 
[INFO] [stdout] error[E0599]: no associated function or constant named `NAME` found for struct `Author` in the current scope
[INFO] [stdout]    --> tests/integration.rs:111:50
[INFO] [stdout]     |
[INFO] [stdout]  27 | struct Author {
[INFO] [stdout]     | ------------- associated function or constant `NAME` not found for this struct
[INFO] [stdout] ...
[INFO] [stdout] 111 |         .values((set(Author::ID, 2), set(Author::NAME, "bob")))
[INFO] [stdout]     |                                                  ^^^^ associated function or constant not found in `Author`
[INFO] [stdout]     |
[INFO] [stdout]     = help: items from traits can only be used if the trait is implemented and in scope
[INFO] [stdout]     = note: the following traits define an item `NAME`, perhaps you need to implement one of them:
[INFO] [stdout]             candidate #1: `icu_properties::code_point_map::EnumeratedProperty`
[INFO] [stdout]             candidate #2: `icu_properties::code_point_set::BinaryProperty`
[INFO] [stdout]             candidate #3: `icu_properties::emoji::EmojiSet`
[INFO] [stdout]             candidate #4: `sqlx::Database`
[INFO] [stdout]             candidate #5: `turdo_types::col::ColEx`
[INFO] [stdout]             candidate #6: `turdo_types::col::ColName`
[INFO] [stdout] 
[INFO] [stdout] 
[INFO] [stdout] error[E0599]: no associated function or constant named `ID` found for struct `Post` in the current scope
[INFO] [stdout]    --> tests/integration.rs:120:23
[INFO] [stdout]     |
[INFO] [stdout]  12 | struct Post {
[INFO] [stdout]     | ----------- associated function or constant `ID` not found for this struct
[INFO] [stdout] ...
[INFO] [stdout] 120 |             set(Post::ID, 1),
[INFO] [stdout]     |                       ^^ associated function or constant not found in `Post`
[INFO] [stdout] 
[INFO] [stdout] 
[INFO] [stdout] error[E0599]: no associated function or constant named `AUTHOR_ID` found for struct `Post` in the current scope
[INFO] [stdout]    --> tests/integration.rs:121:23
[INFO] [stdout]     |
[INFO] [stdout]  12 | struct Post {
[INFO] [stdout]     | ----------- associated function or constant `AUTHOR_ID` not found for this struct
[INFO] [stdout] ...
[INFO] [stdout] 121 |             set(Post::AUTHOR_ID, 1),
[INFO] [stdout]     |                       ^^^^^^^^^ associated function or constant not found in `Post`
[INFO] [stdout] 
[INFO] [stdout] 
[INFO] [stdout] error[E0599]: no associated function or constant named `TITLE` found for struct `Post` in the current scope
[INFO] [stdout]    --> tests/integration.rs:122:23
[INFO] [stdout]     |
[INFO] [stdout]  12 | struct Post {
[INFO] [stdout]     | ----------- associated function or constant `TITLE` not found for this struct
[INFO] [stdout] ...
[INFO] [stdout] 122 |             set(Post::TITLE, "hello"),
[INFO] [stdout]     |                       ^^^^^ associated function or constant not found in `Post`
[INFO] [stdout] 
[INFO] [stdout] 
[INFO] [stdout] error[E0599]: no associated function or constant named `CREATE_TABLE_SQL` found for struct `Post` in the current scope
[INFO] [stdout]   --> examples/basic.rs:56:23
[INFO] [stdout]    |
[INFO] [stdout] 13 | struct Post {
[INFO] [stdout]    | ----------- associated function or constant `CREATE_TABLE_SQL` not found for this struct
[INFO] [stdout] ...
[INFO] [stdout] 56 |     sqlx::query(Post::CREATE_TABLE_SQL).execute(&pool).await?;
[INFO] [stdout]    |                       ^^^^^^^^^^^^^^^^ associated function or constant not found in `Post`
[INFO] [stdout]    |
[INFO] [stdout]    = help: items from traits can only be used if the trait is implemented and in scope
[INFO] [stdout]    = note: the following trait defines an item `CREATE_TABLE_SQL`, perhaps you need to implement it:
[INFO] [stdout]            candidate #1: `turdo_types::table::Table`
[INFO] [stdout] 
[INFO] [stdout] 
[INFO] [stdout] error[E0599]: no associated function or constant named `BODY` found for struct `Post` in the current scope
[INFO] [stdout]    --> tests/integration.rs:123:23
[INFO] [stdout]     |
[INFO] [stdout]  12 | struct Post {
[INFO] [stdout]     | ----------- associated function or constant `BODY` not found for this struct
[INFO] [stdout] ...
[INFO] [stdout] 123 |             set(Post::BODY, Some("world".to_owned())),
[INFO] [stdout]     |                       ^^^^ associated function or constant not found in `Post`
[INFO] [stdout] 
[INFO] [stdout] 
[INFO] [stdout] error[E0599]: no associated function or constant named `CREATE_TABLE_SQL` found for struct `Author` in the current scope
[INFO] [stdout]   --> examples/basic.rs:57:25
[INFO] [stdout]    |
[INFO] [stdout] 28 | struct Author {
[INFO] [stdout]    | ------------- associated function or constant `CREATE_TABLE_SQL` not found for this struct
[INFO] [stdout] ...
[INFO] [stdout] 57 |     sqlx::query(Author::CREATE_TABLE_SQL).execute(&pool).await?;
[INFO] [stdout]    |                         ^^^^^^^^^^^^^^^^ associated function or constant not found in `Author`
[INFO] [stdout]    |
[INFO] [stdout]    = help: items from traits can only be used if the trait is implemented and in scope
[INFO] [stdout]    = note: the following trait defines an item `CREATE_TABLE_SQL`, perhaps you need to implement it:
[INFO] [stdout]            candidate #1: `turdo_types::table::Table`
[INFO] [stdout] 
[INFO] [stdout] 
[INFO] [stdout] error[E0599]: no associated function or constant named `ID` found for struct `Author` in the current scope
[INFO] [stdout]   --> examples/basic.rs:59:21
[INFO] [stdout]    |
[INFO] [stdout] 28 | struct Author {
[INFO] [stdout]    | ------------- associated function or constant `ID` not found for this struct
[INFO] [stdout] ...
[INFO] [stdout] 59 |     select((Author::ID, Author::NAME))
[INFO] [stdout]    |                     ^^ associated function or constant not found in `Author`
[INFO] [stdout] 
[INFO] [stdout] 
[INFO] [stdout] error[E0599]: no associated function or constant named `NAME` found for struct `Author` in the current scope
[INFO] [stdout]   --> examples/basic.rs:59:33
[INFO] [stdout]    |
[INFO] [stdout] 28 | struct Author {
[INFO] [stdout]    | ------------- associated function or constant `NAME` not found for this struct
[INFO] [stdout] ...
[INFO] [stdout] 59 |     select((Author::ID, Author::NAME))
[INFO] [stdout]    |                                 ^^^^ associated function or constant not found in `Author`
[INFO] [stdout]    |
[INFO] [stdout]    = help: items from traits can only be used if the trait is implemented and in scope
[INFO] [stdout]    = note: the following traits define an item `NAME`, perhaps you need to implement one of them:
[INFO] [stdout]            candidate #1: `icu_properties::code_point_map::EnumeratedProperty`
[INFO] [stdout]            candidate #2: `icu_properties::code_point_set::BinaryProperty`
[INFO] [stdout]            candidate #3: `icu_properties::emoji::EmojiSet`
[INFO] [stdout]            candidate #4: `sqlx::Database`
[INFO] [stdout]            candidate #5: `turdo_types::col::ColEx`
[INFO] [stdout]            candidate #6: `turdo_types::col::ColName`
[INFO] [stdout] 
[INFO] [stdout] 
[INFO] [stdout] error[E0599]: no associated function or constant named `PUBLISHED` found for struct `Post` in the current scope
[INFO] [stdout]    --> tests/integration.rs:124:23
[INFO] [stdout]     |
[INFO] [stdout]  12 | struct Post {
[INFO] [stdout]     | ----------- associated function or constant `PUBLISHED` not found for this struct
[INFO] [stdout] ...
[INFO] [stdout] 124 |             set(Post::PUBLISHED, true),
[INFO] [stdout]     |                       ^^^^^^^^^ associated function or constant not found in `Post`
[INFO] [stdout] 
[INFO] [stdout] 
[INFO] [stdout] error[E0599]: no associated function or constant named `ID` found for struct `Author` in the current scope
[INFO] [stdout]   --> examples/basic.rs:64:30
[INFO] [stdout]    |
[INFO] [stdout] 28 | struct Author {
[INFO] [stdout]    | ------------- associated function or constant `ID` not found for this struct
[INFO] [stdout] ...
[INFO] [stdout] 64 |         .values((set(Author::ID, 1), set(Author::NAME, "ada")))
[INFO] [stdout]    |                              ^^ associated function or constant not found in `Author`
[INFO] [stdout] 
[INFO] [stdout] 
[INFO] [stdout] error[E0599]: no associated function or constant named `NAME` found for struct `Author` in the current scope
[INFO] [stdout]   --> examples/basic.rs:64:50
[INFO] [stdout]    |
[INFO] [stdout] 28 | struct Author {
[INFO] [stdout]    | ------------- associated function or constant `NAME` not found for this struct
[INFO] [stdout] ...
[INFO] [stdout] 64 |         .values((set(Author::ID, 1), set(Author::NAME, "ada")))
[INFO] [stdout]    |                                                  ^^^^ associated function or constant not found in `Author`
[INFO] [stdout]    |
[INFO] [stdout]    = help: items from traits can only be used if the trait is implemented and in scope
[INFO] [stdout]    = note: the following traits define an item `NAME`, perhaps you need to implement one of them:
[INFO] [stdout]            candidate #1: `icu_properties::code_point_map::EnumeratedProperty`
[INFO] [stdout]            candidate #2: `icu_properties::code_point_set::BinaryProperty`
[INFO] [stdout]            candidate #3: `icu_properties::emoji::EmojiSet`
[INFO] [stdout]            candidate #4: `sqlx::Database`
[INFO] [stdout]            candidate #5: `turdo_types::col::ColEx`
[INFO] [stdout]            candidate #6: `turdo_types::col::ColName`
[INFO] [stdout] 
[INFO] [stdout] 
[INFO] [stdout] error[E0599]: no associated function or constant named `ID` found for struct `Post` in the current scope
[INFO] [stdout]    --> tests/integration.rs:133:23
[INFO] [stdout]     |
[INFO] [stdout]  12 | struct Post {
[INFO] [stdout]     | ----------- associated function or constant `ID` not found for this struct
[INFO] [stdout] ...
[INFO] [stdout] 133 |             set(Post::ID, 2),
[INFO] [stdout]     |                       ^^ associated function or constant not found in `Post`
[INFO] [stdout] 
[INFO] [stdout] 
[INFO] [stdout] error[E0599]: no associated function or constant named `ID` found for struct `Post` in the current scope
[INFO] [stdout]   --> examples/basic.rs:70:23
[INFO] [stdout]    |
[INFO] [stdout] 13 | struct Post {
[INFO] [stdout]    | ----------- associated function or constant `ID` not found for this struct
[INFO] [stdout] ...
[INFO] [stdout] 70 |             set(Post::ID, 1),
[INFO] [stdout]    |                       ^^ associated function or constant not found in `Post`
[INFO] [stdout] 
[INFO] [stdout] 
[INFO] [stdout] error[E0599]: no associated function or constant named `AUTHOR_ID` found for struct `Post` in the current scope
[INFO] [stdout]   --> examples/basic.rs:71:23
[INFO] [stdout]    |
[INFO] [stdout] 13 | struct Post {
[INFO] [stdout]    | ----------- associated function or constant `AUTHOR_ID` not found for this struct
[INFO] [stdout] ...
[INFO] [stdout] 71 |             set(Post::AUTHOR_ID, 1),
[INFO] [stdout]    |                       ^^^^^^^^^ associated function or constant not found in `Post`
[INFO] [stdout] 
[INFO] [stdout] 
[INFO] [stdout] error[E0599]: no associated function or constant named `TITLE` found for struct `Post` in the current scope
[INFO] [stdout]   --> examples/basic.rs:72:23
[INFO] [stdout]    |
[INFO] [stdout] 13 | struct Post {
[INFO] [stdout]    | ----------- associated function or constant `TITLE` not found for this struct
[INFO] [stdout] ...
[INFO] [stdout] 72 |             set(Post::TITLE, "hello"),
[INFO] [stdout]    |                       ^^^^^ associated function or constant not found in `Post`
[INFO] [stdout] 
[INFO] [stdout] 
[INFO] [stdout] error[E0599]: no associated function or constant named `BODY` found for struct `Post` in the current scope
[INFO] [stdout]   --> examples/basic.rs:73:23
[INFO] [stdout]    |
[INFO] [stdout] 13 | struct Post {
[INFO] [stdout]    | ----------- associated function or constant `BODY` not found for this struct
[INFO] [stdout] ...
[INFO] [stdout] 73 |             set(Post::BODY, Some("world".into())),
[INFO] [stdout]    |                       ^^^^ associated function or constant not found in `Post`
[INFO] [stdout] 
[INFO] [stdout] 
[INFO] [stdout] error[E0599]: no associated function or constant named `PUBLISHED` found for struct `Post` in the current scope
[INFO] [stdout]   --> examples/basic.rs:74:23
[INFO] [stdout]    |
[INFO] [stdout] 13 | struct Post {
[INFO] [stdout]    | ----------- associated function or constant `PUBLISHED` not found for this struct
[INFO] [stdout] ...
[INFO] [stdout] 74 |             set(Post::PUBLISHED, true),
[INFO] [stdout]    |                       ^^^^^^^^^ associated function or constant not found in `Post`
[INFO] [stdout] 
[INFO] [stdout] 
[INFO] [stdout] error[E0599]: no associated function or constant named `ID` found for struct `Post` in the current scope
[INFO] [stdout]   --> examples/basic.rs:80:27
[INFO] [stdout]    |
[INFO] [stdout] 13 | struct Post {
[INFO] [stdout]    | ----------- associated function or constant `ID` not found for this struct
[INFO] [stdout] ...
[INFO] [stdout] 80 |     let q = select((Post::ID, Post::TITLE))
[INFO] [stdout]    |                           ^^ associated function or constant not found in `Post`
[INFO] [stdout] 
[INFO] [stdout] 
[INFO] [stdout] error[E0599]: no associated function or constant named `TITLE` found for struct `Post` in the current scope
[INFO] [stdout]   --> examples/basic.rs:80:37
[INFO] [stdout]    |
[INFO] [stdout] 13 | struct Post {
[INFO] [stdout]    | ----------- associated function or constant `TITLE` not found for this struct
[INFO] [stdout] ...
[INFO] [stdout] 80 |     let q = select((Post::ID, Post::TITLE))
[INFO] [stdout]    |                                     ^^^^^ associated function or constant not found in `Post`
[INFO] [stdout] 
[INFO] [stdout] 
[INFO] [stdout] error[E0599]: no associated function or constant named `AUTHOR_ID` found for struct `Post` in the current scope
[INFO] [stdout]    --> tests/integration.rs:134:23
[INFO] [stdout]     |
[INFO] [stdout]  12 | struct Post {
[INFO] [stdout]     | ----------- associated function or constant `AUTHOR_ID` not found for this struct
[INFO] [stdout] ...
[INFO] [stdout] 134 |             set(Post::AUTHOR_ID, 1),
[INFO] [stdout]     |                       ^^^^^^^^^ associated function or constant not found in `Post`
[INFO] [stdout] 
[INFO] [stdout] 
[INFO] [stdout] error[E0599]: no associated function or constant named `PUBLISHED` found for struct `Post` in the current scope
[INFO] [stdout]   --> examples/basic.rs:82:26
[INFO] [stdout]    |
[INFO] [stdout] 13 | struct Post {
[INFO] [stdout]    | ----------- associated function or constant `PUBLISHED` not found for this struct
[INFO] [stdout] ...
[INFO] [stdout] 82 |         .filter(eq(Post::PUBLISHED, true))
[INFO] [stdout]    |                          ^^^^^^^^^ associated function or constant not found in `Post`
[INFO] [stdout] 
[INFO] [stdout] 
[INFO] [stdout] error[E0599]: no associated function or constant named `TITLE` found for struct `Post` in the current scope
[INFO] [stdout]   --> examples/basic.rs:83:29
[INFO] [stdout]    |
[INFO] [stdout] 13 | struct Post {
[INFO] [stdout]    | ----------- associated function or constant `TITLE` not found for this struct
[INFO] [stdout] ...
[INFO] [stdout] 83 |         .order_by(asc(Post::TITLE))
[INFO] [stdout]    |                             ^^^^^ associated function or constant not found in `Post`
[INFO] [stdout] 
[INFO] [stdout] 
[INFO] [stdout] error[E0599]: no associated function or constant named `TITLE` found for struct `Post` in the current scope
[INFO] [stdout]    --> tests/integration.rs:135:23
[INFO] [stdout]     |
[INFO] [stdout]  12 | struct Post {
[INFO] [stdout]     | ----------- associated function or constant `TITLE` not found for this struct
[INFO] [stdout] ...
[INFO] [stdout] 135 |             set(Post::TITLE, "draft"),
[INFO] [stdout]     |                       ^^^^^ associated function or constant not found in `Post`
[INFO] [stdout] 
[INFO] [stdout] 
[INFO] [stdout] error[E0599]: no associated function or constant named `BODY` found for struct `Post` in the current scope
[INFO] [stdout]    --> tests/integration.rs:136:23
[INFO] [stdout]     |
[INFO] [stdout]  12 | struct Post {
[INFO] [stdout]     | ----------- associated function or constant `BODY` not found for this struct
[INFO] [stdout] ...
[INFO] [stdout] 136 |             set(Post::BODY, None::<String>),
[INFO] [stdout]     |                       ^^^^ associated function or constant not found in `Post`
[INFO] [stdout] 
[INFO] [stdout] 
[INFO] [stdout] error[E0599]: no associated function or constant named `ID` found for struct `Post` in the current scope
[INFO] [stdout]   --> examples/basic.rs:94:23
[INFO] [stdout]    |
[INFO] [stdout] 13 | struct Post {
[INFO] [stdout]    | ----------- associated function or constant `ID` not found for this struct
[INFO] [stdout] ...
[INFO] [stdout] 94 |         select((Post::ID.alias("post_id"), Author::NAME.alias("author_name")))
[INFO] [stdout]    |                       ^^ associated function or constant not found in `Post`
[INFO] [stdout] 
[INFO] [stdout] 
[INFO] [stdout] error[E0599]: no associated function or constant named `PUBLISHED` found for struct `Post` in the current scope
[INFO] [stdout]    --> tests/integration.rs:137:23
[INFO] [stdout]     |
[INFO] [stdout]  12 | struct Post {
[INFO] [stdout]     | ----------- associated function or constant `PUBLISHED` not found for this struct
[INFO] [stdout] ...
[INFO] [stdout] 137 |             set(Post::PUBLISHED, false),
[INFO] [stdout]     |                       ^^^^^^^^^ associated function or constant not found in `Post`
[INFO] [stdout] 
[INFO] [stdout] 
[INFO] [stdout] error[E0599]: no associated function or constant named `ID` found for struct `Post` in the current scope
[INFO] [stdout]    --> tests/integration.rs:146:44
[INFO] [stdout]     |
[INFO] [stdout]  12 | struct Post {
[INFO] [stdout]     | ----------- associated function or constant `ID` not found for this struct
[INFO] [stdout] ...
[INFO] [stdout] 146 |     let rows: Vec<PostRow> = select((Post::ID, Post::TITLE, Post::BODY))
[INFO] [stdout]     |                                            ^^ associated function or constant not found in `Post`
[INFO] [stdout] 
[INFO] [stdout] 
[INFO] [stdout] error[E0599]: no associated function or constant named `NAME` found for struct `Author` in the current scope
[INFO] [stdout]   --> examples/basic.rs:94:52
[INFO] [stdout]    |
[INFO] [stdout] 28 | struct Author {
[INFO] [stdout]    | ------------- associated function or constant `NAME` not found for this struct
[INFO] [stdout] ...
[INFO] [stdout] 94 |         select((Post::ID.alias("post_id"), Author::NAME.alias("author_name")))
[INFO] [stdout]    |                                                    ^^^^ associated function or constant not found in `Author`
[INFO] [stdout]    |
[INFO] [stdout]    = help: items from traits can only be used if the trait is implemented and in scope
[INFO] [stdout]    = note: the following traits define an item `NAME`, perhaps you need to implement one of them:
[INFO] [stdout]            candidate #1: `icu_properties::code_point_map::EnumeratedProperty`
[INFO] [stdout]            candidate #2: `icu_properties::code_point_set::BinaryProperty`
[INFO] [stdout]            candidate #3: `icu_properties::emoji::EmojiSet`
[INFO] [stdout]            candidate #4: `sqlx::Database`
[INFO] [stdout]            candidate #5: `turdo_types::col::ColEx`
[INFO] [stdout]            candidate #6: `turdo_types::col::ColName`
[INFO] [stdout] 
[INFO] [stdout] 
[INFO] [stdout] error[E0599]: no associated function or constant named `TITLE` found for struct `Post` in the current scope
[INFO] [stdout]    --> tests/integration.rs:146:54
[INFO] [stdout]     |
[INFO] [stdout]  12 | struct Post {
[INFO] [stdout]     | ----------- associated function or constant `TITLE` not found for this struct
[INFO] [stdout] ...
[INFO] [stdout] 146 |     let rows: Vec<PostRow> = select((Post::ID, Post::TITLE, Post::BODY))
[INFO] [stdout]     |                                                      ^^^^^ associated function or constant not found in `Post`
[INFO] [stdout] 
[INFO] [stdout] 
[INFO] [stdout] error[E0599]: no associated function or constant named `BODY` found for struct `Post` in the current scope
[INFO] [stdout]    --> tests/integration.rs:146:67
[INFO] [stdout]     |
[INFO] [stdout]  12 | struct Post {
[INFO] [stdout]     | ----------- associated function or constant `BODY` not found for this struct
[INFO] [stdout] ...
[INFO] [stdout] 146 |     let rows: Vec<PostRow> = select((Post::ID, Post::TITLE, Post::BODY))
[INFO] [stdout]     |                                                                   ^^^^ associated function or constant not found in `Post`
[INFO] [stdout] 
[INFO] [stdout] 
[INFO] [stdout] error[E0599]: no associated function or constant named `AUTHOR_ID` found for struct `Post` in the current scope
[INFO] [stdout]   --> examples/basic.rs:96:48
[INFO] [stdout]    |
[INFO] [stdout] 13 | struct Post {
[INFO] [stdout]    | ----------- associated function or constant `AUTHOR_ID` not found for this struct
[INFO] [stdout] ...
[INFO] [stdout] 96 |             .inner_join::<Author>(eq_col(Post::AUTHOR_ID, Author::ID))
[INFO] [stdout]    |                                                ^^^^^^^^^ associated function or constant not found in `Post`
[INFO] [stdout] 
[INFO] [stdout] 
[INFO] [stdout] error[E0599]: no associated function or constant named `PUBLISHED` found for struct `Post` in the current scope
[INFO] [stdout]    --> tests/integration.rs:148:26
[INFO] [stdout]     |
[INFO] [stdout]  12 | struct Post {
[INFO] [stdout]     | ----------- associated function or constant `PUBLISHED` not found for this struct
[INFO] [stdout] ...
[INFO] [stdout] 148 |         .filter(eq(Post::PUBLISHED, true))
[INFO] [stdout]     |                          ^^^^^^^^^ associated function or constant not found in `Post`
[INFO] [stdout] 
[INFO] [stdout] 
[INFO] [stdout] error[E0599]: no associated function or constant named `ID` found for struct `Author` in the current scope
[INFO] [stdout]   --> examples/basic.rs:96:67
[INFO] [stdout]    |
[INFO] [stdout] 28 | struct Author {
[INFO] [stdout]    | ------------- associated function or constant `ID` not found for this struct
[INFO] [stdout] ...
[INFO] [stdout] 96 |             .inner_join::<Author>(eq_col(Post::AUTHOR_ID, Author::ID))
[INFO] [stdout]    |                                                                   ^^ associated function or constant not found in `Author`
[INFO] [stdout] 
[INFO] [stdout] 
[INFO] [stdout] error[E0599]: no associated function or constant named `ID` found for struct `Post` in the current scope
[INFO] [stdout]    --> tests/integration.rs:160:44
[INFO] [stdout]     |
[INFO] [stdout]  12 | struct Post {
[INFO] [stdout]     | ----------- associated function or constant `ID` not found for this struct
[INFO] [stdout] ...
[INFO] [stdout] 160 |     let rows: Vec<PostRow> = select((Post::ID, Post::TITLE, Post::BODY))
[INFO] [stdout]     |                                            ^^ associated function or constant not found in `Post`
[INFO] [stdout] 
[INFO] [stdout] 
[INFO] [stdout] error[E0599]: no associated function or constant named `ID` found for struct `Post` in the current scope
[INFO] [stdout]    --> examples/basic.rs:103:28
[INFO] [stdout]     |
[INFO] [stdout]  13 | struct Post {
[INFO] [stdout]     | ----------- associated function or constant `ID` not found for this struct
[INFO] [stdout] ...
[INFO] [stdout] 103 |     let sq = select((Post::ID, Post::TITLE)).from::<Post>().alias("sq");
[INFO] [stdout]     |                            ^^ associated function or constant not found in `Post`
[INFO] [stdout] 
[INFO] [stdout] 
[INFO] [stdout] error[E0599]: no associated function or constant named `TITLE` found for struct `Post` in the current scope
[INFO] [stdout]    --> tests/integration.rs:160:54
[INFO] [stdout]     |
[INFO] [stdout]  12 | struct Post {
[INFO] [stdout]     | ----------- associated function or constant `TITLE` not found for this struct
[INFO] [stdout] ...
[INFO] [stdout] 160 |     let rows: Vec<PostRow> = select((Post::ID, Post::TITLE, Post::BODY))
[INFO] [stdout]     |                                                      ^^^^^ associated function or constant not found in `Post`
[INFO] [stdout] 
[INFO] [stdout] 
[INFO] [stdout] error[E0599]: no associated function or constant named `TITLE` found for struct `Post` in the current scope
[INFO] [stdout]    --> examples/basic.rs:103:38
[INFO] [stdout]     |
[INFO] [stdout]  13 | struct Post {
[INFO] [stdout]     | ----------- associated function or constant `TITLE` not found for this struct
[INFO] [stdout] ...
[INFO] [stdout] 103 |     let sq = select((Post::ID, Post::TITLE)).from::<Post>().alias("sq");
[INFO] [stdout]     |                                      ^^^^^ associated function or constant not found in `Post`
[INFO] [stdout] 
[INFO] [stdout] 
[INFO] [stdout] error[E0599]: no associated function or constant named `BODY` found for struct `Post` in the current scope
[INFO] [stdout]    --> tests/integration.rs:160:67
[INFO] [stdout]     |
[INFO] [stdout]  12 | struct Post {
[INFO] [stdout]     | ----------- associated function or constant `BODY` not found for this struct
[INFO] [stdout] ...
[INFO] [stdout] 160 |     let rows: Vec<PostRow> = select((Post::ID, Post::TITLE, Post::BODY))
[INFO] [stdout]     |                                                                   ^^^^ associated function or constant not found in `Post`
[INFO] [stdout] 
[INFO] [stdout] 
[INFO] [stdout] error[E0599]: no associated function or constant named `ID` found for struct `Post` in the current scope
[INFO] [stdout]    --> tests/integration.rs:162:26
[INFO] [stdout]     |
[INFO] [stdout]  12 | struct Post {
[INFO] [stdout]     | ----------- associated function or constant `ID` not found for this struct
[INFO] [stdout] ...
[INFO] [stdout] 162 |         .filter(eq(Post::ID, 2))
[INFO] [stdout]     |                          ^^ associated function or constant not found in `Post`
[INFO] [stdout] 
[INFO] [stdout] 
[INFO] [stdout] error[E0599]: no associated function or constant named `ID` found for struct `Post` in the current scope
[INFO] [stdout]    --> examples/basic.rs:117:23
[INFO] [stdout]     |
[INFO] [stdout]  13 | struct Post {
[INFO] [stdout]     | ----------- associated function or constant `ID` not found for this struct
[INFO] [stdout] ...
[INFO] [stdout] 117 |             set(Post::ID, 2),
[INFO] [stdout]     |                       ^^ associated function or constant not found in `Post`
[INFO] [stdout] 
[INFO] [stdout] 
[INFO] [stdout] error[E0599]: no associated function or constant named `ID` found for struct `Post` in the current scope
[INFO] [stdout]    --> tests/integration.rs:171:46
[INFO] [stdout]     |
[INFO] [stdout]  12 | struct Post {
[INFO] [stdout]     | ----------- associated function or constant `ID` not found for this struct
[INFO] [stdout] ...
[INFO] [stdout] 171 |     let one: Option<PostRow> = select((Post::ID, Post::TITLE, Post::BODY))
[INFO] [stdout]     |                                              ^^ associated function or constant not found in `Post`
[INFO] [stdout] 
[INFO] [stdout] 
[INFO] [stdout] error[E0599]: no associated function or constant named `TITLE` found for struct `Post` in the current scope
[INFO] [stdout]    --> tests/integration.rs:171:56
[INFO] [stdout]     |
[INFO] [stdout]  12 | struct Post {
[INFO] [stdout]     | ----------- associated function or constant `TITLE` not found for this struct
[INFO] [stdout] ...
[INFO] [stdout] 171 |     let one: Option<PostRow> = select((Post::ID, Post::TITLE, Post::BODY))
[INFO] [stdout]     |                                                        ^^^^^ associated function or constant not found in `Post`
[INFO] [stdout] 
[INFO] [stdout] 
[INFO] [stdout] error[E0599]: no associated function or constant named `AUTHOR_ID` found for struct `Post` in the current scope
[INFO] [stdout]    --> examples/basic.rs:118:23
[INFO] [stdout]     |
[INFO] [stdout]  13 | struct Post {
[INFO] [stdout]     | ----------- associated function or constant `AUTHOR_ID` not found for this struct
[INFO] [stdout] ...
[INFO] [stdout] 118 |             set(Post::AUTHOR_ID, 1),
[INFO] [stdout]     |                       ^^^^^^^^^ associated function or constant not found in `Post`
[INFO] [stdout] 
[INFO] [stdout] 
[INFO] [stdout] error[E0599]: no associated function or constant named `BODY` found for struct `Post` in the current scope
[INFO] [stdout]    --> tests/integration.rs:171:69
[INFO] [stdout]     |
[INFO] [stdout]  12 | struct Post {
[INFO] [stdout]     | ----------- associated function or constant `BODY` not found for this struct
[INFO] [stdout] ...
[INFO] [stdout] 171 |     let one: Option<PostRow> = select((Post::ID, Post::TITLE, Post::BODY))
[INFO] [stdout]     |                                                                     ^^^^ associated function or constant not found in `Post`
[INFO] [stdout] 
[INFO] [stdout] 
[INFO] [stdout] error[E0599]: no associated function or constant named `ID` found for struct `Post` in the current scope
[INFO] [stdout]    --> tests/integration.rs:173:29
[INFO] [stdout]     |
[INFO] [stdout]  12 | struct Post {
[INFO] [stdout]     | ----------- associated function or constant `ID` not found for this struct
[INFO] [stdout] ...
[INFO] [stdout] 173 |         .order_by(asc(Post::ID))
[INFO] [stdout]     |                             ^^ associated function or constant not found in `Post`
[INFO] [stdout] 
[INFO] [stdout] 
[INFO] [stdout] error[E0599]: no associated function or constant named `TITLE` found for struct `Post` in the current scope
[INFO] [stdout]    --> examples/basic.rs:119:23
[INFO] [stdout]     |
[INFO] [stdout]  13 | struct Post {
[INFO] [stdout]     | ----------- associated function or constant `TITLE` not found for this struct
[INFO] [stdout] ...
[INFO] [stdout] 119 |             set(Post::TITLE, "txn"),
[INFO] [stdout]     |                       ^^^^^ associated function or constant not found in `Post`
[INFO] [stdout] 
[INFO] [stdout] 
[INFO] [stdout] error[E0599]: no associated function or constant named `ID` found for struct `Post` in the current scope
[INFO] [stdout]    --> tests/integration.rs:180:47
[INFO] [stdout]     |
[INFO] [stdout]  12 | struct Post {
[INFO] [stdout]     | ----------- associated function or constant `ID` not found for this struct
[INFO] [stdout] ...
[INFO] [stdout] 180 |     let none: Option<PostRow> = select((Post::ID, Post::TITLE, Post::BODY))
[INFO] [stdout]     |                                               ^^ associated function or constant not found in `Post`
[INFO] [stdout] 
[INFO] [stdout] 
[INFO] [stdout] error[E0599]: no associated function or constant named `BODY` found for struct `Post` in the current scope
[INFO] [stdout]    --> examples/basic.rs:120:23
[INFO] [stdout]     |
[INFO] [stdout]  13 | struct Post {
[INFO] [stdout]     | ----------- associated function or constant `BODY` not found for this struct
[INFO] [stdout] ...
[INFO] [stdout] 120 |             set(Post::BODY, None::<String>),
[INFO] [stdout]     |                       ^^^^ associated function or constant not found in `Post`
[INFO] [stdout] 
[INFO] [stdout] 
[INFO] [stdout] error[E0599]: no associated function or constant named `TITLE` found for struct `Post` in the current scope
[INFO] [stdout]    --> tests/integration.rs:180:57
[INFO] [stdout]     |
[INFO] [stdout]  12 | struct Post {
[INFO] [stdout]     | ----------- associated function or constant `TITLE` not found for this struct
[INFO] [stdout] ...
[INFO] [stdout] 180 |     let none: Option<PostRow> = select((Post::ID, Post::TITLE, Post::BODY))
[INFO] [stdout]     |                                                         ^^^^^ associated function or constant not found in `Post`
[INFO] [stdout] 
[INFO] [stdout] 
[INFO] [stdout] error[E0599]: no associated function or constant named `BODY` found for struct `Post` in the current scope
[INFO] [stdout]    --> tests/integration.rs:180:70
[INFO] [stdout]     |
[INFO] [stdout]  12 | struct Post {
[INFO] [stdout]     | ----------- associated function or constant `BODY` not found for this struct
[INFO] [stdout] ...
[INFO] [stdout] 180 |     let none: Option<PostRow> = select((Post::ID, Post::TITLE, Post::BODY))
[INFO] [stdout]     |                                                                      ^^^^ associated function or constant not found in `Post`
[INFO] [stdout] 
[INFO] [stdout] 
[INFO] [stdout] error[E0599]: no associated function or constant named `PUBLISHED` found for struct `Post` in the current scope
[INFO] [stdout]    --> examples/basic.rs:121:23
[INFO] [stdout]     |
[INFO] [stdout]  13 | struct Post {
[INFO] [stdout]     | ----------- associated function or constant `PUBLISHED` not found for this struct
[INFO] [stdout] ...
[INFO] [stdout] 121 |             set(Post::PUBLISHED, true),
[INFO] [stdout]     |                       ^^^^^^^^^ associated function or constant not found in `Post`
[INFO] [stdout] 
[INFO] [stdout] 
[INFO] [stdout] error[E0599]: no associated function or constant named `ID` found for struct `Post` in the current scope
[INFO] [stdout]    --> tests/integration.rs:182:26
[INFO] [stdout]     |
[INFO] [stdout]  12 | struct Post {
[INFO] [stdout]     | ----------- associated function or constant `ID` not found for this struct
[INFO] [stdout] ...
[INFO] [stdout] 182 |         .filter(eq(Post::ID, 999))
[INFO] [stdout]     |                          ^^ associated function or constant not found in `Post`
[INFO] [stdout] 
[INFO] [stdout] 
[INFO] [stdout] error[E0599]: no associated function or constant named `TITLE` found for struct `Post` in the current scope
[INFO] [stdout]    --> tests/integration.rs:192:25
[INFO] [stdout]     |
[INFO] [stdout]  12 | struct Post {
[INFO] [stdout]     | ----------- associated function or constant `TITLE` not found for this struct
[INFO] [stdout] ...
[INFO] [stdout] 192 |         .set((set(Post::TITLE, "renamed"),))
[INFO] [stdout]     |                         ^^^^^ associated function or constant not found in `Post`
[INFO] [stdout] 
[INFO] [stdout] 
[INFO] [stdout] error[E0599]: no associated function or constant named `ID` found for struct `Post` in the current scope
[INFO] [stdout]    --> tests/integration.rs:193:26
[INFO] [stdout]     |
[INFO] [stdout]  12 | struct Post {
[INFO] [stdout]     | ----------- associated function or constant `ID` not found for this struct
[INFO] [stdout] ...
[INFO] [stdout] 193 |         .filter(eq(Post::ID, 1))
[INFO] [stdout]     |                          ^^ associated function or constant not found in `Post`
[INFO] [stdout] 
[INFO] [stdout] 
[INFO] [stdout] Some errors have detailed explanations: E0432, E0433, E0599.
[INFO] [stdout] 
[INFO] [stdout] For more information about an error, try `rustc --explain E0432`.
[INFO] [stdout] 
[INFO] [stdout] error[E0599]: no associated function or constant named `ID` found for struct `Post` in the current scope
[INFO] [stdout]    --> tests/integration.rs:200:44
[INFO] [stdout]     |
[INFO] [stdout]  12 | struct Post {
[INFO] [stdout]     | ----------- associated function or constant `ID` not found for this struct
[INFO] [stdout] ...
[INFO] [stdout] 200 |     let rows: Vec<PostRow> = select((Post::ID, Post::TITLE, Post::BODY))
[INFO] [stdout]     |                                            ^^ associated function or constant not found in `Post`
[INFO] [stdout] 
[INFO] [stdout] 
[INFO] [stderr] error: could not compile `turdo-sqlx` (example "basic") due to 43 previous errors
[INFO] [stderr] warning: build failed, waiting for other jobs to finish...
[INFO] [stdout] error[E0599]: no associated function or constant named `TITLE` found for struct `Post` in the current scope
[INFO] [stdout]    --> tests/integration.rs:200:54
[INFO] [stdout]     |
[INFO] [stdout]  12 | struct Post {
[INFO] [stdout]     | ----------- associated function or constant `TITLE` not found for this struct
[INFO] [stdout] ...
[INFO] [stdout] 200 |     let rows: Vec<PostRow> = select((Post::ID, Post::TITLE, Post::BODY))
[INFO] [stdout]     |                                                      ^^^^^ associated function or constant not found in `Post`
[INFO] [stdout] 
[INFO] [stdout] 
[INFO] [stdout] error[E0599]: no associated function or constant named `BODY` found for struct `Post` in the current scope
[INFO] [stdout]    --> tests/integration.rs:200:67
[INFO] [stdout]     |
[INFO] [stdout]  12 | struct Post {
[INFO] [stdout]     | ----------- associated function or constant `BODY` not found for this struct
[INFO] [stdout] ...
[INFO] [stdout] 200 |     let rows: Vec<PostRow> = select((Post::ID, Post::TITLE, Post::BODY))
[INFO] [stdout]     |                                                                   ^^^^ associated function or constant not found in `Post`
[INFO] [stdout] 
[INFO] [stdout] 
[INFO] [stdout] error[E0599]: no associated function or constant named `ID` found for struct `Post` in the current scope
[INFO] [stdout]    --> tests/integration.rs:202:26
[INFO] [stdout]     |
[INFO] [stdout]  12 | struct Post {
[INFO] [stdout]     | ----------- associated function or constant `ID` not found for this struct
[INFO] [stdout] ...
[INFO] [stdout] 202 |         .filter(eq(Post::ID, 1))
[INFO] [stdout]     |                          ^^ associated function or constant not found in `Post`
[INFO] [stdout] 
[INFO] [stdout] 
[INFO] [stdout] error[E0599]: no associated function or constant named `PUBLISHED` found for struct `Post` in the current scope
[INFO] [stdout]    --> tests/integration.rs:212:26
[INFO] [stdout]     |
[INFO] [stdout]  12 | struct Post {
[INFO] [stdout]     | ----------- associated function or constant `PUBLISHED` not found for this struct
[INFO] [stdout] ...
[INFO] [stdout] 212 |         .filter(eq(Post::PUBLISHED, false))
[INFO] [stdout]     |                          ^^^^^^^^^ associated function or constant not found in `Post`
[INFO] [stdout] 
[INFO] [stdout] 
[INFO] [stdout] error[E0599]: no associated function or constant named `ID` found for struct `Author` in the current scope
[INFO] [stdout]    --> tests/integration.rs:225:30
[INFO] [stdout]     |
[INFO] [stdout]  27 | struct Author {
[INFO] [stdout]     | ------------- associated function or constant `ID` not found for this struct
[INFO] [stdout] ...
[INFO] [stdout] 225 |         .values((set(Author::ID, 1), set(Author::NAME, "ada")))
[INFO] [stdout]     |                              ^^ associated function or constant not found in `Author`
[INFO] [stdout] 
[INFO] [stdout] 
[INFO] [stdout] error[E0599]: no associated function or constant named `NAME` found for struct `Author` in the current scope
[INFO] [stdout]    --> tests/integration.rs:225:50
[INFO] [stdout]     |
[INFO] [stdout]  27 | struct Author {
[INFO] [stdout]     | ------------- associated function or constant `NAME` not found for this struct
[INFO] [stdout] ...
[INFO] [stdout] 225 |         .values((set(Author::ID, 1), set(Author::NAME, "ada")))
[INFO] [stdout]     |                                                  ^^^^ associated function or constant not found in `Author`
[INFO] [stdout]     |
[INFO] [stdout]     = help: items from traits can only be used if the trait is implemented and in scope
[INFO] [stdout]     = note: the following traits define an item `NAME`, perhaps you need to implement one of them:
[INFO] [stdout]             candidate #1: `icu_properties::code_point_map::EnumeratedProperty`
[INFO] [stdout]             candidate #2: `icu_properties::code_point_set::BinaryProperty`
[INFO] [stdout]             candidate #3: `icu_properties::emoji::EmojiSet`
[INFO] [stdout]             candidate #4: `sqlx::Database`
[INFO] [stdout]             candidate #5: `turdo_types::col::ColEx`
[INFO] [stdout]             candidate #6: `turdo_types::col::ColName`
[INFO] [stdout] 
[INFO] [stdout] 
[INFO] [stdout] error[E0599]: no associated function or constant named `ID` found for struct `Post` in the current scope
[INFO] [stdout]    --> tests/integration.rs:233:23
[INFO] [stdout]     |
[INFO] [stdout]  12 | struct Post {
[INFO] [stdout]     | ----------- associated function or constant `ID` not found for this struct
[INFO] [stdout] ...
[INFO] [stdout] 233 |             set(Post::ID, 1),
[INFO] [stdout]     |                       ^^ associated function or constant not found in `Post`
[INFO] [stdout] 
[INFO] [stdout] 
[INFO] [stdout] error[E0599]: no associated function or constant named `AUTHOR_ID` found for struct `Post` in the current scope
[INFO] [stdout]    --> tests/integration.rs:234:23
[INFO] [stdout]     |
[INFO] [stdout]  12 | struct Post {
[INFO] [stdout]     | ----------- associated function or constant `AUTHOR_ID` not found for this struct
[INFO] [stdout] ...
[INFO] [stdout] 234 |             set(Post::AUTHOR_ID, 1),
[INFO] [stdout]     |                       ^^^^^^^^^ associated function or constant not found in `Post`
[INFO] [stdout] 
[INFO] [stdout] 
[INFO] [stdout] error[E0599]: no associated function or constant named `TITLE` found for struct `Post` in the current scope
[INFO] [stdout]    --> tests/integration.rs:235:23
[INFO] [stdout]     |
[INFO] [stdout]  12 | struct Post {
[INFO] [stdout]     | ----------- associated function or constant `TITLE` not found for this struct
[INFO] [stdout] ...
[INFO] [stdout] 235 |             set(Post::TITLE, "hello"),
[INFO] [stdout]     |                       ^^^^^ associated function or constant not found in `Post`
[INFO] [stdout] 
[INFO] [stdout] 
[INFO] [stdout] error[E0599]: no associated function or constant named `BODY` found for struct `Post` in the current scope
[INFO] [stdout]    --> tests/integration.rs:236:23
[INFO] [stdout]     |
[INFO] [stdout]  12 | struct Post {
[INFO] [stdout]     | ----------- associated function or constant `BODY` not found for this struct
[INFO] [stdout] ...
[INFO] [stdout] 236 |             set(Post::BODY, None::<String>),
[INFO] [stdout]     |                       ^^^^ associated function or constant not found in `Post`
[INFO] [stdout] 
[INFO] [stdout] 
[INFO] [stdout] error[E0599]: no associated function or constant named `PUBLISHED` found for struct `Post` in the current scope
[INFO] [stdout]    --> tests/integration.rs:237:23
[INFO] [stdout]     |
[INFO] [stdout]  12 | struct Post {
[INFO] [stdout]     | ----------- associated function or constant `PUBLISHED` not found for this struct
[INFO] [stdout] ...
[INFO] [stdout] 237 |             set(Post::PUBLISHED, true),
[INFO] [stdout]     |                       ^^^^^^^^^ associated function or constant not found in `Post`
[INFO] [stdout] 
[INFO] [stdout] 
[INFO] [stdout] error[E0599]: no associated function or constant named `ID` found for struct `Post` in the current scope
[INFO] [stdout]    --> tests/integration.rs:246:23
[INFO] [stdout]     |
[INFO] [stdout]  12 | struct Post {
[INFO] [stdout]     | ----------- associated function or constant `ID` not found for this struct
[INFO] [stdout] ...
[INFO] [stdout] 246 |         select((Post::ID.alias("post_id"), Author::NAME.alias("author_name")))
[INFO] [stdout]     |                       ^^ associated function or constant not found in `Post`
[INFO] [stdout] 
[INFO] [stdout] 
[INFO] [stdout] error[E0599]: no associated function or constant named `NAME` found for struct `Author` in the current scope
[INFO] [stdout]    --> tests/integration.rs:246:52
[INFO] [stdout]     |
[INFO] [stdout]  27 | struct Author {
[INFO] [stdout]     | ------------- associated function or constant `NAME` not found for this struct
[INFO] [stdout] ...
[INFO] [stdout] 246 |         select((Post::ID.alias("post_id"), Author::NAME.alias("author_name")))
[INFO] [stdout]     |                                                    ^^^^ associated function or constant not found in `Author`
[INFO] [stdout]     |
[INFO] [stdout]     = help: items from traits can only be used if the trait is implemented and in scope
[INFO] [stdout]     = note: the following traits define an item `NAME`, perhaps you need to implement one of them:
[INFO] [stdout]             candidate #1: `icu_properties::code_point_map::EnumeratedProperty`
[INFO] [stdout]             candidate #2: `icu_properties::code_point_set::BinaryProperty`
[INFO] [stdout]             candidate #3: `icu_properties::emoji::EmojiSet`
[INFO] [stdout]             candidate #4: `sqlx::Database`
[INFO] [stdout]             candidate #5: `turdo_types::col::ColEx`
[INFO] [stdout]             candidate #6: `turdo_types::col::ColName`
[INFO] [stdout] 
[INFO] [stdout] 
[INFO] [stdout] error[E0599]: no associated function or constant named `AUTHOR_ID` found for struct `Post` in the current scope
[INFO] [stdout]    --> tests/integration.rs:248:48
[INFO] [stdout]     |
[INFO] [stdout]  12 | struct Post {
[INFO] [stdout]     | ----------- associated function or constant `AUTHOR_ID` not found for this struct
[INFO] [stdout] ...
[INFO] [stdout] 248 |             .inner_join::<Author>(eq_col(Post::AUTHOR_ID, Author::ID))
[INFO] [stdout]     |                                                ^^^^^^^^^ associated function or constant not found in `Post`
[INFO] [stdout] 
[INFO] [stdout] 
[INFO] [stdout] error[E0599]: no associated function or constant named `ID` found for struct `Author` in the current scope
[INFO] [stdout]    --> tests/integration.rs:248:67
[INFO] [stdout]     |
[INFO] [stdout]  27 | struct Author {
[INFO] [stdout]     | ------------- associated function or constant `ID` not found for this struct
[INFO] [stdout] ...
[INFO] [stdout] 248 |             .inner_join::<Author>(eq_col(Post::AUTHOR_ID, Author::ID))
[INFO] [stdout]     |                                                                   ^^ associated function or constant not found in `Author`
[INFO] [stdout] 
[INFO] [stdout] 
[INFO] [stdout] error[E0599]: no associated function or constant named `ID` found for struct `Post` in the current scope
[INFO] [stdout]    --> tests/integration.rs:261:23
[INFO] [stdout]     |
[INFO] [stdout]  12 | struct Post {
[INFO] [stdout]     | ----------- associated function or constant `ID` not found for this struct
[INFO] [stdout] ...
[INFO] [stdout] 261 |         select((Post::ID.alias("post_id"), Author::NAME.alias("author_name")))
[INFO] [stdout]     |                       ^^ associated function or constant not found in `Post`
[INFO] [stdout] 
[INFO] [stdout] 
[INFO] [stdout] error[E0599]: no associated function or constant named `NAME` found for struct `Author` in the current scope
[INFO] [stdout]    --> tests/integration.rs:261:52
[INFO] [stdout]     |
[INFO] [stdout]  27 | struct Author {
[INFO] [stdout]     | ------------- associated function or constant `NAME` not found for this struct
[INFO] [stdout] ...
[INFO] [stdout] 261 |         select((Post::ID.alias("post_id"), Author::NAME.alias("author_name")))
[INFO] [stdout]     |                                                    ^^^^ associated function or constant not found in `Author`
[INFO] [stdout]     |
[INFO] [stdout]     = help: items from traits can only be used if the trait is implemented and in scope
[INFO] [stdout]     = note: the following traits define an item `NAME`, perhaps you need to implement one of them:
[INFO] [stdout]             candidate #1: `icu_properties::code_point_map::EnumeratedProperty`
[INFO] [stdout]             candidate #2: `icu_properties::code_point_set::BinaryProperty`
[INFO] [stdout]             candidate #3: `icu_properties::emoji::EmojiSet`
[INFO] [stdout]             candidate #4: `sqlx::Database`
[INFO] [stdout]             candidate #5: `turdo_types::col::ColEx`
[INFO] [stdout]             candidate #6: `turdo_types::col::ColName`
[INFO] [stdout] 
[INFO] [stdout] 
[INFO] [stdout] error[E0599]: no associated function or constant named `AUTHOR_ID` found for struct `Post` in the current scope
[INFO] [stdout]    --> tests/integration.rs:263:47
[INFO] [stdout]     |
[INFO] [stdout]  12 | struct Post {
[INFO] [stdout]     | ----------- associated function or constant `AUTHOR_ID` not found for this struct
[INFO] [stdout] ...
[INFO] [stdout] 263 |             .left_join::<Author>(eq_col(Post::AUTHOR_ID, Author::ID))
[INFO] [stdout]     |                                               ^^^^^^^^^ associated function or constant not found in `Post`
[INFO] [stdout] 
[INFO] [stdout] 
[INFO] [stdout] error[E0599]: no associated function or constant named `ID` found for struct `Author` in the current scope
[INFO] [stdout]    --> tests/integration.rs:263:66
[INFO] [stdout]     |
[INFO] [stdout]  27 | struct Author {
[INFO] [stdout]     | ------------- associated function or constant `ID` not found for this struct
[INFO] [stdout] ...
[INFO] [stdout] 263 |             .left_join::<Author>(eq_col(Post::AUTHOR_ID, Author::ID))
[INFO] [stdout]     |                                                                  ^^ associated function or constant not found in `Author`
[INFO] [stdout] 
[INFO] [stdout] 
[INFO] [stdout] error[E0599]: no associated function or constant named `TITLE` found for struct `Post` in the current scope
[INFO] [stdout]    --> tests/integration.rs:264:34
[INFO] [stdout]     |
[INFO] [stdout]  12 | struct Post {
[INFO] [stdout]     | ----------- associated function or constant `TITLE` not found for this struct
[INFO] [stdout] ...
[INFO] [stdout] 264 |             .order_by((asc(Post::TITLE), asc(Author::NAME)))
[INFO] [stdout]     |                                  ^^^^^ associated function or constant not found in `Post`
[INFO] [stdout] 
[INFO] [stdout] 
[INFO] [stdout] error[E0599]: no associated function or constant named `NAME` found for struct `Author` in the current scope
[INFO] [stdout]    --> tests/integration.rs:264:54
[INFO] [stdout]     |
[INFO] [stdout]  27 | struct Author {
[INFO] [stdout]     | ------------- associated function or constant `NAME` not found for this struct
[INFO] [stdout] ...
[INFO] [stdout] 264 |             .order_by((asc(Post::TITLE), asc(Author::NAME)))
[INFO] [stdout]     |                                                      ^^^^ associated function or constant not found in `Author`
[INFO] [stdout]     |
[INFO] [stdout]     = help: items from traits can only be used if the trait is implemented and in scope
[INFO] [stdout]     = note: the following traits define an item `NAME`, perhaps you need to implement one of them:
[INFO] [stdout]             candidate #1: `icu_properties::code_point_map::EnumeratedProperty`
[INFO] [stdout]             candidate #2: `icu_properties::code_point_set::BinaryProperty`
[INFO] [stdout]             candidate #3: `icu_properties::emoji::EmojiSet`
[INFO] [stdout]             candidate #4: `sqlx::Database`
[INFO] [stdout]             candidate #5: `turdo_types::col::ColEx`
[INFO] [stdout]             candidate #6: `turdo_types::col::ColName`
[INFO] [stdout] 
[INFO] [stdout] 
[INFO] [stdout] error[E0599]: no associated function or constant named `ID` found for struct `Author` in the current scope
[INFO] [stdout]    --> tests/integration.rs:277:30
[INFO] [stdout]     |
[INFO] [stdout]  27 | struct Author {
[INFO] [stdout]     | ------------- associated function or constant `ID` not found for this struct
[INFO] [stdout] ...
[INFO] [stdout] 277 |         .values((set(Author::ID, 1), set(Author::NAME, "ada")))
[INFO] [stdout]     |                              ^^ associated function or constant not found in `Author`
[INFO] [stdout] 
[INFO] [stdout] 
[INFO] [stdout] error[E0599]: no associated function or constant named `NAME` found for struct `Author` in the current scope
[INFO] [stdout]    --> tests/integration.rs:277:50
[INFO] [stdout]     |
[INFO] [stdout]  27 | struct Author {
[INFO] [stdout]     | ------------- associated function or constant `NAME` not found for this struct
[INFO] [stdout] ...
[INFO] [stdout] 277 |         .values((set(Author::ID, 1), set(Author::NAME, "ada")))
[INFO] [stdout]     |                                                  ^^^^ associated function or constant not found in `Author`
[INFO] [stdout]     |
[INFO] [stdout]     = help: items from traits can only be used if the trait is implemented and in scope
[INFO] [stdout]     = note: the following traits define an item `NAME`, perhaps you need to implement one of them:
[INFO] [stdout]             candidate #1: `icu_properties::code_point_map::EnumeratedProperty`
[INFO] [stdout]             candidate #2: `icu_properties::code_point_set::BinaryProperty`
[INFO] [stdout]             candidate #3: `icu_properties::emoji::EmojiSet`
[INFO] [stdout]             candidate #4: `sqlx::Database`
[INFO] [stdout]             candidate #5: `turdo_types::col::ColEx`
[INFO] [stdout]             candidate #6: `turdo_types::col::ColName`
[INFO] [stdout] 
[INFO] [stdout] 
[INFO] [stdout] error[E0599]: no associated function or constant named `ID` found for struct `Author` in the current scope
[INFO] [stdout]    --> tests/integration.rs:284:30
[INFO] [stdout]     |
[INFO] [stdout]  27 | struct Author {
[INFO] [stdout]     | ------------- associated function or constant `ID` not found for this struct
[INFO] [stdout] ...
[INFO] [stdout] 284 |         .values((set(Author::ID, 2), set(Author::NAME, "bob")))
[INFO] [stdout]     |                              ^^ associated function or constant not found in `Author`
[INFO] [stdout] 
[INFO] [stdout] 
[INFO] [stdout] error[E0599]: no associated function or constant named `NAME` found for struct `Author` in the current scope
[INFO] [stdout]    --> tests/integration.rs:284:50
[INFO] [stdout]     |
[INFO] [stdout]  27 | struct Author {
[INFO] [stdout]     | ------------- associated function or constant `NAME` not found for this struct
[INFO] [stdout] ...
[INFO] [stdout] 284 |         .values((set(Author::ID, 2), set(Author::NAME, "bob")))
[INFO] [stdout]     |                                                  ^^^^ associated function or constant not found in `Author`
[INFO] [stdout]     |
[INFO] [stdout]     = help: items from traits can only be used if the trait is implemented and in scope
[INFO] [stdout]     = note: the following traits define an item `NAME`, perhaps you need to implement one of them:
[INFO] [stdout]             candidate #1: `icu_properties::code_point_map::EnumeratedProperty`
[INFO] [stdout]             candidate #2: `icu_properties::code_point_set::BinaryProperty`
[INFO] [stdout]             candidate #3: `icu_properties::emoji::EmojiSet`
[INFO] [stdout]             candidate #4: `sqlx::Database`
[INFO] [stdout]             candidate #5: `turdo_types::col::ColEx`
[INFO] [stdout]             candidate #6: `turdo_types::col::ColName`
[INFO] [stdout] 
[INFO] [stdout] 
[INFO] [stdout] error[E0599]: no associated function or constant named `ID` found for struct `Post` in the current scope
[INFO] [stdout]    --> tests/integration.rs:292:23
[INFO] [stdout]     |
[INFO] [stdout]  12 | struct Post {
[INFO] [stdout]     | ----------- associated function or constant `ID` not found for this struct
[INFO] [stdout] ...
[INFO] [stdout] 292 |             set(Post::ID, 1),
[INFO] [stdout]     |                       ^^ associated function or constant not found in `Post`
[INFO] [stdout] 
[INFO] [stdout] 
[INFO] [stdout] error[E0599]: no associated function or constant named `AUTHOR_ID` found for struct `Post` in the current scope
[INFO] [stdout]    --> tests/integration.rs:293:23
[INFO] [stdout]     |
[INFO] [stdout]  12 | struct Post {
[INFO] [stdout]     | ----------- associated function or constant `AUTHOR_ID` not found for this struct
[INFO] [stdout] ...
[INFO] [stdout] 293 |             set(Post::AUTHOR_ID, 1),
[INFO] [stdout]     |                       ^^^^^^^^^ associated function or constant not found in `Post`
[INFO] [stdout] 
[INFO] [stdout] 
[INFO] [stdout] error[E0599]: no associated function or constant named `TITLE` found for struct `Post` in the current scope
[INFO] [stdout]    --> tests/integration.rs:294:23
[INFO] [stdout]     |
[INFO] [stdout]  12 | struct Post {
[INFO] [stdout]     | ----------- associated function or constant `TITLE` not found for this struct
[INFO] [stdout] ...
[INFO] [stdout] 294 |             set(Post::TITLE, "hello"),
[INFO] [stdout]     |                       ^^^^^ associated function or constant not found in `Post`
[INFO] [stdout] 
[INFO] [stdout] 
[INFO] [stdout] error[E0599]: no associated function or constant named `BODY` found for struct `Post` in the current scope
[INFO] [stdout]    --> tests/integration.rs:295:23
[INFO] [stdout]     |
[INFO] [stdout]  12 | struct Post {
[INFO] [stdout]     | ----------- associated function or constant `BODY` not found for this struct
[INFO] [stdout] ...
[INFO] [stdout] 295 |             set(Post::BODY, None::<String>),
[INFO] [stdout]     |                       ^^^^ associated function or constant not found in `Post`
[INFO] [stdout] 
[INFO] [stdout] 
[INFO] [stdout] error[E0599]: no associated function or constant named `PUBLISHED` found for struct `Post` in the current scope
[INFO] [stdout]    --> tests/integration.rs:296:23
[INFO] [stdout]     |
[INFO] [stdout]  12 | struct Post {
[INFO] [stdout]     | ----------- associated function or constant `PUBLISHED` not found for this struct
[INFO] [stdout] ...
[INFO] [stdout] 296 |             set(Post::PUBLISHED, true),
[INFO] [stdout]     |                       ^^^^^^^^^ associated function or constant not found in `Post`
[INFO] [stdout] 
[INFO] [stdout] 
[INFO] [stdout] error[E0599]: no associated function or constant named `ID` found for struct `Post` in the current scope
[INFO] [stdout]    --> tests/integration.rs:305:23
[INFO] [stdout]     |
[INFO] [stdout]  12 | struct Post {
[INFO] [stdout]     | ----------- associated function or constant `ID` not found for this struct
[INFO] [stdout] ...
[INFO] [stdout] 305 |             set(Post::ID, 2),
[INFO] [stdout]     |                       ^^ associated function or constant not found in `Post`
[INFO] [stdout] 
[INFO] [stdout] 
[INFO] [stdout] error[E0599]: no associated function or constant named `AUTHOR_ID` found for struct `Post` in the current scope
[INFO] [stdout]    --> tests/integration.rs:306:23
[INFO] [stdout]     |
[INFO] [stdout]  12 | struct Post {
[INFO] [stdout]     | ----------- associated function or constant `AUTHOR_ID` not found for this struct
[INFO] [stdout] ...
[INFO] [stdout] 306 |             set(Post::AUTHOR_ID, 2),
[INFO] [stdout]     |                       ^^^^^^^^^ associated function or constant not found in `Post`
[INFO] [stdout] 
[INFO] [stdout] 
[INFO] [stdout] error[E0599]: no associated function or constant named `TITLE` found for struct `Post` in the current scope
[INFO] [stdout]    --> tests/integration.rs:307:23
[INFO] [stdout]     |
[INFO] [stdout]  12 | struct Post {
[INFO] [stdout]     | ----------- associated function or constant `TITLE` not found for this struct
[INFO] [stdout] ...
[INFO] [stdout] 307 |             set(Post::TITLE, "other"),
[INFO] [stdout]     |                       ^^^^^ associated function or constant not found in `Post`
[INFO] [stdout] 
[INFO] [stdout] 
[INFO] [stdout] error[E0599]: no associated function or constant named `BODY` found for struct `Post` in the current scope
[INFO] [stdout]    --> tests/integration.rs:308:23
[INFO] [stdout]     |
[INFO] [stdout]  12 | struct Post {
[INFO] [stdout]     | ----------- associated function or constant `BODY` not found for this struct
[INFO] [stdout] ...
[INFO] [stdout] 308 |             set(Post::BODY, None::<String>),
[INFO] [stdout]     |                       ^^^^ associated function or constant not found in `Post`
[INFO] [stdout] 
[INFO] [stdout] 
[INFO] [stdout] error[E0599]: no associated function or constant named `PUBLISHED` found for struct `Post` in the current scope
[INFO] [stdout]    --> tests/integration.rs:309:23
[INFO] [stdout]     |
[INFO] [stdout]  12 | struct Post {
[INFO] [stdout]     | ----------- associated function or constant `PUBLISHED` not found for this struct
[INFO] [stdout] ...
[INFO] [stdout] 309 |             set(Post::PUBLISHED, true),
[INFO] [stdout]     |                       ^^^^^^^^^ associated function or constant not found in `Post`
[INFO] [stdout] 
[INFO] [stdout] 
[INFO] [stdout] error[E0599]: no associated function or constant named `ID` found for struct `Post` in the current scope
[INFO] [stdout]    --> tests/integration.rs:318:44
[INFO] [stdout]     |
[INFO] [stdout]  12 | struct Post {
[INFO] [stdout]     | ----------- associated function or constant `ID` not found for this struct
[INFO] [stdout] ...
[INFO] [stdout] 318 |     let rows: Vec<PostRow> = select((Post::ID, Post::TITLE, Post::BODY))
[INFO] [stdout]     |                                            ^^ associated function or constant not found in `Post`
[INFO] [stdout] 
[INFO] [stdout] 
[INFO] [stdout] error[E0599]: no associated function or constant named `TITLE` found for struct `Post` in the current scope
[INFO] [stdout]    --> tests/integration.rs:318:54
[INFO] [stdout]     |
[INFO] [stdout]  12 | struct Post {
[INFO] [stdout]     | ----------- associated function or constant `TITLE` not found for this struct
[INFO] [stdout] ...
[INFO] [stdout] 318 |     let rows: Vec<PostRow> = select((Post::ID, Post::TITLE, Post::BODY))
[INFO] [stdout]     |                                                      ^^^^^ associated function or constant not found in `Post`
[INFO] [stdout] 
[INFO] [stdout] 
[INFO] [stdout] error[E0599]: no associated function or constant named `BODY` found for struct `Post` in the current scope
[INFO] [stdout]    --> tests/integration.rs:318:67
[INFO] [stdout]     |
[INFO] [stdout]  12 | struct Post {
[INFO] [stdout]     | ----------- associated function or constant `BODY` not found for this struct
[INFO] [stdout] ...
[INFO] [stdout] 318 |     let rows: Vec<PostRow> = select((Post::ID, Post::TITLE, Post::BODY))
[INFO] [stdout]     |                                                                   ^^^^ associated function or constant not found in `Post`
[INFO] [stdout] 
[INFO] [stdout] 
[INFO] [stdout] error[E0599]: no associated function or constant named `AUTHOR_ID` found for struct `Post` in the current scope
[INFO] [stdout]    --> tests/integration.rs:321:19
[INFO] [stdout]     |
[INFO] [stdout]  12 | struct Post {
[INFO] [stdout]     | ----------- associated function or constant `AUTHOR_ID` not found for this struct
[INFO] [stdout] ...
[INFO] [stdout] 321 |             Post::AUTHOR_ID,
[INFO] [stdout]     |                   ^^^^^^^^^ associated function or constant not found in `Post`
[INFO] [stdout] 
[INFO] [stdout] 
[INFO] [stdout] error[E0599]: no associated function or constant named `ID` found for struct `Author` in the current scope
[INFO] [stdout]    --> tests/integration.rs:322:28
[INFO] [stdout]     |
[INFO] [stdout]  27 | struct Author {
[INFO] [stdout]     | ------------- associated function or constant `ID` not found for this struct
[INFO] [stdout] ...
[INFO] [stdout] 322 |             select(Author::ID)
[INFO] [stdout]     |                            ^^ associated function or constant not found in `Author`
[INFO] [stdout] 
[INFO] [stdout] 
[INFO] [stdout] error[E0599]: no associated function or constant named `NAME` found for struct `Author` in the current scope
[INFO] [stdout]    --> tests/integration.rs:324:36
[INFO] [stdout]     |
[INFO] [stdout]  27 | struct Author {
[INFO] [stdout]     | ------------- associated function or constant `NAME` not found for this struct
[INFO] [stdout] ...
[INFO] [stdout] 324 |                 .filter(eq(Author::NAME, "ada")),
[INFO] [stdout]     |                                    ^^^^ associated function or constant not found in `Author`
[INFO] [stdout]     |
[INFO] [stdout]     = help: items from traits can only be used if the trait is implemented and in scope
[INFO] [stdout]     = note: the following traits define an item `NAME`, perhaps you need to implement one of them:
[INFO] [stdout]             candidate #1: `icu_properties::code_point_map::EnumeratedProperty`
[INFO] [stdout]             candidate #2: `icu_properties::code_point_set::BinaryProperty`
[INFO] [stdout]             candidate #3: `icu_properties::emoji::EmojiSet`
[INFO] [stdout]             candidate #4: `sqlx::Database`
[INFO] [stdout]             candidate #5: `turdo_types::col::ColEx`
[INFO] [stdout]             candidate #6: `turdo_types::col::ColName`
[INFO] [stdout] 
[INFO] [stdout] 
[INFO] [stdout] error[E0599]: no associated function or constant named `ID` found for struct `Post` in the current scope
[INFO] [stdout]    --> tests/integration.rs:335:44
[INFO] [stdout]     |
[INFO] [stdout]  12 | struct Post {
[INFO] [stdout]     | ----------- associated function or constant `ID` not found for this struct
[INFO] [stdout] ...
[INFO] [stdout] 335 |     let rows: Vec<PostRow> = select((Post::ID, Post::TITLE, Post::BODY))
[INFO] [stdout]     |                                            ^^ associated function or constant not found in `Post`
[INFO] [stdout] 
[INFO] [stdout] 
[INFO] [stdout] error[E0599]: no associated function or constant named `TITLE` found for struct `Post` in the current scope
[INFO] [stdout]    --> tests/integration.rs:335:54
[INFO] [stdout]     |
[INFO] [stdout]  12 | struct Post {
[INFO] [stdout]     | ----------- associated function or constant `TITLE` not found for this struct
[INFO] [stdout] ...
[INFO] [stdout] 335 |     let rows: Vec<PostRow> = select((Post::ID, Post::TITLE, Post::BODY))
[INFO] [stdout]     |                                                      ^^^^^ associated function or constant not found in `Post`
[INFO] [stdout] 
[INFO] [stdout] 
[INFO] [stdout] error[E0599]: no associated function or constant named `BODY` found for struct `Post` in the current scope
[INFO] [stdout]    --> tests/integration.rs:335:67
[INFO] [stdout]     |
[INFO] [stdout]  12 | struct Post {
[INFO] [stdout]     | ----------- associated function or constant `BODY` not found for this struct
[INFO] [stdout] ...
[INFO] [stdout] 335 |     let rows: Vec<PostRow> = select((Post::ID, Post::TITLE, Post::BODY))
[INFO] [stdout]     |                                                                   ^^^^ associated function or constant not found in `Post`
[INFO] [stdout] 
[INFO] [stdout] 
[INFO] [stdout] error[E0599]: no associated function or constant named `ID` found for struct `Author` in the current scope
[INFO] [stdout]    --> tests/integration.rs:338:28
[INFO] [stdout]     |
[INFO] [stdout]  27 | struct Author {
[INFO] [stdout]     | ------------- associated function or constant `ID` not found for this struct
[INFO] [stdout] ...
[INFO] [stdout] 338 |             select(Author::ID)
[INFO] [stdout]     |                            ^^ associated function or constant not found in `Author`
[INFO] [stdout] 
[INFO] [stdout] 
[INFO] [stdout] error[E0599]: no associated function or constant named `NAME` found for struct `Author` in the current scope
[INFO] [stdout]    --> tests/integration.rs:340:36
[INFO] [stdout]     |
[INFO] [stdout]  27 | struct Author {
[INFO] [stdout]     | ------------- associated function or constant `NAME` not found for this struct
[INFO] [stdout] ...
[INFO] [stdout] 340 |                 .filter(eq(Author::NAME, "ada")),
[INFO] [stdout]     |                                    ^^^^ associated function or constant not found in `Author`
[INFO] [stdout]     |
[INFO] [stdout]     = help: items from traits can only be used if the trait is implemented and in scope
[INFO] [stdout]     = note: the following traits define an item `NAME`, perhaps you need to implement one of them:
[INFO] [stdout]             candidate #1: `icu_properties::code_point_map::EnumeratedProperty`
[INFO] [stdout]             candidate #2: `icu_properties::code_point_set::BinaryProperty`
[INFO] [stdout]             candidate #3: `icu_properties::emoji::EmojiSet`
[INFO] [stdout]             candidate #4: `sqlx::Database`
[INFO] [stdout]             candidate #5: `turdo_types::col::ColEx`
[INFO] [stdout]             candidate #6: `turdo_types::col::ColName`
[INFO] [stdout] 
[INFO] [stdout] 
[INFO] [stdout] error[E0599]: no associated function or constant named `ID` found for struct `Post` in the current scope
[INFO] [stdout]    --> tests/integration.rs:350:44
[INFO] [stdout]     |
[INFO] [stdout]  12 | struct Post {
[INFO] [stdout]     | ----------- associated function or constant `ID` not found for this struct
[INFO] [stdout] ...
[INFO] [stdout] 350 |     let rows: Vec<PostRow> = select((Post::ID, Post::TITLE, Post::BODY))
[INFO] [stdout]     |                                            ^^ associated function or constant not found in `Post`
[INFO] [stdout] 
[INFO] [stdout] 
[INFO] [stdout] error[E0599]: no associated function or constant named `TITLE` found for struct `Post` in the current scope
[INFO] [stdout]    --> tests/integration.rs:350:54
[INFO] [stdout]     |
[INFO] [stdout]  12 | struct Post {
[INFO] [stdout]     | ----------- associated function or constant `TITLE` not found for this struct
[INFO] [stdout] ...
[INFO] [stdout] 350 |     let rows: Vec<PostRow> = select((Post::ID, Post::TITLE, Post::BODY))
[INFO] [stdout]     |                                                      ^^^^^ associated function or constant not found in `Post`
[INFO] [stdout] 
[INFO] [stdout] 
[INFO] [stdout] error[E0599]: no associated function or constant named `BODY` found for struct `Post` in the current scope
[INFO] [stdout]    --> tests/integration.rs:350:67
[INFO] [stdout]     |
[INFO] [stdout]  12 | struct Post {
[INFO] [stdout]     | ----------- associated function or constant `BODY` not found for this struct
[INFO] [stdout] ...
[INFO] [stdout] 350 |     let rows: Vec<PostRow> = select((Post::ID, Post::TITLE, Post::BODY))
[INFO] [stdout]     |                                                                   ^^^^ associated function or constant not found in `Post`
[INFO] [stdout] 
[INFO] [stdout] 
[INFO] [stdout] error[E0599]: no associated function or constant named `AUTHOR_ID` found for struct `Post` in the current scope
[INFO] [stdout]    --> tests/integration.rs:353:19
[INFO] [stdout]     |
[INFO] [stdout]  12 | struct Post {
[INFO] [stdout]     | ----------- associated function or constant `AUTHOR_ID` not found for this struct
[INFO] [stdout] ...
[INFO] [stdout] 353 |             Post::AUTHOR_ID,
[INFO] [stdout]     |                   ^^^^^^^^^ associated function or constant not found in `Post`
[INFO] [stdout] 
[INFO] [stdout] 
[INFO] [stdout] error[E0599]: no associated function or constant named `ID` found for struct `Author` in the current scope
[INFO] [stdout]    --> tests/integration.rs:354:28
[INFO] [stdout]     |
[INFO] [stdout]  27 | struct Author {
[INFO] [stdout]     | ------------- associated function or constant `ID` not found for this struct
[INFO] [stdout] ...
[INFO] [stdout] 354 |             select(Author::ID)
[INFO] [stdout]     |                            ^^ associated function or constant not found in `Author`
[INFO] [stdout] 
[INFO] [stdout] 
[INFO] [stdout] error[E0599]: no associated function or constant named `NAME` found for struct `Author` in the current scope
[INFO] [stdout]    --> tests/integration.rs:356:36
[INFO] [stdout]     |
[INFO] [stdout]  27 | struct Author {
[INFO] [stdout]     | ------------- associated function or constant `NAME` not found for this struct
[INFO] [stdout] ...
[INFO] [stdout] 356 |                 .filter(eq(Author::NAME, "bob")),
[INFO] [stdout]     |                                    ^^^^ associated function or constant not found in `Author`
[INFO] [stdout]     |
[INFO] [stdout]     = help: items from traits can only be used if the trait is implemented and in scope
[INFO] [stdout]     = note: the following traits define an item `NAME`, perhaps you need to implement one of them:
[INFO] [stdout]             candidate #1: `icu_properties::code_point_map::EnumeratedProperty`
[INFO] [stdout]             candidate #2: `icu_properties::code_point_set::BinaryProperty`
[INFO] [stdout]             candidate #3: `icu_properties::emoji::EmojiSet`
[INFO] [stdout]             candidate #4: `sqlx::Database`
[INFO] [stdout]             candidate #5: `turdo_types::col::ColEx`
[INFO] [stdout]             candidate #6: `turdo_types::col::ColName`
[INFO] [stdout] 
[INFO] [stdout] 
[INFO] [stdout] error[E0599]: no associated function or constant named `ID` found for struct `Author` in the current scope
[INFO] [stdout]    --> tests/integration.rs:376:34
[INFO] [stdout]     |
[INFO] [stdout]  27 | struct Author {
[INFO] [stdout]     | ------------- associated function or constant `ID` not found for this struct
[INFO] [stdout] ...
[INFO] [stdout] 376 |             .values((set(Author::ID, 1), set(Author::NAME, "ada")))
[INFO] [stdout]     |                                  ^^ associated function or constant not found in `Author`
[INFO] [stdout] 
[INFO] [stdout] 
[INFO] [stdout] error[E0599]: no associated function or constant named `NAME` found for struct `Author` in the current scope
[INFO] [stdout]    --> tests/integration.rs:376:54
[INFO] [stdout]     |
[INFO] [stdout]  27 | struct Author {
[INFO] [stdout]     | ------------- associated function or constant `NAME` not found for this struct
[INFO] [stdout] ...
[INFO] [stdout] 376 |             .values((set(Author::ID, 1), set(Author::NAME, "ada")))
[INFO] [stdout]     |                                                      ^^^^ associated function or constant not found in `Author`
[INFO] [stdout]     |
[INFO] [stdout]     = help: items from traits can only be used if the trait is implemented and in scope
[INFO] [stdout]     = note: the following traits define an item `NAME`, perhaps you need to implement one of them:
[INFO] [stdout]             candidate #1: `icu_properties::code_point_map::EnumeratedProperty`
[INFO] [stdout]             candidate #2: `icu_properties::code_point_set::BinaryProperty`
[INFO] [stdout]             candidate #3: `icu_properties::emoji::EmojiSet`
[INFO] [stdout]             candidate #4: `sqlx::Database`
[INFO] [stdout]             candidate #5: `turdo_types::col::ColEx`
[INFO] [stdout]             candidate #6: `turdo_types::col::ColName`
[INFO] [stdout] 
[INFO] [stdout] 
[INFO] [stdout] error[E0599]: no associated function or constant named `ID` found for struct `Post` in the current scope
[INFO] [stdout]    --> tests/integration.rs:384:27
[INFO] [stdout]     |
[INFO] [stdout]  12 | struct Post {
[INFO] [stdout]     | ----------- associated function or constant `ID` not found for this struct
[INFO] [stdout] ...
[INFO] [stdout] 384 |                 set(Post::ID, 1),
[INFO] [stdout]     |                           ^^ associated function or constant not found in `Post`
[INFO] [stdout] 
[INFO] [stdout] 
[INFO] [stdout] error[E0599]: no associated function or constant named `AUTHOR_ID` found for struct `Post` in the current scope
[INFO] [stdout]    --> tests/integration.rs:385:27
[INFO] [stdout]     |
[INFO] [stdout]  12 | struct Post {
[INFO] [stdout]     | ----------- associated function or constant `AUTHOR_ID` not found for this struct
[INFO] [stdout] ...
[INFO] [stdout] 385 |                 set(Post::AUTHOR_ID, 1),
[INFO] [stdout]     |                           ^^^^^^^^^ associated function or constant not found in `Post`
[INFO] [stdout] 
[INFO] [stdout] 
[INFO] [stdout] error[E0599]: no associated function or constant named `TITLE` found for struct `Post` in the current scope
[INFO] [stdout]    --> tests/integration.rs:386:27
[INFO] [stdout]     |
[INFO] [stdout]  12 | struct Post {
[INFO] [stdout]     | ----------- associated function or constant `TITLE` not found for this struct
[INFO] [stdout] ...
[INFO] [stdout] 386 |                 set(Post::TITLE, "hello"),
[INFO] [stdout]     |                           ^^^^^ associated function or constant not found in `Post`
[INFO] [stdout] 
[INFO] [stdout] 
[INFO] [stdout] error[E0599]: no associated function or constant named `BODY` found for struct `Post` in the current scope
[INFO] [stdout]    --> tests/integration.rs:387:27
[INFO] [stdout]     |
[INFO] [stdout]  12 | struct Post {
[INFO] [stdout]     | ----------- associated function or constant `BODY` not found for this struct
[INFO] [stdout] ...
[INFO] [stdout] 387 |                 set(Post::BODY, None::<String>),
[INFO] [stdout]     |                           ^^^^ associated function or constant not found in `Post`
[INFO] [stdout] 
[INFO] [stdout] 
[INFO] [stdout] error[E0599]: no associated function or constant named `PUBLISHED` found for struct `Post` in the current scope
[INFO] [stdout]    --> tests/integration.rs:388:27
[INFO] [stdout]     |
[INFO] [stdout]  12 | struct Post {
[INFO] [stdout]     | ----------- associated function or constant `PUBLISHED` not found for this struct
[INFO] [stdout] ...
[INFO] [stdout] 388 |                 set(Post::PUBLISHED, true),
[INFO] [stdout]     |                           ^^^^^^^^^ associated function or constant not found in `Post`
[INFO] [stdout] 
[INFO] [stdout] 
[INFO] [stdout] error[E0599]: no associated function or constant named `ID` found for struct `Post` in the current scope
[INFO] [stdout]    --> tests/integration.rs:396:48
[INFO] [stdout]     |
[INFO] [stdout]  12 | struct Post {
[INFO] [stdout]     | ----------- associated function or constant `ID` not found for this struct
[INFO] [stdout] ...
[INFO] [stdout] 396 |         let rows: Vec<PostRow> = select((Post::ID, Post::TITLE, Post::BODY))
[INFO] [stdout]     |                                                ^^ associated function or constant not found in `Post`
[INFO] [stdout] 
[INFO] [stdout] 
[INFO] [stdout] error[E0599]: no associated function or constant named `TITLE` found for struct `Post` in the current scope
[INFO] [stdout]    --> tests/integration.rs:396:58
[INFO] [stdout]     |
[INFO] [stdout]  12 | struct Post {
[INFO] [stdout]     | ----------- associated function or constant `TITLE` not found for this struct
[INFO] [stdout] ...
[INFO] [stdout] 396 |         let rows: Vec<PostRow> = select((Post::ID, Post::TITLE, Post::BODY))
[INFO] [stdout]     |                                                          ^^^^^ associated function or constant not found in `Post`
[INFO] [stdout] 
[INFO] [stdout] 
[INFO] [stdout] error[E0599]: no associated function or constant named `BODY` found for struct `Post` in the current scope
[INFO] [stdout]    --> tests/integration.rs:396:71
[INFO] [stdout]     |
[INFO] [stdout]  12 | struct Post {
[INFO] [stdout]     | ----------- associated function or constant `BODY` not found for this struct
[INFO] [stdout] ...
[INFO] [stdout] 396 |         let rows: Vec<PostRow> = select((Post::ID, Post::TITLE, Post::BODY))
[INFO] [stdout]     |                                                                       ^^^^ associated function or constant not found in `Post`
[INFO] [stdout] 
[INFO] [stdout] 
[INFO] [stdout] error[E0599]: no associated function or constant named `ID` found for struct `Post` in the current scope
[INFO] [stdout]    --> tests/integration.rs:406:50
[INFO] [stdout]     |
[INFO] [stdout]  12 | struct Post {
[INFO] [stdout]     | ----------- associated function or constant `ID` not found for this struct
[INFO] [stdout] ...
[INFO] [stdout] 406 |         let one: Option<PostRow> = select((Post::ID, Post::TITLE, Post::BODY))
[INFO] [stdout]     |                                                  ^^ associated function or constant not found in `Post`
[INFO] [stdout] 
[INFO] [stdout] 
[INFO] [stdout] error[E0599]: no associated function or constant named `TITLE` found for struct `Post` in the current scope
[INFO] [stdout]    --> tests/integration.rs:406:60
[INFO] [stdout]     |
[INFO] [stdout]  12 | struct Post {
[INFO] [stdout]     | ----------- associated function or constant `TITLE` not found for this struct
[INFO] [stdout] ...
[INFO] [stdout] 406 |         let one: Option<PostRow> = select((Post::ID, Post::TITLE, Post::BODY))
[INFO] [stdout]     |                                                            ^^^^^ associated function or constant not found in `Post`
[INFO] [stdout] 
[INFO] [stdout] 
[INFO] [stdout] error[E0599]: no associated function or constant named `BODY` found for struct `Post` in the current scope
[INFO] [stdout]    --> tests/integration.rs:406:73
[INFO] [stdout]     |
[INFO] [stdout]  12 | struct Post {
[INFO] [stdout]     | ----------- associated function or constant `BODY` not found for this struct
[INFO] [stdout] ...
[INFO] [stdout] 406 |         let one: Option<PostRow> = select((Post::ID, Post::TITLE, Post::BODY))
[INFO] [stdout]     |                                                                         ^^^^ associated function or constant not found in `Post`
[INFO] [stdout] 
[INFO] [stdout] 
[INFO] [stdout] error[E0599]: no associated function or constant named `ID` found for struct `Post` in the current scope
[INFO] [stdout]    --> tests/integration.rs:408:30
[INFO] [stdout]     |
[INFO] [stdout]  12 | struct Post {
[INFO] [stdout]     | ----------- associated function or constant `ID` not found for this struct
[INFO] [stdout] ...
[INFO] [stdout] 408 |             .filter(eq(Post::ID, 1))
[INFO] [stdout]     |                              ^^ associated function or constant not found in `Post`
[INFO] [stdout] 
[INFO] [stdout] 
[INFO] [stdout] error[E0599]: no associated function or constant named `ID` found for struct `Post` in the current scope
[INFO] [stdout]    --> tests/integration.rs:420:44
[INFO] [stdout]     |
[INFO] [stdout]  12 | struct Post {
[INFO] [stdout]     | ----------- associated function or constant `ID` not found for this struct
[INFO] [stdout] ...
[INFO] [stdout] 420 |     let rows: Vec<PostRow> = select((Post::ID, Post::TITLE, Post::BODY))
[INFO] [stdout]     |                                            ^^ associated function or constant not found in `Post`
[INFO] [stdout] 
[INFO] [stdout] 
[INFO] [stdout] error[E0599]: no associated function or constant named `TITLE` found for struct `Post` in the current scope
[INFO] [stdout]    --> tests/integration.rs:420:54
[INFO] [stdout]     |
[INFO] [stdout]  12 | struct Post {
[INFO] [stdout]     | ----------- associated function or constant `TITLE` not found for this struct
[INFO] [stdout] ...
[INFO] [stdout] 420 |     let rows: Vec<PostRow> = select((Post::ID, Post::TITLE, Post::BODY))
[INFO] [stdout]     |                                                      ^^^^^ associated function or constant not found in `Post`
[INFO] [stdout] 
[INFO] [stdout] 
[INFO] [stdout] error[E0599]: no associated function or constant named `BODY` found for struct `Post` in the current scope
[INFO] [stdout]    --> tests/integration.rs:420:67
[INFO] [stdout]     |
[INFO] [stdout]  12 | struct Post {
[INFO] [stdout]     | ----------- associated function or constant `BODY` not found for this struct
[INFO] [stdout] ...
[INFO] [stdout] 420 |     let rows: Vec<PostRow> = select((Post::ID, Post::TITLE, Post::BODY))
[INFO] [stdout]     |                                                                   ^^^^ associated function or constant not found in `Post`
[INFO] [stdout] 
[INFO] [stdout] 
[INFO] [stdout] error[E0599]: no associated function or constant named `ID` found for struct `Author` in the current scope
[INFO] [stdout]    --> tests/integration.rs:434:30
[INFO] [stdout]     |
[INFO] [stdout]  27 | struct Author {
[INFO] [stdout]     | ------------- associated function or constant `ID` not found for this struct
[INFO] [stdout] ...
[INFO] [stdout] 434 |         .values((set(Author::ID, 1), set(Author::NAME, "ada")))
[INFO] [stdout]     |                              ^^ associated function or constant not found in `Author`
[INFO] [stdout] 
[INFO] [stdout] 
[INFO] [stdout] error[E0599]: no associated function or constant named `NAME` found for struct `Author` in the current scope
[INFO] [stdout]    --> tests/integration.rs:434:50
[INFO] [stdout]     |
[INFO] [stdout]  27 | struct Author {
[INFO] [stdout]     | ------------- associated function or constant `NAME` not found for this struct
[INFO] [stdout] ...
[INFO] [stdout] 434 |         .values((set(Author::ID, 1), set(Author::NAME, "ada")))
[INFO] [stdout]     |                                                  ^^^^ associated function or constant not found in `Author`
[INFO] [stdout]     |
[INFO] [stdout]     = help: items from traits can only be used if the trait is implemented and in scope
[INFO] [stdout]     = note: the following traits define an item `NAME`, perhaps you need to implement one of them:
[INFO] [stdout]             candidate #1: `icu_properties::code_point_map::EnumeratedProperty`
[INFO] [stdout]             candidate #2: `icu_properties::code_point_set::BinaryProperty`
[INFO] [stdout]             candidate #3: `icu_properties::emoji::EmojiSet`
[INFO] [stdout]             candidate #4: `sqlx::Database`
[INFO] [stdout]             candidate #5: `turdo_types::col::ColEx`
[INFO] [stdout]             candidate #6: `turdo_types::col::ColName`
[INFO] [stdout] 
[INFO] [stdout] 
[INFO] [stdout] error[E0599]: no associated function or constant named `ID` found for struct `Post` in the current scope
[INFO] [stdout]    --> tests/integration.rs:442:23
[INFO] [stdout]     |
[INFO] [stdout]  12 | struct Post {
[INFO] [stdout]     | ----------- associated function or constant `ID` not found for this struct
[INFO] [stdout] ...
[INFO] [stdout] 442 |             set(Post::ID, 1),
[INFO] [stdout]     |                       ^^ associated function or constant not found in `Post`
[INFO] [stdout] 
[INFO] [stdout] 
[INFO] [stdout] error[E0599]: no associated function or constant named `AUTHOR_ID` found for struct `Post` in the current scope
[INFO] [stdout]    --> tests/integration.rs:443:23
[INFO] [stdout]     |
[INFO] [stdout]  12 | struct Post {
[INFO] [stdout]     | ----------- associated function or constant `AUTHOR_ID` not found for this struct
[INFO] [stdout] ...
[INFO] [stdout] 443 |             set(Post::AUTHOR_ID, 1),
[INFO] [stdout]     |                       ^^^^^^^^^ associated function or constant not found in `Post`
[INFO] [stdout] 
[INFO] [stdout] 
[INFO] [stdout] error[E0599]: no associated function or constant named `TITLE` found for struct `Post` in the current scope
[INFO] [stdout]    --> tests/integration.rs:444:23
[INFO] [stdout]     |
[INFO] [stdout]  12 | struct Post {
[INFO] [stdout]     | ----------- associated function or constant `TITLE` not found for this struct
[INFO] [stdout] ...
[INFO] [stdout] 444 |             set(Post::TITLE, "hello"),
[INFO] [stdout]     |                       ^^^^^ associated function or constant not found in `Post`
[INFO] [stdout] 
[INFO] [stdout] 
[INFO] [stdout] error[E0599]: no associated function or constant named `BODY` found for struct `Post` in the current scope
[INFO] [stdout]    --> tests/integration.rs:445:23
[INFO] [stdout]     |
[INFO] [stdout]  12 | struct Post {
[INFO] [stdout]     | ----------- associated function or constant `BODY` not found for this struct
[INFO] [stdout] ...
[INFO] [stdout] 445 |             set(Post::BODY, None::<String>),
[INFO] [stdout]     |                       ^^^^ associated function or constant not found in `Post`
[INFO] [stdout] 
[INFO] [stdout] 
[INFO] [stdout] error[E0599]: no associated function or constant named `PUBLISHED` found for struct `Post` in the current scope
[INFO] [stdout]    --> tests/integration.rs:446:23
[INFO] [stdout]     |
[INFO] [stdout]  12 | struct Post {
[INFO] [stdout]     | ----------- associated function or constant `PUBLISHED` not found for this struct
[INFO] [stdout] ...
[INFO] [stdout] 446 |             set(Post::PUBLISHED, true),
[INFO] [stdout]     |                       ^^^^^^^^^ associated function or constant not found in `Post`
[INFO] [stdout] 
[INFO] [stdout] 
[INFO] [stdout] error[E0599]: no associated function or constant named `ID` found for struct `Post` in the current scope
[INFO] [stdout]    --> tests/integration.rs:454:28
[INFO] [stdout]     |
[INFO] [stdout]  12 | struct Post {
[INFO] [stdout]     | ----------- associated function or constant `ID` not found for this struct
[INFO] [stdout] ...
[INFO] [stdout] 454 |     let sq = select((Post::ID, Post::TITLE))
[INFO] [stdout]     |                            ^^ associated function or constant not found in `Post`
[INFO] [stdout] 
[INFO] [stdout] 
[INFO] [stdout] error[E0599]: no associated function or constant named `TITLE` found for struct `Post` in the current scope
[INFO] [stdout]    --> tests/integration.rs:454:38
[INFO] [stdout]     |
[INFO] [stdout]  12 | struct Post {
[INFO] [stdout]     | ----------- associated function or constant `TITLE` not found for this struct
[INFO] [stdout] ...
[INFO] [stdout] 454 |     let sq = select((Post::ID, Post::TITLE))
[INFO] [stdout]     |                                      ^^^^^ associated function or constant not found in `Post`
[INFO] [stdout] 
[INFO] [stdout] 
[INFO] [stdout] error[E0599]: no associated function or constant named `PUBLISHED` found for struct `Post` in the current scope
[INFO] [stdout]    --> tests/integration.rs:456:26
[INFO] [stdout]     |
[INFO] [stdout]  12 | struct Post {
[INFO] [stdout]     | ----------- associated function or constant `PUBLISHED` not found for this struct
[INFO] [stdout] ...
[INFO] [stdout] 456 |         .filter(eq(Post::PUBLISHED, true))
[INFO] [stdout]     |                          ^^^^^^^^^ associated function or constant not found in `Post`
[INFO] [stdout] 
[INFO] [stdout] 
[INFO] [stdout] error[E0599]: no associated function or constant named `ID` found for struct `Post` in the current scope
[INFO] [stdout]    --> tests/integration.rs:481:29
[INFO] [stdout]     |
[INFO] [stdout]  12 | struct Post {
[INFO] [stdout]     | ----------- associated function or constant `ID` not found for this struct
[INFO] [stdout] ...
[INFO] [stdout] 481 |     let sq2 = select((Post::ID, Post::AUTHOR_ID))
[INFO] [stdout]     |                             ^^ associated function or constant not found in `Post`
[INFO] [stdout] 
[INFO] [stdout] 
[INFO] [stdout] error[E0599]: no associated function or constant named `AUTHOR_ID` found for struct `Post` in the current scope
[INFO] [stdout]    --> tests/integration.rs:481:39
[INFO] [stdout]     |
[INFO] [stdout]  12 | struct Post {
[INFO] [stdout]     | ----------- associated function or constant `AUTHOR_ID` not found for this struct
[INFO] [stdout] ...
[INFO] [stdout] 481 |     let sq2 = select((Post::ID, Post::AUTHOR_ID))
[INFO] [stdout]     |                                       ^^^^^^^^^ associated function or constant not found in `Post`
[INFO] [stdout] 
[INFO] [stdout] 
[INFO] [stdout] error[E0599]: no associated function or constant named `NAME` found for struct `Author` in the current scope
[INFO] [stdout]    --> tests/integration.rs:487:17
[INFO] [stdout]     |
[INFO] [stdout]  27 | struct Author {
[INFO] [stdout]     | ------------- associated function or constant `NAME` not found for this struct
[INFO] [stdout] ...
[INFO] [stdout] 487 |         Author::NAME.alias("author_name"),
[INFO] [stdout]     |                 ^^^^ associated function or constant not found in `Author`
[INFO] [stdout]     |
[INFO] [stdout]     = help: items from traits can only be used if the trait is implemented and in scope
[INFO] [stdout]     = note: the following traits define an item `NAME`, perhaps you need to implement one of them:
[INFO] [stdout]             candidate #1: `icu_properties::code_point_map::EnumeratedProperty`
[INFO] [stdout]             candidate #2: `icu_properties::code_point_set::BinaryProperty`
[INFO] [stdout]             candidate #3: `icu_properties::emoji::EmojiSet`
[INFO] [stdout]             candidate #4: `sqlx::Database`
[INFO] [stdout]             candidate #5: `turdo_types::col::ColEx`
[INFO] [stdout]             candidate #6: `turdo_types::col::ColName`
[INFO] [stdout] 
[INFO] [stdout] 
[INFO] [stdout] error[E0599]: no associated function or constant named `ID` found for struct `Author` in the current scope
[INFO] [stdout]    --> tests/integration.rs:490:50
[INFO] [stdout]     |
[INFO] [stdout]  27 | struct Author {
[INFO] [stdout]     | ------------- associated function or constant `ID` not found for this struct
[INFO] [stdout] ...
[INFO] [stdout] 490 |     .inner_join::<Author>(eq_col(sq_aid, Author::ID))
[INFO] [stdout]     |                                                  ^^ associated function or constant not found in `Author`
[INFO] [stdout] 
[INFO] [stdout] 
[INFO] [stdout] error[E0599]: no associated function or constant named `CREATE_TABLE_SQL` found for struct `BlobRow` in the current scope
[INFO] [stdout]    --> tests/integration.rs:502:26
[INFO] [stdout]     |
[INFO] [stdout]  54 | struct BlobRow {
[INFO] [stdout]     | -------------- associated function or constant `CREATE_TABLE_SQL` not found for this struct
[INFO] [stdout] ...
[INFO] [stdout] 502 |     sqlx::query(BlobRow::CREATE_TABLE_SQL)
[INFO] [stdout]     |                          ^^^^^^^^^^^^^^^^ associated function or constant not found in `BlobRow`
[INFO] [stdout]     |
[INFO] [stdout]     = help: items from traits can only be used if the trait is implemented and in scope
[INFO] [stdout]     = note: the following trait defines an item `CREATE_TABLE_SQL`, perhaps you need to implement it:
[INFO] [stdout]             candidate #1: `turdo_types::table::Table`
[INFO] [stdout] 
[INFO] [stdout] 
[INFO] [stdout] error[E0599]: no associated function or constant named `ID` found for struct `BlobRow` in the current scope
[INFO] [stdout]    --> tests/integration.rs:509:26
[INFO] [stdout]     |
[INFO] [stdout]  54 | struct BlobRow {
[INFO] [stdout]     | -------------- associated function or constant `ID` not found for this struct
[INFO] [stdout] ...
[INFO] [stdout] 509 |             set(BlobRow::ID, 1),
[INFO] [stdout]     |                          ^^ associated function or constant not found in `BlobRow`
[INFO] [stdout] 
[INFO] [stdout] 
[INFO] [stdout] error[E0599]: no associated function or constant named `DATA` found for struct `BlobRow` in the current scope
[INFO] [stdout]    --> tests/integration.rs:510:26
[INFO] [stdout]     |
[INFO] [stdout]  54 | struct BlobRow {
[INFO] [stdout]     | -------------- associated function or constant `DATA` not found for this struct
[INFO] [stdout] ...
[INFO] [stdout] 510 |             set(BlobRow::DATA, vec![0, 255, 1]),
[INFO] [stdout]     |                          ^^^^ associated function or constant not found in `BlobRow`
[INFO] [stdout] 
[INFO] [stdout] 
[INFO] [stdout] error[E0599]: no associated function or constant named `SCORE` found for struct `BlobRow` in the current scope
[INFO] [stdout]    --> tests/integration.rs:511:26
[INFO] [stdout]     |
[INFO] [stdout]  54 | struct BlobRow {
[INFO] [stdout]     | -------------- associated function or constant `SCORE` not found for this struct
[INFO] [stdout] ...
[INFO] [stdout] 511 |             set(BlobRow::SCORE, 3.14),
[INFO] [stdout]     |                          ^^^^^ associated function or constant not found in `BlobRow`
[INFO] [stdout] 
[INFO] [stdout] 
[INFO] [stdout] error[E0599]: no associated function or constant named `ID` found for struct `BlobRow` in the current scope
[INFO] [stdout]    --> tests/integration.rs:519:47
[INFO] [stdout]     |
[INFO] [stdout]  54 | struct BlobRow {
[INFO] [stdout]     | -------------- associated function or constant `ID` not found for this struct
[INFO] [stdout] ...
[INFO] [stdout] 519 |     let rows: Vec<OutBlob> = select((BlobRow::ID, BlobRow::DATA, BlobRow::SCORE))
[INFO] [stdout]     |                                               ^^ associated function or constant not found in `BlobRow`
[INFO] [stdout] 
[INFO] [stdout] 
[INFO] [stdout] error[E0599]: no associated function or constant named `DATA` found for struct `BlobRow` in the current scope
[INFO] [stdout]    --> tests/integration.rs:519:60
[INFO] [stdout]     |
[INFO] [stdout]  54 | struct BlobRow {
[INFO] [stdout]     | -------------- associated function or constant `DATA` not found for this struct
[INFO] [stdout] ...
[INFO] [stdout] 519 |     let rows: Vec<OutBlob> = select((BlobRow::ID, BlobRow::DATA, BlobRow::SCORE))
[INFO] [stdout]     |                                                            ^^^^ associated function or constant not found in `BlobRow`
[INFO] [stdout] 
[INFO] [stdout] 
[INFO] [stdout] error[E0599]: no associated function or constant named `SCORE` found for struct `BlobRow` in the current scope
[INFO] [stdout]    --> tests/integration.rs:519:75
[INFO] [stdout]     |
[INFO] [stdout]  54 | struct BlobRow {
[INFO] [stdout]     | -------------- associated function or constant `SCORE` not found for this struct
[INFO] [stdout] ...
[INFO] [stdout] 519 |     let rows: Vec<OutBlob> = select((BlobRow::ID, BlobRow::DATA, BlobRow::SCORE))
[INFO] [stdout]     |                                                                           ^^^^^ associated function or constant not found in `BlobRow`
[INFO] [stdout] 
[INFO] [stdout] 
[INFO] [stdout] error[E0599]: no associated function or constant named `ID` found for struct `Post` in the current scope
[INFO] [stdout]    --> tests/integration.rs:553:44
[INFO] [stdout]     |
[INFO] [stdout]  12 | struct Post {
[INFO] [stdout]     | ----------- associated function or constant `ID` not found for this struct
[INFO] [stdout] ...
[INFO] [stdout] 553 |     let rows: Vec<PostRow> = select((Post::ID, Post::TITLE, Post::BODY))
[INFO] [stdout]     |                                            ^^ associated function or constant not found in `Post`
[INFO] [stdout] 
[INFO] [stdout] 
[INFO] [stdout] error[E0599]: no associated function or constant named `TITLE` found for struct `Post` in the current scope
[INFO] [stdout]    --> tests/integration.rs:553:54
[INFO] [stdout]     |
[INFO] [stdout]  12 | struct Post {
[INFO] [stdout]     | ----------- associated function or constant `TITLE` not found for this struct
[INFO] [stdout] ...
[INFO] [stdout] 553 |     let rows: Vec<PostRow> = select((Post::ID, Post::TITLE, Post::BODY))
[INFO] [stdout]     |                                                      ^^^^^ associated function or constant not found in `Post`
[INFO] [stdout] 
[INFO] [stdout] 
[INFO] [stdout] error[E0599]: no associated function or constant named `BODY` found for struct `Post` in the current scope
[INFO] [stdout]    --> tests/integration.rs:553:67
[INFO] [stdout]     |
[INFO] [stdout]  12 | struct Post {
[INFO] [stdout]     | ----------- associated function or constant `BODY` not found for this struct
[INFO] [stdout] ...
[INFO] [stdout] 553 |     let rows: Vec<PostRow> = select((Post::ID, Post::TITLE, Post::BODY))
[INFO] [stdout]     |                                                                   ^^^^ associated function or constant not found in `Post`
[INFO] [stdout] 
[INFO] [stdout] 
[INFO] [stdout] Some errors have detailed explanations: E0432, E0433, E0599.
[INFO] [stdout] 
[INFO] [stdout] For more information about an error, try `rustc --explain E0432`.
[INFO] [stdout] 
[INFO] [stderr] error: could not compile `turdo-sqlx` (test "integration") due to 157 previous errors
[INFO] running `Command { std: "docker" "inspect" "7d6d3baa4c1383271497bf22aae6fd8dc3b0747f8f38602379bf2af03308ef31", kill_on_drop: false }`
[INFO] running `Command { std: "docker" "rm" "-f" "7d6d3baa4c1383271497bf22aae6fd8dc3b0747f8f38602379bf2af03308ef31", kill_on_drop: false }`
[INFO] [stdout] 7d6d3baa4c1383271497bf22aae6fd8dc3b0747f8f38602379bf2af03308ef31
