[INFO] fetching crate tuix 0.2.0...
[INFO] testing tuix-0.2.0 against 1.99.0-beta.8 for beta-1.100-2
[INFO] extracting crate tuix 0.2.0 into /workspace/builds/worker-6-tc1/source
[INFO] started tweaking crates.io crate tuix 0.2.0
[INFO] removed 0 missing examples
[INFO] finished tweaking crates.io crate tuix 0.2.0
[INFO] tweaked toml for crates.io crate tuix 0.2.0 written to /workspace/builds/worker-6-tc1/source/Cargo.toml
[INFO] validating manifest of crates.io crate tuix 0.2.0 on toolchain 1.99.0-beta.8
[INFO] running `Command { std: CARGO_HOME="/workspace/cargo-home" RUSTUP_HOME="/workspace/rustup-home" "/workspace/cargo-home/bin/cargo" "+1.99.0-beta.8" "metadata" "--manifest-path" "Cargo.toml" "--no-deps", kill_on_drop: false }`
[INFO] crate crates.io crate tuix 0.2.0 already has a lockfile, it will not be regenerated
[INFO] running `Command { std: CARGO_HOME="/workspace/cargo-home" RUSTUP_HOME="/workspace/rustup-home" "/workspace/cargo-home/bin/cargo" "+1.99.0-beta.8" "fetch" "--manifest-path" "Cargo.toml", kill_on_drop: false }`
[INFO] [stderr]     Updating crates.io index
[INFO] [stderr]     Blocking waiting for file lock on package cache
[INFO] [stderr]  Downloading crates ...
[INFO] [stderr]   Downloaded keyboard-types v0.5.0
[INFO] [stderr]   Downloaded tuix_internal v0.2.0
[INFO] [stderr]   Downloaded morphorm v0.2.0
[INFO] [stderr]   Downloaded bytemuck v1.7.2
[INFO] [stderr]   Downloaded dtoa v0.4.8
[INFO] [stderr]   Downloaded tuix_widgets v0.2.0
[INFO] [stderr]   Downloaded slotmap v1.0.6
[INFO] [stderr]   Downloaded siphasher v0.3.7
[INFO] [stderr]   Downloaded dtoa-short v0.3.3
[INFO] [stderr]   Downloaded ab_glyph_rasterizer v0.1.4
[INFO] [stderr]   Downloaded rgb v0.8.27
[INFO] [stderr]   Downloaded cssparser-macros v0.6.0
[INFO] [stderr]   Downloaded wayland-sys v0.28.6
[INFO] [stderr]   Downloaded downcast-rs v1.2.0
[INFO] [stderr]   Downloaded wayland-cursor v0.28.6
[INFO] [stderr]   Downloaded xcursor v0.3.4
[INFO] [stderr]   Downloaded andrew v0.3.1
[INFO] [stderr]   Downloaded mio-misc v1.2.1
[INFO] [stderr]   Downloaded version_check v0.9.3
[INFO] [stderr]   Downloaded xdg v2.2.0
[INFO] [stderr]   Downloaded raw-window-handle v0.3.3
[INFO] [stderr]   Downloaded ndk-glue v0.3.0
[INFO] [stderr]   Downloaded owned_ttf_parser v0.12.1
[INFO] [stderr]   Downloaded libloading v0.7.0
[INFO] [stderr]   Downloaded wayland-scanner v0.28.6
[INFO] [stderr]   Downloaded wayland-commons v0.28.6
[INFO] [stderr]   Downloaded once_cell v1.8.0
[INFO] [stderr]   Downloaded dlib v0.4.2
[INFO] [stderr]   Downloaded owned_ttf_parser v0.6.0
[INFO] [stderr]   Downloaded strsim v0.9.3
[INFO] [stderr]   Downloaded thiserror-impl v1.0.29
[INFO] [stderr]   Downloaded num_enum_derive v0.5.4
[INFO] [stderr]   Downloaded proc-macro-crate v1.1.0
[INFO] [stderr]   Downloaded tuix_core v0.2.0
[INFO] [stderr]   Downloaded proc-macro2 v1.0.29
[INFO] [stderr]   Downloaded unicode-bidi v0.3.6
[INFO] [stderr]   Downloaded unicode-script v0.5.3
[INFO] [stderr]   Downloaded unicode-general-category v0.4.0
[INFO] [stderr]   Downloaded generational-arena v0.2.8
[INFO] [stderr]   Downloaded cc v1.0.70
[INFO] [stderr]   Downloaded memmap2 v0.1.0
[INFO] [stderr]   Downloaded calloop v0.6.5
[INFO] [stderr]   Downloaded instant v0.1.10
[INFO] [stderr]   Downloaded ndk-macro v0.2.0
[INFO] [stderr]   Downloaded darling v0.10.2
[INFO] [stderr]   Downloaded darling_macro v0.10.2
[INFO] [stderr]   Downloaded num_enum v0.5.4
[INFO] [stderr]   Downloaded crossbeam-queue v0.3.2
[INFO] [stderr]   Downloaded crossbeam v0.8.1
[INFO] [stderr]   Downloaded memoffset v0.6.4
[INFO] [stderr]   Downloaded glutin_emscripten_sys v0.1.1
[INFO] [stderr]   Downloaded tuix_derive v0.2.0
[INFO] [stderr]   Downloaded imgref v1.9.1
[INFO] [stderr]   Downloaded glutin v0.27.0
[INFO] [stderr]   Downloaded rusttype v0.9.2
[INFO] [stderr]   Downloaded xml-rs v0.8.4
[INFO] [stderr]   Downloaded ndk v0.3.0
[INFO] [stderr]   Downloaded thiserror v1.0.29
[INFO] [stderr]   Downloaded crossbeam-deque v0.8.1
[INFO] [stderr]   Downloaded core-graphics v0.22.2
[INFO] [stderr]   Downloaded tuix_dylib v0.2.0
[INFO] [stderr]   Downloaded bumpalo v3.7.1
[INFO] [stderr]   Downloaded x11-dl v2.18.5
[INFO] [stderr]   Downloaded wayland-client v0.28.6
[INFO] [stderr]   Downloaded darling_core v0.10.2
[INFO] [stderr]   Downloaded crossbeam-epoch v0.9.5
[INFO] [stderr]   Downloaded cocoa-foundation v0.1.0
[INFO] [stderr]   Downloaded wayland-egl v0.28.6
[INFO] [stderr]   Downloaded shared_library v0.1.9
[INFO] [stderr]   Downloaded glutin_wgl_sys v0.1.5
[INFO] [stderr]   Downloaded glutin_gles2_sys v0.1.5
[INFO] [stderr]   Downloaded glutin_egl_sys v0.1.5
[INFO] [stderr]   Downloaded android_glue v0.2.3
[INFO] [stderr]   Downloaded minimal-lexical v0.1.3
[INFO] [stderr]   Downloaded ttf-parser v0.6.2
[INFO] [stderr]   Downloaded mio v0.7.13
[INFO] [stderr]   Downloaded english-numbers v0.3.3
[INFO] [stderr]   Downloaded ttf-parser v0.12.3
[INFO] [stderr]   Downloaded glow v0.11.0
[INFO] [stderr]   Downloaded crossbeam-channel v0.5.1
[INFO] [stderr]   Downloaded osmesa-sys v0.1.2
[INFO] [stderr]   Downloaded glutin_glx_sys v0.1.7
[INFO] [stderr]   Downloaded smithay-client-toolkit v0.12.3
[INFO] [stderr]   Downloaded nom v7.0.0
[INFO] [stderr]   Downloaded wayland-protocols v0.28.6
[INFO] [stderr]   Downloaded syn v1.0.76
[INFO] [stderr]   Downloaded nix v0.20.0
[INFO] [stderr]   Downloaded nix v0.18.0
[INFO] [stderr]   Downloaded cocoa v0.24.0
[INFO] [stderr]   Downloaded ndk-sys v0.2.1
[INFO] [stderr]   Downloaded winit v0.25.0
[INFO] [stderr]   Downloaded libc v0.2.102
[INFO] [stderr]   Downloaded tuix_glutin v0.2.0
[INFO] [stderr]   Downloaded rustybuzz v0.4.0
[INFO] [stderr]   Downloaded femtovg v0.2.5
[INFO] running `Command { std: "docker" "create" "-v" "/var/lib/crater-agent-workspace/builds/worker-6-tc1/source:/opt/rustwide/workdir:ro,Z" "-v" "/var/lib/crater-agent-workspace/builds/worker-6-tc1/target:/opt/rustwide/target:rw,Z" "-v" "/var/lib/crater-agent-workspace/cargo-home:/opt/rustwide/cargo-home:ro,Z" "-v" "/var/lib/crater-agent-workspace/rustup-home:/opt/rustwide/rustup-home:ro,Z" "-m" "1610612736" "--network" "none" "ghcr.io/rust-lang/crates-build-env/linux@sha256:3111399a4047eeb3a02b7a90e478d715f38a8c6669b5c4b49d30a17385265909" "sleep" "infinity", kill_on_drop: false }`
[INFO] [stdout] facf17604e379db904a78e85af97490bcf71ec513e0298bf1125ca4a49a4ee40
[INFO] running `Command { std: "docker" "start" "facf17604e379db904a78e85af97490bcf71ec513e0298bf1125ca4a49a4ee40", kill_on_drop: false }`
[INFO] running `Command { std: "docker" "inspect" "facf17604e379db904a78e85af97490bcf71ec513e0298bf1125ca4a49a4ee40", kill_on_drop: false }`
[INFO] running `Command { std: "docker" "exec" "-e" "SOURCE_DIR=/opt/rustwide/workdir" "-e" "CARGO_HOME=/opt/rustwide/cargo-home" "-e" "RUSTUP_HOME=/opt/rustwide/rustup-home" "-e" "CARGO_TARGET_DIR=/opt/rustwide/target" "-w" "/opt/rustwide/workdir" "--user" "0:0" "facf17604e379db904a78e85af97490bcf71ec513e0298bf1125ca4a49a4ee40" "/opt/rustwide/cargo-home/bin/cargo" "+1.99.0-beta.8" "metadata" "--no-deps" "--format-version=1", kill_on_drop: false }`
[INFO] running `Command { std: "docker" "inspect" "facf17604e379db904a78e85af97490bcf71ec513e0298bf1125ca4a49a4ee40", kill_on_drop: false }`
[INFO] running `Command { std: "docker" "exec" "-e" "SOURCE_DIR=/opt/rustwide/workdir" "-e" "CARGO_HOME=/opt/rustwide/cargo-home" "-e" "RUSTUP_HOME=/opt/rustwide/rustup-home" "-e" "CARGO_TARGET_DIR=/opt/rustwide/target" "-e" "CARGO_INCREMENTAL=0" "-e" "RUST_BACKTRACE=full" "-e" "RUSTFLAGS=--cap-lints=warn" "-e" "RUSTDOCFLAGS=--cap-lints=warn" "-w" "/opt/rustwide/workdir" "--user" "0:0" "facf17604e379db904a78e85af97490bcf71ec513e0298bf1125ca4a49a4ee40" "/opt/rustwide/cargo-home/bin/cargo" "+1.99.0-beta.8" "build" "--frozen" "--message-format=json", kill_on_drop: false }`
[INFO] [stderr]    Compiling libc v0.2.102
[INFO] [stderr]    Compiling proc-macro2 v1.0.29
[INFO] [stderr]    Compiling autocfg v1.0.1
[INFO] [stderr]    Compiling xml-rs v0.8.4
[INFO] [stderr]    Compiling smallvec v1.6.1
[INFO] [stderr]    Compiling pkg-config v0.3.19
[INFO] [stderr]    Compiling syn v1.0.76
[INFO] [stderr]    Compiling libloading v0.7.0
[INFO] [stderr]    Compiling khronos_api v3.1.0
[INFO] [stderr]    Compiling crossbeam-utils v0.8.5
[INFO] [stderr]    Compiling version_check v0.9.3
[INFO] [stderr]    Compiling once_cell v1.8.0
[INFO] [stderr]    Compiling memchr v2.4.1
[INFO] [stderr]    Compiling scopeguard v1.1.0
[INFO] [stderr]    Compiling ppv-lite86 v0.2.10
[INFO] [stderr]    Compiling scoped-tls v1.0.0
[INFO] [stderr]    Compiling dlib v0.5.0
[INFO] [stderr]    Compiling downcast-rs v1.2.0
[INFO] [stderr]    Compiling crossbeam-epoch v0.9.5
[INFO] [stderr]    Compiling siphasher v0.3.7
[INFO] [stderr]    Compiling proc-macro-hack v0.5.19
[INFO] [stderr]    Compiling maybe-uninit v2.0.0
[INFO] [stderr]    Compiling num-traits v0.2.14
[INFO] [stderr]    Compiling num-integer v0.1.44
[INFO] [stderr]    Compiling memoffset v0.6.4
[INFO] [stderr]    Compiling nom v7.0.0
[INFO] [stderr]    Compiling num-iter v0.1.42
[INFO] [stderr]    Compiling num-rational v0.3.2
[INFO] [stderr]    Compiling ttf-parser v0.6.2
[INFO] [stderr]    Compiling minimal-lexical v0.1.3
[INFO] [stderr]    Compiling wayland-sys v0.28.6
[INFO] [stderr]    Compiling nix v0.18.0
[INFO] [stderr]    Compiling crossbeam-queue v0.3.2
[INFO] [stderr]    Compiling bytemuck v1.7.2
[INFO] [stderr]    Compiling unicode-general-category v0.4.0
[INFO] [stderr]    Compiling phf_shared v0.8.0
[INFO] [stderr]    Compiling quote v1.0.9
[INFO] [stderr]    Compiling gl_generator v0.14.0
[INFO] [stderr]    Compiling x11-dl v2.18.5
[INFO] [stderr]    Compiling ab_glyph_rasterizer v0.1.4
[INFO] [stderr]    Compiling wayland-scanner v0.28.6
[INFO] [stderr]    Compiling ttf-parser v0.12.3
[INFO] [stderr]    Compiling walkdir v2.3.2
[INFO] [stderr]    Compiling crossbeam-deque v0.8.1
[INFO] [stderr]    Compiling crossbeam-channel v0.5.1
[INFO] [stderr]    Compiling libloading v0.6.7
[INFO] [stderr]    Compiling instant v0.1.10
[INFO] [stderr]    Compiling owned_ttf_parser v0.6.0
[INFO] [stderr]    Compiling xdg v2.2.0
[INFO] [stderr]    Compiling rusttype v0.9.2
[INFO] [stderr]    Compiling color_quant v1.1.0
[INFO] [stderr]    Compiling getrandom v0.1.16
[INFO] [stderr]    Compiling nix v0.20.0
[INFO] [stderr]    Compiling unicode-ccc v0.1.2
[INFO] [stderr]    Compiling byteorder v1.4.3
[INFO] [stderr]    Compiling unicode-bidi-mirroring v0.1.0
[INFO] [stderr]    Compiling unicode-script v0.5.3
[INFO] [stderr]    Compiling dtoa v0.4.8
[INFO] [stderr]    Compiling glutin_egl_sys v0.1.5
[INFO] [stderr]    Compiling glutin_glx_sys v0.1.7
[INFO] [stderr]    Compiling crossbeam v0.8.1
[INFO] [stderr]    Compiling rand_core v0.5.1
[INFO] [stderr]    Compiling andrew v0.3.1
[INFO] [stderr]    Compiling dtoa-short v0.3.3
[INFO] [stderr]    Compiling mio v0.7.13
[INFO] [stderr]    Compiling rand_pcg v0.2.1
[INFO] [stderr]    Compiling rand_chacha v0.2.2
[INFO] [stderr]    Compiling memmap2 v0.1.0
[INFO] [stderr]    Compiling parking_lot_core v0.8.5
[INFO] [stderr]    Compiling rand v0.7.3
[INFO] [stderr]    Compiling dlib v0.4.2
[INFO] [stderr]    Compiling rgb v0.8.27
[INFO] [stderr]    Compiling owned_ttf_parser v0.12.1
[INFO] [stderr]    Compiling rustybuzz v0.4.0
[INFO] [stderr]    Compiling lock_api v0.4.5
[INFO] [stderr]    Compiling generational-arena v0.2.8
[INFO] [stderr]    Compiling imgref v1.9.1
[INFO] [stderr]    Compiling wayland-client v0.28.6
[INFO] [stderr]    Compiling wayland-protocols v0.28.6
[INFO] [stderr]    Compiling glow v0.11.0
[INFO] [stderr]    Compiling winit v0.25.0
[INFO] [stderr]    Compiling unicode-segmentation v1.8.0
[INFO] [stderr]    Compiling matches v0.1.9
[INFO] [stderr]    Compiling unicode-bidi v0.3.6
[INFO] [stderr]    Compiling lru v0.6.6
[INFO] [stderr]    Compiling parking_lot v0.11.2
[INFO] [stderr]    Compiling phf_generator v0.8.0
[INFO] [stderr]    Compiling mio-misc v1.2.1
[INFO] [stderr]    Compiling raw-window-handle v0.3.3
[INFO] [stderr]    Compiling shared_library v0.1.9
[INFO] [stderr]    Compiling morphorm v0.2.0
[INFO] [stderr]    Compiling keyboard-types v0.5.0
[INFO] [stderr]    Compiling percent-encoding v2.1.0
[INFO] [stderr]    Compiling image v0.23.14
[INFO] [stderr]    Compiling osmesa-sys v0.1.2
[INFO] [stderr]    Compiling xcursor v0.3.4
[INFO] [stderr]    Compiling calloop v0.6.5
[INFO] [stderr]    Compiling wayland-commons v0.28.6
[INFO] [stderr]    Compiling femtovg v0.2.5
[INFO] [stderr]    Compiling phf_macros v0.8.0
[INFO] [stderr]    Compiling cssparser v0.27.2
[INFO] [stderr]    Compiling cssparser-macros v0.6.0
[INFO] [stderr]    Compiling tuix_derive v0.2.0
[INFO] [stderr]    Compiling phf v0.8.0
[INFO] [stderr]    Compiling wayland-cursor v0.28.6
[INFO] [stderr]    Compiling wayland-egl v0.28.6
[INFO] [stderr]    Compiling tuix_core v0.2.0
[INFO] [stderr]    Compiling tuix_widgets v0.2.0
[INFO] [stderr]    Compiling smithay-client-toolkit v0.12.3
[INFO] [stderr]    Compiling glutin v0.27.0
[INFO] [stderr]    Compiling tuix_glutin v0.2.0
[INFO] [stderr]    Compiling tuix_internal v0.2.0
[INFO] [stderr]    Compiling tuix v0.2.0 (/opt/rustwide/workdir)
[INFO] [stderr]     Finished `dev` profile [unoptimized + debuginfo] target(s) in 57.98s
[INFO] [stderr] warning: the following packages contain code that will be rejected by a future version of Rust: rustybuzz v0.4.0
[INFO] [stderr] note: to see what the problems were, use the option `--future-incompat-report`, or run `cargo report future-incompatibilities --id 5`
[INFO] running `Command { std: "docker" "inspect" "facf17604e379db904a78e85af97490bcf71ec513e0298bf1125ca4a49a4ee40", kill_on_drop: false }`
[INFO] running `Command { std: "docker" "exec" "-e" "SOURCE_DIR=/opt/rustwide/workdir" "-e" "CARGO_HOME=/opt/rustwide/cargo-home" "-e" "RUSTUP_HOME=/opt/rustwide/rustup-home" "-e" "CARGO_TARGET_DIR=/opt/rustwide/target" "-e" "CARGO_INCREMENTAL=0" "-e" "RUST_BACKTRACE=full" "-e" "RUSTFLAGS=--cap-lints=warn" "-e" "RUSTDOCFLAGS=--cap-lints=warn" "-w" "/opt/rustwide/workdir" "--user" "0:0" "facf17604e379db904a78e85af97490bcf71ec513e0298bf1125ca4a49a4ee40" "/opt/rustwide/cargo-home/bin/cargo" "+1.99.0-beta.8" "test" "--frozen" "--no-run" "--message-format=json", kill_on_drop: false }`
[INFO] [stderr]    Compiling ppv-lite86 v0.2.10
[INFO] [stderr]    Compiling getrandom v0.2.3
[INFO] [stderr]    Compiling english-numbers v0.3.3
[INFO] [stderr]    Compiling rand_core v0.6.3
[INFO] [stderr]    Compiling rand_chacha v0.2.2
[INFO] [stderr]    Compiling rand_chacha v0.3.1
[INFO] [stderr]    Compiling rand v0.8.4
[INFO] [stderr]    Compiling rand v0.7.3
[INFO] [stderr]    Compiling phf_generator v0.8.0
[INFO] [stderr]    Compiling phf_macros v0.8.0
[INFO] [stderr]    Compiling phf v0.8.0
[INFO] [stderr]    Compiling cssparser v0.27.2
[INFO] [stderr]    Compiling tuix_core v0.2.0
[INFO] [stderr]    Compiling tuix_glutin v0.2.0
[INFO] [stderr]    Compiling tuix_widgets v0.2.0
[INFO] [stderr]    Compiling tuix_internal v0.2.0
[INFO] [stderr]    Compiling tuix v0.2.0 (/opt/rustwide/workdir)
[INFO] [stdout] warning: unused variable: `widget`
[INFO] [stdout]   --> examples/menus.rs:32:24
[INFO] [stdout]    |
[INFO] [stdout] 32 |             .on_press(|widget, state, button|{
[INFO] [stdout]    |                        ^^^^^^ help: if this is intentional, prefix it with an underscore: `_widget`
[INFO] [stdout]    |
[INFO] [stdout]    = note: `#[warn(unused_variables)]` (part of `#[warn(unused)]`) on by default
[INFO] [stdout] 
[INFO] [stdout] 
[INFO] [stdout] warning: unused variable: `data`
[INFO] [stdout]   --> examples/binding/model.rs:51:24
[INFO] [stdout]    |
[INFO] [stdout] 51 |             .on_press(|data, state, button|{
[INFO] [stdout]    |                        ^^^^ help: if this is intentional, prefix it with an underscore: `_data`
[INFO] [stdout]    |
[INFO] [stdout]    = note: `#[warn(unused_variables)]` (part of `#[warn(unused)]`) on by default
[INFO] [stdout] 
[INFO] [stdout] 
[INFO] [stdout] warning: unused variable: `data`
[INFO] [stdout]   --> examples/binding/model.rs:38:24
[INFO] [stdout]    |
[INFO] [stdout] 38 |             .on_press(|data, state, button|{
[INFO] [stdout]    |                        ^^^^ help: if this is intentional, prefix it with an underscore: `_data`
[INFO] [stdout] 
[INFO] [stdout] 
[INFO] [stdout] warning: unused import: `rand::prelude::*`
[INFO] [stdout]  --> examples/widgets/checkbox.rs:2:5
[INFO] [stdout]   |
[INFO] [stdout] 2 | use rand::prelude::*;
[INFO] [stdout]   |     ^^^^^^^^^^^^^^^^
[INFO] [stdout]   |
[INFO] [stdout]   = note: `#[warn(unused_imports)]` (part of `#[warn(unused)]`) on by default
[INFO] [stdout] 
[INFO] [stdout] 
[INFO] [stdout] warning: unused import: `rand::prelude::*`
[INFO] [stdout]  --> examples/widgets/switch.rs:2:5
[INFO] [stdout]   |
[INFO] [stdout] 2 | use rand::prelude::*;
[INFO] [stdout]   |     ^^^^^^^^^^^^^^^^
[INFO] [stdout]   |
[INFO] [stdout]   = note: `#[warn(unused_imports)]` (part of `#[warn(unused)]`) on by default
[INFO] [stdout] 
[INFO] [stdout] 
[INFO] [stdout] warning: unused variable: `two`
[INFO] [stdout]   --> examples/transform.rs:55:13
[INFO] [stdout]    |
[INFO] [stdout] 55 |         let two = Element::new().build(state, one, |builder| 
[INFO] [stdout]    |             ^^^ help: if this is intentional, prefix it with an underscore: `_two`
[INFO] [stdout]    |
[INFO] [stdout]    = note: `#[warn(unused_variables)]` (part of `#[warn(unused)]`) on by default
[INFO] [stdout] 
[INFO] [stdout] 
[INFO] [stdout] warning: unused variable: `scroll`
[INFO] [stdout]   --> examples/widgets/scroll_container.rs:49:13
[INFO] [stdout]    |
[INFO] [stdout] 49 |         let scroll = ScrollContainer::new().build(state, container, |builder| builder);
[INFO] [stdout]    |             ^^^^^^ help: if this is intentional, prefix it with an underscore: `_scroll`
[INFO] [stdout]    |
[INFO] [stdout]    = note: `#[warn(unused_variables)]` (part of `#[warn(unused)]`) on by default
[INFO] [stdout] 
[INFO] [stdout] 
[INFO] [stdout] warning: unnecessary parentheses around pattern
[INFO] [stdout]    --> examples/editor.rs:820:13
[INFO] [stdout]     |
[INFO] [stdout] 820 |         let (background_panel) = Panel::new("Background").build(state, scroll, |builder| 
[INFO] [stdout]     |             ^                ^
[INFO] [stdout]     |
[INFO] [stdout]     = note: `#[warn(unused_parens)]` (part of `#[warn(unused)]`) on by default
[INFO] [stdout] help: remove these parentheses
[INFO] [stdout]     |
[INFO] [stdout] 820 -         let (background_panel) = Panel::new("Background").build(state, scroll, |builder| 
[INFO] [stdout] 820 +         let background_panel = Panel::new("Background").build(state, scroll, |builder| 
[INFO] [stdout]     |
[INFO] [stdout] 
[INFO] [stdout] 
[INFO] [stdout] warning: variant `ChangeColor` is never constructed
[INFO] [stdout]   --> examples/widgets/length_box.rs:79:5
[INFO] [stdout]    |
[INFO] [stdout] 78 | enum CustomEvent {
[INFO] [stdout]    |      ----------- variant in this enum
[INFO] [stdout] 79 |     ChangeColor(Color),
[INFO] [stdout]    |     ^^^^^^^^^^^
[INFO] [stdout]    |
[INFO] [stdout]    = note: `CustomEvent` has derived impls for the traits `Clone` and `Debug`, but these are intentionally ignored during dead code analysis
[INFO] [stdout]    = note: `#[warn(dead_code)]` (part of `#[warn(unused)]`) on by default
[INFO] [stdout] 
[INFO] [stdout] 
[INFO] [stdout] warning: unreachable pattern
[INFO] [stdout]    --> examples/editor.rs:506:17
[INFO] [stdout]     |
[INFO] [stdout] 506 |                 _=> {}
[INFO] [stdout]     |                 ^ no value can reach this
[INFO] [stdout]     |
[INFO] [stdout] note: multiple earlier patterns match some of the same values
[INFO] [stdout]    --> examples/editor.rs:506:17
[INFO] [stdout]     |
[INFO] [stdout] 312 |                 AppEvent::OpenColorPicker(picker_for) => {
[INFO] [stdout]     |                 ------------------------------------- matches some of the same values
[INFO] [stdout] ...
[INFO] [stdout] 317 |                 AppEvent::SetSize(val) => {
[INFO] [stdout]     |                 ---------------------- matches some of the same values
[INFO] [stdout] ...
[INFO] [stdout] 325 |                 AppEvent::SetWidth(val) => {
[INFO] [stdout]     |                 ----------------------- matches some of the same values
[INFO] [stdout] ...
[INFO] [stdout] 330 |                 AppEvent::SetHeight(val) => {
[INFO] [stdout]     |                 ------------------------ matches some of the same values
[INFO] [stdout] ...
[INFO] [stdout] 506 |                 _=> {}
[INFO] [stdout]     |                 ^ ...and 26 other patterns collectively make this unreachable
[INFO] [stdout]     = note: `#[warn(unreachable_patterns)]` (part of `#[warn(unused)]`) on by default
[INFO] [stdout] 
[INFO] [stdout] 
[INFO] [stdout] warning: unused variable: `entity`
[INFO] [stdout]    --> examples/editor.rs:554:47
[INFO] [stdout]     |
[INFO] [stdout] 554 |     fn on_event(&mut self, state: &mut State, entity: Entity, event: &mut Event) {
[INFO] [stdout]     |                                               ^^^^^^ help: if this is intentional, prefix it with an underscore: `_entity`
[INFO] [stdout]     |
[INFO] [stdout]     = note: `#[warn(unused_variables)]` (part of `#[warn(unused)]`) on by default
[INFO] [stdout] 
[INFO] [stdout] 
[INFO] [stdout] warning: unused variable: `entity`
[INFO] [stdout]    --> examples/editor.rs:597:48
[INFO] [stdout]     |
[INFO] [stdout] 597 |     fn on_update(&mut self, state: &mut State, entity: Entity, data: &Self::Data) {
[INFO] [stdout]     |                                                ^^^^^^ help: if this is intentional, prefix it with an underscore: `_entity`
[INFO] [stdout] 
[INFO] [stdout] 
[INFO] [stdout] warning: unused variable: `data`
[INFO] [stdout]    --> examples/editor.rs:994:24
[INFO] [stdout]     |
[INFO] [stdout] 994 |             .on_press(|data, state, button|{
[INFO] [stdout]     |                        ^^^^ help: if this is intentional, prefix it with an underscore: `_data`
[INFO] [stdout] 
[INFO] [stdout] 
[INFO] [stdout] warning: variant `SetFahrenheit` is never constructed
[INFO] [stdout]   --> examples/binding/converter.rs:37:5
[INFO] [stdout]    |
[INFO] [stdout] 35 | enum AppEvent {
[INFO] [stdout]    |      -------- variant in this enum
[INFO] [stdout] 36 |     SetCelcius(f32),
[INFO] [stdout] 37 |     SetFahrenheit(f32),
[INFO] [stdout]    |     ^^^^^^^^^^^^^
[INFO] [stdout]    |
[INFO] [stdout]    = note: `AppEvent` has derived impls for the traits `Clone` and `Debug`, but these are intentionally ignored during dead code analysis
[INFO] [stdout]    = note: `#[warn(dead_code)]` (part of `#[warn(unused)]`) on by default
[INFO] [stdout] 
[INFO] [stdout] 
[INFO] [stdout] warning: unused variable: `data`
[INFO] [stdout]    --> examples/editor.rs:955:24
[INFO] [stdout]     |
[INFO] [stdout] 955 |             .on_press(|data, state, button|{
[INFO] [stdout]     |                        ^^^^ help: if this is intentional, prefix it with an underscore: `_data`
[INFO] [stdout] 
[INFO] [stdout] 
[INFO] [stdout] warning: unused variable: `data`
[INFO] [stdout]    --> examples/editor.rs:850:24
[INFO] [stdout]     |
[INFO] [stdout] 850 |             .on_press(|data, state, button|{
[INFO] [stdout]     |                        ^^^^ help: if this is intentional, prefix it with an underscore: `_data`
[INFO] [stdout] 
[INFO] [stdout] 
[INFO] [stdout] warning: unused variable: `data`
[INFO] [stdout]    --> examples/editor.rs:831:24
[INFO] [stdout]     |
[INFO] [stdout] 831 |             .on_press(|data, state, button|{
[INFO] [stdout]     |                        ^^^^ help: if this is intentional, prefix it with an underscore: `_data`
[INFO] [stdout] 
[INFO] [stdout] 
[INFO] [stderr] error: could not compile `tuix` (example "editor"); 8 warnings emitted
[INFO] [stderr] 
[INFO] [stderr] Caused by:
[INFO] [stderr]   process didn't exit successfully: `/opt/rustwide/rustup-home/toolchains/1.99.0-beta.8-x86_64-unknown-linux-gnu/bin/rustc --crate-name editor --edition=2018 examples/editor.rs --error-format=json --json=diagnostic-rendered-ansi,artifacts,future-incompat --crate-type bin --emit=dep-info,link -C embed-bitcode=no -C debuginfo=2 --cfg 'feature="default"' --cfg 'feature="tuix_glutin"' --check-cfg 'cfg(docsrs,test)' --check-cfg 'cfg(feature, values("default", "dynamic", "tuix_dylib", "tuix_glutin"))' -C metadata=a85f40fa1a9d2dbe -C extra-filename=-f0fa4a4425fb46b0 --out-dir /opt/rustwide/target/debug/examples -L dependency=/opt/rustwide/target/debug/deps --extern english_numbers=/opt/rustwide/target/debug/deps/libenglish_numbers-178d90190251460e.rlib --extern femtovg=/opt/rustwide/target/debug/deps/libfemtovg-5a2da1ffa461afc6.rlib --extern fnv=/opt/rustwide/target/debug/deps/libfnv-79e2cbfbe03dcd16.rlib --extern rand=/opt/rustwide/target/debug/deps/librand-81d6b130cd12b288.rlib --extern tuix=/opt/rustwide/target/debug/deps/libtuix-0c2810e47aef54cd.rlib --extern tuix_internal=/opt/rustwide/target/debug/deps/libtuix_internal-b2f7b73af000bd04.rlib --cap-lints=warn` (signal: 9, SIGKILL: kill)
[INFO] [stderr] warning: build failed, waiting for other jobs to finish...
[INFO] [stdout] error: linking with `cc` failed: exit status: 1
[INFO] [stdout]   |
[INFO] [stdout]   = note:  "cc" "-m64" "/opt/rustwide/target/debug/examples/rustcQJN6wo/symbols.o" "<2 object files omitted>" "-Wl,--as-needed" "-Wl,-Bstatic" "/opt/rustwide/target/debug/deps/{libtuix-0c2810e47aef54cd,libtuix_internal-b2f7b73af000bd04,libtuix_widgets-182c446c63d12e51,libtuix_glutin-fccaa37c847510b6,libtuix_core-52904c7d67132cdd,libkeyboard_types-38467b668f89a103,libfemtovg-5a2da1ffa461afc6,librustybuzz-d60017de18a03bac,libunicode_bidi_mirroring-fe05f67b86e52629,libunicode_script-1e562d33b9680caa,libunicode_ccc-0c078431dfcf67a5,libunicode_general_category-ec4544cdc51849d6,libglow-e3532d7a3350c5e1,libimage-20137b6a98b65a33,libcolor_quant-72accfe2cafd1a2d,libnum_iter-53ef26faf7a9a65d,libnum_rational-5de6284d596946f5,libnum_integer-30869a44743df0cb,libnum_traits-74f4d13ebfc3b92a,libowned_ttf_parser-2a980079f491e2b5,libttf_parser-9795762e530d0d55,libunicode_segmentation-c4a0b5c98c01c3ff,libunicode_bidi-3724e813f3b658c5,liblru-a3b0d71979f574bb,libgenerational_arena-67cff1eb83fe3b56,libfnv-79e2cbfbe03dcd16,librgb-43adeb9d22d06490,libbytemuck-84d908787a9d53e4,libimgref-cadeb43eee66a309,libmorphorm-821aec92479676fe,libcssparser-7c92c8299765523e,libitoa-968a9d3f706bae82,libdtoa_short-d2ae57a95f89d803,libdtoa-f4f9d18f09bff426,libmatches-80dbaef09a125478,libphf-c7bcee93e2bc0527,libphf_shared-35d52df4d6a6feea,libsiphasher-26b6e9240ba4e4d6,libglutin-aa9449b41086291a,libwayland_egl-dcdd4e359007f88c,libosmesa_sys-a346fcddb76bb86b,libshared_library-170abfd1c4e89bae,libwinit-395bd9af10dae46b,libmio_misc-2939881dc6f25c55,libmio-e4843c999a25a89a,libcrossbeam-fe7153bd98b1190e,libcrossbeam_channel-12f59d2c0d387c90,libcrossbeam_deque-d9e721434a3ed3c4,libcrossbeam_queue-14a085dca7b191ca,libcrossbeam_epoch-1fe5ecd8871ea896,libmemoffset-553cc4ab8d367976,libcrossbeam_utils-4c8cd1c6d4477f85,libpercent_encoding-3e08c199980e8244,libsmithay_client_toolkit-3c4b304cc6505ef0,libandrew-e0c581648ec23b48,libxml-069ec9f4dd666100,libxdg-0b979fe517febe0b,libwalkdir-9ade08204de0e04d,libsame_file-ff49545450c0b63c,librusttype-8296a7f362b9fd5c,libab_glyph_rasterizer-13dc48c41f9de847,libowned_ttf_parser-1a8b559ebc1f6e67,libttf_parser-0ac56c4b7d799d90,libwayland_cursor-34e7197289119379,libxcursor-c9e93f2b1739aee0,libnom-dbf85854bce7c825,libminimal_lexical-ad678ef37bb23f1a,libmemchr-0f2f4727f23e4854,libmemmap2-36136db767ac9a4b,libwayland_protocols-37c1042b393c76aa,libwayland_client-9d49dc101423dff3,libscoped_tls-c2e76c6539768158,libwayland_commons-dd7c1e135fbaee57,libonce_cell-b0bdd274ea97a3a1,libnix-1ee970c262ff5525,libwayland_sys-20bd035187958306,libdlib-5494148b5281eea2,liblibloading-43075f3e6f4d023f,libcalloop-bfe846b7f449a121,libnix-b7f3d7366843ec36,libcfg_if-5debf92116708c19,libdlib-8e405edcf80edaef,liblibloading-121c5d789b6cef7b,libraw_window_handle-d80cd7aafcc0721c,libparking_lot-99c30244fc75cab9,libparking_lot_core-8c885c5cb0a32270,libsmallvec-4e540aa6ec26eb74,liblock_api-95a58dc0533f1acd,libscopeguard-df7644544c35baf4,libinstant-ee455e195593c29e,libbitflags-dde12b0d7d495b50,liblog-a798af0b757dd308,libcfg_if-3e7fc4e38d4a72b5,libglutin_glx_sys-473f870a776e18e5,libx11_dl-7a384a7560a4f2d5,libmaybe_uninit-38edb5828e56ba48,liblibc-ee35012770ed4312,libglutin_egl_sys-7a83352321268bf0,liblazy_static-af860367908b8176}.rlib" "<sysroot>/lib/rustlib/x86_64-unknown-linux-gnu/lib/{libstd-*,libpanic_unwind-*,libobject-*,libmemchr-*,libaddr2line-*,libgimli-*,libcfg_if-*,librustc_demangle-*,libstd_detect-*,libhashbrown-*,librustc_std_workspace_alloc-*,libminiz_oxide-*,libadler2-*,libunwind-*,liblibc-*,librustc_std_workspace_core-*,liballoc-*,libcore-*,libcompiler_builtins-*}.rlib" "-Wl,-Bdynamic" "-ldl" "-ldl" "-ldl" "-lgcc_s" "-lutil" "-lrt" "-lpthread" "-lm" "-ldl" "-lc" "-L" "/opt/rustwide/target/debug/examples/rustcQJN6wo/raw-dylibs" "-B<sysroot>/lib/rustlib/x86_64-unknown-linux-gnu/bin/gcc-ld" "-fuse-ld=lld" "-Wl,--eh-frame-hdr" "-Wl,-z,noexecstack" "-L" "<sysroot>/lib/rustlib/x86_64-unknown-linux-gnu/lib" "-o" "/opt/rustwide/target/debug/examples/position-36767e9ff601edd8" "-Wl,--gc-sections" "-pie" "-Wl,-z,relro,-z,now" "-nodefaultlibs"
[INFO] [stdout]   = note: some arguments are omitted. use `--verbose` to show all linker arguments
[INFO] [stdout]   = note: collect2: fatal error: ld terminated with signal 9 [Killed]
[INFO] [stdout]           compilation terminated.
[INFO] [stdout]           
[INFO] [stdout] 
[INFO] [stdout] 
[INFO] [stderr] error: could not compile `tuix` (example "position") due to 1 previous error
[INFO] [stdout] error: linking with `cc` failed: exit status: 1
[INFO] [stdout]   |
[INFO] [stdout]   = note:  "cc" "-m64" "/opt/rustwide/target/debug/examples/rustcUKyVM3/symbols.o" "<2 object files omitted>" "-Wl,--as-needed" "-Wl,-Bstatic" "/opt/rustwide/target/debug/deps/{libtuix-0c2810e47aef54cd,libtuix_internal-b2f7b73af000bd04,libtuix_widgets-182c446c63d12e51,libtuix_glutin-fccaa37c847510b6,libtuix_core-52904c7d67132cdd,libkeyboard_types-38467b668f89a103,libfemtovg-5a2da1ffa461afc6,librustybuzz-d60017de18a03bac,libunicode_bidi_mirroring-fe05f67b86e52629,libunicode_script-1e562d33b9680caa,libunicode_ccc-0c078431dfcf67a5,libunicode_general_category-ec4544cdc51849d6,libglow-e3532d7a3350c5e1,libimage-20137b6a98b65a33,libcolor_quant-72accfe2cafd1a2d,libnum_iter-53ef26faf7a9a65d,libnum_rational-5de6284d596946f5,libnum_integer-30869a44743df0cb,libnum_traits-74f4d13ebfc3b92a,libowned_ttf_parser-2a980079f491e2b5,libttf_parser-9795762e530d0d55,libunicode_segmentation-c4a0b5c98c01c3ff,libunicode_bidi-3724e813f3b658c5,liblru-a3b0d71979f574bb,libgenerational_arena-67cff1eb83fe3b56,libfnv-79e2cbfbe03dcd16,librgb-43adeb9d22d06490,libbytemuck-84d908787a9d53e4,libimgref-cadeb43eee66a309,libmorphorm-821aec92479676fe,libcssparser-7c92c8299765523e,libitoa-968a9d3f706bae82,libdtoa_short-d2ae57a95f89d803,libdtoa-f4f9d18f09bff426,libmatches-80dbaef09a125478,libphf-c7bcee93e2bc0527,libphf_shared-35d52df4d6a6feea,libsiphasher-26b6e9240ba4e4d6,libglutin-aa9449b41086291a,libwayland_egl-dcdd4e359007f88c,libosmesa_sys-a346fcddb76bb86b,libshared_library-170abfd1c4e89bae,libwinit-395bd9af10dae46b,libmio_misc-2939881dc6f25c55,libmio-e4843c999a25a89a,libcrossbeam-fe7153bd98b1190e,libcrossbeam_channel-12f59d2c0d387c90,libcrossbeam_deque-d9e721434a3ed3c4,libcrossbeam_queue-14a085dca7b191ca,libcrossbeam_epoch-1fe5ecd8871ea896,libmemoffset-553cc4ab8d367976,libcrossbeam_utils-4c8cd1c6d4477f85,libpercent_encoding-3e08c199980e8244,libsmithay_client_toolkit-3c4b304cc6505ef0,libandrew-e0c581648ec23b48,libxml-069ec9f4dd666100,libxdg-0b979fe517febe0b,libwalkdir-9ade08204de0e04d,libsame_file-ff49545450c0b63c,librusttype-8296a7f362b9fd5c,libab_glyph_rasterizer-13dc48c41f9de847,libowned_ttf_parser-1a8b559ebc1f6e67,libttf_parser-0ac56c4b7d799d90,libwayland_cursor-34e7197289119379,libxcursor-c9e93f2b1739aee0,libnom-dbf85854bce7c825,libminimal_lexical-ad678ef37bb23f1a,libmemchr-0f2f4727f23e4854,libmemmap2-36136db767ac9a4b,libwayland_protocols-37c1042b393c76aa,libwayland_client-9d49dc101423dff3,libscoped_tls-c2e76c6539768158,libwayland_commons-dd7c1e135fbaee57,libonce_cell-b0bdd274ea97a3a1,libnix-1ee970c262ff5525,libwayland_sys-20bd035187958306,libdlib-5494148b5281eea2,liblibloading-43075f3e6f4d023f,libcalloop-bfe846b7f449a121,libnix-b7f3d7366843ec36,libcfg_if-5debf92116708c19,libdlib-8e405edcf80edaef,liblibloading-121c5d789b6cef7b,libraw_window_handle-d80cd7aafcc0721c,libparking_lot-99c30244fc75cab9,libparking_lot_core-8c885c5cb0a32270,libsmallvec-4e540aa6ec26eb74,liblock_api-95a58dc0533f1acd,libscopeguard-df7644544c35baf4,libinstant-ee455e195593c29e,libbitflags-dde12b0d7d495b50,liblog-a798af0b757dd308,libcfg_if-3e7fc4e38d4a72b5,libglutin_glx_sys-473f870a776e18e5,libx11_dl-7a384a7560a4f2d5,libmaybe_uninit-38edb5828e56ba48,liblibc-ee35012770ed4312,libglutin_egl_sys-7a83352321268bf0,liblazy_static-af860367908b8176}.rlib" "<sysroot>/lib/rustlib/x86_64-unknown-linux-gnu/lib/{libstd-*,libpanic_unwind-*,libobject-*,libmemchr-*,libaddr2line-*,libgimli-*,libcfg_if-*,librustc_demangle-*,libstd_detect-*,libhashbrown-*,librustc_std_workspace_alloc-*,libminiz_oxide-*,libadler2-*,libunwind-*,liblibc-*,librustc_std_workspace_core-*,liballoc-*,libcore-*,libcompiler_builtins-*}.rlib" "-Wl,-Bdynamic" "-ldl" "-ldl" "-ldl" "-lgcc_s" "-lutil" "-lrt" "-lpthread" "-lm" "-ldl" "-lc" "-L" "/opt/rustwide/target/debug/examples/rustcUKyVM3/raw-dylibs" "-B<sysroot>/lib/rustlib/x86_64-unknown-linux-gnu/bin/gcc-ld" "-fuse-ld=lld" "-Wl,--eh-frame-hdr" "-Wl,-z,noexecstack" "-L" "<sysroot>/lib/rustlib/x86_64-unknown-linux-gnu/lib" "-o" "/opt/rustwide/target/debug/examples/scroll_container-b2c035201c7702b1" "-Wl,--gc-sections" "-pie" "-Wl,-z,relro,-z,now" "-nodefaultlibs"
[INFO] [stdout]   = note: some arguments are omitted. use `--verbose` to show all linker arguments
[INFO] [stdout]   = note: collect2: fatal error: ld terminated with signal 9 [Killed]
[INFO] [stdout]           compilation terminated.
[INFO] [stdout]           
[INFO] [stdout] 
[INFO] [stdout] 
[INFO] [stderr] error: could not compile `tuix` (example "scroll_container") due to 1 previous error; 1 warning emitted
[INFO] [stdout] error: linking with `cc` failed: exit status: 1
[INFO] [stdout]   |
[INFO] [stdout]   = note:  "cc" "-m64" "/opt/rustwide/target/debug/examples/rustc4miTNG/symbols.o" "<2 object files omitted>" "-Wl,--as-needed" "-Wl,-Bstatic" "/opt/rustwide/target/debug/deps/{libtuix-0c2810e47aef54cd,libtuix_internal-b2f7b73af000bd04,libtuix_widgets-182c446c63d12e51,libtuix_glutin-fccaa37c847510b6,libtuix_core-52904c7d67132cdd,libkeyboard_types-38467b668f89a103,libfemtovg-5a2da1ffa461afc6,librustybuzz-d60017de18a03bac,libunicode_bidi_mirroring-fe05f67b86e52629,libunicode_script-1e562d33b9680caa,libunicode_ccc-0c078431dfcf67a5,libunicode_general_category-ec4544cdc51849d6,libglow-e3532d7a3350c5e1,libimage-20137b6a98b65a33,libcolor_quant-72accfe2cafd1a2d,libnum_iter-53ef26faf7a9a65d,libnum_rational-5de6284d596946f5,libnum_integer-30869a44743df0cb,libnum_traits-74f4d13ebfc3b92a,libowned_ttf_parser-2a980079f491e2b5,libttf_parser-9795762e530d0d55,libunicode_segmentation-c4a0b5c98c01c3ff,libunicode_bidi-3724e813f3b658c5,liblru-a3b0d71979f574bb,libgenerational_arena-67cff1eb83fe3b56,libfnv-79e2cbfbe03dcd16,librgb-43adeb9d22d06490,libbytemuck-84d908787a9d53e4,libimgref-cadeb43eee66a309,libmorphorm-821aec92479676fe,libcssparser-7c92c8299765523e,libitoa-968a9d3f706bae82,libdtoa_short-d2ae57a95f89d803,libdtoa-f4f9d18f09bff426,libmatches-80dbaef09a125478,libphf-c7bcee93e2bc0527,libphf_shared-35d52df4d6a6feea,libsiphasher-26b6e9240ba4e4d6,libglutin-aa9449b41086291a,libwayland_egl-dcdd4e359007f88c,libosmesa_sys-a346fcddb76bb86b,libshared_library-170abfd1c4e89bae,libwinit-395bd9af10dae46b,libmio_misc-2939881dc6f25c55,libmio-e4843c999a25a89a,libcrossbeam-fe7153bd98b1190e,libcrossbeam_channel-12f59d2c0d387c90,libcrossbeam_deque-d9e721434a3ed3c4,libcrossbeam_queue-14a085dca7b191ca,libcrossbeam_epoch-1fe5ecd8871ea896,libmemoffset-553cc4ab8d367976,libcrossbeam_utils-4c8cd1c6d4477f85,libpercent_encoding-3e08c199980e8244,libsmithay_client_toolkit-3c4b304cc6505ef0,libandrew-e0c581648ec23b48,libxml-069ec9f4dd666100,libxdg-0b979fe517febe0b,libwalkdir-9ade08204de0e04d,libsame_file-ff49545450c0b63c,librusttype-8296a7f362b9fd5c,libab_glyph_rasterizer-13dc48c41f9de847,libowned_ttf_parser-1a8b559ebc1f6e67,libttf_parser-0ac56c4b7d799d90,libwayland_cursor-34e7197289119379,libxcursor-c9e93f2b1739aee0,libnom-dbf85854bce7c825,libminimal_lexical-ad678ef37bb23f1a,libmemchr-0f2f4727f23e4854,libmemmap2-36136db767ac9a4b,libwayland_protocols-37c1042b393c76aa,libwayland_client-9d49dc101423dff3,libscoped_tls-c2e76c6539768158,libwayland_commons-dd7c1e135fbaee57,libonce_cell-b0bdd274ea97a3a1,libnix-1ee970c262ff5525,libwayland_sys-20bd035187958306,libdlib-5494148b5281eea2,liblibloading-43075f3e6f4d023f,libcalloop-bfe846b7f449a121,libnix-b7f3d7366843ec36,libcfg_if-5debf92116708c19,libdlib-8e405edcf80edaef,liblibloading-121c5d789b6cef7b,libraw_window_handle-d80cd7aafcc0721c,libparking_lot-99c30244fc75cab9,libparking_lot_core-8c885c5cb0a32270,libsmallvec-4e540aa6ec26eb74,liblock_api-95a58dc0533f1acd,libscopeguard-df7644544c35baf4,libinstant-ee455e195593c29e,libbitflags-dde12b0d7d495b50,liblog-a798af0b757dd308,libcfg_if-3e7fc4e38d4a72b5,libglutin_glx_sys-473f870a776e18e5,libx11_dl-7a384a7560a4f2d5,libmaybe_uninit-38edb5828e56ba48,liblibc-ee35012770ed4312,libglutin_egl_sys-7a83352321268bf0,liblazy_static-af860367908b8176}.rlib" "<sysroot>/lib/rustlib/x86_64-unknown-linux-gnu/lib/{libstd-*,libpanic_unwind-*,libobject-*,libmemchr-*,libaddr2line-*,libgimli-*,libcfg_if-*,librustc_demangle-*,libstd_detect-*,libhashbrown-*,librustc_std_workspace_alloc-*,libminiz_oxide-*,libadler2-*,libunwind-*,liblibc-*,librustc_std_workspace_core-*,liballoc-*,libcore-*,libcompiler_builtins-*}.rlib" "-Wl,-Bdynamic" "-ldl" "-ldl" "-ldl" "-lgcc_s" "-lutil" "-lrt" "-lpthread" "-lm" "-ldl" "-lc" "-L" "/opt/rustwide/target/debug/examples/rustc4miTNG/raw-dylibs" "-B<sysroot>/lib/rustlib/x86_64-unknown-linux-gnu/bin/gcc-ld" "-fuse-ld=lld" "-Wl,--eh-frame-hdr" "-Wl,-z,noexecstack" "-L" "<sysroot>/lib/rustlib/x86_64-unknown-linux-gnu/lib" "-o" "/opt/rustwide/target/debug/examples/transform-fa0297a9dd1ed1d1" "-Wl,--gc-sections" "-pie" "-Wl,-z,relro,-z,now" "-nodefaultlibs"
[INFO] [stdout]   = note: some arguments are omitted. use `--verbose` to show all linker arguments
[INFO] [stdout]   = note: collect2: fatal error: ld terminated with signal 9 [Killed]
[INFO] [stdout]           compilation terminated.
[INFO] [stdout]           
[INFO] [stdout] 
[INFO] [stdout] 
[INFO] [stderr] error: could not compile `tuix` (example "transform") due to 1 previous error; 1 warning emitted
[INFO] running `Command { std: "docker" "inspect" "facf17604e379db904a78e85af97490bcf71ec513e0298bf1125ca4a49a4ee40", kill_on_drop: false }`
[INFO] running `Command { std: "docker" "rm" "-f" "facf17604e379db904a78e85af97490bcf71ec513e0298bf1125ca4a49a4ee40", kill_on_drop: false }`
[INFO] [stdout] facf17604e379db904a78e85af97490bcf71ec513e0298bf1125ca4a49a4ee40
