[INFO] fetching crate tui-textarea-julien-cpsn 0.4.1...
[INFO] testing tui-textarea-julien-cpsn-0.4.1 against 1.100.0-beta.1 for beta-1.100-2
[INFO] extracting crate tui-textarea-julien-cpsn 0.4.1 into /workspace/builds/worker-7-tc2/source
[INFO] started tweaking crates.io crate tui-textarea-julien-cpsn 0.4.1
[INFO] removed 0 missing examples
[INFO] finished tweaking crates.io crate tui-textarea-julien-cpsn 0.4.1
[INFO] tweaked toml for crates.io crate tui-textarea-julien-cpsn 0.4.1 written to /workspace/builds/worker-7-tc2/source/Cargo.toml
[INFO] validating manifest of crates.io crate tui-textarea-julien-cpsn 0.4.1 on toolchain 1.100.0-beta.1
[INFO] running `Command { std: CARGO_HOME="/workspace/cargo-home" RUSTUP_HOME="/workspace/rustup-home" "/workspace/cargo-home/bin/cargo" "+1.100.0-beta.1" "metadata" "--manifest-path" "Cargo.toml" "--no-deps", kill_on_drop: false }`
[INFO] crate crates.io crate tui-textarea-julien-cpsn 0.4.1 already has a lockfile, it will not be regenerated
[INFO] running `Command { std: CARGO_HOME="/workspace/cargo-home" RUSTUP_HOME="/workspace/rustup-home" "/workspace/cargo-home/bin/cargo" "+1.100.0-beta.1" "fetch" "--manifest-path" "Cargo.toml", kill_on_drop: false }`
[INFO] [stderr]     Blocking waiting for file lock on package cache
[INFO] [stderr]     Blocking waiting for file lock on package cache
[INFO] running `Command { std: "docker" "create" "-v" "/var/lib/crater-agent-workspace/builds/worker-7-tc2/source:/opt/rustwide/workdir:ro,Z" "-v" "/var/lib/crater-agent-workspace/builds/worker-7-tc2/target:/opt/rustwide/target:rw,Z" "-v" "/var/lib/crater-agent-workspace/cargo-home:/opt/rustwide/cargo-home:ro,Z" "-v" "/var/lib/crater-agent-workspace/rustup-home:/opt/rustwide/rustup-home:ro,Z" "-m" "1610612736" "--network" "none" "ghcr.io/rust-lang/crates-build-env/linux@sha256:3111399a4047eeb3a02b7a90e478d715f38a8c6669b5c4b49d30a17385265909" "sleep" "infinity", kill_on_drop: false }`
[INFO] [stdout] 4a0ca28c9defd4d8f1595a2e6dfdd891be40197d601273a011ab7246ed508b6d
[INFO] running `Command { std: "docker" "start" "4a0ca28c9defd4d8f1595a2e6dfdd891be40197d601273a011ab7246ed508b6d", kill_on_drop: false }`
[INFO] running `Command { std: "docker" "inspect" "4a0ca28c9defd4d8f1595a2e6dfdd891be40197d601273a011ab7246ed508b6d", kill_on_drop: false }`
[INFO] running `Command { std: "docker" "exec" "-e" "SOURCE_DIR=/opt/rustwide/workdir" "-e" "CARGO_HOME=/opt/rustwide/cargo-home" "-e" "RUSTUP_HOME=/opt/rustwide/rustup-home" "-e" "CARGO_TARGET_DIR=/opt/rustwide/target" "-w" "/opt/rustwide/workdir" "--user" "0:0" "4a0ca28c9defd4d8f1595a2e6dfdd891be40197d601273a011ab7246ed508b6d" "/opt/rustwide/cargo-home/bin/cargo" "+1.100.0-beta.1" "metadata" "--no-deps" "--format-version=1", kill_on_drop: false }`
[INFO] running `Command { std: "docker" "inspect" "4a0ca28c9defd4d8f1595a2e6dfdd891be40197d601273a011ab7246ed508b6d", kill_on_drop: false }`
[INFO] running `Command { std: "docker" "exec" "-e" "SOURCE_DIR=/opt/rustwide/workdir" "-e" "CARGO_HOME=/opt/rustwide/cargo-home" "-e" "RUSTUP_HOME=/opt/rustwide/rustup-home" "-e" "CARGO_TARGET_DIR=/opt/rustwide/target" "-e" "CARGO_INCREMENTAL=0" "-e" "RUST_BACKTRACE=full" "-e" "RUSTFLAGS=--cap-lints=warn" "-e" "RUSTDOCFLAGS=--cap-lints=warn" "-w" "/opt/rustwide/workdir" "--user" "0:0" "4a0ca28c9defd4d8f1595a2e6dfdd891be40197d601273a011ab7246ed508b6d" "/opt/rustwide/cargo-home/bin/cargo" "+1.100.0-beta.1" "build" "--frozen" "--message-format=json", kill_on_drop: false }`
[INFO] [stderr]    Compiling proc-macro2 v1.0.81
[INFO] [stderr]    Compiling rustversion v1.0.15
[INFO] [stderr]    Compiling autocfg v1.2.0
[INFO] [stderr]    Compiling parking_lot_core v0.9.10
[INFO] [stderr]    Compiling signal-hook v0.3.17
[INFO] [stderr]    Compiling smallvec v1.13.2
[INFO] [stderr]    Compiling either v1.11.0
[INFO] [stderr]    Compiling log v0.4.21
[INFO] [stderr]    Compiling once_cell v1.19.0
[INFO] [stderr]    Compiling zerocopy v0.7.32
[INFO] [stderr]    Compiling paste v1.0.14
[INFO] [stderr]    Compiling ahash v0.8.11
[INFO] [stderr]    Compiling allocator-api2 v0.2.18
[INFO] [stderr]    Compiling unicode-width v0.1.13
[INFO] [stderr]    Compiling signal-hook-registry v1.4.2
[INFO] [stderr]    Compiling bitflags v2.5.0
[INFO] [stderr]    Compiling mio v0.8.11
[INFO] [stderr]    Compiling itoa v1.0.11
[INFO] [stderr]    Compiling cassowary v0.3.0
[INFO] [stderr]    Compiling unicode-segmentation v1.11.0
[INFO] [stderr]    Compiling itertools v0.12.1
[INFO] [stderr]    Compiling itertools v0.13.0
[INFO] [stderr]    Compiling lock_api v0.4.12
[INFO] [stderr]    Compiling quote v1.0.36
[INFO] [stderr]    Compiling signal-hook-mio v0.2.3
[INFO] [stderr]    Compiling hashbrown v0.14.3
[INFO] [stderr]    Compiling syn v2.0.60
[INFO] [stderr]    Compiling castaway v0.2.2
[INFO] [stderr]    Compiling compact_str v0.7.1
[INFO] [stderr]    Compiling parking_lot v0.12.2
[INFO] [stderr]    Compiling lru v0.12.3
[INFO] [stderr]    Compiling crossterm v0.27.0
[INFO] [stderr]    Compiling unicode-truncate v1.0.0
[INFO] [stderr]    Compiling strum_macros v0.26.4
[INFO] [stderr]    Compiling stability v0.2.0
[INFO] [stderr]    Compiling strum v0.26.2
[INFO] [stderr]    Compiling ratatui v0.27.0
[INFO] [stderr]    Compiling tui-textarea-julien-cpsn v0.4.1 (/opt/rustwide/workdir)
[INFO] [stderr]     Finished `dev` profile [unoptimized + debuginfo] target(s) in 12.92s
[INFO] running `Command { std: "docker" "inspect" "4a0ca28c9defd4d8f1595a2e6dfdd891be40197d601273a011ab7246ed508b6d", kill_on_drop: false }`
[INFO] running `Command { std: "docker" "exec" "-e" "SOURCE_DIR=/opt/rustwide/workdir" "-e" "CARGO_HOME=/opt/rustwide/cargo-home" "-e" "RUSTUP_HOME=/opt/rustwide/rustup-home" "-e" "CARGO_TARGET_DIR=/opt/rustwide/target" "-e" "CARGO_INCREMENTAL=0" "-e" "RUST_BACKTRACE=full" "-e" "RUSTFLAGS=--cap-lints=warn" "-e" "RUSTDOCFLAGS=--cap-lints=warn" "-w" "/opt/rustwide/workdir" "--user" "0:0" "4a0ca28c9defd4d8f1595a2e6dfdd891be40197d601273a011ab7246ed508b6d" "/opt/rustwide/cargo-home/bin/cargo" "+1.100.0-beta.1" "test" "--frozen" "--no-run" "--message-format=json", kill_on_drop: false }`
[INFO] [stderr]    Compiling tui-textarea-julien-cpsn v0.4.1 (/opt/rustwide/workdir)
[INFO] [stdout] error[E0432]: unresolved import `tui_textarea`
[INFO] [stdout]  --> tests/cursor.rs:1:5
[INFO] [stdout]   |
[INFO] [stdout] 1 | use tui_textarea::{CursorMove, TextArea};
[INFO] [stdout]   |     ^^^^^^^^^^^^ use of unresolved module or unlinked crate `tui_textarea`
[INFO] [stdout]   |
[INFO] [stdout]   = help: if you wanted to use a crate named `tui_textarea`, use `cargo add tui_textarea` to add it to your `Cargo.toml`
[INFO] [stdout] 
[INFO] [stdout] 
[INFO] [stdout] error[E0432]: unresolved import `tui_textarea`
[INFO] [stdout]  --> tests/history.rs:1:5
[INFO] [stdout]   |
[INFO] [stdout] 1 | use tui_textarea::TextArea;
[INFO] [stdout]   |     ^^^^^^^^^^^^ use of unresolved module or unlinked crate `tui_textarea`
[INFO] [stdout]   |
[INFO] [stdout]   = help: if you wanted to use a crate named `tui_textarea`, use `cargo add tui_textarea` to add it to your `Cargo.toml`
[INFO] [stdout] 
[INFO] [stdout] 
[INFO] [stdout] error[E0432]: unresolved import `tui_textarea`
[INFO] [stdout]   --> examples/single_line.rs:11:5
[INFO] [stdout]    |
[INFO] [stdout] 11 | use tui_textarea::{Input, Key, TextArea};
[INFO] [stdout]    |     ^^^^^^^^^^^^ use of unresolved module or unlinked crate `tui_textarea`
[INFO] [stdout]    |
[INFO] [stdout]    = help: if you wanted to use a crate named `tui_textarea`, use `cargo add tui_textarea` to add it to your `Cargo.toml`
[INFO] [stdout] 
[INFO] [stdout] 
[INFO] [stdout] For more information about this error, try `rustc --explain E0432`.
[INFO] [stdout] 
[INFO] [stdout] For more information about this error, try `rustc --explain E0432`.
[INFO] [stdout] 
[INFO] [stderr] error: could not compile `tui-textarea-julien-cpsn` (test "history") due to 1 previous error
[INFO] [stderr] warning: build failed, waiting for other jobs to finish...
[INFO] [stdout] error[E0432]: unresolved import `tui_textarea`
[INFO] [stdout]   --> examples/popup_placeholder.rs:11:5
[INFO] [stdout]    |
[INFO] [stdout] 11 | use tui_textarea::{Input, Key, TextArea};
[INFO] [stdout]    |     ^^^^^^^^^^^^ use of unresolved module or unlinked crate `tui_textarea`
[INFO] [stdout]    |
[INFO] [stdout]    = help: if you wanted to use a crate named `tui_textarea`, use `cargo add tui_textarea` to add it to your `Cargo.toml`
[INFO] [stdout] 
[INFO] [stdout] 
[INFO] [stderr] error: could not compile `tui-textarea-julien-cpsn` (example "single_line") due to 1 previous error
[INFO] [stdout] error[E0432]: unresolved import `tui_textarea`
[INFO] [stdout]  --> tests/input.rs:1:5
[INFO] [stdout]   |
[INFO] [stdout] 1 | use tui_textarea::{Input, Key, TextArea};
[INFO] [stdout]   |     ^^^^^^^^^^^^ use of unresolved module or unlinked crate `tui_textarea`
[INFO] [stdout]   |
[INFO] [stdout]   = help: if you wanted to use a crate named `tui_textarea`, use `cargo add tui_textarea` to add it to your `Cargo.toml`
[INFO] [stdout] 
[INFO] [stdout] 
[INFO] [stdout] error[E0432]: unresolved import `tui_textarea`
[INFO] [stdout]   --> examples/vim.rs:14:5
[INFO] [stdout]    |
[INFO] [stdout] 14 | use tui_textarea::{CursorMove, Input, Key, Scrolling, TextArea};
[INFO] [stdout]    |     ^^^^^^^^^^^^ use of unresolved module or unlinked crate `tui_textarea`
[INFO] [stdout]    |
[INFO] [stdout]    = help: if you wanted to use a crate named `tui_textarea`, use `cargo add tui_textarea` to add it to your `Cargo.toml`
[INFO] [stdout] 
[INFO] [stdout] 
[INFO] [stdout] error[E0432]: unresolved import `tui_textarea`
[INFO] [stdout]   --> examples/split.rs:11:5
[INFO] [stdout]    |
[INFO] [stdout] 11 | use tui_textarea::{Input, Key, TextArea};
[INFO] [stdout]    |     ^^^^^^^^^^^^ use of unresolved module or unlinked crate `tui_textarea`
[INFO] [stdout]    |
[INFO] [stdout]    = help: if you wanted to use a crate named `tui_textarea`, use `cargo add tui_textarea` to add it to your `Cargo.toml`
[INFO] [stdout] 
[INFO] [stdout] 
[INFO] [stdout] error[E0432]: unresolved import `tui_textarea`
[INFO] [stdout]   --> examples/password.rs:11:5
[INFO] [stdout]    |
[INFO] [stdout] 11 | use tui_textarea::{Input, Key, TextArea};
[INFO] [stdout]    |     ^^^^^^^^^^^^ use of unresolved module or unlinked crate `tui_textarea`
[INFO] [stdout]    |
[INFO] [stdout]    = help: if you wanted to use a crate named `tui_textarea`, use `cargo add tui_textarea` to add it to your `Cargo.toml`
[INFO] [stdout] 
[INFO] [stdout] 
[INFO] [stdout] error[E0432]: unresolved import `tui_textarea`
[INFO] [stdout]  --> examples/minimal.rs:9:5
[INFO] [stdout]   |
[INFO] [stdout] 9 | use tui_textarea::{Input, Key, TextArea};
[INFO] [stdout]   |     ^^^^^^^^^^^^ use of unresolved module or unlinked crate `tui_textarea`
[INFO] [stdout]   |
[INFO] [stdout]   = help: if you wanted to use a crate named `tui_textarea`, use `cargo add tui_textarea` to add it to your `Cargo.toml`
[INFO] [stdout] 
[INFO] [stdout] 
[INFO] [stdout] For more information about this error, try `rustc --explain E0432`.
[INFO] [stdout] 
[INFO] [stdout] error[E0425]: cannot find value `Forward` in this scope
[INFO] [stdout]   --> tests/cursor.rs:11:9
[INFO] [stdout]    |
[INFO] [stdout] 11 |         Forward,
[INFO] [stdout]    |         ^^^^^^^ not found in this scope
[INFO] [stdout]    |
[INFO] [stdout] note: similarly named static `forward` defined here
[INFO] [stdout]   --> tests/cursor.rs:32:1
[INFO] [stdout]    |
[INFO] [stdout] 31 | #[test]
[INFO] [stdout]    | ------- in this attribute macro expansion
[INFO] [stdout] 32 | fn forward() {
[INFO] [stdout]    | ^^^^^^^^^^^^
[INFO] [stdout] help: a static with a similar name exists (notice the capitalization)
[INFO] [stdout]    |
[INFO] [stdout] 11 -         Forward,
[INFO] [stdout] 11 +         forward,
[INFO] [stdout]    |
[INFO] [stdout] 
[INFO] [stdout] 
[INFO] [stdout] error[E0425]: cannot find value `Back` in this scope
[INFO] [stdout]   --> tests/cursor.rs:12:9
[INFO] [stdout]    |
[INFO] [stdout] 12 |         Back,
[INFO] [stdout]    |         ^^^^ not found in this scope
[INFO] [stdout]    |
[INFO] [stdout] note: similarly named static `back` defined here
[INFO] [stdout]   --> tests/cursor.rs:71:1
[INFO] [stdout]    |
[INFO] [stdout] 70 | #[test]
[INFO] [stdout]    | ------- in this attribute macro expansion
[INFO] [stdout] 71 | fn back() {
[INFO] [stdout]    | ^^^^^^^^^
[INFO] [stdout] help: a static with a similar name exists
[INFO] [stdout]    |
[INFO] [stdout] 12 -         Back,
[INFO] [stdout] 12 +         back,
[INFO] [stdout]    |
[INFO] [stdout] 
[INFO] [stdout] 
[INFO] [stdout] error[E0425]: cannot find value `Up` in this scope
[INFO] [stdout]    --> tests/cursor.rs:13:9
[INFO] [stdout]     |
[INFO] [stdout]  13 |         Up,
[INFO] [stdout]     |         ^^ not found in this scope
[INFO] [stdout]     |
[INFO] [stdout] note: similarly named static `up` defined here
[INFO] [stdout]    --> tests/cursor.rs:111:1
[INFO] [stdout]     |
[INFO] [stdout] 110 | #[test]
[INFO] [stdout]     | ------- in this attribute macro expansion
[INFO] [stdout] 111 | fn up() {
[INFO] [stdout]     | ^^^^^^^
[INFO] [stdout] help: a static with a similar name exists (notice the capitalization)
[INFO] [stdout]     |
[INFO] [stdout]  13 -         Up,
[INFO] [stdout]  13 +         up,
[INFO] [stdout]     |
[INFO] [stdout] 
[INFO] [stdout] 
[INFO] [stdout] error[E0425]: cannot find value `Down` in this scope
[INFO] [stdout]    --> tests/cursor.rs:14:9
[INFO] [stdout]     |
[INFO] [stdout]  14 |         Down,
[INFO] [stdout]     |         ^^^^ not found in this scope
[INFO] [stdout]     |
[INFO] [stdout] note: similarly named static `down` defined here
[INFO] [stdout]    --> tests/cursor.rs:147:1
[INFO] [stdout]     |
[INFO] [stdout] 146 | #[test]
[INFO] [stdout]     | ------- in this attribute macro expansion
[INFO] [stdout] 147 | fn down() {
[INFO] [stdout]     | ^^^^^^^^^
[INFO] [stdout] help: a static with a similar name exists
[INFO] [stdout]     |
[INFO] [stdout]  14 -         Down,
[INFO] [stdout]  14 +         down,
[INFO] [stdout]     |
[INFO] [stdout] 
[INFO] [stdout] 
[INFO] [stdout] error[E0425]: cannot find value `Head` in this scope
[INFO] [stdout]    --> tests/cursor.rs:15:9
[INFO] [stdout]     |
[INFO] [stdout]  15 |         Head,
[INFO] [stdout]     |         ^^^^ not found in this scope
[INFO] [stdout]     |
[INFO] [stdout] note: similarly named static `head` defined here
[INFO] [stdout]    --> tests/cursor.rs:183:1
[INFO] [stdout]     |
[INFO] [stdout] 182 | #[test]
[INFO] [stdout]     | ------- in this attribute macro expansion
[INFO] [stdout] 183 | fn head() {
[INFO] [stdout]     | ^^^^^^^^^
[INFO] [stdout] help: a static with a similar name exists
[INFO] [stdout]     |
[INFO] [stdout]  15 -         Head,
[INFO] [stdout]  15 +         head,
[INFO] [stdout]     |
[INFO] [stdout] 
[INFO] [stdout] 
[INFO] [stdout] error[E0425]: cannot find value `End` in this scope
[INFO] [stdout]    --> tests/cursor.rs:16:9
[INFO] [stdout]     |
[INFO] [stdout]  16 |         End,
[INFO] [stdout]     |         ^^^ not found in this scope
[INFO] [stdout]     |
[INFO] [stdout] note: similarly named static `end` defined here
[INFO] [stdout]    --> tests/cursor.rs:198:1
[INFO] [stdout]     |
[INFO] [stdout] 197 | #[test]
[INFO] [stdout]     | ------- in this attribute macro expansion
[INFO] [stdout] 198 | fn end() {
[INFO] [stdout]     | ^^^^^^^^
[INFO] [stdout] help: a static with a similar name exists
[INFO] [stdout]     |
[INFO] [stdout]  16 -         End,
[INFO] [stdout]  16 +         end,
[INFO] [stdout]     |
[INFO] [stdout] help: consider importing this tuple variant
[INFO] [stdout]     |
[INFO] [stdout]   1 + use std::io::SeekFrom::End;
[INFO] [stdout]     |
[INFO] [stdout] 
[INFO] [stdout] 
[INFO] [stdout] error[E0425]: cannot find value `Top` in this scope
[INFO] [stdout]    --> tests/cursor.rs:17:9
[INFO] [stdout]     |
[INFO] [stdout]  17 |         Top,
[INFO] [stdout]     |         ^^^ not found in this scope
[INFO] [stdout]     |
[INFO] [stdout] note: similarly named static `top` defined here
[INFO] [stdout]    --> tests/cursor.rs:218:1
[INFO] [stdout]     |
[INFO] [stdout] 217 | #[test]
[INFO] [stdout]     | ------- in this attribute macro expansion
[INFO] [stdout] 218 | fn top() {
[INFO] [stdout]     | ^^^^^^^^
[INFO] [stdout] help: a static with a similar name exists
[INFO] [stdout]     |
[INFO] [stdout]  17 -         Top,
[INFO] [stdout]  17 +         top,
[INFO] [stdout]     |
[INFO] [stdout] 
[INFO] [stdout] 
[INFO] [stdout] error[E0425]: cannot find value `Bottom` in this scope
[INFO] [stdout]    --> tests/cursor.rs:18:9
[INFO] [stdout]     |
[INFO] [stdout]  18 |         Bottom,
[INFO] [stdout]     |         ^^^^^^ not found in this scope
[INFO] [stdout]     |
[INFO] [stdout] note: similarly named static `bottom` defined here
[INFO] [stdout]    --> tests/cursor.rs:251:1
[INFO] [stdout]     |
[INFO] [stdout] 250 | #[test]
[INFO] [stdout]     | ------- in this attribute macro expansion
[INFO] [stdout] 251 | fn bottom() {
[INFO] [stdout]     | ^^^^^^^^^^^
[INFO] [stdout] help: a static with a similar name exists
[INFO] [stdout]     |
[INFO] [stdout]  18 -         Bottom,
[INFO] [stdout]  18 +         bottom,
[INFO] [stdout]     |
[INFO] [stdout] 
[INFO] [stdout] 
[INFO] [stdout] error[E0425]: cannot find value `WordForward` in this scope
[INFO] [stdout]   --> tests/cursor.rs:19:9
[INFO] [stdout]    |
[INFO] [stdout] 19 |         WordForward,
[INFO] [stdout]    |         ^^^^^^^^^^^ not found in this scope
[INFO] [stdout] 
[INFO] [stdout] 
[INFO] [stdout] error[E0425]: cannot find value `WordBack` in this scope
[INFO] [stdout]   --> tests/cursor.rs:20:9
[INFO] [stdout]    |
[INFO] [stdout] 20 |         WordBack,
[INFO] [stdout]    |         ^^^^^^^^ not found in this scope
[INFO] [stdout] 
[INFO] [stdout] 
[INFO] [stdout] error[E0425]: cannot find value `ParagraphForward` in this scope
[INFO] [stdout]   --> tests/cursor.rs:21:9
[INFO] [stdout]    |
[INFO] [stdout] 21 |         ParagraphForward,
[INFO] [stdout]    |         ^^^^^^^^^^^^^^^^ not found in this scope
[INFO] [stdout] 
[INFO] [stdout] 
[INFO] [stdout] error[E0425]: cannot find value `ParagraphBack` in this scope
[INFO] [stdout]   --> tests/cursor.rs:22:9
[INFO] [stdout]    |
[INFO] [stdout] 22 |         ParagraphBack,
[INFO] [stdout]    |         ^^^^^^^^^^^^^ not found in this scope
[INFO] [stdout] 
[INFO] [stdout] 
[INFO] [stdout] For more information about this error, try `rustc --explain E0432`.
[INFO] [stdout] 
[INFO] [stderr] error: could not compile `tui-textarea-julien-cpsn` (example "password") due to 1 previous error
[INFO] [stdout] For more information about this error, try `rustc --explain E0432`.
[INFO] [stdout] 
[INFO] [stderr] error: could not compile `tui-textarea-julien-cpsn` (example "popup_placeholder") due to 1 previous error
[INFO] [stdout] For more information about this error, try `rustc --explain E0432`.
[INFO] [stdout] 
[INFO] [stderr] error: could not compile `tui-textarea-julien-cpsn` (example "minimal") due to 1 previous error
[INFO] [stdout] error[E0432]: unresolved import `tui_textarea`
[INFO] [stdout]   --> examples/variable.rs:11:5
[INFO] [stdout]    |
[INFO] [stdout] 11 | use tui_textarea::{Input, Key, TextArea};
[INFO] [stdout]    |     ^^^^^^^^^^^^ use of unresolved module or unlinked crate `tui_textarea`
[INFO] [stdout]    |
[INFO] [stdout]    = help: if you wanted to use a crate named `tui_textarea`, use `cargo add tui_textarea` to add it to your `Cargo.toml`
[INFO] [stdout] 
[INFO] [stdout] 
[INFO] [stderr] error: could not compile `tui-textarea-julien-cpsn` (example "split") due to 1 previous error
[INFO] [stdout] For more information about this error, try `rustc --explain E0432`.
[INFO] [stdout] 
[INFO] [stderr] error: could not compile `tui-textarea-julien-cpsn` (example "vim") due to 1 previous error
[INFO] [stdout] error[E0432]: unresolved import `tui_textarea`
[INFO] [stdout]  --> tests/textarea.rs:3:5
[INFO] [stdout]   |
[INFO] [stdout] 3 | use tui_textarea::{CursorMove, TextArea};
[INFO] [stdout]   |     ^^^^^^^^^^^^ use of unresolved module or unlinked crate `tui_textarea`
[INFO] [stdout]   |
[INFO] [stdout]   = help: if you wanted to use a crate named `tui_textarea`, use `cargo add tui_textarea` to add it to your `Cargo.toml`
[INFO] [stdout] 
[INFO] [stdout] 
[INFO] [stdout] error[E0425]: cannot find function, tuple struct or tuple variant `Jump` in this scope
[INFO] [stdout]   --> tests/cursor.rs:23:9
[INFO] [stdout]    |
[INFO] [stdout] 23 |         Jump(0, 0),
[INFO] [stdout]    |         ^^^^ not found in this scope
[INFO] [stdout] 
[INFO] [stdout] 
[INFO] [stdout] error[E0425]: cannot find function, tuple struct or tuple variant `Jump` in this scope
[INFO] [stdout]   --> tests/cursor.rs:24:9
[INFO] [stdout]    |
[INFO] [stdout] 24 |         Jump(u16::MAX, u16::MAX),
[INFO] [stdout]    |         ^^^^ not found in this scope
[INFO] [stdout] 
[INFO] [stdout] 
[INFO] [stdout] For more information about this error, try `rustc --explain E0432`.
[INFO] [stdout] 
[INFO] [stderr] error: could not compile `tui-textarea-julien-cpsn` (example "variable") due to 1 previous error
[INFO] [stdout] error[E0425]: cannot find function, tuple struct or tuple variant `F` in this scope
[INFO] [stdout]   --> tests/input.rs:29:53
[INFO] [stdout]    |
[INFO] [stdout] 29 |         push_all_modifiers_combination(&mut inputs, F(i));
[INFO] [stdout]    |                                                     ^ not found in this scope
[INFO] [stdout]    |
[INFO] [stdout] help: a local variable with a similar name exists
[INFO] [stdout]    |
[INFO] [stdout] 29 -         push_all_modifiers_combination(&mut inputs, F(i));
[INFO] [stdout] 29 +         push_all_modifiers_combination(&mut inputs, i(i));
[INFO] [stdout]    |
[INFO] [stdout] help: you might be missing a const parameter
[INFO] [stdout]    |
[INFO] [stdout]  5 | fn test_input_all_combinations_sanity<const F: /* Type */>() {
[INFO] [stdout]    |                                      +++++++++++++++++++++
[INFO] [stdout] 
[INFO] [stdout] 
[INFO] [stdout] error[E0425]: cannot find value `Null` in this scope
[INFO] [stdout]   --> tests/input.rs:32:9
[INFO] [stdout]    |
[INFO] [stdout] 32 |         Null,
[INFO] [stdout]    |         ^^^^ not found in this scope
[INFO] [stdout] 
[INFO] [stdout] 
[INFO] [stdout] error[E0425]: cannot find value `Backspace` in this scope
[INFO] [stdout]   --> tests/input.rs:35:9
[INFO] [stdout]    |
[INFO] [stdout] 35 |         Backspace,
[INFO] [stdout]    |         ^^^^^^^^^ not found in this scope
[INFO] [stdout] 
[INFO] [stdout] 
[INFO] [stdout] error[E0425]: cannot find value `Enter` in this scope
[INFO] [stdout]   --> tests/input.rs:36:9
[INFO] [stdout]    |
[INFO] [stdout] 36 |         Enter,
[INFO] [stdout]    |         ^^^^^ not found in this scope
[INFO] [stdout] 
[INFO] [stdout] 
[INFO] [stdout] error[E0425]: cannot find value `Left` in this scope
[INFO] [stdout]   --> tests/input.rs:37:9
[INFO] [stdout]    |
[INFO] [stdout] 37 |         Left,
[INFO] [stdout]    |         ^^^^ not found in this scope
[INFO] [stdout]    |
[INFO] [stdout] help: consider importing this unit variant
[INFO] [stdout]    |
[INFO] [stdout]  1 + use std::fmt::Alignment::Left;
[INFO] [stdout]    |
[INFO] [stdout] 
[INFO] [stdout] 
[INFO] [stdout] error[E0425]: cannot find value `Right` in this scope
[INFO] [stdout]   --> tests/input.rs:38:9
[INFO] [stdout]    |
[INFO] [stdout] 38 |         Right,
[INFO] [stdout]    |         ^^^^^ not found in this scope
[INFO] [stdout]    |
[INFO] [stdout] help: consider importing this unit variant
[INFO] [stdout]    |
[INFO] [stdout]  1 + use std::fmt::Alignment::Right;
[INFO] [stdout]    |
[INFO] [stdout] 
[INFO] [stdout] 
[INFO] [stdout] error[E0425]: cannot find value `Up` in this scope
[INFO] [stdout]   --> tests/input.rs:39:9
[INFO] [stdout]    |
[INFO] [stdout] 39 |         Up,
[INFO] [stdout]    |         ^^ not found in this scope
[INFO] [stdout] 
[INFO] [stdout] 
[INFO] [stdout] error[E0425]: cannot find value `Down` in this scope
[INFO] [stdout]   --> tests/input.rs:40:9
[INFO] [stdout]    |
[INFO] [stdout] 40 |         Down,
[INFO] [stdout]    |         ^^^^ not found in this scope
[INFO] [stdout] 
[INFO] [stdout] 
[INFO] [stdout] error[E0425]: cannot find value `Tab` in this scope
[INFO] [stdout]   --> tests/input.rs:41:9
[INFO] [stdout]    |
[INFO] [stdout] 41 |         Tab,
[INFO] [stdout]    |         ^^^ not found in this scope
[INFO] [stdout] 
[INFO] [stdout] 
[INFO] [stdout] error[E0425]: cannot find value `Delete` in this scope
[INFO] [stdout]   --> tests/input.rs:42:9
[INFO] [stdout]    |
[INFO] [stdout] 42 |         Delete,
[INFO] [stdout]    |         ^^^^^^ not found in this scope
[INFO] [stdout] 
[INFO] [stdout] 
[INFO] [stdout] error[E0425]: cannot find value `Home` in this scope
[INFO] [stdout]   --> tests/input.rs:43:9
[INFO] [stdout]    |
[INFO] [stdout] 43 |         Home,
[INFO] [stdout]    |         ^^^^ not found in this scope
[INFO] [stdout]    |
[INFO] [stdout] note: similarly named tuple variant `Some` defined here
[INFO] [stdout]   --> /rustc/e3feeb59cd1bdd011a2bfcc0747b55125d9b8527/library/core/src/option.rs:606:4
[INFO] [stdout] help: a tuple variant with a similar name exists
[INFO] [stdout]    |
[INFO] [stdout] 43 -         Home,
[INFO] [stdout] 43 +         Some,
[INFO] [stdout]    |
[INFO] [stdout] 
[INFO] [stdout] 
[INFO] [stdout] error[E0425]: cannot find value `End` in this scope
[INFO] [stdout]   --> tests/input.rs:44:9
[INFO] [stdout]    |
[INFO] [stdout] 44 |         End,
[INFO] [stdout]    |         ^^^ not found in this scope
[INFO] [stdout]    |
[INFO] [stdout] help: consider importing this tuple variant
[INFO] [stdout]    |
[INFO] [stdout]  1 + use std::io::SeekFrom::End;
[INFO] [stdout]    |
[INFO] [stdout] 
[INFO] [stdout] 
[INFO] [stdout] error[E0425]: cannot find value `PageUp` in this scope
[INFO] [stdout]   --> tests/input.rs:45:9
[INFO] [stdout]    |
[INFO] [stdout] 45 |         PageUp,
[INFO] [stdout]    |         ^^^^^^ not found in this scope
[INFO] [stdout] 
[INFO] [stdout] 
[INFO] [stdout] error[E0425]: cannot find value `PageDown` in this scope
[INFO] [stdout]   --> tests/input.rs:46:9
[INFO] [stdout]    |
[INFO] [stdout] 46 |         PageDown,
[INFO] [stdout]    |         ^^^^^^^^ not found in this scope
[INFO] [stdout] 
[INFO] [stdout] 
[INFO] [stdout] error[E0425]: cannot find value `Esc` in this scope
[INFO] [stdout]   --> tests/input.rs:47:9
[INFO] [stdout]    |
[INFO] [stdout] 47 |         Esc,
[INFO] [stdout]    |         ^^^ not found in this scope
[INFO] [stdout] 
[INFO] [stdout] 
[INFO] [stdout] error[E0425]: cannot find value `MouseScrollDown` in this scope
[INFO] [stdout]   --> tests/input.rs:48:9
[INFO] [stdout]    |
[INFO] [stdout] 48 |         MouseScrollDown,
[INFO] [stdout]    |         ^^^^^^^^^^^^^^^ not found in this scope
[INFO] [stdout] 
[INFO] [stdout] 
[INFO] [stdout] error[E0425]: cannot find value `MouseScrollUp` in this scope
[INFO] [stdout]   --> tests/input.rs:49:9
[INFO] [stdout]    |
[INFO] [stdout] 49 |         MouseScrollUp,
[INFO] [stdout]    |         ^^^^^^^^^^^^^ not found in this scope
[INFO] [stdout] 
[INFO] [stdout] 
[INFO] [stdout] error[E0423]: cannot find value `Copy` in this scope
[INFO] [stdout]   --> tests/input.rs:50:9
[INFO] [stdout]    |
[INFO] [stdout] 50 |         Copy,
[INFO] [stdout]    |         ^^^^ not found in this scope
[INFO] [stdout]    |
[INFO] [stdout]    = note: a trait named `Copy` exists in another namespace
[INFO] [stdout] 
[INFO] [stdout] 
[INFO] [stdout] error[E0425]: cannot find value `Cut` in this scope
[INFO] [stdout]   --> tests/input.rs:51:9
[INFO] [stdout]    |
[INFO] [stdout] 51 |         Cut,
[INFO] [stdout]    |         ^^^ not found in this scope
[INFO] [stdout] 
[INFO] [stdout] 
[INFO] [stdout] error[E0425]: cannot find value `Paste` in this scope
[INFO] [stdout]   --> tests/input.rs:52:9
[INFO] [stdout]    |
[INFO] [stdout] 52 |         Paste,
[INFO] [stdout]    |         ^^^^^ not found in this scope
[INFO] [stdout] 
[INFO] [stdout] 
[INFO] [stdout] Some errors have detailed explanations: E0425, E0432.
[INFO] [stdout] 
[INFO] [stdout] For more information about an error, try `rustc --explain E0425`.
[INFO] [stdout] 
[INFO] [stderr] error: could not compile `tui-textarea-julien-cpsn` (test "cursor") due to 15 previous errors
[INFO] [stdout] error[E0425]: cannot find function, tuple struct or tuple variant `Char` in this scope
[INFO] [stdout]   --> tests/input.rs:26:53
[INFO] [stdout]    |
[INFO] [stdout] 26 |         push_all_modifiers_combination(&mut inputs, Char(c));
[INFO] [stdout]    |                                                     ^^^^ not found in this scope
[INFO] [stdout] 
[INFO] [stdout] 
[INFO] [stdout] error[E0425]: cannot find function, tuple struct or tuple variant `Char` in this scope
[INFO] [stdout]   --> tests/input.rs:33:9
[INFO] [stdout]    |
[INFO] [stdout] 33 |         Char('あ'),
[INFO] [stdout]    |         ^^^^ not found in this scope
[INFO] [stdout] 
[INFO] [stdout] 
[INFO] [stdout] error[E0425]: cannot find function, tuple struct or tuple variant `Char` in this scope
[INFO] [stdout]   --> tests/input.rs:34:9
[INFO] [stdout]    |
[INFO] [stdout] 34 |         Char('🐶'),
[INFO] [stdout]    |         ^^^^ not found in this scope
[INFO] [stdout] 
[INFO] [stdout] 
[INFO] [stdout] Some errors have detailed explanations: E0423, E0425, E0432.
[INFO] [stdout] 
[INFO] [stdout] For more information about an error, try `rustc --explain E0423`.
[INFO] [stdout] 
[INFO] [stderr] error: could not compile `tui-textarea-julien-cpsn` (test "input") due to 24 previous errors
[INFO] [stdout] For more information about this error, try `rustc --explain E0432`.
[INFO] [stdout] 
[INFO] [stderr] error: could not compile `tui-textarea-julien-cpsn` (test "textarea") due to 1 previous error
[INFO] running `Command { std: "docker" "inspect" "4a0ca28c9defd4d8f1595a2e6dfdd891be40197d601273a011ab7246ed508b6d", kill_on_drop: false }`
[INFO] running `Command { std: "docker" "rm" "-f" "4a0ca28c9defd4d8f1595a2e6dfdd891be40197d601273a011ab7246ed508b6d", kill_on_drop: false }`
[INFO] [stdout] 4a0ca28c9defd4d8f1595a2e6dfdd891be40197d601273a011ab7246ed508b6d
