[INFO] fetching crate ts_influxdb 0.7.3-beta.1...
[INFO] testing ts_influxdb-0.7.3-beta.1 against 1.100.0-beta.1 for beta-1.100-2
[INFO] extracting crate ts_influxdb 0.7.3-beta.1 into /workspace/builds/worker-3-tc2/source
[INFO] started tweaking crates.io crate ts_influxdb 0.7.3-beta.1
[INFO] finished tweaking crates.io crate ts_influxdb 0.7.3-beta.1
[INFO] tweaked toml for crates.io crate ts_influxdb 0.7.3-beta.1 written to /workspace/builds/worker-3-tc2/source/Cargo.toml
[INFO] validating manifest of crates.io crate ts_influxdb 0.7.3-beta.1 on toolchain 1.100.0-beta.1
[INFO] running `Command { std: CARGO_HOME="/workspace/cargo-home" RUSTUP_HOME="/workspace/rustup-home" "/workspace/cargo-home/bin/cargo" "+1.100.0-beta.1" "metadata" "--manifest-path" "Cargo.toml" "--no-deps", kill_on_drop: false }`
[INFO] running `Command { std: CARGO_HOME="/workspace/cargo-home" RUSTUP_HOME="/workspace/rustup-home" "/workspace/cargo-home/bin/cargo" "+1.100.0-beta.1" "generate-lockfile" "--manifest-path" "Cargo.toml", kill_on_drop: false }`
[INFO] [stderr]     Updating crates.io index
[INFO] [stderr]     Blocking waiting for file lock on package cache
[INFO] [stderr]      Locking 342 packages to highest compatible versions
[INFO] [stderr]       Adding http v0.2.12 (available: v1.5.0)
[INFO] [stderr]       Adding indoc v1.0.9 (available: v2.0.7)
[INFO] [stderr]       Adding influxdb_derive v0.5.1 (available: v0.6.0)
[INFO] [stderr]       Adding reqwest v0.11.27 (available: v0.13.5)
[INFO] [stderr]       Adding subtle v2.4.1 (available: v2.6.1)
[INFO] [stderr]       Adding thiserror v1.0.69 (available: v2.0.21)
[INFO] running `Command { std: CARGO_HOME="/workspace/cargo-home" RUSTUP_HOME="/workspace/rustup-home" "/workspace/cargo-home/bin/cargo" "+1.100.0-beta.1" "fetch" "--manifest-path" "Cargo.toml", kill_on_drop: false }`
[INFO] [stderr]     Blocking waiting for file lock on package cache
[INFO] [stderr]     Blocking waiting for file lock on package cache
[INFO] running `Command { std: "docker" "create" "-v" "/var/lib/crater-agent-workspace/builds/worker-3-tc2/source:/opt/rustwide/workdir:ro,Z" "-v" "/var/lib/crater-agent-workspace/builds/worker-3-tc2/target:/opt/rustwide/target:rw,Z" "-v" "/var/lib/crater-agent-workspace/cargo-home:/opt/rustwide/cargo-home:ro,Z" "-v" "/var/lib/crater-agent-workspace/rustup-home:/opt/rustwide/rustup-home:ro,Z" "-m" "1610612736" "--network" "none" "ghcr.io/rust-lang/crates-build-env/linux@sha256:3111399a4047eeb3a02b7a90e478d715f38a8c6669b5c4b49d30a17385265909" "sleep" "infinity", kill_on_drop: false }`
[INFO] [stdout] 6d46af7e3ceedff4cbadd892915da7af40bb672190f5c1cece415a29448d8884
[INFO] running `Command { std: "docker" "start" "6d46af7e3ceedff4cbadd892915da7af40bb672190f5c1cece415a29448d8884", kill_on_drop: false }`
[INFO] running `Command { std: "docker" "inspect" "6d46af7e3ceedff4cbadd892915da7af40bb672190f5c1cece415a29448d8884", kill_on_drop: false }`
[INFO] running `Command { std: "docker" "exec" "-e" "SOURCE_DIR=/opt/rustwide/workdir" "-e" "CARGO_HOME=/opt/rustwide/cargo-home" "-e" "RUSTUP_HOME=/opt/rustwide/rustup-home" "-e" "CARGO_TARGET_DIR=/opt/rustwide/target" "-w" "/opt/rustwide/workdir" "--user" "0:0" "6d46af7e3ceedff4cbadd892915da7af40bb672190f5c1cece415a29448d8884" "/opt/rustwide/cargo-home/bin/cargo" "+1.100.0-beta.1" "metadata" "--no-deps" "--format-version=1", kill_on_drop: false }`
[INFO] running `Command { std: "docker" "inspect" "6d46af7e3ceedff4cbadd892915da7af40bb672190f5c1cece415a29448d8884", kill_on_drop: false }`
[INFO] running `Command { std: "docker" "exec" "-e" "SOURCE_DIR=/opt/rustwide/workdir" "-e" "CARGO_HOME=/opt/rustwide/cargo-home" "-e" "RUSTUP_HOME=/opt/rustwide/rustup-home" "-e" "CARGO_TARGET_DIR=/opt/rustwide/target" "-e" "CARGO_INCREMENTAL=0" "-e" "RUST_BACKTRACE=full" "-e" "RUSTFLAGS=--cap-lints=warn" "-e" "RUSTDOCFLAGS=--cap-lints=warn" "-w" "/opt/rustwide/workdir" "--user" "0:0" "6d46af7e3ceedff4cbadd892915da7af40bb672190f5c1cece415a29448d8884" "/opt/rustwide/cargo-home/bin/cargo" "+1.100.0-beta.1" "build" "--frozen" "--message-format=json", kill_on_drop: false }`
[INFO] [stderr]    Compiling rustls v0.21.12
[INFO] [stderr]    Compiling ring v0.17.14
[INFO] [stderr]    Compiling value-bag v1.14.1
[INFO] [stderr]    Compiling tokio-macros v2.7.2
[INFO] [stderr]    Compiling futures-macro v0.3.34
[INFO] [stderr]    Compiling num-traits v0.2.19
[INFO] [stderr]    Compiling syn v2.0.119
[INFO] [stderr]    Compiling serde_urlencoded v0.7.1
[INFO] [stderr]    Compiling webpki-roots v0.25.4
[INFO] [stderr]    Compiling serde_json v1.0.151
[INFO] [stderr]    Compiling log v0.4.34
[INFO] [stderr]    Compiling tokio v1.53.2
[INFO] [stderr]    Compiling futures-util v0.3.34
[INFO] [stderr]    Compiling chrono v0.4.45
[INFO] [stderr]    Compiling thiserror-impl v1.0.69
[INFO] [stderr]    Compiling thiserror v1.0.69
[INFO] [stderr]    Compiling sct v0.7.1
[INFO] [stderr]    Compiling rustls-webpki v0.101.7
[INFO] [stderr]    Compiling tokio-util v0.7.19
[INFO] [stderr]    Compiling h2 v0.3.27
[INFO] [stderr]    Compiling tokio-rustls v0.24.1
[INFO] [stderr]    Compiling hyper v0.14.32
[INFO] [stderr]    Compiling hyper-rustls v0.24.2
[INFO] [stderr]    Compiling reqwest v0.11.27
[INFO] [stderr]    Compiling ts_influxdb v0.7.3-beta.1 (/opt/rustwide/workdir)
[INFO] [stdout] warning: cannot find macro `cargo_toml` in the current scope when looking from the crate root
[INFO] [stdout]   --> src/lib.rs:20:10
[INFO] [stdout]    |
[INFO] [stdout] 20 | #![doc = cargo_toml!(indent="", "derive")]
[INFO] [stdout]    |          ^^^^^^^^^^ not found from the crate root
[INFO] [stdout]    |
[INFO] [stdout]    = help: import `macro_rules` with `use` to make it callable above its definition
[INFO] [stdout]    = warning: this was previously accepted by the compiler but is being phased out; it will become a hard error in a future release!
[INFO] [stdout]    = note: for more information, see issue #124535 <https://github.com/rust-lang/rust/issues/124535>
[INFO] [stdout]    = note: `#[warn(out_of_scope_macro_calls)]` (part of `#[warn(future_incompatible)]`) on by default
[INFO] [stdout] 
[INFO] [stdout] 
[INFO] [stdout] warning: cannot find macro `cargo_toml_private` in the current scope when looking from the crate root
[INFO] [stdout]    --> src/lib.rs:103:9
[INFO] [stdout]     |
[INFO] [stdout]  20 | #![doc = cargo_toml!(indent="", "derive")]
[INFO] [stdout]     |          -------------------------------- in this macro invocation
[INFO] [stdout] ...
[INFO] [stdout] 101 | macro_rules! cargo_toml {
[INFO] [stdout] 102 |     (indent=$indent:literal, $firstfeat:literal $(, $feature:literal)*) => {
[INFO] [stdout] 103 |         cargo_toml_private!($indent, "", $firstfeat $(, $feature)*)
[INFO] [stdout]     |         ^^^^^^^^^^^^^^^^^^ not found from the crate root
[INFO] [stdout]     |
[INFO] [stdout]     = help: import `macro_rules` with `use` to make it callable above its definition
[INFO] [stdout]     = warning: this was previously accepted by the compiler but is being phased out; it will become a hard error in a future release!
[INFO] [stdout]     = note: for more information, see issue #124535 <https://github.com/rust-lang/rust/issues/124535>
[INFO] [stdout] 
[INFO] [stdout] 
[INFO] [stdout] warning: cannot find macro `cargo_toml` in the current scope when looking from the crate root
[INFO] [stdout]   --> src/lib.rs:77:10
[INFO] [stdout]    |
[INFO] [stdout] 77 | #![doc = cargo_toml!(indent="\t", "derive")]
[INFO] [stdout]    |          ^^^^^^^^^^ not found from the crate root
[INFO] [stdout]    |
[INFO] [stdout]    = help: import `macro_rules` with `use` to make it callable above its definition
[INFO] [stdout]    = warning: this was previously accepted by the compiler but is being phased out; it will become a hard error in a future release!
[INFO] [stdout]    = note: for more information, see issue #124535 <https://github.com/rust-lang/rust/issues/124535>
[INFO] [stdout] 
[INFO] [stdout] 
[INFO] [stdout] warning: cannot find macro `cargo_toml_private` in the current scope when looking from the crate root
[INFO] [stdout]    --> src/lib.rs:103:9
[INFO] [stdout]     |
[INFO] [stdout]  77 | #![doc = cargo_toml!(indent="\t", "derive")]
[INFO] [stdout]     |          ---------------------------------- in this macro invocation
[INFO] [stdout] ...
[INFO] [stdout] 101 | macro_rules! cargo_toml {
[INFO] [stdout] 102 |     (indent=$indent:literal, $firstfeat:literal $(, $feature:literal)*) => {
[INFO] [stdout] 103 |         cargo_toml_private!($indent, "", $firstfeat $(, $feature)*)
[INFO] [stdout]     |         ^^^^^^^^^^^^^^^^^^ not found from the crate root
[INFO] [stdout]     |
[INFO] [stdout]     = help: import `macro_rules` with `use` to make it callable above its definition
[INFO] [stdout]     = warning: this was previously accepted by the compiler but is being phased out; it will become a hard error in a future release!
[INFO] [stdout]     = note: for more information, see issue #124535 <https://github.com/rust-lang/rust/issues/124535>
[INFO] [stdout] 
[INFO] [stdout] 
[INFO] [stdout] warning: cannot find macro `cargo_toml` in the current scope when looking from the crate root
[INFO] [stdout]   --> src/lib.rs:79:10
[INFO] [stdout]    |
[INFO] [stdout] 79 | #![doc = cargo_toml!(indent="\t", default-features = false, "derive", "serde", "reqwest-client-native-tls")]
[INFO] [stdout]    |          ^^^^^^^^^^ not found from the crate root
[INFO] [stdout]    |
[INFO] [stdout]    = help: import `macro_rules` with `use` to make it callable above its definition
[INFO] [stdout]    = warning: this was previously accepted by the compiler but is being phased out; it will become a hard error in a future release!
[INFO] [stdout]    = note: for more information, see issue #124535 <https://github.com/rust-lang/rust/issues/124535>
[INFO] [stdout] 
[INFO] [stdout] 
[INFO] [stdout] warning: cannot find macro `cargo_toml_private` in the current scope when looking from the crate root
[INFO] [stdout]    --> src/lib.rs:107:9
[INFO] [stdout]     |
[INFO] [stdout]  79 | #![doc = cargo_toml!(indent="\t", default-features = false, "derive", "serde", "reqwest-client-native-tls")]
[INFO] [stdout]     |          -------------------------------------------------------------------------------------------------- in this macro invocation
[INFO] [stdout] ...
[INFO] [stdout] 101 | macro_rules! cargo_toml {
[INFO] [stdout] ...
[INFO] [stdout] 107 |         cargo_toml_private!($indent, "default-features = false, ", $firstfeat $(, $feature)*)
[INFO] [stdout]     |         ^^^^^^^^^^^^^^^^^^ not found from the crate root
[INFO] [stdout]     |
[INFO] [stdout]     = help: import `macro_rules` with `use` to make it callable above its definition
[INFO] [stdout]     = warning: this was previously accepted by the compiler but is being phased out; it will become a hard error in a future release!
[INFO] [stdout]     = note: for more information, see issue #124535 <https://github.com/rust-lang/rust/issues/124535>
[INFO] [stdout] 
[INFO] [stdout] 
[INFO] [stdout] warning: cannot find macro `cargo_toml` in the current scope when looking from the crate root
[INFO] [stdout]   --> src/lib.rs:81:10
[INFO] [stdout]    |
[INFO] [stdout] 81 | #![doc = cargo_toml!(indent="\t", default-features = false, "derive", "serde", "reqwest-client-native-tls-vendored")]
[INFO] [stdout]    |          ^^^^^^^^^^ not found from the crate root
[INFO] [stdout]    |
[INFO] [stdout]    = help: import `macro_rules` with `use` to make it callable above its definition
[INFO] [stdout]    = warning: this was previously accepted by the compiler but is being phased out; it will become a hard error in a future release!
[INFO] [stdout]    = note: for more information, see issue #124535 <https://github.com/rust-lang/rust/issues/124535>
[INFO] [stdout] 
[INFO] [stdout] 
[INFO] [stdout] warning: cannot find macro `cargo_toml_private` in the current scope when looking from the crate root
[INFO] [stdout]    --> src/lib.rs:107:9
[INFO] [stdout]     |
[INFO] [stdout]  81 | #![doc = cargo_toml!(indent="\t", default-features = false, "derive", "serde", "reqwest-client-native-tls-vendored")]
[INFO] [stdout]     |          ----------------------------------------------------------------------------------------------------------- in this macro invocation
[INFO] [stdout] ...
[INFO] [stdout] 101 | macro_rules! cargo_toml {
[INFO] [stdout] ...
[INFO] [stdout] 107 |         cargo_toml_private!($indent, "default-features = false, ", $firstfeat $(, $feature)*)
[INFO] [stdout]     |         ^^^^^^^^^^^^^^^^^^ not found from the crate root
[INFO] [stdout]     |
[INFO] [stdout]     = help: import `macro_rules` with `use` to make it callable above its definition
[INFO] [stdout]     = warning: this was previously accepted by the compiler but is being phased out; it will become a hard error in a future release!
[INFO] [stdout]     = note: for more information, see issue #124535 <https://github.com/rust-lang/rust/issues/124535>
[INFO] [stdout] 
[INFO] [stdout] 
[INFO] [stdout] warning: cannot find macro `cargo_toml` in the current scope when looking from the crate root
[INFO] [stdout]   --> src/lib.rs:83:10
[INFO] [stdout]    |
[INFO] [stdout] 83 | #![doc = cargo_toml!(indent="\t", default-features = false, "derive", "serde", "hyper-client")]
[INFO] [stdout]    |          ^^^^^^^^^^ not found from the crate root
[INFO] [stdout]    |
[INFO] [stdout]    = help: import `macro_rules` with `use` to make it callable above its definition
[INFO] [stdout]    = warning: this was previously accepted by the compiler but is being phased out; it will become a hard error in a future release!
[INFO] [stdout]    = note: for more information, see issue #124535 <https://github.com/rust-lang/rust/issues/124535>
[INFO] [stdout] 
[INFO] [stdout] 
[INFO] [stdout] warning: cannot find macro `cargo_toml_private` in the current scope when looking from the crate root
[INFO] [stdout]    --> src/lib.rs:107:9
[INFO] [stdout]     |
[INFO] [stdout]  83 | #![doc = cargo_toml!(indent="\t", default-features = false, "derive", "serde", "hyper-client")]
[INFO] [stdout]     |          ------------------------------------------------------------------------------------- in this macro invocation
[INFO] [stdout] ...
[INFO] [stdout] 101 | macro_rules! cargo_toml {
[INFO] [stdout] ...
[INFO] [stdout] 107 |         cargo_toml_private!($indent, "default-features = false, ", $firstfeat $(, $feature)*)
[INFO] [stdout]     |         ^^^^^^^^^^^^^^^^^^ not found from the crate root
[INFO] [stdout]     |
[INFO] [stdout]     = help: import `macro_rules` with `use` to make it callable above its definition
[INFO] [stdout]     = warning: this was previously accepted by the compiler but is being phased out; it will become a hard error in a future release!
[INFO] [stdout]     = note: for more information, see issue #124535 <https://github.com/rust-lang/rust/issues/124535>
[INFO] [stdout] 
[INFO] [stdout] 
[INFO] [stdout] warning: cannot find macro `cargo_toml` in the current scope when looking from the crate root
[INFO] [stdout]   --> src/lib.rs:85:10
[INFO] [stdout]    |
[INFO] [stdout] 85 | #![doc = cargo_toml!(indent="\t", default-features = false, "derive", "serde", "curl-client")]
[INFO] [stdout]    |          ^^^^^^^^^^ not found from the crate root
[INFO] [stdout]    |
[INFO] [stdout]    = help: import `macro_rules` with `use` to make it callable above its definition
[INFO] [stdout]    = warning: this was previously accepted by the compiler but is being phased out; it will become a hard error in a future release!
[INFO] [stdout]    = note: for more information, see issue #124535 <https://github.com/rust-lang/rust/issues/124535>
[INFO] [stdout] 
[INFO] [stdout] 
[INFO] [stdout] warning: cannot find macro `cargo_toml_private` in the current scope when looking from the crate root
[INFO] [stdout]    --> src/lib.rs:107:9
[INFO] [stdout]     |
[INFO] [stdout]  85 | #![doc = cargo_toml!(indent="\t", default-features = false, "derive", "serde", "curl-client")]
[INFO] [stdout]     |          ------------------------------------------------------------------------------------ in this macro invocation
[INFO] [stdout] ...
[INFO] [stdout] 101 | macro_rules! cargo_toml {
[INFO] [stdout] ...
[INFO] [stdout] 107 |         cargo_toml_private!($indent, "default-features = false, ", $firstfeat $(, $feature)*)
[INFO] [stdout]     |         ^^^^^^^^^^^^^^^^^^ not found from the crate root
[INFO] [stdout]     |
[INFO] [stdout]     = help: import `macro_rules` with `use` to make it callable above its definition
[INFO] [stdout]     = warning: this was previously accepted by the compiler but is being phased out; it will become a hard error in a future release!
[INFO] [stdout]     = note: for more information, see issue #124535 <https://github.com/rust-lang/rust/issues/124535>
[INFO] [stdout] 
[INFO] [stdout] 
[INFO] [stdout] warning: cannot find macro `cargo_toml` in the current scope when looking from the crate root
[INFO] [stdout]   --> src/lib.rs:87:10
[INFO] [stdout]    |
[INFO] [stdout] 87 | #![doc = cargo_toml!(indent="\t", default-features = false, "derive", "serde", "h1-client")]
[INFO] [stdout]    |          ^^^^^^^^^^ not found from the crate root
[INFO] [stdout]    |
[INFO] [stdout]    = help: import `macro_rules` with `use` to make it callable above its definition
[INFO] [stdout]    = warning: this was previously accepted by the compiler but is being phased out; it will become a hard error in a future release!
[INFO] [stdout]    = note: for more information, see issue #124535 <https://github.com/rust-lang/rust/issues/124535>
[INFO] [stdout] 
[INFO] [stdout] 
[INFO] [stdout] warning: cannot find macro `cargo_toml_private` in the current scope when looking from the crate root
[INFO] [stdout]    --> src/lib.rs:107:9
[INFO] [stdout]     |
[INFO] [stdout]  87 | #![doc = cargo_toml!(indent="\t", default-features = false, "derive", "serde", "h1-client")]
[INFO] [stdout]     |          ---------------------------------------------------------------------------------- in this macro invocation
[INFO] [stdout] ...
[INFO] [stdout] 101 | macro_rules! cargo_toml {
[INFO] [stdout] ...
[INFO] [stdout] 107 |         cargo_toml_private!($indent, "default-features = false, ", $firstfeat $(, $feature)*)
[INFO] [stdout]     |         ^^^^^^^^^^^^^^^^^^ not found from the crate root
[INFO] [stdout]     |
[INFO] [stdout]     = help: import `macro_rules` with `use` to make it callable above its definition
[INFO] [stdout]     = warning: this was previously accepted by the compiler but is being phased out; it will become a hard error in a future release!
[INFO] [stdout]     = note: for more information, see issue #124535 <https://github.com/rust-lang/rust/issues/124535>
[INFO] [stdout] 
[INFO] [stdout] 
[INFO] [stdout] warning: cannot find macro `cargo_toml` in the current scope when looking from the crate root
[INFO] [stdout]   --> src/lib.rs:89:10
[INFO] [stdout]    |
[INFO] [stdout] 89 | #![doc = cargo_toml!(indent="\t", default-features = false, "derive", "serde", "h1-client-rustls")]
[INFO] [stdout]    |          ^^^^^^^^^^ not found from the crate root
[INFO] [stdout]    |
[INFO] [stdout]    = help: import `macro_rules` with `use` to make it callable above its definition
[INFO] [stdout]    = warning: this was previously accepted by the compiler but is being phased out; it will become a hard error in a future release!
[INFO] [stdout]    = note: for more information, see issue #124535 <https://github.com/rust-lang/rust/issues/124535>
[INFO] [stdout] 
[INFO] [stdout] 
[INFO] [stdout] warning: cannot find macro `cargo_toml_private` in the current scope when looking from the crate root
[INFO] [stdout]    --> src/lib.rs:107:9
[INFO] [stdout]     |
[INFO] [stdout]  89 | #![doc = cargo_toml!(indent="\t", default-features = false, "derive", "serde", "h1-client-rustls")]
[INFO] [stdout]     |          ----------------------------------------------------------------------------------------- in this macro invocation
[INFO] [stdout] ...
[INFO] [stdout] 101 | macro_rules! cargo_toml {
[INFO] [stdout] ...
[INFO] [stdout] 107 |         cargo_toml_private!($indent, "default-features = false, ", $firstfeat $(, $feature)*)
[INFO] [stdout]     |         ^^^^^^^^^^^^^^^^^^ not found from the crate root
[INFO] [stdout]     |
[INFO] [stdout]     = help: import `macro_rules` with `use` to make it callable above its definition
[INFO] [stdout]     = warning: this was previously accepted by the compiler but is being phased out; it will become a hard error in a future release!
[INFO] [stdout]     = note: for more information, see issue #124535 <https://github.com/rust-lang/rust/issues/124535>
[INFO] [stdout] 
[INFO] [stdout] 
[INFO] [stdout] warning: cannot find macro `cargo_toml` in the current scope when looking from the crate root
[INFO] [stdout]   --> src/lib.rs:91:10
[INFO] [stdout]    |
[INFO] [stdout] 91 | #![doc = cargo_toml!(indent="\t", default-features = false, "derive", "serde", "wasm-client")]
[INFO] [stdout]    |          ^^^^^^^^^^ not found from the crate root
[INFO] [stdout]    |
[INFO] [stdout]    = help: import `macro_rules` with `use` to make it callable above its definition
[INFO] [stdout]    = warning: this was previously accepted by the compiler but is being phased out; it will become a hard error in a future release!
[INFO] [stdout]    = note: for more information, see issue #124535 <https://github.com/rust-lang/rust/issues/124535>
[INFO] [stdout] 
[INFO] [stdout] 
[INFO] [stdout] warning: cannot find macro `cargo_toml_private` in the current scope when looking from the crate root
[INFO] [stdout]    --> src/lib.rs:107:9
[INFO] [stdout]     |
[INFO] [stdout]  91 | #![doc = cargo_toml!(indent="\t", default-features = false, "derive", "serde", "wasm-client")]
[INFO] [stdout]     |          ------------------------------------------------------------------------------------ in this macro invocation
[INFO] [stdout] ...
[INFO] [stdout] 101 | macro_rules! cargo_toml {
[INFO] [stdout] ...
[INFO] [stdout] 107 |         cargo_toml_private!($indent, "default-features = false, ", $firstfeat $(, $feature)*)
[INFO] [stdout]     |         ^^^^^^^^^^^^^^^^^^ not found from the crate root
[INFO] [stdout]     |
[INFO] [stdout]     = help: import `macro_rules` with `use` to make it callable above its definition
[INFO] [stdout]     = warning: this was previously accepted by the compiler but is being phased out; it will become a hard error in a future release!
[INFO] [stdout]     = note: for more information, see issue #124535 <https://github.com/rust-lang/rust/issues/124535>
[INFO] [stdout] 
[INFO] [stdout] 
[INFO] [stderr]     Finished `dev` profile [unoptimized + debuginfo] target(s) in 28.82s
[INFO] [stderr] warning: the following packages contain code that will be rejected by a future version of Rust: ts_influxdb v0.7.3-beta.1 (/opt/rustwide/workdir)
[INFO] [stderr] note: to see what the problems were, use the option `--future-incompat-report`, or run `cargo report future-incompatibilities --id 4`
[INFO] running `Command { std: "docker" "inspect" "6d46af7e3ceedff4cbadd892915da7af40bb672190f5c1cece415a29448d8884", kill_on_drop: false }`
[INFO] running `Command { std: "docker" "exec" "-e" "SOURCE_DIR=/opt/rustwide/workdir" "-e" "CARGO_HOME=/opt/rustwide/cargo-home" "-e" "RUSTUP_HOME=/opt/rustwide/rustup-home" "-e" "CARGO_TARGET_DIR=/opt/rustwide/target" "-e" "CARGO_INCREMENTAL=0" "-e" "RUST_BACKTRACE=full" "-e" "RUSTFLAGS=--cap-lints=warn" "-e" "RUSTDOCFLAGS=--cap-lints=warn" "-w" "/opt/rustwide/workdir" "--user" "0:0" "6d46af7e3ceedff4cbadd892915da7af40bb672190f5c1cece415a29448d8884" "/opt/rustwide/cargo-home/bin/cargo" "+1.100.0-beta.1" "test" "--frozen" "--no-run" "--message-format=json", kill_on_drop: false }`
[INFO] [stderr]    Compiling crossbeam-utils v0.8.23
[INFO] [stderr]    Compiling event-listener v5.4.2
[INFO] [stderr]    Compiling rustix v1.1.5
[INFO] [stderr]    Compiling futures-lite v2.6.1
[INFO] [stderr]    Compiling async-io v2.6.0
[INFO] [stderr]    Compiling async-task v4.7.1
[INFO] [stderr]    Compiling syn v1.0.109
[INFO] [stderr]    Compiling piper v0.2.5
[INFO] [stderr]    Compiling bytes v0.5.6
[INFO] [stderr]    Compiling pin-project-lite v0.1.12
[INFO] [stderr]    Compiling event-listener v2.5.3
[INFO] [stderr]    Compiling kv-log-macro v1.0.7
[INFO] [stderr]    Compiling pin-utils v0.1.1
[INFO] [stderr]    Compiling indoc v1.0.9
[INFO] [stdout] warning: cannot find macro `cargo_toml` in the current scope when looking from the crate root
[INFO] [stdout]   --> src/lib.rs:20:10
[INFO] [stdout]    |
[INFO] [stdout] 20 | #![doc = cargo_toml!(indent="", "derive")]
[INFO] [stdout]    |          ^^^^^^^^^^ not found from the crate root
[INFO] [stdout]    |
[INFO] [stdout]    = help: import `macro_rules` with `use` to make it callable above its definition
[INFO] [stdout]    = warning: this was previously accepted by the compiler but is being phased out; it will become a hard error in a future release!
[INFO] [stdout]    = note: for more information, see issue #124535 <https://github.com/rust-lang/rust/issues/124535>
[INFO] [stdout]    = note: `#[warn(out_of_scope_macro_calls)]` (part of `#[warn(future_incompatible)]`) on by default
[INFO] [stdout] 
[INFO] [stdout] 
[INFO] [stdout] warning: cannot find macro `cargo_toml_private` in the current scope when looking from the crate root
[INFO] [stdout]    --> src/lib.rs:103:9
[INFO] [stdout]     |
[INFO] [stdout]  20 | #![doc = cargo_toml!(indent="", "derive")]
[INFO] [stdout]     |          -------------------------------- in this macro invocation
[INFO] [stdout] ...
[INFO] [stdout] 101 | macro_rules! cargo_toml {
[INFO] [stdout] 102 |     (indent=$indent:literal, $firstfeat:literal $(, $feature:literal)*) => {
[INFO] [stdout] 103 |         cargo_toml_private!($indent, "", $firstfeat $(, $feature)*)
[INFO] [stdout]     |         ^^^^^^^^^^^^^^^^^^ not found from the crate root
[INFO] [stdout]     |
[INFO] [stdout]     = help: import `macro_rules` with `use` to make it callable above its definition
[INFO] [stdout]     = warning: this was previously accepted by the compiler but is being phased out; it will become a hard error in a future release!
[INFO] [stdout]     = note: for more information, see issue #124535 <https://github.com/rust-lang/rust/issues/124535>
[INFO] [stdout] 
[INFO] [stdout] 
[INFO] [stdout] warning: cannot find macro `cargo_toml` in the current scope when looking from the crate root
[INFO] [stdout]   --> src/lib.rs:77:10
[INFO] [stdout]    |
[INFO] [stdout] 77 | #![doc = cargo_toml!(indent="\t", "derive")]
[INFO] [stdout]    |          ^^^^^^^^^^ not found from the crate root
[INFO] [stdout]    |
[INFO] [stdout]    = help: import `macro_rules` with `use` to make it callable above its definition
[INFO] [stdout]    = warning: this was previously accepted by the compiler but is being phased out; it will become a hard error in a future release!
[INFO] [stdout]    = note: for more information, see issue #124535 <https://github.com/rust-lang/rust/issues/124535>
[INFO] [stdout] 
[INFO] [stdout] 
[INFO] [stdout] warning: cannot find macro `cargo_toml_private` in the current scope when looking from the crate root
[INFO] [stdout]    --> src/lib.rs:103:9
[INFO] [stdout]     |
[INFO] [stdout]  77 | #![doc = cargo_toml!(indent="\t", "derive")]
[INFO] [stdout]     |          ---------------------------------- in this macro invocation
[INFO] [stdout] ...
[INFO] [stdout] 101 | macro_rules! cargo_toml {
[INFO] [stdout] 102 |     (indent=$indent:literal, $firstfeat:literal $(, $feature:literal)*) => {
[INFO] [stdout] 103 |         cargo_toml_private!($indent, "", $firstfeat $(, $feature)*)
[INFO] [stdout]     |         ^^^^^^^^^^^^^^^^^^ not found from the crate root
[INFO] [stdout]     |
[INFO] [stdout]     = help: import `macro_rules` with `use` to make it callable above its definition
[INFO] [stdout]     = warning: this was previously accepted by the compiler but is being phased out; it will become a hard error in a future release!
[INFO] [stdout]     = note: for more information, see issue #124535 <https://github.com/rust-lang/rust/issues/124535>
[INFO] [stdout] 
[INFO] [stdout] 
[INFO] [stdout] warning: cannot find macro `cargo_toml` in the current scope when looking from the crate root
[INFO] [stdout]   --> src/lib.rs:79:10
[INFO] [stdout]    |
[INFO] [stdout] 79 | #![doc = cargo_toml!(indent="\t", default-features = false, "derive", "serde", "reqwest-client-native-tls")]
[INFO] [stdout]    |          ^^^^^^^^^^ not found from the crate root
[INFO] [stdout]    |
[INFO] [stdout]    = help: import `macro_rules` with `use` to make it callable above its definition
[INFO] [stdout]    = warning: this was previously accepted by the compiler but is being phased out; it will become a hard error in a future release!
[INFO] [stdout]    = note: for more information, see issue #124535 <https://github.com/rust-lang/rust/issues/124535>
[INFO] [stdout] 
[INFO] [stdout] 
[INFO] [stdout] warning: cannot find macro `cargo_toml_private` in the current scope when looking from the crate root
[INFO] [stdout]    --> src/lib.rs:107:9
[INFO] [stdout]     |
[INFO] [stdout]  79 | #![doc = cargo_toml!(indent="\t", default-features = false, "derive", "serde", "reqwest-client-native-tls")]
[INFO] [stdout]     |          -------------------------------------------------------------------------------------------------- in this macro invocation
[INFO] [stdout] ...
[INFO] [stdout] 101 | macro_rules! cargo_toml {
[INFO] [stdout] ...
[INFO] [stdout] 107 |         cargo_toml_private!($indent, "default-features = false, ", $firstfeat $(, $feature)*)
[INFO] [stdout]     |         ^^^^^^^^^^^^^^^^^^ not found from the crate root
[INFO] [stdout]     |
[INFO] [stdout]     = help: import `macro_rules` with `use` to make it callable above its definition
[INFO] [stdout]     = warning: this was previously accepted by the compiler but is being phased out; it will become a hard error in a future release!
[INFO] [stdout]     = note: for more information, see issue #124535 <https://github.com/rust-lang/rust/issues/124535>
[INFO] [stdout] 
[INFO] [stdout] 
[INFO] [stdout] warning: cannot find macro `cargo_toml` in the current scope when looking from the crate root
[INFO] [stdout]   --> src/lib.rs:81:10
[INFO] [stdout]    |
[INFO] [stdout] 81 | #![doc = cargo_toml!(indent="\t", default-features = false, "derive", "serde", "reqwest-client-native-tls-vendored")]
[INFO] [stdout]    |          ^^^^^^^^^^ not found from the crate root
[INFO] [stdout]    |
[INFO] [stdout]    = help: import `macro_rules` with `use` to make it callable above its definition
[INFO] [stdout]    = warning: this was previously accepted by the compiler but is being phased out; it will become a hard error in a future release!
[INFO] [stdout]    = note: for more information, see issue #124535 <https://github.com/rust-lang/rust/issues/124535>
[INFO] [stdout] 
[INFO] [stdout] 
[INFO] [stdout] warning: cannot find macro `cargo_toml_private` in the current scope when looking from the crate root
[INFO] [stdout]    --> src/lib.rs:107:9
[INFO] [stdout]     |
[INFO] [stdout]  81 | #![doc = cargo_toml!(indent="\t", default-features = false, "derive", "serde", "reqwest-client-native-tls-vendored")]
[INFO] [stdout]     |          ----------------------------------------------------------------------------------------------------------- in this macro invocation
[INFO] [stdout] ...
[INFO] [stdout] 101 | macro_rules! cargo_toml {
[INFO] [stdout] ...
[INFO] [stdout] 107 |         cargo_toml_private!($indent, "default-features = false, ", $firstfeat $(, $feature)*)
[INFO] [stdout]     |         ^^^^^^^^^^^^^^^^^^ not found from the crate root
[INFO] [stdout]     |
[INFO] [stdout]     = help: import `macro_rules` with `use` to make it callable above its definition
[INFO] [stdout]     = warning: this was previously accepted by the compiler but is being phased out; it will become a hard error in a future release!
[INFO] [stdout]     = note: for more information, see issue #124535 <https://github.com/rust-lang/rust/issues/124535>
[INFO] [stdout] 
[INFO] [stdout] 
[INFO] [stdout] warning: cannot find macro `cargo_toml` in the current scope when looking from the crate root
[INFO] [stdout]   --> src/lib.rs:83:10
[INFO] [stdout]    |
[INFO] [stdout] 83 | #![doc = cargo_toml!(indent="\t", default-features = false, "derive", "serde", "hyper-client")]
[INFO] [stdout]    |          ^^^^^^^^^^ not found from the crate root
[INFO] [stdout]    |
[INFO] [stdout]    = help: import `macro_rules` with `use` to make it callable above its definition
[INFO] [stdout]    = warning: this was previously accepted by the compiler but is being phased out; it will become a hard error in a future release!
[INFO] [stdout]    = note: for more information, see issue #124535 <https://github.com/rust-lang/rust/issues/124535>
[INFO] [stdout] 
[INFO] [stdout] 
[INFO] [stdout] warning: cannot find macro `cargo_toml_private` in the current scope when looking from the crate root
[INFO] [stdout]    --> src/lib.rs:107:9
[INFO] [stdout]     |
[INFO] [stdout]  83 | #![doc = cargo_toml!(indent="\t", default-features = false, "derive", "serde", "hyper-client")]
[INFO] [stdout]     |          ------------------------------------------------------------------------------------- in this macro invocation
[INFO] [stdout] ...
[INFO] [stdout] 101 | macro_rules! cargo_toml {
[INFO] [stdout] ...
[INFO] [stdout] 107 |         cargo_toml_private!($indent, "default-features = false, ", $firstfeat $(, $feature)*)
[INFO] [stdout]     |         ^^^^^^^^^^^^^^^^^^ not found from the crate root
[INFO] [stdout]     |
[INFO] [stdout]     = help: import `macro_rules` with `use` to make it callable above its definition
[INFO] [stdout]     = warning: this was previously accepted by the compiler but is being phased out; it will become a hard error in a future release!
[INFO] [stdout]     = note: for more information, see issue #124535 <https://github.com/rust-lang/rust/issues/124535>
[INFO] [stdout] 
[INFO] [stdout] 
[INFO] [stdout] warning: cannot find macro `cargo_toml` in the current scope when looking from the crate root
[INFO] [stdout]   --> src/lib.rs:85:10
[INFO] [stdout]    |
[INFO] [stdout] 85 | #![doc = cargo_toml!(indent="\t", default-features = false, "derive", "serde", "curl-client")]
[INFO] [stdout]    |          ^^^^^^^^^^ not found from the crate root
[INFO] [stdout]    |
[INFO] [stdout]    = help: import `macro_rules` with `use` to make it callable above its definition
[INFO] [stdout]    = warning: this was previously accepted by the compiler but is being phased out; it will become a hard error in a future release!
[INFO] [stdout]    = note: for more information, see issue #124535 <https://github.com/rust-lang/rust/issues/124535>
[INFO] [stdout] 
[INFO] [stdout] 
[INFO] [stdout] warning: cannot find macro `cargo_toml_private` in the current scope when looking from the crate root
[INFO] [stdout]    --> src/lib.rs:107:9
[INFO] [stdout]     |
[INFO] [stdout]  85 | #![doc = cargo_toml!(indent="\t", default-features = false, "derive", "serde", "curl-client")]
[INFO] [stdout]     |          ------------------------------------------------------------------------------------ in this macro invocation
[INFO] [stdout] ...
[INFO] [stdout] 101 | macro_rules! cargo_toml {
[INFO] [stdout] ...
[INFO] [stdout] 107 |         cargo_toml_private!($indent, "default-features = false, ", $firstfeat $(, $feature)*)
[INFO] [stdout]     |         ^^^^^^^^^^^^^^^^^^ not found from the crate root
[INFO] [stdout]     |
[INFO] [stdout]     = help: import `macro_rules` with `use` to make it callable above its definition
[INFO] [stdout]     = warning: this was previously accepted by the compiler but is being phased out; it will become a hard error in a future release!
[INFO] [stdout]     = note: for more information, see issue #124535 <https://github.com/rust-lang/rust/issues/124535>
[INFO] [stdout] 
[INFO] [stdout] 
[INFO] [stdout] warning: cannot find macro `cargo_toml` in the current scope when looking from the crate root
[INFO] [stdout]   --> src/lib.rs:87:10
[INFO] [stdout]    |
[INFO] [stdout] 87 | #![doc = cargo_toml!(indent="\t", default-features = false, "derive", "serde", "h1-client")]
[INFO] [stdout]    |          ^^^^^^^^^^ not found from the crate root
[INFO] [stdout]    |
[INFO] [stdout]    = help: import `macro_rules` with `use` to make it callable above its definition
[INFO] [stdout]    = warning: this was previously accepted by the compiler but is being phased out; it will become a hard error in a future release!
[INFO] [stdout]    = note: for more information, see issue #124535 <https://github.com/rust-lang/rust/issues/124535>
[INFO] [stdout] 
[INFO] [stdout] 
[INFO] [stdout] warning: cannot find macro `cargo_toml_private` in the current scope when looking from the crate root
[INFO] [stdout]    --> src/lib.rs:107:9
[INFO] [stdout]     |
[INFO] [stdout]  87 | #![doc = cargo_toml!(indent="\t", default-features = false, "derive", "serde", "h1-client")]
[INFO] [stdout]     |          ---------------------------------------------------------------------------------- in this macro invocation
[INFO] [stdout] ...
[INFO] [stdout] 101 | macro_rules! cargo_toml {
[INFO] [stdout] ...
[INFO] [stdout] 107 |         cargo_toml_private!($indent, "default-features = false, ", $firstfeat $(, $feature)*)
[INFO] [stdout]     |         ^^^^^^^^^^^^^^^^^^ not found from the crate root
[INFO] [stdout]     |
[INFO] [stdout]     = help: import `macro_rules` with `use` to make it callable above its definition
[INFO] [stdout]     = warning: this was previously accepted by the compiler but is being phased out; it will become a hard error in a future release!
[INFO] [stdout]     = note: for more information, see issue #124535 <https://github.com/rust-lang/rust/issues/124535>
[INFO] [stdout] 
[INFO] [stdout] 
[INFO] [stdout] warning: cannot find macro `cargo_toml` in the current scope when looking from the crate root
[INFO] [stdout]   --> src/lib.rs:89:10
[INFO] [stdout]    |
[INFO] [stdout] 89 | #![doc = cargo_toml!(indent="\t", default-features = false, "derive", "serde", "h1-client-rustls")]
[INFO] [stdout]    |          ^^^^^^^^^^ not found from the crate root
[INFO] [stdout]    |
[INFO] [stdout]    = help: import `macro_rules` with `use` to make it callable above its definition
[INFO] [stdout]    = warning: this was previously accepted by the compiler but is being phased out; it will become a hard error in a future release!
[INFO] [stdout]    = note: for more information, see issue #124535 <https://github.com/rust-lang/rust/issues/124535>
[INFO] [stdout] 
[INFO] [stdout] 
[INFO] [stdout] warning: cannot find macro `cargo_toml_private` in the current scope when looking from the crate root
[INFO] [stdout]    --> src/lib.rs:107:9
[INFO] [stdout]     |
[INFO] [stdout]  89 | #![doc = cargo_toml!(indent="\t", default-features = false, "derive", "serde", "h1-client-rustls")]
[INFO] [stdout]     |          ----------------------------------------------------------------------------------------- in this macro invocation
[INFO] [stdout] ...
[INFO] [stdout] 101 | macro_rules! cargo_toml {
[INFO] [stdout] ...
[INFO] [stdout] 107 |         cargo_toml_private!($indent, "default-features = false, ", $firstfeat $(, $feature)*)
[INFO] [stdout]     |         ^^^^^^^^^^^^^^^^^^ not found from the crate root
[INFO] [stdout]     |
[INFO] [stdout]     = help: import `macro_rules` with `use` to make it callable above its definition
[INFO] [stdout]     = warning: this was previously accepted by the compiler but is being phased out; it will become a hard error in a future release!
[INFO] [stdout]     = note: for more information, see issue #124535 <https://github.com/rust-lang/rust/issues/124535>
[INFO] [stdout] 
[INFO] [stdout] 
[INFO] [stdout] warning: cannot find macro `cargo_toml` in the current scope when looking from the crate root
[INFO] [stdout]   --> src/lib.rs:91:10
[INFO] [stdout]    |
[INFO] [stdout] 91 | #![doc = cargo_toml!(indent="\t", default-features = false, "derive", "serde", "wasm-client")]
[INFO] [stdout]    |          ^^^^^^^^^^ not found from the crate root
[INFO] [stdout]    |
[INFO] [stdout]    = help: import `macro_rules` with `use` to make it callable above its definition
[INFO] [stdout]    = warning: this was previously accepted by the compiler but is being phased out; it will become a hard error in a future release!
[INFO] [stdout]    = note: for more information, see issue #124535 <https://github.com/rust-lang/rust/issues/124535>
[INFO] [stdout] 
[INFO] [stdout] 
[INFO] [stdout] warning: cannot find macro `cargo_toml_private` in the current scope when looking from the crate root
[INFO] [stdout]    --> src/lib.rs:107:9
[INFO] [stdout]     |
[INFO] [stdout]  91 | #![doc = cargo_toml!(indent="\t", default-features = false, "derive", "serde", "wasm-client")]
[INFO] [stdout]     |          ------------------------------------------------------------------------------------ in this macro invocation
[INFO] [stdout] ...
[INFO] [stdout] 101 | macro_rules! cargo_toml {
[INFO] [stdout] ...
[INFO] [stdout] 107 |         cargo_toml_private!($indent, "default-features = false, ", $firstfeat $(, $feature)*)
[INFO] [stdout]     |         ^^^^^^^^^^^^^^^^^^ not found from the crate root
[INFO] [stdout]     |
[INFO] [stdout]     = help: import `macro_rules` with `use` to make it callable above its definition
[INFO] [stdout]     = warning: this was previously accepted by the compiler but is being phased out; it will become a hard error in a future release!
[INFO] [stdout]     = note: for more information, see issue #124535 <https://github.com/rust-lang/rust/issues/124535>
[INFO] [stdout] 
[INFO] [stdout] 
[INFO] [stderr]    Compiling event-listener-strategy v0.5.4
[INFO] [stderr]    Compiling async-lock v3.4.2
[INFO] [stderr]    Compiling tokio v0.2.25
[INFO] [stderr]    Compiling concurrent-queue v2.5.0
[INFO] [stderr]    Compiling async-channel v2.5.0
[INFO] [stderr]    Compiling async-channel v1.9.0
[INFO] [stderr]    Compiling async-executor v1.14.0
[INFO] [stderr]    Compiling blocking v1.7.0
[INFO] [stderr]    Compiling async-attributes v1.1.2
[INFO] [stderr]    Compiling polling v3.11.0
[INFO] [stderr]    Compiling async-global-executor v2.4.1
[INFO] [stderr]    Compiling async-std v1.13.2
[INFO] [stderr]    Compiling ts_influxdb v0.7.3-beta.1 (/opt/rustwide/workdir)
[INFO] [stdout] error[E0463]: can't find crate for `influxdb`
[INFO] [stdout]  --> tests/integration_tests.rs:1:1
[INFO] [stdout]   |
[INFO] [stdout] 1 | extern crate influxdb;
[INFO] [stdout]   | ^^^^^^^^^^^^^^^^^^^^^^ can't find crate
[INFO] [stdout] 
[INFO] [stdout] 
[INFO] [stdout] error[E0463]: can't find crate for `influxdb`
[INFO] [stdout]  --> tests/integration_tests_v2.rs:1:1
[INFO] [stdout]   |
[INFO] [stdout] 1 | extern crate influxdb;
[INFO] [stdout]   | ^^^^^^^^^^^^^^^^^^^^^^ can't find crate
[INFO] [stdout] 
[INFO] [stdout] 
[INFO] [stdout] For more information about this error, try `rustc --explain E0463`.
[INFO] [stdout] 
[INFO] [stderr] error: could not compile `ts_influxdb` (test "integration_tests_v2") due to 1 previous error
[INFO] [stderr] warning: build failed, waiting for other jobs to finish...
[INFO] [stdout] error[E0432]: unresolved import `influxdb`
[INFO] [stdout]  --> tests/./utilities.rs:2:5
[INFO] [stdout]   |
[INFO] [stdout] 2 | use influxdb::{Client, Error, ReadQuery};
[INFO] [stdout]   |     ^^^^^^^^ use of unresolved module or unlinked crate `influxdb`
[INFO] [stdout]   |
[INFO] [stdout]   = help: if you wanted to use a crate named `influxdb`, use `cargo add influxdb` to add it to your `Cargo.toml`
[INFO] [stdout] 
[INFO] [stdout] 
[INFO] [stdout] error[E0432]: unresolved import `influxdb`
[INFO] [stdout]  --> tests/derive_integration_tests.rs:8:5
[INFO] [stdout]   |
[INFO] [stdout] 8 | use influxdb::{Query, ReadQuery, Timestamp};
[INFO] [stdout]   |     ^^^^^^^^ use of unresolved module or unlinked crate `influxdb`
[INFO] [stdout]   |
[INFO] [stdout]   = help: if you wanted to use a crate named `influxdb`, use `cargo add influxdb` to add it to your `Cargo.toml`
[INFO] [stdout] 
[INFO] [stdout] 
[INFO] [stdout] error[E0432]: unresolved import `influxdb`
[INFO] [stdout]  --> tests/utilities.rs:2:5
[INFO] [stdout]   |
[INFO] [stdout] 2 | use influxdb::{Client, Error, ReadQuery};
[INFO] [stdout]   |     ^^^^^^^^ use of unresolved module or unlinked crate `influxdb`
[INFO] [stdout]   |
[INFO] [stdout]   = help: if you wanted to use a crate named `influxdb`, use `cargo add influxdb` to add it to your `Cargo.toml`
[INFO] [stdout] 
[INFO] [stdout] 
[INFO] [stdout] warning: unexpected `cfg` condition name: `tarpaulin_include`
[INFO] [stdout]  --> tests/utilities.rs:7:11
[INFO] [stdout]   |
[INFO] [stdout] 7 | #[cfg(not(tarpaulin_include))]
[INFO] [stdout]   |           ^^^^^^^^^^^^^^^^^
[INFO] [stdout]   |
[INFO] [stdout]   = help: expected names are: `docsrs`, `feature`, and `test` and 34 more
[INFO] [stdout]   = help: consider using a Cargo feature instead
[INFO] [stdout]   = help: or consider adding in `Cargo.toml` the `check-cfg` lint config for the lint:
[INFO] [stdout]            [lints.rust]
[INFO] [stdout]            unexpected_cfgs = { level = "warn", check-cfg = ['cfg(tarpaulin_include)'] }
[INFO] [stdout]   = help: or consider adding `println!("cargo::rustc-check-cfg=cfg(tarpaulin_include)");` to the top of the `build.rs`
[INFO] [stdout]   = note: see <https://doc.rust-lang.org/nightly/rustc/check-cfg/cargo-specifics.html> for more information about checking conditional configuration
[INFO] [stdout]   = note: `#[warn(unexpected_cfgs)]` on by default
[INFO] [stdout] 
[INFO] [stdout] 
[INFO] [stdout] warning: unexpected `cfg` condition name: `tarpaulin_include`
[INFO] [stdout]   --> tests/utilities.rs:12:11
[INFO] [stdout]    |
[INFO] [stdout] 12 | #[cfg(not(tarpaulin_include))]
[INFO] [stdout]    |           ^^^^^^^^^^^^^^^^^
[INFO] [stdout]    |
[INFO] [stdout]    = help: consider using a Cargo feature instead
[INFO] [stdout]    = help: or consider adding in `Cargo.toml` the `check-cfg` lint config for the lint:
[INFO] [stdout]             [lints.rust]
[INFO] [stdout]             unexpected_cfgs = { level = "warn", check-cfg = ['cfg(tarpaulin_include)'] }
[INFO] [stdout]    = help: or consider adding `println!("cargo::rustc-check-cfg=cfg(tarpaulin_include)");` to the top of the `build.rs`
[INFO] [stdout]    = note: see <https://doc.rust-lang.org/nightly/rustc/check-cfg/cargo-specifics.html> for more information about checking conditional configuration
[INFO] [stdout] 
[INFO] [stdout] 
[INFO] [stdout] warning: unexpected `cfg` condition name: `tarpaulin_include`
[INFO] [stdout]   --> tests/utilities.rs:18:11
[INFO] [stdout]    |
[INFO] [stdout] 18 | #[cfg(not(tarpaulin_include))]
[INFO] [stdout]    |           ^^^^^^^^^^^^^^^^^
[INFO] [stdout]    |
[INFO] [stdout]    = help: consider using a Cargo feature instead
[INFO] [stdout]    = help: or consider adding in `Cargo.toml` the `check-cfg` lint config for the lint:
[INFO] [stdout]             [lints.rust]
[INFO] [stdout]             unexpected_cfgs = { level = "warn", check-cfg = ['cfg(tarpaulin_include)'] }
[INFO] [stdout]    = help: or consider adding `println!("cargo::rustc-check-cfg=cfg(tarpaulin_include)");` to the top of the `build.rs`
[INFO] [stdout]    = note: see <https://doc.rust-lang.org/nightly/rustc/check-cfg/cargo-specifics.html> for more information about checking conditional configuration
[INFO] [stdout] 
[INFO] [stdout] 
[INFO] [stdout] warning: unexpected `cfg` condition name: `tarpaulin_include`
[INFO] [stdout]   --> tests/utilities.rs:27:11
[INFO] [stdout]    |
[INFO] [stdout] 27 | #[cfg(not(tarpaulin_include))]
[INFO] [stdout]    |           ^^^^^^^^^^^^^^^^^
[INFO] [stdout]    |
[INFO] [stdout]    = help: consider using a Cargo feature instead
[INFO] [stdout]    = help: or consider adding in `Cargo.toml` the `check-cfg` lint config for the lint:
[INFO] [stdout]             [lints.rust]
[INFO] [stdout]             unexpected_cfgs = { level = "warn", check-cfg = ['cfg(tarpaulin_include)'] }
[INFO] [stdout]    = help: or consider adding `println!("cargo::rustc-check-cfg=cfg(tarpaulin_include)");` to the top of the `build.rs`
[INFO] [stdout]    = note: see <https://doc.rust-lang.org/nightly/rustc/check-cfg/cargo-specifics.html> for more information about checking conditional configuration
[INFO] [stdout] 
[INFO] [stdout] 
[INFO] [stdout] warning: unexpected `cfg` condition name: `tarpaulin_include`
[INFO] [stdout]   --> tests/utilities.rs:38:11
[INFO] [stdout]    |
[INFO] [stdout] 38 | #[cfg(not(tarpaulin_include))]
[INFO] [stdout]    |           ^^^^^^^^^^^^^^^^^
[INFO] [stdout]    |
[INFO] [stdout]    = help: consider using a Cargo feature instead
[INFO] [stdout]    = help: or consider adding in `Cargo.toml` the `check-cfg` lint config for the lint:
[INFO] [stdout]             [lints.rust]
[INFO] [stdout]             unexpected_cfgs = { level = "warn", check-cfg = ['cfg(tarpaulin_include)'] }
[INFO] [stdout]    = help: or consider adding `println!("cargo::rustc-check-cfg=cfg(tarpaulin_include)");` to the top of the `build.rs`
[INFO] [stdout]    = note: see <https://doc.rust-lang.org/nightly/rustc/check-cfg/cargo-specifics.html> for more information about checking conditional configuration
[INFO] [stdout] 
[INFO] [stdout] 
[INFO] [stdout] warning: unexpected `cfg` condition name: `tarpaulin_include`
[INFO] [stdout]   --> tests/utilities.rs:48:11
[INFO] [stdout]    |
[INFO] [stdout] 48 | #[cfg(not(tarpaulin_include))]
[INFO] [stdout]    |           ^^^^^^^^^^^^^^^^^
[INFO] [stdout]    |
[INFO] [stdout]    = help: consider using a Cargo feature instead
[INFO] [stdout]    = help: or consider adding in `Cargo.toml` the `check-cfg` lint config for the lint:
[INFO] [stdout]             [lints.rust]
[INFO] [stdout]             unexpected_cfgs = { level = "warn", check-cfg = ['cfg(tarpaulin_include)'] }
[INFO] [stdout]    = help: or consider adding `println!("cargo::rustc-check-cfg=cfg(tarpaulin_include)");` to the top of the `build.rs`
[INFO] [stdout]    = note: see <https://doc.rust-lang.org/nightly/rustc/check-cfg/cargo-specifics.html> for more information about checking conditional configuration
[INFO] [stdout] 
[INFO] [stdout] 
[INFO] [stdout] For more information about this error, try `rustc --explain E0432`.
[INFO] [stdout] 
[INFO] [stdout] For more information about this error, try `rustc --explain E0463`.
[INFO] [stdout] 
[INFO] [stderr] error: could not compile `ts_influxdb` (test "utilities") due to 1 previous error; 6 warnings emitted
[INFO] [stderr] error: could not compile `ts_influxdb` (test "integration_tests") due to 1 previous error
[INFO] [stdout] error: cannot find attribute `influxdb` in this scope
[INFO] [stdout]   --> tests/derive_integration_tests.rs:22:7
[INFO] [stdout]    |
[INFO] [stdout] 22 |     #[influxdb(tag)]
[INFO] [stdout]    |       ^^^^^^^^
[INFO] [stdout] 
[INFO] [stdout] 
[INFO] [stdout] error: cannot find attribute `influxdb` in this scope
[INFO] [stdout]   --> tests/derive_integration_tests.rs:19:7
[INFO] [stdout]    |
[INFO] [stdout] 19 |     #[influxdb(ignore)]
[INFO] [stdout]    |       ^^^^^^^^
[INFO] [stdout] 
[INFO] [stdout] 
[INFO] [stdout] warning: cannot find macro `cargo_toml` in the current scope when looking from the crate root
[INFO] [stdout]   --> src/lib.rs:20:10
[INFO] [stdout]    |
[INFO] [stdout] 20 | #![doc = cargo_toml!(indent="", "derive")]
[INFO] [stdout]    |          ^^^^^^^^^^ not found from the crate root
[INFO] [stdout]    |
[INFO] [stdout]    = help: import `macro_rules` with `use` to make it callable above its definition
[INFO] [stdout]    = warning: this was previously accepted by the compiler but is being phased out; it will become a hard error in a future release!
[INFO] [stdout]    = note: for more information, see issue #124535 <https://github.com/rust-lang/rust/issues/124535>
[INFO] [stdout]    = note: `#[warn(out_of_scope_macro_calls)]` (part of `#[warn(future_incompatible)]`) on by default
[INFO] [stdout] 
[INFO] [stdout] 
[INFO] [stdout] warning: unexpected `cfg` condition name: `tarpaulin_include`
[INFO] [stdout]  --> tests/./utilities.rs:7:11
[INFO] [stdout]   |
[INFO] [stdout] 7 | #[cfg(not(tarpaulin_include))]
[INFO] [stdout]   |           ^^^^^^^^^^^^^^^^^
[INFO] [stdout]   |
[INFO] [stdout]   = help: expected names are: `docsrs`, `feature`, and `test` and 34 more
[INFO] [stdout]   = help: consider using a Cargo feature instead
[INFO] [stdout]   = help: or consider adding in `Cargo.toml` the `check-cfg` lint config for the lint:
[INFO] [stdout]            [lints.rust]
[INFO] [stdout]            unexpected_cfgs = { level = "warn", check-cfg = ['cfg(tarpaulin_include)'] }
[INFO] [stdout]   = help: or consider adding `println!("cargo::rustc-check-cfg=cfg(tarpaulin_include)");` to the top of the `build.rs`
[INFO] [stdout]   = note: see <https://doc.rust-lang.org/nightly/rustc/check-cfg/cargo-specifics.html> for more information about checking conditional configuration
[INFO] [stdout]   = note: `#[warn(unexpected_cfgs)]` on by default
[INFO] [stdout] 
[INFO] [stdout] 
[INFO] [stdout] warning: unexpected `cfg` condition name: `tarpaulin_include`
[INFO] [stdout]   --> tests/./utilities.rs:12:11
[INFO] [stdout]    |
[INFO] [stdout] 12 | #[cfg(not(tarpaulin_include))]
[INFO] [stdout]    |           ^^^^^^^^^^^^^^^^^
[INFO] [stdout]    |
[INFO] [stdout]    = help: consider using a Cargo feature instead
[INFO] [stdout]    = help: or consider adding in `Cargo.toml` the `check-cfg` lint config for the lint:
[INFO] [stdout]             [lints.rust]
[INFO] [stdout]             unexpected_cfgs = { level = "warn", check-cfg = ['cfg(tarpaulin_include)'] }
[INFO] [stdout]    = help: or consider adding `println!("cargo::rustc-check-cfg=cfg(tarpaulin_include)");` to the top of the `build.rs`
[INFO] [stdout]    = note: see <https://doc.rust-lang.org/nightly/rustc/check-cfg/cargo-specifics.html> for more information about checking conditional configuration
[INFO] [stdout] 
[INFO] [stdout] 
[INFO] [stdout] warning: cannot find macro `cargo_toml_private` in the current scope when looking from the crate root
[INFO] [stdout]    --> src/lib.rs:103:9
[INFO] [stdout]     |
[INFO] [stdout]  20 | #![doc = cargo_toml!(indent="", "derive")]
[INFO] [stdout]     |          -------------------------------- in this macro invocation
[INFO] [stdout] ...
[INFO] [stdout] 101 | macro_rules! cargo_toml {
[INFO] [stdout] 102 |     (indent=$indent:literal, $firstfeat:literal $(, $feature:literal)*) => {
[INFO] [stdout] 103 |         cargo_toml_private!($indent, "", $firstfeat $(, $feature)*)
[INFO] [stdout]     |         ^^^^^^^^^^^^^^^^^^ not found from the crate root
[INFO] [stdout]     |
[INFO] [stdout]     = help: import `macro_rules` with `use` to make it callable above its definition
[INFO] [stdout]     = warning: this was previously accepted by the compiler but is being phased out; it will become a hard error in a future release!
[INFO] [stdout]     = note: for more information, see issue #124535 <https://github.com/rust-lang/rust/issues/124535>
[INFO] [stdout] 
[INFO] [stdout] 
[INFO] [stdout] warning: unexpected `cfg` condition name: `tarpaulin_include`
[INFO] [stdout]   --> tests/./utilities.rs:18:11
[INFO] [stdout]    |
[INFO] [stdout] 18 | #[cfg(not(tarpaulin_include))]
[INFO] [stdout]    |           ^^^^^^^^^^^^^^^^^
[INFO] [stdout]    |
[INFO] [stdout]    = help: consider using a Cargo feature instead
[INFO] [stdout]    = help: or consider adding in `Cargo.toml` the `check-cfg` lint config for the lint:
[INFO] [stdout]             [lints.rust]
[INFO] [stdout]             unexpected_cfgs = { level = "warn", check-cfg = ['cfg(tarpaulin_include)'] }
[INFO] [stdout]    = help: or consider adding `println!("cargo::rustc-check-cfg=cfg(tarpaulin_include)");` to the top of the `build.rs`
[INFO] [stdout]    = note: see <https://doc.rust-lang.org/nightly/rustc/check-cfg/cargo-specifics.html> for more information about checking conditional configuration
[INFO] [stdout] 
[INFO] [stdout] 
[INFO] [stdout] warning: unexpected `cfg` condition name: `tarpaulin_include`
[INFO] [stdout]   --> tests/./utilities.rs:27:11
[INFO] [stdout]    |
[INFO] [stdout] 27 | #[cfg(not(tarpaulin_include))]
[INFO] [stdout]    |           ^^^^^^^^^^^^^^^^^
[INFO] [stdout]    |
[INFO] [stdout]    = help: consider using a Cargo feature instead
[INFO] [stdout]    = help: or consider adding in `Cargo.toml` the `check-cfg` lint config for the lint:
[INFO] [stdout]             [lints.rust]
[INFO] [stdout]             unexpected_cfgs = { level = "warn", check-cfg = ['cfg(tarpaulin_include)'] }
[INFO] [stdout]    = help: or consider adding `println!("cargo::rustc-check-cfg=cfg(tarpaulin_include)");` to the top of the `build.rs`
[INFO] [stdout]    = note: see <https://doc.rust-lang.org/nightly/rustc/check-cfg/cargo-specifics.html> for more information about checking conditional configuration
[INFO] [stdout] 
[INFO] [stdout] 
[INFO] [stdout] warning: unexpected `cfg` condition name: `tarpaulin_include`
[INFO] [stdout]   --> tests/./utilities.rs:38:11
[INFO] [stdout]    |
[INFO] [stdout] 38 | #[cfg(not(tarpaulin_include))]
[INFO] [stdout]    |           ^^^^^^^^^^^^^^^^^
[INFO] [stdout]    |
[INFO] [stdout]    = help: consider using a Cargo feature instead
[INFO] [stdout]    = help: or consider adding in `Cargo.toml` the `check-cfg` lint config for the lint:
[INFO] [stdout]             [lints.rust]
[INFO] [stdout]             unexpected_cfgs = { level = "warn", check-cfg = ['cfg(tarpaulin_include)'] }
[INFO] [stdout]    = help: or consider adding `println!("cargo::rustc-check-cfg=cfg(tarpaulin_include)");` to the top of the `build.rs`
[INFO] [stdout]    = note: see <https://doc.rust-lang.org/nightly/rustc/check-cfg/cargo-specifics.html> for more information about checking conditional configuration
[INFO] [stdout] 
[INFO] [stdout] 
[INFO] [stdout] warning: unexpected `cfg` condition name: `tarpaulin_include`
[INFO] [stdout]   --> tests/./utilities.rs:48:11
[INFO] [stdout]    |
[INFO] [stdout] 48 | #[cfg(not(tarpaulin_include))]
[INFO] [stdout]    |           ^^^^^^^^^^^^^^^^^
[INFO] [stdout]    |
[INFO] [stdout]    = help: consider using a Cargo feature instead
[INFO] [stdout]    = help: or consider adding in `Cargo.toml` the `check-cfg` lint config for the lint:
[INFO] [stdout]             [lints.rust]
[INFO] [stdout]             unexpected_cfgs = { level = "warn", check-cfg = ['cfg(tarpaulin_include)'] }
[INFO] [stdout]    = help: or consider adding `println!("cargo::rustc-check-cfg=cfg(tarpaulin_include)");` to the top of the `build.rs`
[INFO] [stdout]    = note: see <https://doc.rust-lang.org/nightly/rustc/check-cfg/cargo-specifics.html> for more information about checking conditional configuration
[INFO] [stdout] 
[INFO] [stdout] 
[INFO] [stdout] warning: unused imports: `assert_result_ok`, `create_client`, `create_db`, `delete_db`, and `run_test`
[INFO] [stdout]   --> tests/derive_integration_tests.rs:13:17
[INFO] [stdout]    |
[INFO] [stdout] 13 | use utilities::{assert_result_ok, create_client, create_db, delete_db, run_test};
[INFO] [stdout]    |                 ^^^^^^^^^^^^^^^^  ^^^^^^^^^^^^^  ^^^^^^^^^  ^^^^^^^^^  ^^^^^^^^
[INFO] [stdout]    |
[INFO] [stdout]    = note: `#[warn(unused_imports)]` (part of `#[warn(unused)]`) on by default
[INFO] [stdout] 
[INFO] [stdout] 
[INFO] [stdout] warning: cannot find macro `cargo_toml` in the current scope when looking from the crate root
[INFO] [stdout]   --> src/lib.rs:77:10
[INFO] [stdout]    |
[INFO] [stdout] 77 | #![doc = cargo_toml!(indent="\t", "derive")]
[INFO] [stdout]    |          ^^^^^^^^^^ not found from the crate root
[INFO] [stdout]    |
[INFO] [stdout]    = help: import `macro_rules` with `use` to make it callable above its definition
[INFO] [stdout]    = warning: this was previously accepted by the compiler but is being phased out; it will become a hard error in a future release!
[INFO] [stdout]    = note: for more information, see issue #124535 <https://github.com/rust-lang/rust/issues/124535>
[INFO] [stdout] 
[INFO] [stdout] 
[INFO] [stdout] warning: cannot find macro `cargo_toml_private` in the current scope when looking from the crate root
[INFO] [stdout]    --> src/lib.rs:103:9
[INFO] [stdout]     |
[INFO] [stdout]  77 | #![doc = cargo_toml!(indent="\t", "derive")]
[INFO] [stdout]     |          ---------------------------------- in this macro invocation
[INFO] [stdout] ...
[INFO] [stdout] 101 | macro_rules! cargo_toml {
[INFO] [stdout] 102 |     (indent=$indent:literal, $firstfeat:literal $(, $feature:literal)*) => {
[INFO] [stdout] 103 |         cargo_toml_private!($indent, "", $firstfeat $(, $feature)*)
[INFO] [stdout]     |         ^^^^^^^^^^^^^^^^^^ not found from the crate root
[INFO] [stdout]     |
[INFO] [stdout]     = help: import `macro_rules` with `use` to make it callable above its definition
[INFO] [stdout]     = warning: this was previously accepted by the compiler but is being phased out; it will become a hard error in a future release!
[INFO] [stdout]     = note: for more information, see issue #124535 <https://github.com/rust-lang/rust/issues/124535>
[INFO] [stdout] 
[INFO] [stdout] 
[INFO] [stdout] warning: cannot find macro `cargo_toml` in the current scope when looking from the crate root
[INFO] [stdout]   --> src/lib.rs:79:10
[INFO] [stdout]    |
[INFO] [stdout] 79 | #![doc = cargo_toml!(indent="\t", default-features = false, "derive", "serde", "reqwest-client-native-tls")]
[INFO] [stdout]    |          ^^^^^^^^^^ not found from the crate root
[INFO] [stdout]    |
[INFO] [stdout]    = help: import `macro_rules` with `use` to make it callable above its definition
[INFO] [stdout]    = warning: this was previously accepted by the compiler but is being phased out; it will become a hard error in a future release!
[INFO] [stdout]    = note: for more information, see issue #124535 <https://github.com/rust-lang/rust/issues/124535>
[INFO] [stdout] 
[INFO] [stdout] 
[INFO] [stdout] warning: cannot find macro `cargo_toml_private` in the current scope when looking from the crate root
[INFO] [stdout]    --> src/lib.rs:107:9
[INFO] [stdout]     |
[INFO] [stdout]  79 | #![doc = cargo_toml!(indent="\t", default-features = false, "derive", "serde", "reqwest-client-native-tls")]
[INFO] [stdout]     |          -------------------------------------------------------------------------------------------------- in this macro invocation
[INFO] [stdout] ...
[INFO] [stdout] 101 | macro_rules! cargo_toml {
[INFO] [stdout] ...
[INFO] [stdout] 107 |         cargo_toml_private!($indent, "default-features = false, ", $firstfeat $(, $feature)*)
[INFO] [stdout]     |         ^^^^^^^^^^^^^^^^^^ not found from the crate root
[INFO] [stdout]     |
[INFO] [stdout]     = help: import `macro_rules` with `use` to make it callable above its definition
[INFO] [stdout]     = warning: this was previously accepted by the compiler but is being phased out; it will become a hard error in a future release!
[INFO] [stdout]     = note: for more information, see issue #124535 <https://github.com/rust-lang/rust/issues/124535>
[INFO] [stdout] 
[INFO] [stdout] 
[INFO] [stdout] warning: cannot find macro `cargo_toml` in the current scope when looking from the crate root
[INFO] [stdout]   --> src/lib.rs:81:10
[INFO] [stdout]    |
[INFO] [stdout] 81 | #![doc = cargo_toml!(indent="\t", default-features = false, "derive", "serde", "reqwest-client-native-tls-vendored")]
[INFO] [stdout]    |          ^^^^^^^^^^ not found from the crate root
[INFO] [stdout]    |
[INFO] [stdout]    = help: import `macro_rules` with `use` to make it callable above its definition
[INFO] [stdout]    = warning: this was previously accepted by the compiler but is being phased out; it will become a hard error in a future release!
[INFO] [stdout]    = note: for more information, see issue #124535 <https://github.com/rust-lang/rust/issues/124535>
[INFO] [stdout] 
[INFO] [stdout] 
[INFO] [stdout] warning: cannot find macro `cargo_toml_private` in the current scope when looking from the crate root
[INFO] [stdout]    --> src/lib.rs:107:9
[INFO] [stdout]     |
[INFO] [stdout]  81 | #![doc = cargo_toml!(indent="\t", default-features = false, "derive", "serde", "reqwest-client-native-tls-vendored")]
[INFO] [stdout]     |          ----------------------------------------------------------------------------------------------------------- in this macro invocation
[INFO] [stdout] ...
[INFO] [stdout] 101 | macro_rules! cargo_toml {
[INFO] [stdout] ...
[INFO] [stdout] 107 |         cargo_toml_private!($indent, "default-features = false, ", $firstfeat $(, $feature)*)
[INFO] [stdout]     |         ^^^^^^^^^^^^^^^^^^ not found from the crate root
[INFO] [stdout]     |
[INFO] [stdout]     = help: import `macro_rules` with `use` to make it callable above its definition
[INFO] [stdout]     = warning: this was previously accepted by the compiler but is being phased out; it will become a hard error in a future release!
[INFO] [stdout]     = note: for more information, see issue #124535 <https://github.com/rust-lang/rust/issues/124535>
[INFO] [stdout] 
[INFO] [stdout] 
[INFO] [stdout] warning: cannot find macro `cargo_toml` in the current scope when looking from the crate root
[INFO] [stdout]   --> src/lib.rs:83:10
[INFO] [stdout]    |
[INFO] [stdout] 83 | #![doc = cargo_toml!(indent="\t", default-features = false, "derive", "serde", "hyper-client")]
[INFO] [stdout]    |          ^^^^^^^^^^ not found from the crate root
[INFO] [stdout]    |
[INFO] [stdout]    = help: import `macro_rules` with `use` to make it callable above its definition
[INFO] [stdout]    = warning: this was previously accepted by the compiler but is being phased out; it will become a hard error in a future release!
[INFO] [stdout]    = note: for more information, see issue #124535 <https://github.com/rust-lang/rust/issues/124535>
[INFO] [stdout] 
[INFO] [stdout] 
[INFO] [stdout] warning: cannot find macro `cargo_toml_private` in the current scope when looking from the crate root
[INFO] [stdout]    --> src/lib.rs:107:9
[INFO] [stdout]     |
[INFO] [stdout]  83 | #![doc = cargo_toml!(indent="\t", default-features = false, "derive", "serde", "hyper-client")]
[INFO] [stdout]     |          ------------------------------------------------------------------------------------- in this macro invocation
[INFO] [stdout] ...
[INFO] [stdout] 101 | macro_rules! cargo_toml {
[INFO] [stdout] ...
[INFO] [stdout] 107 |         cargo_toml_private!($indent, "default-features = false, ", $firstfeat $(, $feature)*)
[INFO] [stdout]     |         ^^^^^^^^^^^^^^^^^^ not found from the crate root
[INFO] [stdout]     |
[INFO] [stdout]     = help: import `macro_rules` with `use` to make it callable above its definition
[INFO] [stdout]     = warning: this was previously accepted by the compiler but is being phased out; it will become a hard error in a future release!
[INFO] [stdout]     = note: for more information, see issue #124535 <https://github.com/rust-lang/rust/issues/124535>
[INFO] [stdout] 
[INFO] [stdout] 
[INFO] [stdout] warning: cannot find macro `cargo_toml` in the current scope when looking from the crate root
[INFO] [stdout]   --> src/lib.rs:85:10
[INFO] [stdout]    |
[INFO] [stdout] 85 | #![doc = cargo_toml!(indent="\t", default-features = false, "derive", "serde", "curl-client")]
[INFO] [stdout]    |          ^^^^^^^^^^ not found from the crate root
[INFO] [stdout]    |
[INFO] [stdout]    = help: import `macro_rules` with `use` to make it callable above its definition
[INFO] [stdout]    = warning: this was previously accepted by the compiler but is being phased out; it will become a hard error in a future release!
[INFO] [stdout]    = note: for more information, see issue #124535 <https://github.com/rust-lang/rust/issues/124535>
[INFO] [stdout] 
[INFO] [stdout] 
[INFO] [stdout] warning: cannot find macro `cargo_toml_private` in the current scope when looking from the crate root
[INFO] [stdout]    --> src/lib.rs:107:9
[INFO] [stdout]     |
[INFO] [stdout]  85 | #![doc = cargo_toml!(indent="\t", default-features = false, "derive", "serde", "curl-client")]
[INFO] [stdout]     |          ------------------------------------------------------------------------------------ in this macro invocation
[INFO] [stdout] ...
[INFO] [stdout] 101 | macro_rules! cargo_toml {
[INFO] [stdout] ...
[INFO] [stdout] 107 |         cargo_toml_private!($indent, "default-features = false, ", $firstfeat $(, $feature)*)
[INFO] [stdout]     |         ^^^^^^^^^^^^^^^^^^ not found from the crate root
[INFO] [stdout]     |
[INFO] [stdout]     = help: import `macro_rules` with `use` to make it callable above its definition
[INFO] [stdout]     = warning: this was previously accepted by the compiler but is being phased out; it will become a hard error in a future release!
[INFO] [stdout]     = note: for more information, see issue #124535 <https://github.com/rust-lang/rust/issues/124535>
[INFO] [stdout] 
[INFO] [stdout] 
[INFO] [stdout] warning: cannot find macro `cargo_toml` in the current scope when looking from the crate root
[INFO] [stdout]   --> src/lib.rs:87:10
[INFO] [stdout]    |
[INFO] [stdout] 87 | #![doc = cargo_toml!(indent="\t", default-features = false, "derive", "serde", "h1-client")]
[INFO] [stdout]    |          ^^^^^^^^^^ not found from the crate root
[INFO] [stdout]    |
[INFO] [stdout]    = help: import `macro_rules` with `use` to make it callable above its definition
[INFO] [stdout]    = warning: this was previously accepted by the compiler but is being phased out; it will become a hard error in a future release!
[INFO] [stdout]    = note: for more information, see issue #124535 <https://github.com/rust-lang/rust/issues/124535>
[INFO] [stdout] 
[INFO] [stdout] 
[INFO] [stdout] warning: cannot find macro `cargo_toml_private` in the current scope when looking from the crate root
[INFO] [stdout]    --> src/lib.rs:107:9
[INFO] [stdout]     |
[INFO] [stdout]  87 | #![doc = cargo_toml!(indent="\t", default-features = false, "derive", "serde", "h1-client")]
[INFO] [stdout]     |          ---------------------------------------------------------------------------------- in this macro invocation
[INFO] [stdout] ...
[INFO] [stdout] 101 | macro_rules! cargo_toml {
[INFO] [stdout] ...
[INFO] [stdout] 107 |         cargo_toml_private!($indent, "default-features = false, ", $firstfeat $(, $feature)*)
[INFO] [stdout]     |         ^^^^^^^^^^^^^^^^^^ not found from the crate root
[INFO] [stdout]     |
[INFO] [stdout]     = help: import `macro_rules` with `use` to make it callable above its definition
[INFO] [stdout]     = warning: this was previously accepted by the compiler but is being phased out; it will become a hard error in a future release!
[INFO] [stdout]     = note: for more information, see issue #124535 <https://github.com/rust-lang/rust/issues/124535>
[INFO] [stdout] 
[INFO] [stdout] 
[INFO] [stdout] warning: cannot find macro `cargo_toml` in the current scope when looking from the crate root
[INFO] [stdout]   --> src/lib.rs:89:10
[INFO] [stdout]    |
[INFO] [stdout] 89 | #![doc = cargo_toml!(indent="\t", default-features = false, "derive", "serde", "h1-client-rustls")]
[INFO] [stdout]    |          ^^^^^^^^^^ not found from the crate root
[INFO] [stdout]    |
[INFO] [stdout]    = help: import `macro_rules` with `use` to make it callable above its definition
[INFO] [stdout]    = warning: this was previously accepted by the compiler but is being phased out; it will become a hard error in a future release!
[INFO] [stdout]    = note: for more information, see issue #124535 <https://github.com/rust-lang/rust/issues/124535>
[INFO] [stdout] 
[INFO] [stdout] 
[INFO] [stdout] warning: cannot find macro `cargo_toml_private` in the current scope when looking from the crate root
[INFO] [stdout]    --> src/lib.rs:107:9
[INFO] [stdout]     |
[INFO] [stdout]  89 | #![doc = cargo_toml!(indent="\t", default-features = false, "derive", "serde", "h1-client-rustls")]
[INFO] [stdout]     |          ----------------------------------------------------------------------------------------- in this macro invocation
[INFO] [stdout] ...
[INFO] [stdout] 101 | macro_rules! cargo_toml {
[INFO] [stdout] ...
[INFO] [stdout] 107 |         cargo_toml_private!($indent, "default-features = false, ", $firstfeat $(, $feature)*)
[INFO] [stdout]     |         ^^^^^^^^^^^^^^^^^^ not found from the crate root
[INFO] [stdout]     |
[INFO] [stdout]     = help: import `macro_rules` with `use` to make it callable above its definition
[INFO] [stdout]     = warning: this was previously accepted by the compiler but is being phased out; it will become a hard error in a future release!
[INFO] [stdout]     = note: for more information, see issue #124535 <https://github.com/rust-lang/rust/issues/124535>
[INFO] [stdout] 
[INFO] [stdout] 
[INFO] [stdout] warning: cannot find macro `cargo_toml` in the current scope when looking from the crate root
[INFO] [stdout]   --> src/lib.rs:91:10
[INFO] [stdout]    |
[INFO] [stdout] 91 | #![doc = cargo_toml!(indent="\t", default-features = false, "derive", "serde", "wasm-client")]
[INFO] [stdout]    |          ^^^^^^^^^^ not found from the crate root
[INFO] [stdout]    |
[INFO] [stdout]    = help: import `macro_rules` with `use` to make it callable above its definition
[INFO] [stdout]    = warning: this was previously accepted by the compiler but is being phased out; it will become a hard error in a future release!
[INFO] [stdout]    = note: for more information, see issue #124535 <https://github.com/rust-lang/rust/issues/124535>
[INFO] [stdout] 
[INFO] [stdout] 
[INFO] [stdout] warning: cannot find macro `cargo_toml_private` in the current scope when looking from the crate root
[INFO] [stdout]    --> src/lib.rs:107:9
[INFO] [stdout]     |
[INFO] [stdout]  91 | #![doc = cargo_toml!(indent="\t", default-features = false, "derive", "serde", "wasm-client")]
[INFO] [stdout]     |          ------------------------------------------------------------------------------------ in this macro invocation
[INFO] [stdout] ...
[INFO] [stdout] 101 | macro_rules! cargo_toml {
[INFO] [stdout] ...
[INFO] [stdout] 107 |         cargo_toml_private!($indent, "default-features = false, ", $firstfeat $(, $feature)*)
[INFO] [stdout]     |         ^^^^^^^^^^^^^^^^^^ not found from the crate root
[INFO] [stdout]     |
[INFO] [stdout]     = help: import `macro_rules` with `use` to make it callable above its definition
[INFO] [stdout]     = warning: this was previously accepted by the compiler but is being phased out; it will become a hard error in a future release!
[INFO] [stdout]     = note: for more information, see issue #124535 <https://github.com/rust-lang/rust/issues/124535>
[INFO] [stdout] 
[INFO] [stdout] 
[INFO] [stdout] error[E0599]: no method named `into_query` found for struct `WeatherReading` in the current scope
[INFO] [stdout]   --> tests/derive_integration_tests.rs:42:33
[INFO] [stdout]    |
[INFO] [stdout] 17 | struct WeatherReading {
[INFO] [stdout]    | --------------------- method `into_query` not found for this struct
[INFO] [stdout] ...
[INFO] [stdout] 42 |     let query = weather_reading.into_query("weather_reading");
[INFO] [stdout]    |                                 ^^^^^^^^^^ method not found in `WeatherReading`
[INFO] [stdout]    |
[INFO] [stdout]    = help: items from traits can only be used if the trait is implemented and in scope
[INFO] [stdout]    = note: the following trait defines an item `into_query`, perhaps you need to implement it:
[INFO] [stdout]            candidate #1: `ts_influxdb::InfluxDbWriteable`
[INFO] [stdout] 
[INFO] [stdout] 
[INFO] [stdout] Some errors have detailed explanations: E0432, E0599.
[INFO] [stdout] 
[INFO] [stdout] For more information about an error, try `rustc --explain E0432`.
[INFO] [stdout] 
[INFO] [stderr] error: could not compile `ts_influxdb` (test "derive_integration_tests") due to 5 previous errors; 7 warnings emitted
[INFO] running `Command { std: "docker" "inspect" "6d46af7e3ceedff4cbadd892915da7af40bb672190f5c1cece415a29448d8884", kill_on_drop: false }`
[INFO] running `Command { std: "docker" "rm" "-f" "6d46af7e3ceedff4cbadd892915da7af40bb672190f5c1cece415a29448d8884", kill_on_drop: false }`
[INFO] [stdout] 6d46af7e3ceedff4cbadd892915da7af40bb672190f5c1cece415a29448d8884
