[INFO] fetching crate tropel-runtime 0.6.0...
[INFO] testing tropel-runtime-0.6.0 against 1.99.0-beta.8 for beta-1.100-2
[INFO] extracting crate tropel-runtime 0.6.0 into /workspace/builds/worker-4-tc1/source
[INFO] started tweaking crates.io crate tropel-runtime 0.6.0
[INFO] finished tweaking crates.io crate tropel-runtime 0.6.0
[INFO] tweaked toml for crates.io crate tropel-runtime 0.6.0 written to /workspace/builds/worker-4-tc1/source/Cargo.toml
[INFO] validating manifest of crates.io crate tropel-runtime 0.6.0 on toolchain 1.99.0-beta.8
[INFO] running `Command { std: CARGO_HOME="/workspace/cargo-home" RUSTUP_HOME="/workspace/rustup-home" "/workspace/cargo-home/bin/cargo" "+1.99.0-beta.8" "metadata" "--manifest-path" "Cargo.toml" "--no-deps", kill_on_drop: false }`
[INFO] crate crates.io crate tropel-runtime 0.6.0 already has a lockfile, it will not be regenerated
[INFO] running `Command { std: CARGO_HOME="/workspace/cargo-home" RUSTUP_HOME="/workspace/rustup-home" "/workspace/cargo-home/bin/cargo" "+1.99.0-beta.8" "fetch" "--manifest-path" "Cargo.toml", kill_on_drop: false }`
[INFO] [stderr]     Updating crates.io index
[INFO] [stderr]  Downloading crates ...
[INFO] [stderr]   Downloaded tropel-sdk v0.4.0
[INFO] [stderr]   Downloaded value-trait v0.12.2
[INFO] [stderr]   Downloaded ghash v0.6.0
[INFO] [stderr]   Downloaded md4 v0.10.2
[INFO] [stderr]   Downloaded halfbrown v0.4.0
[INFO] [stderr]   Downloaded ripemd v0.2.0
[INFO] [stderr]   Downloaded block-padding v0.4.2
[INFO] [stderr]   Downloaded tropel-variables v0.6.0
[INFO] [stderr]   Downloaded phf v0.14.0
[INFO] [stderr]   Downloaded phf_shared v0.14.0
[INFO] [stderr]   Downloaded phf_generator v0.14.0
[INFO] [stderr]   Downloaded cbc v0.2.1
[INFO] [stderr]   Downloaded tropel-native v0.6.0
[INFO] [stderr]   Downloaded tropel-js v0.6.0
[INFO] [stderr]   Downloaded rquickjs v0.12.2
[INFO] [stderr]   Downloaded rquickjs-macro v0.12.2
[INFO] [stderr]   Downloaded tropel-sandbox v0.6.0
[INFO] [stderr]   Downloaded aes v0.9.2
[INFO] [stderr]   Downloaded simd-json v0.17.3
[INFO] [stderr]   Downloaded rquickjs-core v0.12.2
[INFO] [stderr]   Downloaded aes-gcm v0.11.0
[INFO] [stderr]   Downloaded rquickjs-sys v0.12.2
[INFO] running `Command { std: "docker" "create" "-v" "/var/lib/crater-agent-workspace/builds/worker-4-tc1/source:/opt/rustwide/workdir:ro,Z" "-v" "/var/lib/crater-agent-workspace/builds/worker-4-tc1/target:/opt/rustwide/target:rw,Z" "-v" "/var/lib/crater-agent-workspace/cargo-home:/opt/rustwide/cargo-home:ro,Z" "-v" "/var/lib/crater-agent-workspace/rustup-home:/opt/rustwide/rustup-home:ro,Z" "-m" "1610612736" "--network" "none" "ghcr.io/rust-lang/crates-build-env/linux@sha256:3111399a4047eeb3a02b7a90e478d715f38a8c6669b5c4b49d30a17385265909" "sleep" "infinity", kill_on_drop: false }`
[INFO] [stdout] 5cc6005288482ba66cea6bcbaa3b4010703ad6da70ef14dc105f74c63758d062
[INFO] running `Command { std: "docker" "start" "5cc6005288482ba66cea6bcbaa3b4010703ad6da70ef14dc105f74c63758d062", kill_on_drop: false }`
[INFO] running `Command { std: "docker" "inspect" "5cc6005288482ba66cea6bcbaa3b4010703ad6da70ef14dc105f74c63758d062", kill_on_drop: false }`
[INFO] running `Command { std: "docker" "exec" "-e" "SOURCE_DIR=/opt/rustwide/workdir" "-e" "CARGO_HOME=/opt/rustwide/cargo-home" "-e" "RUSTUP_HOME=/opt/rustwide/rustup-home" "-e" "CARGO_TARGET_DIR=/opt/rustwide/target" "-w" "/opt/rustwide/workdir" "--user" "0:0" "5cc6005288482ba66cea6bcbaa3b4010703ad6da70ef14dc105f74c63758d062" "/opt/rustwide/cargo-home/bin/cargo" "+1.99.0-beta.8" "metadata" "--no-deps" "--format-version=1", kill_on_drop: false }`
[INFO] running `Command { std: "docker" "inspect" "5cc6005288482ba66cea6bcbaa3b4010703ad6da70ef14dc105f74c63758d062", kill_on_drop: false }`
[INFO] running `Command { std: "docker" "exec" "-e" "SOURCE_DIR=/opt/rustwide/workdir" "-e" "CARGO_HOME=/opt/rustwide/cargo-home" "-e" "RUSTUP_HOME=/opt/rustwide/rustup-home" "-e" "CARGO_TARGET_DIR=/opt/rustwide/target" "-e" "CARGO_INCREMENTAL=0" "-e" "RUST_BACKTRACE=full" "-e" "RUSTFLAGS=--cap-lints=warn" "-e" "RUSTDOCFLAGS=--cap-lints=warn" "-w" "/opt/rustwide/workdir" "--user" "0:0" "5cc6005288482ba66cea6bcbaa3b4010703ad6da70ef14dc105f74c63758d062" "/opt/rustwide/cargo-home/bin/cargo" "+1.99.0-beta.8" "build" "--frozen" "--message-format=json", kill_on_drop: false }`
[INFO] [stderr]    Compiling hybrid-array v0.4.14
[INFO] [stderr]    Compiling syn v3.0.3
[INFO] [stderr]    Compiling serde_core v1.0.229
[INFO] [stderr]    Compiling serde v1.0.229
[INFO] [stderr]    Compiling num-traits v0.2.19
[INFO] [stderr]    Compiling cc v1.4.0
[INFO] [stderr]    Compiling indexmap v2.14.0
[INFO] [stderr]    Compiling winnow v1.0.4
[INFO] [stderr]    Compiling event-listener v5.4.2
[INFO] [stderr]    Compiling generic-array v0.14.7
[INFO] [stderr]    Compiling phf_shared v0.14.0
[INFO] [stderr]    Compiling dlopen2_derive v0.4.3
[INFO] [stderr]    Compiling cpubits v0.1.1
[INFO] [stderr]    Compiling relative-path v2.0.1
[INFO] [stderr]    Compiling unicode-segmentation v1.13.3
[INFO] [stderr]    Compiling either v1.17.0
[INFO] [stderr]    Compiling event-listener-strategy v0.5.4
[INFO] [stderr]    Compiling async-lock v3.4.2
[INFO] [stderr]    Compiling tracing v0.1.44
[INFO] [stderr]    Compiling aho-corasick v1.1.4
[INFO] [stderr]    Compiling simdutf8 v0.1.5
[INFO] [stderr]    Compiling uuid v1.24.0
[INFO] [stderr]    Compiling phf v0.14.0
[INFO] [stderr]    Compiling phf_generator v0.14.0
[INFO] [stderr]    Compiling keccak v0.2.0
[INFO] [stderr]    Compiling sponge-cursor v0.1.0
[INFO] [stderr]    Compiling dlopen2 v0.8.2
[INFO] [stderr]    Compiling convert_case v0.11.0
[INFO] [stderr]    Compiling chrono v0.4.45
[INFO] [stderr]    Compiling float-cmp v0.10.0
[INFO] [stderr]    Compiling block-buffer v0.10.4
[INFO] [stderr]    Compiling crypto-common v0.1.7
[INFO] [stderr]    Compiling toml_parser v1.1.3+spec-1.1.0
[INFO] [stderr]    Compiling crypto-common v0.2.2
[INFO] [stderr]    Compiling block-buffer v0.12.1
[INFO] [stderr]    Compiling block-padding v0.4.2
[INFO] [stderr]    Compiling digest v0.10.7
[INFO] [stderr]    Compiling inout v0.2.2
[INFO] [stderr]    Compiling hmac v0.12.1
[INFO] [stderr]    Compiling md4 v0.10.2
[INFO] [stderr]    Compiling rquickjs-sys v0.12.2
[INFO] [stderr]    Compiling toml_edit v0.25.13+spec-1.1.0
[INFO] [stderr]    Compiling regex-automata v0.4.16
[INFO] [stderr]    Compiling proc-macro-crate v3.5.0
[INFO] [stderr]    Compiling digest v0.11.3
[INFO] [stderr]    Compiling cipher v0.5.2
[INFO] [stderr]    Compiling universal-hash v0.6.1
[INFO] [stderr]    Compiling aead v0.6.1
[INFO] [stderr]    Compiling polyval v0.7.3
[INFO] [stderr]    Compiling serde_json v1.0.151
[INFO] [stderr]    Compiling sha2 v0.11.0
[INFO] [stderr]    Compiling hmac v0.13.0
[INFO] [stderr]    Compiling md-5 v0.11.0
[INFO] [stderr]    Compiling sha1 v0.11.0
[INFO] [stderr]    Compiling sha3 v0.12.0
[INFO] [stderr]    Compiling ripemd v0.2.0
[INFO] [stderr]    Compiling ghash v0.6.0
[INFO] [stderr]    Compiling ctr v0.10.1
[INFO] [stderr]    Compiling aes v0.9.2
[INFO] [stderr]    Compiling cbc v0.2.1
[INFO] [stderr]    Compiling aes-gcm v0.11.0
[INFO] [stderr]    Compiling serde_derive v1.0.229
[INFO] [stderr]    Compiling thiserror-impl v2.0.19
[INFO] [stderr]    Compiling ref-cast-impl v1.0.26
[INFO] [stderr]    Compiling tokio-macros v2.7.2
[INFO] [stderr]    Compiling async-trait v0.1.91
[INFO] [stderr]    Compiling ref-cast v1.0.26
[INFO] [stderr]    Compiling tokio v1.53.1
[INFO] [stderr]    Compiling thiserror v2.0.19
[INFO] [stderr]    Compiling regex v1.13.1
[INFO] [stderr]    Compiling halfbrown v0.4.0
[INFO] [stderr]    Compiling serde_urlencoded v0.7.1
[INFO] [stderr]    Compiling tropel-variables v0.6.0
[INFO] [stderr]    Compiling value-trait v0.12.2
[INFO] [stderr]    Compiling simd-json v0.17.3
[INFO] [stderr]    Compiling rquickjs-core v0.12.2
[INFO] [stderr]    Compiling tropel-sdk v0.4.0
[INFO] [stderr]    Compiling rquickjs-macro v0.12.2
[INFO] [stderr]    Compiling rquickjs v0.12.2
[INFO] [stderr]    Compiling tropel-js v0.6.0
[INFO] [stderr]    Compiling tropel-native v0.6.0
[INFO] [stderr]    Compiling tropel-sandbox v0.6.0
[INFO] [stderr]    Compiling tropel-runtime v0.6.0 (/opt/rustwide/workdir)
[INFO] [stderr]     Finished `dev` profile [unoptimized + debuginfo] target(s) in 31.62s
[INFO] running `Command { std: "docker" "inspect" "5cc6005288482ba66cea6bcbaa3b4010703ad6da70ef14dc105f74c63758d062", kill_on_drop: false }`
[INFO] running `Command { std: "docker" "exec" "-e" "SOURCE_DIR=/opt/rustwide/workdir" "-e" "CARGO_HOME=/opt/rustwide/cargo-home" "-e" "RUSTUP_HOME=/opt/rustwide/rustup-home" "-e" "CARGO_TARGET_DIR=/opt/rustwide/target" "-e" "CARGO_INCREMENTAL=0" "-e" "RUST_BACKTRACE=full" "-e" "RUSTFLAGS=--cap-lints=warn" "-e" "RUSTDOCFLAGS=--cap-lints=warn" "-w" "/opt/rustwide/workdir" "--user" "0:0" "5cc6005288482ba66cea6bcbaa3b4010703ad6da70ef14dc105f74c63758d062" "/opt/rustwide/cargo-home/bin/cargo" "+1.99.0-beta.8" "test" "--frozen" "--no-run" "--message-format=json", kill_on_drop: false }`
[INFO] [stderr]    Compiling tropel-runtime v0.6.0 (/opt/rustwide/workdir)
[INFO] [stdout] error: couldn't read `src/../../../js/shared/deep-equal.js`: No such file or directory (os error 2)
[INFO] [stdout]     --> src/runner.rs:1936:19
[INFO] [stdout]      |
[INFO] [stdout] 1936 |             .eval(include_str!("../../../js/shared/deep-equal.js"))
[INFO] [stdout]      |                   ^^^^^^^^^^^^^^^^^^^^^^^^^^^^^^^^^^^^^^^^^^^^^^^^
[INFO] [stdout] 
[INFO] [stdout] 
[INFO] [stdout] error: couldn't read `src/../../../js/shared/k6-core.js`: No such file or directory (os error 2)
[INFO] [stdout]     --> src/runner.rs:1941:17
[INFO] [stdout]      |
[INFO] [stdout] 1941 |                 include_str!("../../../js/shared/k6-core.js"),
[INFO] [stdout]      |                 ^^^^^^^^^^^^^^^^^^^^^^^^^^^^^^^^^^^^^^^^^^^^^
[INFO] [stdout] 
[INFO] [stdout] 
[INFO] [stdout] error: couldn't read `src/../../../js/scripting-api/pm.js`: No such file or directory (os error 2)
[INFO] [stdout]     --> src/runner.rs:1943:17
[INFO] [stdout]      |
[INFO] [stdout] 1943 |                 include_str!("../../../js/scripting-api/pm.js")
[INFO] [stdout]      |                 ^^^^^^^^^^^^^^^^^^^^^^^^^^^^^^^^^^^^^^^^^^^^^^^
[INFO] [stdout] 
[INFO] [stdout] 
[INFO] [stdout] error: couldn't read `src/../../../js/shared/deep-equal.js`: No such file or directory (os error 2)
[INFO] [stdout]     --> src/runner.rs:2054:19
[INFO] [stdout]      |
[INFO] [stdout] 2054 |             .eval(include_str!("../../../js/shared/deep-equal.js"))
[INFO] [stdout]      |                   ^^^^^^^^^^^^^^^^^^^^^^^^^^^^^^^^^^^^^^^^^^^^^^^^
[INFO] [stdout] 
[INFO] [stdout] 
[INFO] [stdout] error: couldn't read `src/../../../js/shared/k6-core.js`: No such file or directory (os error 2)
[INFO] [stdout]     --> src/runner.rs:2059:17
[INFO] [stdout]      |
[INFO] [stdout] 2059 |                 include_str!("../../../js/shared/k6-core.js"),
[INFO] [stdout]      |                 ^^^^^^^^^^^^^^^^^^^^^^^^^^^^^^^^^^^^^^^^^^^^^
[INFO] [stdout] 
[INFO] [stdout] 
[INFO] [stdout] error: couldn't read `src/../../../js/scripting-api/pm.js`: No such file or directory (os error 2)
[INFO] [stdout]     --> src/runner.rs:2061:17
[INFO] [stdout]      |
[INFO] [stdout] 2061 |                 include_str!("../../../js/scripting-api/pm.js")
[INFO] [stdout]      |                 ^^^^^^^^^^^^^^^^^^^^^^^^^^^^^^^^^^^^^^^^^^^^^^^
[INFO] [stdout] 
[INFO] [stdout] 
[INFO] [stdout] error: couldn't read `src/../../../js/shared/deep-equal.js`: No such file or directory (os error 2)
[INFO] [stdout]     --> src/runner.rs:2162:19
[INFO] [stdout]      |
[INFO] [stdout] 2162 |             .eval(include_str!("../../../js/shared/deep-equal.js"))
[INFO] [stdout]      |                   ^^^^^^^^^^^^^^^^^^^^^^^^^^^^^^^^^^^^^^^^^^^^^^^^
[INFO] [stdout] 
[INFO] [stdout] 
[INFO] [stdout] error: couldn't read `src/../../../js/shared/k6-core.js`: No such file or directory (os error 2)
[INFO] [stdout]     --> src/runner.rs:2167:17
[INFO] [stdout]      |
[INFO] [stdout] 2167 |                 include_str!("../../../js/shared/k6-core.js"),
[INFO] [stdout]      |                 ^^^^^^^^^^^^^^^^^^^^^^^^^^^^^^^^^^^^^^^^^^^^^
[INFO] [stdout] 
[INFO] [stdout] 
[INFO] [stdout] error: couldn't read `src/../../../js/scripting-api/pm.js`: No such file or directory (os error 2)
[INFO] [stdout]     --> src/runner.rs:2169:17
[INFO] [stdout]      |
[INFO] [stdout] 2169 |                 include_str!("../../../js/scripting-api/pm.js")
[INFO] [stdout]      |                 ^^^^^^^^^^^^^^^^^^^^^^^^^^^^^^^^^^^^^^^^^^^^^^^
[INFO] [stdout] 
[INFO] [stdout] 
[INFO] [stdout] error: couldn't read `src/../../../js/shared/deep-equal.js`: No such file or directory (os error 2)
[INFO] [stdout]     --> src/runner.rs:2228:19
[INFO] [stdout]      |
[INFO] [stdout] 2228 |             .eval(include_str!("../../../js/shared/deep-equal.js"))
[INFO] [stdout]      |                   ^^^^^^^^^^^^^^^^^^^^^^^^^^^^^^^^^^^^^^^^^^^^^^^^
[INFO] [stdout] 
[INFO] [stdout] 
[INFO] [stdout] error: couldn't read `src/../../../js/shared/k6-core.js`: No such file or directory (os error 2)
[INFO] [stdout]     --> src/runner.rs:2233:17
[INFO] [stdout]      |
[INFO] [stdout] 2233 |                 include_str!("../../../js/shared/k6-core.js"),
[INFO] [stdout]      |                 ^^^^^^^^^^^^^^^^^^^^^^^^^^^^^^^^^^^^^^^^^^^^^
[INFO] [stdout] 
[INFO] [stdout] 
[INFO] [stdout] error: couldn't read `src/../../../js/scripting-api/pm.js`: No such file or directory (os error 2)
[INFO] [stdout]     --> src/runner.rs:2235:17
[INFO] [stdout]      |
[INFO] [stdout] 2235 |                 include_str!("../../../js/scripting-api/pm.js")
[INFO] [stdout]      |                 ^^^^^^^^^^^^^^^^^^^^^^^^^^^^^^^^^^^^^^^^^^^^^^^
[INFO] [stdout] 
[INFO] [stdout] 
[INFO] [stdout] error: couldn't read `src/../../../js/shared/deep-equal.js`: No such file or directory (os error 2)
[INFO] [stdout]     --> src/runner.rs:2685:18
[INFO] [stdout]      |
[INFO] [stdout] 2685 |         ctx.eval(include_str!("../../../js/shared/deep-equal.js"))
[INFO] [stdout]      |                  ^^^^^^^^^^^^^^^^^^^^^^^^^^^^^^^^^^^^^^^^^^^^^^^^
[INFO] [stdout] 
[INFO] [stdout] 
[INFO] [stdout] error: couldn't read `src/../../../js/shared/k6-core.js`: No such file or directory (os error 2)
[INFO] [stdout]     --> src/runner.rs:2689:13
[INFO] [stdout]      |
[INFO] [stdout] 2689 |             include_str!("../../../js/shared/k6-core.js"),
[INFO] [stdout]      |             ^^^^^^^^^^^^^^^^^^^^^^^^^^^^^^^^^^^^^^^^^^^^^
[INFO] [stdout] 
[INFO] [stdout] 
[INFO] [stdout] error: couldn't read `src/../../../js/scripting-api/pm.js`: No such file or directory (os error 2)
[INFO] [stdout]     --> src/runner.rs:2691:13
[INFO] [stdout]      |
[INFO] [stdout] 2691 |             include_str!("../../../js/scripting-api/pm.js")
[INFO] [stdout]      |             ^^^^^^^^^^^^^^^^^^^^^^^^^^^^^^^^^^^^^^^^^^^^^^^
[INFO] [stdout] 
[INFO] [stdout] 
[INFO] [stdout] error[E0433]: cannot find module or crate `tropel_http` in this scope
[INFO] [stdout]     --> src/runner.rs:1357:9
[INFO] [stdout]      |
[INFO] [stdout] 1357 |     use tropel_http::client::HttpClient;
[INFO] [stdout]      |         ^^^^^^^^^^^ use of unresolved module or unlinked crate `tropel_http`
[INFO] [stdout]      |
[INFO] [stdout]      = help: if you wanted to use a crate named `tropel_http`, use `cargo add tropel_http` to add it to your `Cargo.toml`
[INFO] [stdout] 
[INFO] [stdout] 
[INFO] [stdout] error[E0433]: cannot find module or crate `tropel_http` in this scope
[INFO] [stdout]     --> src/runner.rs:1620:30
[INFO] [stdout]      |
[INFO] [stdout] 1620 |             HttpClient::new(&tropel_http::config::HttpConfig::default())
[INFO] [stdout]      |                              ^^^^^^^^^^^ use of unresolved module or unlinked crate `tropel_http`
[INFO] [stdout]      |
[INFO] [stdout]      = help: if you wanted to use a crate named `tropel_http`, use `cargo add tropel_http` to add it to your `Cargo.toml`
[INFO] [stdout] 
[INFO] [stdout] 
[INFO] [stdout] error[E0433]: cannot find module or crate `tropel_http` in this scope
[INFO] [stdout]     --> src/runner.rs:1750:30
[INFO] [stdout]      |
[INFO] [stdout] 1750 |             HttpClient::new(&tropel_http::config::HttpConfig::default())
[INFO] [stdout]      |                              ^^^^^^^^^^^ use of unresolved module or unlinked crate `tropel_http`
[INFO] [stdout]      |
[INFO] [stdout]      = help: if you wanted to use a crate named `tropel_http`, use `cargo add tropel_http` to add it to your `Cargo.toml`
[INFO] [stdout] 
[INFO] [stdout] 
[INFO] [stdout] error[E0433]: cannot find module or crate `tropel_http` in this scope
[INFO] [stdout]     --> src/runner.rs:1848:30
[INFO] [stdout]      |
[INFO] [stdout] 1848 |             HttpClient::new(&tropel_http::config::HttpConfig::default())
[INFO] [stdout]      |                              ^^^^^^^^^^^ use of unresolved module or unlinked crate `tropel_http`
[INFO] [stdout]      |
[INFO] [stdout]      = help: if you wanted to use a crate named `tropel_http`, use `cargo add tropel_http` to add it to your `Cargo.toml`
[INFO] [stdout] 
[INFO] [stdout] 
[INFO] [stdout] error[E0433]: cannot find module or crate `tropel_http` in this scope
[INFO] [stdout]     --> src/runner.rs:1922:30
[INFO] [stdout]      |
[INFO] [stdout] 1922 |             HttpClient::new(&tropel_http::config::HttpConfig::default())
[INFO] [stdout]      |                              ^^^^^^^^^^^ use of unresolved module or unlinked crate `tropel_http`
[INFO] [stdout]      |
[INFO] [stdout]      = help: if you wanted to use a crate named `tropel_http`, use `cargo add tropel_http` to add it to your `Cargo.toml`
[INFO] [stdout] 
[INFO] [stdout] 
[INFO] [stdout] error[E0433]: cannot find module or crate `tropel_http` in this scope
[INFO] [stdout]     --> src/runner.rs:1948:30
[INFO] [stdout]      |
[INFO] [stdout] 1948 |             HttpClient::new(&tropel_http::config::HttpConfig::default())
[INFO] [stdout]      |                              ^^^^^^^^^^^ use of unresolved module or unlinked crate `tropel_http`
[INFO] [stdout]      |
[INFO] [stdout]      = help: if you wanted to use a crate named `tropel_http`, use `cargo add tropel_http` to add it to your `Cargo.toml`
[INFO] [stdout] 
[INFO] [stdout] 
[INFO] [stdout] error[E0433]: cannot find module or crate `tropel_http` in this scope
[INFO] [stdout]     --> src/runner.rs:2036:30
[INFO] [stdout]      |
[INFO] [stdout] 2036 |             HttpClient::new(&tropel_http::config::HttpConfig::default())
[INFO] [stdout]      |                              ^^^^^^^^^^^ use of unresolved module or unlinked crate `tropel_http`
[INFO] [stdout]      |
[INFO] [stdout]      = help: if you wanted to use a crate named `tropel_http`, use `cargo add tropel_http` to add it to your `Cargo.toml`
[INFO] [stdout] 
[INFO] [stdout] 
[INFO] [stdout] error[E0433]: cannot find module or crate `tropel_http` in this scope
[INFO] [stdout]     --> src/runner.rs:2066:30
[INFO] [stdout]      |
[INFO] [stdout] 2066 |             HttpClient::new(&tropel_http::config::HttpConfig::default())
[INFO] [stdout]      |                              ^^^^^^^^^^^ use of unresolved module or unlinked crate `tropel_http`
[INFO] [stdout]      |
[INFO] [stdout]      = help: if you wanted to use a crate named `tropel_http`, use `cargo add tropel_http` to add it to your `Cargo.toml`
[INFO] [stdout] 
[INFO] [stdout] 
[INFO] [stdout] error[E0433]: cannot find module or crate `tropel_http` in this scope
[INFO] [stdout]     --> src/runner.rs:2150:30
[INFO] [stdout]      |
[INFO] [stdout] 2150 |             HttpClient::new(&tropel_http::config::HttpConfig::default())
[INFO] [stdout]      |                              ^^^^^^^^^^^ use of unresolved module or unlinked crate `tropel_http`
[INFO] [stdout]      |
[INFO] [stdout]      = help: if you wanted to use a crate named `tropel_http`, use `cargo add tropel_http` to add it to your `Cargo.toml`
[INFO] [stdout] 
[INFO] [stdout] 
[INFO] [stdout] error[E0433]: cannot find module or crate `tropel_http` in this scope
[INFO] [stdout]     --> src/runner.rs:2174:30
[INFO] [stdout]      |
[INFO] [stdout] 2174 |             HttpClient::new(&tropel_http::config::HttpConfig::default())
[INFO] [stdout]      |                              ^^^^^^^^^^^ use of unresolved module or unlinked crate `tropel_http`
[INFO] [stdout]      |
[INFO] [stdout]      = help: if you wanted to use a crate named `tropel_http`, use `cargo add tropel_http` to add it to your `Cargo.toml`
[INFO] [stdout] 
[INFO] [stdout] 
[INFO] [stdout] error[E0433]: cannot find module or crate `tropel_http` in this scope
[INFO] [stdout]     --> src/runner.rs:2217:30
[INFO] [stdout]      |
[INFO] [stdout] 2217 |             HttpClient::new(&tropel_http::config::HttpConfig::default())
[INFO] [stdout]      |                              ^^^^^^^^^^^ use of unresolved module or unlinked crate `tropel_http`
[INFO] [stdout]      |
[INFO] [stdout]      = help: if you wanted to use a crate named `tropel_http`, use `cargo add tropel_http` to add it to your `Cargo.toml`
[INFO] [stdout] 
[INFO] [stdout] 
[INFO] [stdout] error[E0433]: cannot find module or crate `tropel_http` in this scope
[INFO] [stdout]     --> src/runner.rs:2240:30
[INFO] [stdout]      |
[INFO] [stdout] 2240 |             HttpClient::new(&tropel_http::config::HttpConfig::default())
[INFO] [stdout]      |                              ^^^^^^^^^^^ use of unresolved module or unlinked crate `tropel_http`
[INFO] [stdout]      |
[INFO] [stdout]      = help: if you wanted to use a crate named `tropel_http`, use `cargo add tropel_http` to add it to your `Cargo.toml`
[INFO] [stdout] 
[INFO] [stdout] 
[INFO] [stdout] For more information about this error, try `rustc --explain E0433`.
[INFO] [stdout] 
[INFO] [stderr] error: could not compile `tropel-runtime` (lib test) due to 27 previous errors
[INFO] running `Command { std: "docker" "inspect" "5cc6005288482ba66cea6bcbaa3b4010703ad6da70ef14dc105f74c63758d062", kill_on_drop: false }`
[INFO] running `Command { std: "docker" "rm" "-f" "5cc6005288482ba66cea6bcbaa3b4010703ad6da70ef14dc105f74c63758d062", kill_on_drop: false }`
[INFO] [stdout] 5cc6005288482ba66cea6bcbaa3b4010703ad6da70ef14dc105f74c63758d062
