[INFO] fetching crate triadic-census 0.2.0...
[INFO] testing triadic-census-0.2.0 against 1.99.0-beta.8 for beta-1.100-2
[INFO] extracting crate triadic-census 0.2.0 into /workspace/builds/worker-4-tc1/source
[INFO] started tweaking crates.io crate triadic-census 0.2.0
[INFO] finished tweaking crates.io crate triadic-census 0.2.0
[INFO] tweaked toml for crates.io crate triadic-census 0.2.0 written to /workspace/builds/worker-4-tc1/source/Cargo.toml
[INFO] validating manifest of crates.io crate triadic-census 0.2.0 on toolchain 1.99.0-beta.8
[INFO] running `Command { std: CARGO_HOME="/workspace/cargo-home" RUSTUP_HOME="/workspace/rustup-home" "/workspace/cargo-home/bin/cargo" "+1.99.0-beta.8" "metadata" "--manifest-path" "Cargo.toml" "--no-deps", kill_on_drop: false }`
[INFO] running `Command { std: CARGO_HOME="/workspace/cargo-home" RUSTUP_HOME="/workspace/rustup-home" "/workspace/cargo-home/bin/cargo" "+1.99.0-beta.8" "generate-lockfile" "--manifest-path" "Cargo.toml", kill_on_drop: false }`
[INFO] [stderr]     Updating crates.io index
[INFO] [stderr]      Locking 2 packages to highest compatible versions
[INFO] [stderr]       Adding fixedbitset v0.1.9 (available: v0.5.7)
[INFO] [stderr]       Adding petgraph v0.2.10 (available: v0.8.3)
[INFO] running `Command { std: CARGO_HOME="/workspace/cargo-home" RUSTUP_HOME="/workspace/rustup-home" "/workspace/cargo-home/bin/cargo" "+1.99.0-beta.8" "fetch" "--manifest-path" "Cargo.toml", kill_on_drop: false }`
[INFO] [stderr] warning: Cargo.toml: `package.edition` is unspecified, defaulting to `2015` while the latest is `2024`
[INFO] [stderr] warning: `triadic-census` (manifest) generated 1 warning
[INFO] [stderr]  Downloading crates ...
[INFO] [stderr]   Downloaded fixedbitset v0.1.9
[INFO] [stderr]   Downloaded petgraph v0.2.10
[INFO] running `Command { std: "docker" "create" "-v" "/var/lib/crater-agent-workspace/builds/worker-4-tc1/source:/opt/rustwide/workdir:ro,Z" "-v" "/var/lib/crater-agent-workspace/builds/worker-4-tc1/target:/opt/rustwide/target:rw,Z" "-v" "/var/lib/crater-agent-workspace/cargo-home:/opt/rustwide/cargo-home:ro,Z" "-v" "/var/lib/crater-agent-workspace/rustup-home:/opt/rustwide/rustup-home:ro,Z" "-m" "1610612736" "--network" "none" "ghcr.io/rust-lang/crates-build-env/linux@sha256:3111399a4047eeb3a02b7a90e478d715f38a8c6669b5c4b49d30a17385265909" "sleep" "infinity", kill_on_drop: false }`
[INFO] [stdout] ba42a5dcd5c086eefd0e3aa260e4d3c379aaa5830d109f38de3b629219026a1b
[INFO] running `Command { std: "docker" "start" "ba42a5dcd5c086eefd0e3aa260e4d3c379aaa5830d109f38de3b629219026a1b", kill_on_drop: false }`
[INFO] running `Command { std: "docker" "inspect" "ba42a5dcd5c086eefd0e3aa260e4d3c379aaa5830d109f38de3b629219026a1b", kill_on_drop: false }`
[INFO] running `Command { std: "docker" "exec" "-e" "SOURCE_DIR=/opt/rustwide/workdir" "-e" "CARGO_HOME=/opt/rustwide/cargo-home" "-e" "RUSTUP_HOME=/opt/rustwide/rustup-home" "-e" "CARGO_TARGET_DIR=/opt/rustwide/target" "-w" "/opt/rustwide/workdir" "--user" "0:0" "ba42a5dcd5c086eefd0e3aa260e4d3c379aaa5830d109f38de3b629219026a1b" "/opt/rustwide/cargo-home/bin/cargo" "+1.99.0-beta.8" "metadata" "--no-deps" "--format-version=1", kill_on_drop: false }`
[INFO] running `Command { std: "docker" "inspect" "ba42a5dcd5c086eefd0e3aa260e4d3c379aaa5830d109f38de3b629219026a1b", kill_on_drop: false }`
[INFO] running `Command { std: "docker" "exec" "-e" "SOURCE_DIR=/opt/rustwide/workdir" "-e" "CARGO_HOME=/opt/rustwide/cargo-home" "-e" "RUSTUP_HOME=/opt/rustwide/rustup-home" "-e" "CARGO_TARGET_DIR=/opt/rustwide/target" "-e" "CARGO_INCREMENTAL=0" "-e" "RUST_BACKTRACE=full" "-e" "RUSTFLAGS=--cap-lints=warn" "-e" "RUSTDOCFLAGS=--cap-lints=warn" "-w" "/opt/rustwide/workdir" "--user" "0:0" "ba42a5dcd5c086eefd0e3aa260e4d3c379aaa5830d109f38de3b629219026a1b" "/opt/rustwide/cargo-home/bin/cargo" "+1.99.0-beta.8" "build" "--frozen" "--message-format=json", kill_on_drop: false }`
[INFO] [stderr] warning: Cargo.toml: `package.edition` is unspecified, defaulting to `2015` while the latest is `2024`
[INFO] [stderr] warning: `triadic-census` (manifest) generated 1 warning
[INFO] [stderr]    Compiling fixedbitset v0.1.9
[INFO] [stderr]    Compiling petgraph v0.2.10
[INFO] [stderr]    Compiling triadic-census v0.2.0 (/opt/rustwide/workdir)
[INFO] [stdout] error[E0658]: use of unstable library feature `test`: `bench` is a part of custom test frameworks which are unstable
[INFO] [stdout]    --> src/lib.rs:518:3
[INFO] [stdout]     |
[INFO] [stdout] 518 | #[bench]
[INFO] [stdout]     |   ^^^^^
[INFO] [stdout]     |
[INFO] [stdout]     = note: see issue #50297 <https://github.com/rust-lang/rust/issues/50297> for more information
[INFO] [stdout] 
[INFO] [stdout] 
[INFO] [stdout] error[E0658]: use of unstable library feature `test`: `bench` is a part of custom test frameworks which are unstable
[INFO] [stdout]    --> src/lib.rs:530:3
[INFO] [stdout]     |
[INFO] [stdout] 530 | #[bench]
[INFO] [stdout]     |   ^^^^^
[INFO] [stdout]     |
[INFO] [stdout]     = note: see issue #50297 <https://github.com/rust-lang/rust/issues/50297> for more information
[INFO] [stdout] 
[INFO] [stdout] 
[INFO] [stdout] error[E0658]: use of unstable library feature `test`: `bench` is a part of custom test frameworks which are unstable
[INFO] [stdout]    --> src/lib.rs:543:3
[INFO] [stdout]     |
[INFO] [stdout] 543 | #[bench]
[INFO] [stdout]     |   ^^^^^
[INFO] [stdout]     |
[INFO] [stdout]     = note: see issue #50297 <https://github.com/rust-lang/rust/issues/50297> for more information
[INFO] [stdout] 
[INFO] [stdout] 
[INFO] [stdout] warning: unnecessary parentheses around function argument
[INFO] [stdout]    --> src/lib.rs:357:50
[INFO] [stdout]     |
[INFO] [stdout] 357 |         let vec_len = (n * n) / 64 + cmp::min(1, ((n * n) % 64));
[INFO] [stdout]     |                                                  ^            ^
[INFO] [stdout]     |
[INFO] [stdout]     = note: `#[warn(unused_parens)]` (part of `#[warn(unused)]`) on by default
[INFO] [stdout] help: remove these parentheses
[INFO] [stdout]     |
[INFO] [stdout] 357 -         let vec_len = (n * n) / 64 + cmp::min(1, ((n * n) % 64));
[INFO] [stdout] 357 +         let vec_len = (n * n) / 64 + cmp::min(1, (n * n) % 64);
[INFO] [stdout]     |
[INFO] [stdout] 
[INFO] [stdout] 
[INFO] [stdout] warning: unnecessary parentheses around function argument
[INFO] [stdout]    --> src/lib.rs:411:50
[INFO] [stdout]     |
[INFO] [stdout] 411 |         let vec_len = (n * n) / 64 + cmp::min(1, ((n * n) % 64));
[INFO] [stdout]     |                                                  ^            ^
[INFO] [stdout]     |
[INFO] [stdout] help: remove these parentheses
[INFO] [stdout]     |
[INFO] [stdout] 411 -         let vec_len = (n * n) / 64 + cmp::min(1, ((n * n) % 64));
[INFO] [stdout] 411 +         let vec_len = (n * n) / 64 + cmp::min(1, (n * n) % 64);
[INFO] [stdout]     |
[INFO] [stdout] 
[INFO] [stdout] 
[INFO] [stdout] warning: use of deprecated associated function `core::num::<impl u64>::max_value`: replaced by the `MAX` associated constant on this type
[INFO] [stdout]    --> src/lib.rs:208:57
[INFO] [stdout]     |
[INFO] [stdout] 208 |         census.set(TriadType::T003, t003.unwrap_or(u64::max_value()));
[INFO] [stdout]     |                                                         ^^^^^^^^^
[INFO] [stdout]     |
[INFO] [stdout]     = note: `#[warn(deprecated)]` on by default
[INFO] [stdout] 
[INFO] [stdout] 
[INFO] [stdout] warning: unused import: `IndexType`
[INFO] [stdout]  --> src/lib.rs:8:34
[INFO] [stdout]   |
[INFO] [stdout] 8 | use petgraph::graph::{NodeIndex, IndexType};
[INFO] [stdout]   |                                  ^^^^^^^^^
[INFO] [stdout]   |
[INFO] [stdout]   = note: `#[warn(unused_imports)]` (part of `#[warn(unused)]`) on by default
[INFO] [stdout] 
[INFO] [stdout] 
[INFO] [stdout] For more information about this error, try `rustc --explain E0658`.
[INFO] [stdout] 
[INFO] [stderr] error: could not compile `triadic-census` (lib) due to 3 previous errors; 4 warnings emitted
[INFO] running `Command { std: "docker" "inspect" "ba42a5dcd5c086eefd0e3aa260e4d3c379aaa5830d109f38de3b629219026a1b", kill_on_drop: false }`
[INFO] running `Command { std: "docker" "rm" "-f" "ba42a5dcd5c086eefd0e3aa260e4d3c379aaa5830d109f38de3b629219026a1b", kill_on_drop: false }`
[INFO] [stdout] ba42a5dcd5c086eefd0e3aa260e4d3c379aaa5830d109f38de3b629219026a1b
