[INFO] fetching crate trexio 2.6.1...
[INFO] testing trexio-2.6.1 against 1.100.0-beta.1 for beta-1.100-2
[INFO] extracting crate trexio 2.6.1 into /workspace/builds/worker-4-tc2/source
[INFO] started tweaking crates.io crate trexio 2.6.1
[INFO] removed 0 missing tests
[INFO] finished tweaking crates.io crate trexio 2.6.1
[INFO] tweaked toml for crates.io crate trexio 2.6.1 written to /workspace/builds/worker-4-tc2/source/Cargo.toml
[INFO] validating manifest of crates.io crate trexio 2.6.1 on toolchain 1.100.0-beta.1
[INFO] running `Command { std: CARGO_HOME="/workspace/cargo-home" RUSTUP_HOME="/workspace/rustup-home" "/workspace/cargo-home/bin/cargo" "+1.100.0-beta.1" "metadata" "--manifest-path" "Cargo.toml" "--no-deps", kill_on_drop: false }`
[INFO] crate crates.io crate trexio 2.6.1 already has a lockfile, it will not be regenerated
[INFO] running `Command { std: CARGO_HOME="/workspace/cargo-home" RUSTUP_HOME="/workspace/rustup-home" "/workspace/cargo-home/bin/cargo" "+1.100.0-beta.1" "fetch" "--manifest-path" "Cargo.toml", kill_on_drop: false }`
[INFO] running `Command { std: "docker" "create" "-v" "/var/lib/crater-agent-workspace/builds/worker-4-tc2/source:/opt/rustwide/workdir:ro,Z" "-v" "/var/lib/crater-agent-workspace/builds/worker-4-tc2/target:/opt/rustwide/target:rw,Z" "-v" "/var/lib/crater-agent-workspace/cargo-home:/opt/rustwide/cargo-home:ro,Z" "-v" "/var/lib/crater-agent-workspace/rustup-home:/opt/rustwide/rustup-home:ro,Z" "-m" "1610612736" "--network" "none" "ghcr.io/rust-lang/crates-build-env/linux@sha256:3111399a4047eeb3a02b7a90e478d715f38a8c6669b5c4b49d30a17385265909" "sleep" "infinity", kill_on_drop: false }`
[INFO] [stdout] 7a1fe64f137932435f2225bad896532105444b8f219b1a3db71fbfe74ff1f755
[INFO] running `Command { std: "docker" "start" "7a1fe64f137932435f2225bad896532105444b8f219b1a3db71fbfe74ff1f755", kill_on_drop: false }`
[INFO] running `Command { std: "docker" "inspect" "7a1fe64f137932435f2225bad896532105444b8f219b1a3db71fbfe74ff1f755", kill_on_drop: false }`
[INFO] running `Command { std: "docker" "exec" "-e" "SOURCE_DIR=/opt/rustwide/workdir" "-e" "CARGO_HOME=/opt/rustwide/cargo-home" "-e" "RUSTUP_HOME=/opt/rustwide/rustup-home" "-e" "CARGO_TARGET_DIR=/opt/rustwide/target" "-w" "/opt/rustwide/workdir" "--user" "0:0" "7a1fe64f137932435f2225bad896532105444b8f219b1a3db71fbfe74ff1f755" "/opt/rustwide/cargo-home/bin/cargo" "+1.100.0-beta.1" "metadata" "--no-deps" "--format-version=1", kill_on_drop: false }`
[INFO] running `Command { std: "docker" "inspect" "7a1fe64f137932435f2225bad896532105444b8f219b1a3db71fbfe74ff1f755", kill_on_drop: false }`
[INFO] running `Command { std: "docker" "exec" "-e" "SOURCE_DIR=/opt/rustwide/workdir" "-e" "CARGO_HOME=/opt/rustwide/cargo-home" "-e" "RUSTUP_HOME=/opt/rustwide/rustup-home" "-e" "CARGO_TARGET_DIR=/opt/rustwide/target" "-e" "CARGO_INCREMENTAL=0" "-e" "RUST_BACKTRACE=full" "-e" "RUSTFLAGS=--cap-lints=warn" "-e" "RUSTDOCFLAGS=--cap-lints=warn" "-w" "/opt/rustwide/workdir" "--user" "0:0" "7a1fe64f137932435f2225bad896532105444b8f219b1a3db71fbfe74ff1f755" "/opt/rustwide/cargo-home/bin/cargo" "+1.100.0-beta.1" "build" "--frozen" "--message-format=json", kill_on_drop: false }`
[INFO] [stderr]    Compiling proc-macro2 v1.0.69
[INFO] [stderr]    Compiling glob v0.3.1
[INFO] [stderr]    Compiling prettyplease v0.2.15
[INFO] [stderr]    Compiling rustix v0.38.42
[INFO] [stderr]    Compiling libc v0.2.169
[INFO] [stderr]    Compiling regex-syntax v0.8.2
[INFO] [stderr]    Compiling cfg-if v1.0.0
[INFO] [stderr]    Compiling serde v1.0.189
[INFO] [stderr]    Compiling memchr v2.6.4
[INFO] [stderr]    Compiling bitflags v2.4.1
[INFO] [stderr]    Compiling linux-raw-sys v0.4.14
[INFO] [stderr]    Compiling serde_json v1.0.107
[INFO] [stderr]    Compiling bindgen v0.65.1
[INFO] [stderr]    Compiling home v0.5.5
[INFO] [stderr]    Compiling either v1.9.0
[INFO] [stderr]    Compiling peeking_take_while v0.1.2
[INFO] [stderr]    Compiling libloading v0.7.4
[INFO] [stderr]    Compiling ryu v1.0.15
[INFO] [stderr]    Compiling bitflags v1.3.2
[INFO] [stderr]    Compiling itoa v1.0.9
[INFO] [stderr]    Compiling shlex v1.2.0
[INFO] [stderr]    Compiling lazy_static v1.4.0
[INFO] [stderr]    Compiling lazycell v1.3.0
[INFO] [stderr]    Compiling rustc-hash v1.1.0
[INFO] [stderr]    Compiling log v0.4.20
[INFO] [stderr]    Compiling pkg-config v0.3.31
[INFO] [stderr]    Compiling clang-sys v1.6.1
[INFO] [stderr]    Compiling quote v1.0.33
[INFO] [stderr]    Compiling nom v7.1.3
[INFO] [stderr]    Compiling syn v2.0.38
[INFO] [stderr]    Compiling which v4.4.2
[INFO] [stderr]    Compiling cexpr v0.6.0
[INFO] [stderr]    Compiling regex-automata v0.4.3
[INFO] [stderr]    Compiling regex v1.10.2
[INFO] [stderr]    Compiling serde_derive v1.0.189
[INFO] [stderr]    Compiling trexio v2.6.1 (/opt/rustwide/workdir)
[INFO] [stderr] warning: trexio@2.6.1: Found trexio.h at: /opt/rustwide/target/debug/build/trexio/a5e0cb52d5d727d4/out/trexio.h
[INFO] [stderr]     Finished `dev` profile [unoptimized + debuginfo] target(s) in 25.56s
[INFO] running `Command { std: "docker" "inspect" "7a1fe64f137932435f2225bad896532105444b8f219b1a3db71fbfe74ff1f755", kill_on_drop: false }`
[INFO] running `Command { std: "docker" "exec" "-e" "SOURCE_DIR=/opt/rustwide/workdir" "-e" "CARGO_HOME=/opt/rustwide/cargo-home" "-e" "RUSTUP_HOME=/opt/rustwide/rustup-home" "-e" "CARGO_TARGET_DIR=/opt/rustwide/target" "-e" "CARGO_INCREMENTAL=0" "-e" "RUST_BACKTRACE=full" "-e" "RUSTFLAGS=--cap-lints=warn" "-e" "RUSTDOCFLAGS=--cap-lints=warn" "-w" "/opt/rustwide/workdir" "--user" "0:0" "7a1fe64f137932435f2225bad896532105444b8f219b1a3db71fbfe74ff1f755" "/opt/rustwide/cargo-home/bin/cargo" "+1.100.0-beta.1" "test" "--frozen" "--no-run" "--message-format=json", kill_on_drop: false }`
[INFO] [stderr]    Compiling trexio v2.6.1 (/opt/rustwide/workdir)
[INFO] [stderr] warning: trexio@2.6.1: Found trexio.h at: /opt/rustwide/target/debug/build/trexio/a5e0cb52d5d727d4/out/trexio.h
[INFO] [stdout] error: linking with `cc` failed: exit status: 1
[INFO] [stdout]   |
[INFO] [stdout]   = note:  "cc" "-m64" "/opt/rustwide/target/debug/build/trexio/ac1ae2d4134219ab/out/rustc2ZXzfS/symbols.o" "<2 object files omitted>" "-Wl,--as-needed" "-Wl,-Bstatic" "<sysroot>/lib/rustlib/x86_64-unknown-linux-gnu/lib/{libtest-*,libgetopts-*,librustc_std_workspace_std-*,libstd-*,libpanic_unwind-*,libobject-*,libmemchr-*,libaddr2line-*,libgimli-*,libcfg_if-*,librustc_demangle-*,libstd_detect-*,libhashbrown-*,librustc_std_workspace_alloc-*,libminiz_oxide-*,libadler2-*,libunwind-*,liblibc-*,librustc_std_workspace_core-*,liballoc-*,libcore-*,libcompiler_builtins-*}.rlib" "-Wl,-Bdynamic" "-lgcc_s" "-lutil" "-lrt" "-lpthread" "-lm" "-ldl" "-lc" "-L" "/opt/rustwide/target/debug/build/trexio/ac1ae2d4134219ab/out/rustc2ZXzfS/raw-dylibs" "-B<sysroot>/lib/rustlib/x86_64-unknown-linux-gnu/bin/gcc-ld" "-fuse-ld=lld" "-Wl,--eh-frame-hdr" "-Wl,-z,noexecstack" "-L" "<sysroot>/lib/rustlib/x86_64-unknown-linux-gnu/lib" "-o" "/opt/rustwide/target/debug/build/trexio/ac1ae2d4134219ab/out/trexio-ac1ae2d4134219ab" "-Wl,--gc-sections" "-pie" "-Wl,-z,relro,-z,now" "-nodefaultlibs"
[INFO] [stdout]   = note: some arguments are omitted. use `--verbose` to show all linker arguments
[INFO] [stdout]   = note: rust-lld: error: undefined symbol: trexio_to_orbital_list
[INFO] [stdout]           >>> referenced by bitfield.rs:94 (src/bitfield.rs:94)
[INFO] [stdout]           >>>               /opt/rustwide/target/debug/build/trexio/ac1ae2d4134219ab/out/trexio-ac1ae2d4134219ab.trexio.2f52f3a0463d8fe2-cgu.0.rcgu.o:(<trexio::bitfield::Bitfield>::to_orbital_list)
[INFO] [stdout]           
[INFO] [stdout]           rust-lld: error: undefined symbol: trexio_to_bitfield_list
[INFO] [stdout]           >>> referenced by bitfield.rs:23 (src/bitfield.rs:23)
[INFO] [stdout]           >>>               /opt/rustwide/target/debug/build/trexio/ac1ae2d4134219ab/out/trexio-ac1ae2d4134219ab.trexio.2f52f3a0463d8fe2-cgu.0.rcgu.o:(<trexio::bitfield::Bitfield>::from)
[INFO] [stdout]           
[INFO] [stdout]           rust-lld: error: undefined symbol: trexio_string_of_error
[INFO] [stdout]           >>> referenced by exit_code.rs:197 (src/exit_code.rs:197)
[INFO] [stdout]           >>>               /opt/rustwide/target/debug/build/trexio/ac1ae2d4134219ab/out/trexio-ac1ae2d4134219ab.trexio.2f52f3a0463d8fe2-cgu.0.rcgu.o:(<trexio::exit_code::ExitCode>::to_str)
[INFO] [stdout]           collect2: error: ld returned 1 exit status
[INFO] [stdout]           
[INFO] [stdout] 
[INFO] [stdout] 
[INFO] [stderr] warning: trexio@2.6.1: Found trexio.h at: /opt/rustwide/target/debug/build/trexio/a5e0cb52d5d727d4/out/trexio.h
[INFO] [stderr] error: could not compile `trexio` (lib test) due to 1 previous error
[INFO] [stderr] warning: build failed, waiting for other jobs to finish...
[INFO] running `Command { std: "docker" "inspect" "7a1fe64f137932435f2225bad896532105444b8f219b1a3db71fbfe74ff1f755", kill_on_drop: false }`
[INFO] running `Command { std: "docker" "rm" "-f" "7a1fe64f137932435f2225bad896532105444b8f219b1a3db71fbfe74ff1f755", kill_on_drop: false }`
[INFO] [stdout] 7a1fe64f137932435f2225bad896532105444b8f219b1a3db71fbfe74ff1f755
