[INFO] fetching crate tree-sitter-perl-rs 0.17.0...
[INFO] testing tree-sitter-perl-rs-0.17.0 against 1.100.0-beta.1 for beta-1.100-2
[INFO] extracting crate tree-sitter-perl-rs 0.17.0 into /workspace/builds/worker-6-tc2/source
[INFO] started tweaking crates.io crate tree-sitter-perl-rs 0.17.0
[INFO] removed 0 missing tests
[INFO] finished tweaking crates.io crate tree-sitter-perl-rs 0.17.0
[INFO] tweaked toml for crates.io crate tree-sitter-perl-rs 0.17.0 written to /workspace/builds/worker-6-tc2/source/Cargo.toml
[INFO] validating manifest of crates.io crate tree-sitter-perl-rs 0.17.0 on toolchain 1.100.0-beta.1
[INFO] running `Command { std: CARGO_HOME="/workspace/cargo-home" RUSTUP_HOME="/workspace/rustup-home" "/workspace/cargo-home/bin/cargo" "+1.100.0-beta.1" "metadata" "--manifest-path" "Cargo.toml" "--no-deps", kill_on_drop: false }`
[INFO] crate crates.io crate tree-sitter-perl-rs 0.17.0 already has a lockfile, it will not be regenerated
[INFO] running `Command { std: CARGO_HOME="/workspace/cargo-home" RUSTUP_HOME="/workspace/rustup-home" "/workspace/cargo-home/bin/cargo" "+1.100.0-beta.1" "fetch" "--manifest-path" "Cargo.toml", kill_on_drop: false }`
[INFO] [stderr] warning: `package.homepage` is redundant with `package.repository`
[INFO] [stderr]   --> Cargo.toml:62:12
[INFO] [stderr]    |
[INFO] [stderr] 62 | homepage = "https://github.com/EffortlessMetrics/perl-lsp"
[INFO] [stderr]    |            ^^^^^^^^^^^^^^^^^^^^^^^^^^^^^^^^^^^^^^^^^^^^^^^
[INFO] [stderr] ...
[INFO] [stderr] 68 | repository = "https://github.com/EffortlessMetrics/perl-lsp"
[INFO] [stderr]    |              -----------------------------------------------
[INFO] [stderr]    |
[INFO] [stderr]    = note: `cargo::redundant_homepage` is set to `warn` by default
[INFO] [stderr] help: consider removing `package.homepage`
[INFO] [stderr] warning: `tree-sitter-perl-rs` (manifest) generated 1 warning
[INFO] running `Command { std: "docker" "create" "-v" "/var/lib/crater-agent-workspace/builds/worker-6-tc2/source:/opt/rustwide/workdir:ro,Z" "-v" "/var/lib/crater-agent-workspace/builds/worker-6-tc2/target:/opt/rustwide/target:rw,Z" "-v" "/var/lib/crater-agent-workspace/cargo-home:/opt/rustwide/cargo-home:ro,Z" "-v" "/var/lib/crater-agent-workspace/rustup-home:/opt/rustwide/rustup-home:ro,Z" "-m" "1610612736" "--network" "none" "ghcr.io/rust-lang/crates-build-env/linux@sha256:3111399a4047eeb3a02b7a90e478d715f38a8c6669b5c4b49d30a17385265909" "sleep" "infinity", kill_on_drop: false }`
[INFO] [stdout] 0223f40eb58d8c6bb41da4f7f8106ff13f16d4d52926762dbfc64442a9ca4842
[INFO] running `Command { std: "docker" "start" "0223f40eb58d8c6bb41da4f7f8106ff13f16d4d52926762dbfc64442a9ca4842", kill_on_drop: false }`
[INFO] running `Command { std: "docker" "inspect" "0223f40eb58d8c6bb41da4f7f8106ff13f16d4d52926762dbfc64442a9ca4842", kill_on_drop: false }`
[INFO] running `Command { std: "docker" "exec" "-e" "SOURCE_DIR=/opt/rustwide/workdir" "-e" "CARGO_HOME=/opt/rustwide/cargo-home" "-e" "RUSTUP_HOME=/opt/rustwide/rustup-home" "-e" "CARGO_TARGET_DIR=/opt/rustwide/target" "-w" "/opt/rustwide/workdir" "--user" "0:0" "0223f40eb58d8c6bb41da4f7f8106ff13f16d4d52926762dbfc64442a9ca4842" "/opt/rustwide/cargo-home/bin/cargo" "+1.100.0-beta.1" "metadata" "--no-deps" "--format-version=1", kill_on_drop: false }`
[INFO] running `Command { std: "docker" "inspect" "0223f40eb58d8c6bb41da4f7f8106ff13f16d4d52926762dbfc64442a9ca4842", kill_on_drop: false }`
[INFO] running `Command { std: "docker" "exec" "-e" "SOURCE_DIR=/opt/rustwide/workdir" "-e" "CARGO_HOME=/opt/rustwide/cargo-home" "-e" "RUSTUP_HOME=/opt/rustwide/rustup-home" "-e" "CARGO_TARGET_DIR=/opt/rustwide/target" "-e" "CARGO_INCREMENTAL=0" "-e" "RUST_BACKTRACE=full" "-e" "RUSTFLAGS=--cap-lints=warn" "-e" "RUSTDOCFLAGS=--cap-lints=warn" "-w" "/opt/rustwide/workdir" "--user" "0:0" "0223f40eb58d8c6bb41da4f7f8106ff13f16d4d52926762dbfc64442a9ca4842" "/opt/rustwide/cargo-home/bin/cargo" "+1.100.0-beta.1" "build" "--frozen" "--message-format=json", kill_on_drop: false }`
[INFO] [stderr] warning: `package.homepage` is redundant with `package.repository`
[INFO] [stderr]   --> Cargo.toml:62:12
[INFO] [stderr]    |
[INFO] [stderr] 62 | homepage = "https://github.com/EffortlessMetrics/perl-lsp"
[INFO] [stderr]    |            ^^^^^^^^^^^^^^^^^^^^^^^^^^^^^^^^^^^^^^^^^^^^^^^
[INFO] [stderr] ...
[INFO] [stderr] 68 | repository = "https://github.com/EffortlessMetrics/perl-lsp"
[INFO] [stderr]    |              -----------------------------------------------
[INFO] [stderr]    |
[INFO] [stderr]    = note: `cargo::redundant_homepage` is set to `warn` by default
[INFO] [stderr] help: consider removing `package.homepage`
[INFO] [stderr] warning: `tree-sitter-perl-rs` (manifest) generated 1 warning
[INFO] [stderr]    Compiling proc-macro2 v1.0.106
[INFO] [stderr]    Compiling unicode-ident v1.0.24
[INFO] [stderr]    Compiling quote v1.0.45
[INFO] [stderr]    Compiling smallvec v1.15.1
[INFO] [stderr]    Compiling stable_deref_trait v1.2.1
[INFO] [stderr]    Compiling serde_core v1.0.228
[INFO] [stderr]    Compiling memchr v2.8.2
[INFO] [stderr]    Compiling zmij v1.0.21
[INFO] [stderr]    Compiling serde v1.0.228
[INFO] [stderr]    Compiling serde_json v1.0.150
[INFO] [stderr]    Compiling itoa v1.0.18
[INFO] [stderr]    Compiling bitflags v1.3.2
[INFO] [stderr]    Compiling str_indices v0.4.4
[INFO] [stderr]    Compiling fluent-uri v0.1.4
[INFO] [stderr]    Compiling writeable v0.6.3
[INFO] [stderr]    Compiling litemap v0.8.2
[INFO] [stderr]    Compiling ropey v1.6.1
[INFO] [stderr]    Compiling utf8_iter v1.0.4
[INFO] [stderr]    Compiling icu_properties_data v2.2.0
[INFO] [stderr]    Compiling icu_normalizer_data v2.2.0
[INFO] [stderr]    Compiling siphasher v1.0.2
[INFO] [stderr]    Compiling heck v0.5.0
[INFO] [stderr]    Compiling phf_shared v0.14.0
[INFO] [stderr]    Compiling thiserror v2.0.18
[INFO] [stderr]    Compiling fastrand v2.4.1
[INFO] [stderr]    Compiling libc v0.2.186
[INFO] [stderr]    Compiling perl-token v0.17.0
[INFO] [stderr]    Compiling phf_generator v0.14.0
[INFO] [stderr]    Compiling syn v2.0.117
[INFO] [stderr]    Compiling once_cell v1.21.4
[INFO] [stderr]    Compiling percent-encoding v2.3.2
[INFO] [stderr]    Compiling parking_lot_core v0.9.12
[INFO] [stderr]    Compiling tracing-core v0.1.36
[INFO] [stderr]    Compiling form_urlencoded v1.2.2
[INFO] [stderr]    Compiling cfg-if v1.0.4
[INFO] [stderr]    Compiling scopeguard v1.2.0
[INFO] [stderr]    Compiling lock_api v0.4.14
[INFO] [stderr]    Compiling same-file v1.0.6
[INFO] [stderr]    Compiling aho-corasick v1.1.4
[INFO] [stderr]    Compiling walkdir v2.5.0
[INFO] [stderr]    Compiling regex-syntax v0.8.11
[INFO] [stderr]    Compiling rustc-hash v2.1.2
[INFO] [stderr]    Compiling parking_lot v0.12.5
[INFO] [stderr]    Compiling regex-automata v0.4.14
[INFO] [stderr]    Compiling synstructure v0.13.2
[INFO] [stderr]    Compiling zerofrom-derive v0.1.7
[INFO] [stderr]    Compiling yoke-derive v0.8.2
[INFO] [stderr]    Compiling zerovec-derive v0.11.3
[INFO] [stderr]    Compiling displaydoc v0.2.5
[INFO] [stderr]    Compiling serde_derive v1.0.228
[INFO] [stderr]    Compiling serde_repr v0.1.20
[INFO] [stderr]    Compiling strum_macros v0.28.0
[INFO] [stderr]    Compiling thiserror-impl v2.0.18
[INFO] [stderr]    Compiling phf_macros v0.14.0
[INFO] [stderr]    Compiling tracing-attributes v0.1.31
[INFO] [stderr]    Compiling regex v1.12.4
[INFO] [stderr]    Compiling zerofrom v0.1.7
[INFO] [stderr]    Compiling phf v0.14.0
[INFO] [stderr]    Compiling yoke v0.8.2
[INFO] [stderr]    Compiling zerovec v0.11.6
[INFO] [stderr]    Compiling zerotrie v0.2.4
[INFO] [stderr]    Compiling perl-regex v0.17.0
[INFO] [stderr]    Compiling tinystr v0.8.3
[INFO] [stderr]    Compiling potential_utf v0.1.5
[INFO] [stderr]    Compiling strum v0.28.0
[INFO] [stderr]    Compiling icu_collections v2.2.0
[INFO] [stderr]    Compiling icu_locale_core v2.2.0
[INFO] [stderr]    Compiling tracing v0.1.44
[INFO] [stderr]    Compiling icu_provider v2.2.0
[INFO] [stderr]    Compiling lsp-types v0.97.0
[INFO] [stderr]    Compiling perl-semantic-facts v0.17.0
[INFO] [stderr]    Compiling icu_normalizer v2.2.0
[INFO] [stderr]    Compiling icu_properties v2.2.0
[INFO] [stderr]    Compiling idna_adapter v1.2.2
[INFO] [stderr]    Compiling idna v1.1.0
[INFO] [stderr]    Compiling url v2.5.8
[INFO] [stderr]    Compiling perl-uri v0.17.0
[INFO] [stderr]    Compiling perl-position-tracking v0.17.0
[INFO] [stderr]    Compiling perl-ast-v2 v0.17.0
[INFO] [stderr]    Compiling perl-lexer v0.17.0
[INFO] [stderr]    Compiling perl-ast v0.17.0
[INFO] [stderr]    Compiling perl-pragma v0.17.0
[INFO] [stderr]    Compiling perl-symbol v0.17.0
[INFO] [stderr]    Compiling perl-parser-core v0.17.0
[INFO] [stderr]    Compiling perl-workspace v0.17.0
[INFO] [stderr]    Compiling perl-module v0.17.0
[INFO] [stderr]    Compiling perl-semantic-analyzer v0.17.0
[INFO] [stderr]    Compiling tree-sitter-perl-rs v0.17.0 (/opt/rustwide/workdir)
[INFO] [stderr]     Finished `dev` profile [unoptimized + debuginfo] target(s) in 1m 29s
[INFO] running `Command { std: "docker" "inspect" "0223f40eb58d8c6bb41da4f7f8106ff13f16d4d52926762dbfc64442a9ca4842", kill_on_drop: false }`
[INFO] running `Command { std: "docker" "exec" "-e" "SOURCE_DIR=/opt/rustwide/workdir" "-e" "CARGO_HOME=/opt/rustwide/cargo-home" "-e" "RUSTUP_HOME=/opt/rustwide/rustup-home" "-e" "CARGO_TARGET_DIR=/opt/rustwide/target" "-e" "CARGO_INCREMENTAL=0" "-e" "RUST_BACKTRACE=full" "-e" "RUSTFLAGS=--cap-lints=warn" "-e" "RUSTDOCFLAGS=--cap-lints=warn" "-w" "/opt/rustwide/workdir" "--user" "0:0" "0223f40eb58d8c6bb41da4f7f8106ff13f16d4d52926762dbfc64442a9ca4842" "/opt/rustwide/cargo-home/bin/cargo" "+1.100.0-beta.1" "test" "--frozen" "--no-run" "--message-format=json", kill_on_drop: false }`
[INFO] [stderr] warning: `package.homepage` is redundant with `package.repository`
[INFO] [stderr]   --> Cargo.toml:62:12
[INFO] [stderr]    |
[INFO] [stderr] 62 | homepage = "https://github.com/EffortlessMetrics/perl-lsp"
[INFO] [stderr]    |            ^^^^^^^^^^^^^^^^^^^^^^^^^^^^^^^^^^^^^^^^^^^^^^^
[INFO] [stderr] ...
[INFO] [stderr] 68 | repository = "https://github.com/EffortlessMetrics/perl-lsp"
[INFO] [stderr]    |              -----------------------------------------------
[INFO] [stderr]    |
[INFO] [stderr]    = note: `cargo::redundant_homepage` is set to `warn` by default
[INFO] [stderr] help: consider removing `package.homepage`
[INFO] [stderr] warning: `tree-sitter-perl-rs` (manifest) generated 1 warning
[INFO] [stderr]    Compiling tree-sitter-perl-rs v0.17.0 (/opt/rustwide/workdir)
[INFO] [stdout] error[E0432]: unresolved import `perl_position_tracking`
[INFO] [stdout]  --> tests/incremental_tests.rs:4:5
[INFO] [stdout]   |
[INFO] [stdout] 4 | use perl_position_tracking::Position;
[INFO] [stdout]   |     ^^^^^^^^^^^^^^^^^^^^^^ use of unresolved module or unlinked crate `perl_position_tracking`
[INFO] [stdout]   |
[INFO] [stdout]   = help: if you wanted to use a crate named `perl_position_tracking`, use `cargo add perl_position_tracking` to add it to your `Cargo.toml`
[INFO] [stdout] 
[INFO] [stdout] 
[INFO] [stdout] error[E0432]: unresolved import `perl_tdd_support`
[INFO] [stdout]  --> tests/incremental_tests.rs:5:5
[INFO] [stdout]   |
[INFO] [stdout] 5 | use perl_tdd_support::must_some;
[INFO] [stdout]   |     ^^^^^^^^^^^^^^^^ use of unresolved module or unlinked crate `perl_tdd_support`
[INFO] [stdout]   |
[INFO] [stdout]   = help: if you wanted to use a crate named `perl_tdd_support`, use `cargo add perl_tdd_support` to add it to your `Cargo.toml`
[INFO] [stdout] 
[INFO] [stdout] 
[INFO] [stdout] error[E0432]: unresolved import `perl_tdd_support`
[INFO] [stdout]  --> tests/api_contract_tests.rs:6:5
[INFO] [stdout]   |
[INFO] [stdout] 6 | use perl_tdd_support::{must, must_some};
[INFO] [stdout]   |     ^^^^^^^^^^^^^^^^ use of unresolved module or unlinked crate `perl_tdd_support`
[INFO] [stdout]   |
[INFO] [stdout]   = help: if you wanted to use a crate named `perl_tdd_support`, use `cargo add perl_tdd_support` to add it to your `Cargo.toml`
[INFO] [stdout] 
[INFO] [stdout] 
[INFO] [stdout] error[E0432]: unresolved import `perl_tdd_support`
[INFO] [stdout]  --> tests/behavior_spec_tests.rs:6:5
[INFO] [stdout]   |
[INFO] [stdout] 6 | use perl_tdd_support::{must, must_some};
[INFO] [stdout]   |     ^^^^^^^^^^^^^^^^ use of unresolved module or unlinked crate `perl_tdd_support`
[INFO] [stdout]   |
[INFO] [stdout]   = help: if you wanted to use a crate named `perl_tdd_support`, use `cargo add perl_tdd_support` to add it to your `Cargo.toml`
[INFO] [stdout] 
[INFO] [stdout] 
[INFO] [stdout] For more information about this error, try `rustc --explain E0432`.
[INFO] [stdout] 
[INFO] [stdout] error[E0432]: unresolved import `perl_tdd_support`
[INFO] [stdout]  --> tests/snapshots.rs:7:5
[INFO] [stdout]   |
[INFO] [stdout] 7 | use perl_tdd_support::must_some;
[INFO] [stdout]   |     ^^^^^^^^^^^^^^^^ use of unresolved module or unlinked crate `perl_tdd_support`
[INFO] [stdout]   |
[INFO] [stdout]   = help: if you wanted to use a crate named `perl_tdd_support`, use `cargo add perl_tdd_support` to add it to your `Cargo.toml`
[INFO] [stdout] 
[INFO] [stdout] 
[INFO] [stdout] For more information about this error, try `rustc --explain E0432`.
[INFO] [stdout] 
[INFO] [stdout] error[E0433]: cannot find module or crate `insta` in this scope
[INFO] [stdout]   --> tests/snapshots.rs:15:5
[INFO] [stdout]    |
[INFO] [stdout] 15 |     insta::assert_snapshot!("variable_declaration", sexp);
[INFO] [stdout]    |     ^^^^^ use of unresolved module or unlinked crate `insta`
[INFO] [stdout] 
[INFO] [stdout] 
[INFO] [stdout] error[E0433]: cannot find module or crate `insta` in this scope
[INFO] [stdout]   --> tests/snapshots.rs:23:5
[INFO] [stdout]    |
[INFO] [stdout] 23 |     insta::assert_snapshot!("subroutine", sexp);
[INFO] [stdout]    |     ^^^^^ use of unresolved module or unlinked crate `insta`
[INFO] [stdout] 
[INFO] [stdout] 
[INFO] [stdout] error[E0433]: cannot find module or crate `insta` in this scope
[INFO] [stdout]   --> tests/snapshots.rs:31:5
[INFO] [stdout]    |
[INFO] [stdout] 31 |     insta::assert_snapshot!("heredoc", sexp);
[INFO] [stdout]    |     ^^^^^ use of unresolved module or unlinked crate `insta`
[INFO] [stdout] 
[INFO] [stdout] 
[INFO] [stdout] error[E0433]: cannot find module or crate `insta` in this scope
[INFO] [stdout]   --> tests/snapshots.rs:39:5
[INFO] [stdout]    |
[INFO] [stdout] 39 |     insta::assert_snapshot!("regex", sexp);
[INFO] [stdout]    |     ^^^^^ use of unresolved module or unlinked crate `insta`
[INFO] [stdout] 
[INFO] [stdout] 
[INFO] [stderr] error: could not compile `tree-sitter-perl-rs` (test "incremental_tests") due to 2 previous errors
[INFO] [stdout] error[E0433]: cannot find module or crate `insta` in this scope
[INFO] [stdout]   --> tests/snapshots.rs:47:5
[INFO] [stdout]    |
[INFO] [stdout] 47 |     insta::assert_snapshot!("package_declaration", sexp);
[INFO] [stdout]    |     ^^^^^ use of unresolved module or unlinked crate `insta`
[INFO] [stdout] 
[INFO] [stdout] 
[INFO] [stderr] warning: build failed, waiting for other jobs to finish...
[INFO] [stdout] error[E0433]: cannot find module or crate `insta` in this scope
[INFO] [stdout]   --> tests/snapshots.rs:56:5
[INFO] [stdout]    |
[INFO] [stdout] 56 |     insta::assert_snapshot!("package_with_multiple_subs", sexp);
[INFO] [stdout]    |     ^^^^^ use of unresolved module or unlinked crate `insta`
[INFO] [stdout] 
[INFO] [stdout] 
[INFO] [stdout] error[E0433]: cannot find module or crate `insta` in this scope
[INFO] [stdout]   --> tests/snapshots.rs:65:5
[INFO] [stdout]    |
[INFO] [stdout] 65 |     insta::assert_snapshot!("nested_blocks", sexp);
[INFO] [stdout]    |     ^^^^^ use of unresolved module or unlinked crate `insta`
[INFO] [stdout] 
[INFO] [stdout] 
[INFO] [stdout] error[E0433]: cannot find module or crate `insta` in this scope
[INFO] [stdout]   --> tests/snapshots.rs:74:5
[INFO] [stdout]    |
[INFO] [stdout] 74 |     insta::assert_snapshot!("complex_regex", sexp);
[INFO] [stdout]    |     ^^^^^ use of unresolved module or unlinked crate `insta`
[INFO] [stdout] 
[INFO] [stdout] 
[INFO] [stdout] error[E0433]: cannot find module or crate `insta` in this scope
[INFO] [stdout]   --> tests/snapshots.rs:83:5
[INFO] [stdout]    |
[INFO] [stdout] 83 |     insta::assert_snapshot!("control_flow_with_postfix_condition", sexp);
[INFO] [stdout]    |     ^^^^^ use of unresolved module or unlinked crate `insta`
[INFO] [stdout] 
[INFO] [stdout] 
[INFO] [stdout] error[E0433]: cannot find module or crate `insta` in this scope
[INFO] [stdout]   --> tests/snapshots.rs:92:5
[INFO] [stdout]    |
[INFO] [stdout] 92 |     insta::assert_snapshot!("data_structure_dereference", sexp);
[INFO] [stdout]    |     ^^^^^ use of unresolved module or unlinked crate `insta`
[INFO] [stdout] 
[INFO] [stdout] 
[INFO] [stdout] error[E0433]: cannot find module or crate `insta` in this scope
[INFO] [stdout]    --> tests/snapshots.rs:101:5
[INFO] [stdout]     |
[INFO] [stdout] 101 |     insta::assert_snapshot!("for_loop_with_lexical_iterator", sexp);
[INFO] [stdout]     |     ^^^^^ use of unresolved module or unlinked crate `insta`
[INFO] [stdout] 
[INFO] [stdout] 
[INFO] [stdout] error[E0432]: unresolved import `perl_tdd_support`
[INFO] [stdout]   --> tests/semantic_overlay_tests.rs:15:5
[INFO] [stdout]    |
[INFO] [stdout] 15 | use perl_tdd_support::must_some;
[INFO] [stdout]    |     ^^^^^^^^^^^^^^^^ use of unresolved module or unlinked crate `perl_tdd_support`
[INFO] [stdout]    |
[INFO] [stdout]    = help: if you wanted to use a crate named `perl_tdd_support`, use `cargo add perl_tdd_support` to add it to your `Cargo.toml`
[INFO] [stdout] 
[INFO] [stdout] 
[INFO] [stderr] error: could not compile `tree-sitter-perl-rs` (test "api_contract_tests") due to 1 previous error
[INFO] [stdout] For more information about this error, try `rustc --explain E0432`.
[INFO] [stdout] 
[INFO] [stderr] error: could not compile `tree-sitter-perl-rs` (test "behavior_spec_tests") due to 1 previous error
[INFO] [stdout] Some errors have detailed explanations: E0432, E0433.
[INFO] [stdout] 
[INFO] [stdout] For more information about an error, try `rustc --explain E0432`.
[INFO] [stdout] 
[INFO] [stderr] error: could not compile `tree-sitter-perl-rs` (test "snapshots") due to 12 previous errors
[INFO] [stdout] error[E0432]: unresolved import `perl_tdd_support`
[INFO] [stdout]    --> src/lib.rs:722:9
[INFO] [stdout]     |
[INFO] [stdout] 722 |     use perl_tdd_support::must_some;
[INFO] [stdout]     |         ^^^^^^^^^^^^^^^^ use of unresolved module or unlinked crate `perl_tdd_support`
[INFO] [stdout]     |
[INFO] [stdout]     = help: if you wanted to use a crate named `perl_tdd_support`, use `cargo add perl_tdd_support` to add it to your `Cargo.toml`
[INFO] [stdout] 
[INFO] [stdout] 
[INFO] [stdout] For more information about this error, try `rustc --explain E0432`.
[INFO] [stdout] 
[INFO] [stderr] error: could not compile `tree-sitter-perl-rs` (test "semantic_overlay_tests") due to 1 previous error
[INFO] [stdout] For more information about this error, try `rustc --explain E0432`.
[INFO] [stdout] 
[INFO] [stderr] error: could not compile `tree-sitter-perl-rs` (lib test) due to 1 previous error
[INFO] running `Command { std: "docker" "inspect" "0223f40eb58d8c6bb41da4f7f8106ff13f16d4d52926762dbfc64442a9ca4842", kill_on_drop: false }`
[INFO] running `Command { std: "docker" "rm" "-f" "0223f40eb58d8c6bb41da4f7f8106ff13f16d4d52926762dbfc64442a9ca4842", kill_on_drop: false }`
[INFO] [stdout] 0223f40eb58d8c6bb41da4f7f8106ff13f16d4d52926762dbfc64442a9ca4842
